Results for 12.0.1 (DEFMODE=arm DEFARCH=default DEFCPU=arm10tdmi DEFFPU=vfp TESTFLAGS=) [r12-6654] (GCC) testsuite on arm-none-linux-gnueabihf
Christophe LYON
christophe.lyon@foss.st.com
Wed Jan 19 01:59:55 GMT 2022
LAST_UPDATED: Wed Jan 19 00:01:59 UTC 2022 (revision r12-6654-gfc82978278e9339233d1824cb774d7e33fac8d68) TARGET=arm-none-linux-gnueabihf ARCH=default CPU=arm10tdmi FPU=vfp MODE=arm
Target is arm-none-linux-gnueabihf
Host is arm-none-linux-gnueabihf
=== libatomic tests ===
Running target qemu
=== libatomic Summary ===
# of expected passes 44
# of unsupported tests 5
Host is arm-none-linux-gnueabihf
=== libitm tests ===
Running target qemu
FAIL: libitm.c/alloc-1.c (test for excess errors)
UNRESOLVED: libitm.c/alloc-1.c compilation failed to produce executable
FAIL: libitm.c/cancel.c (test for excess errors)
UNRESOLVED: libitm.c/cancel.c compilation failed to produce executable
FAIL: libitm.c/clone-1.c (test for excess errors)
UNRESOLVED: libitm.c/clone-1.c compilation failed to produce executable
FAIL: libitm.c/dropref-2.c (test for excess errors)
UNRESOLVED: libitm.c/dropref-2.c compilation failed to produce executable
FAIL: libitm.c/dropref.c (test for excess errors)
UNRESOLVED: libitm.c/dropref.c compilation failed to produce executable
FAIL: libitm.c/memcpy-1.c (test for excess errors)
UNRESOLVED: libitm.c/memcpy-1.c compilation failed to produce executable
FAIL: libitm.c/memset-1.c (test for excess errors)
UNRESOLVED: libitm.c/memset-1.c compilation failed to produce executable
FAIL: libitm.c/notx.c (test for excess errors)
UNRESOLVED: libitm.c/notx.c compilation failed to produce executable
FAIL: libitm.c/priv-1.c (test for excess errors)
UNRESOLVED: libitm.c/priv-1.c compilation failed to produce executable
FAIL: libitm.c/reentrant.c (test for excess errors)
UNRESOLVED: libitm.c/reentrant.c compilation failed to produce executable
FAIL: libitm.c/simple-1.c (test for excess errors)
UNRESOLVED: libitm.c/simple-1.c compilation failed to produce executable
FAIL: libitm.c/simple-2.c (test for excess errors)
UNRESOLVED: libitm.c/simple-2.c compilation failed to produce executable
FAIL: libitm.c/stackundo.c (test for excess errors)
UNRESOLVED: libitm.c/stackundo.c compilation failed to produce executable
FAIL: libitm.c/txrelease.c (test for excess errors)
UNRESOLVED: libitm.c/txrelease.c compilation failed to produce executable
FAIL: libitm.c++/dropref.C (test for excess errors)
UNRESOLVED: libitm.c++/dropref.C compilation failed to produce executable
FAIL: libitm.c++/eh-1.C (test for excess errors)
UNRESOLVED: libitm.c++/eh-1.C compilation failed to produce executable
FAIL: libitm.c++/eh-2.C (test for excess errors)
UNRESOLVED: libitm.c++/eh-2.C compilation failed to produce executable
FAIL: libitm.c++/eh-3.C (test for excess errors)
UNRESOLVED: libitm.c++/eh-3.C compilation failed to produce executable
FAIL: libitm.c++/eh-4.C (test for excess errors)
UNRESOLVED: libitm.c++/eh-4.C compilation failed to produce executable
FAIL: libitm.c++/eh-5.C (test for excess errors)
UNRESOLVED: libitm.c++/eh-5.C compilation failed to produce executable
FAIL: libitm.c++/libstdc++-pr91488.C (test for excess errors)
UNRESOLVED: libitm.c++/libstdc++-pr91488.C compilation failed to produce executable
FAIL: libitm.c++/libstdc++-safeexc.C (test for excess errors)
UNRESOLVED: libitm.c++/libstdc++-safeexc.C compilation failed to produce executable
FAIL: libitm.c++/newdelete.C (test for excess errors)
UNRESOLVED: libitm.c++/newdelete.C compilation failed to produce executable
=== libitm Summary ===
# of expected passes 1
# of unexpected failures 23
# of unresolved testcases 23
# of unsupported tests 1
Host is arm-none-linux-gnueabihf
=== libstdc++ tests ===
Running target qemu
FAIL: 21_strings/basic_string/allocator/char/operator_plus.cc (test for excess errors)
FAIL: 29_atomics/atomic_float/wait_notify.cc (test for excess errors)
UNRESOLVED: 29_atomics/atomic_float/wait_notify.cc compilation failed to produce executable
FAIL: 29_atomics/atomic_integral/wait_notify.cc (test for excess errors)
UNRESOLVED: 29_atomics/atomic_integral/wait_notify.cc compilation failed to produce executable
WARNING: 30_threads/condition_variable/54185.cc execution test (CHILDKILLED 42659 SIGINT interrupt) program timed out.
FAIL: 30_threads/jthread/95989.cc execution test
=== libstdc++ Summary ===
# of expected passes 14138
# of unexpected failures 4
# of expected failures 95
# of untested testcases 1
# of unresolved testcases 2
# of unsupported tests 765
Host is x86_64-pc-linux-gnu
=== gcc tests ===
Running target qemu
FAIL: gcc.dg/analyzer/pr103526.c (test for bogus messages, line 31)
FAIL: gcc.dg/analyzer/pr93032-mztools.c (test for excess errors)
FAIL: gcc.dg/analyzer/pr93032-mztools.c leak of fpOut at line 329 (test for warnings, line 328)
FAIL: gcc.dg/analyzer/pr93032-mztools.c leak of fpOutCD at line 330 (test for warnings, line 328)
FAIL: gcc.dg/analyzer/pr93032-mztools.c leak of fpZip (test for warnings, line 328)
FAIL: gcc.dg/Wzero-length-array-bounds-2.c pr102706 (test for warnings, line 90)
FAIL: gcc.dg/ira-shrinkwrap-prep-1.c scan-rtl-dump pro_and_epilogue "Performing shrink-wrapping"
FAIL: gcc.dg/pr102892-1.c (test for excess errors)
FAIL: gcc.dg/fixed-point/composite-type.c (test for excess errors)
FAIL: c-c++-common/gomp/atomic-29.c scan-tree-dump-times ompexp ".ATOMIC_COMPARE_EXCHANGE \\\\([^\\n\\r]*, 264, 5, 0\\\\);" 1
FAIL: c-c++-common/gomp/atomic-29.c scan-tree-dump-times ompexp ".ATOMIC_COMPARE_EXCHANGE \\\\([^\\n\\r]*, 8, 0, 0\\\\);" 1
FAIL: c-c++-common/gomp/atomic-29.c scan-tree-dump-times ompexp ".ATOMIC_COMPARE_EXCHANGE \\\\([^\\n\\r]*, 8, 4, 2\\\\);" 1
FAIL: c-c++-common/gomp/atomic-29.c scan-tree-dump-times ompexp ".ATOMIC_COMPARE_EXCHANGE \\\\([^\\n\\r]*, 8, 5, 5\\\\);" 1
WARNING: gcc.dg/ipa/20040703-wpa.c (test for excess errors) program timed out.
WARNING: gcc.dg/lto/attr-weakref-1 c_lto_attr-weakref-1_0.o assemble, -O0 -flto -flto-partition=none -fuse-linker-plugin program timed out.
WARNING: gcc.dg/lto/modref-4 c_lto_modref-4_0.o assemble, -O2 -flto-partition=max -fdump-ipa-modref -fno-ipa-sra -flto program timed out.
WARNING: gcc.dg/lto/pr45721 c_lto_pr45721_0.o assemble, -O0 -flto -flto-partition=none -fuse-linker-plugin program timed out.
WARNING: gcc.dg/lto/pr52634 c_lto_pr52634_0.o assemble, -flto -r -flto-partition=1to1 program timed out.
FAIL: gcc.dg/torture/fp-uint64-convert-double-1.c -O0 execution test
FAIL: gcc.dg/torture/fp-uint64-convert-double-1.c -O1 execution test
FAIL: gcc.dg/torture/fp-uint64-convert-double-1.c -O2 execution test
FAIL: gcc.dg/torture/fp-uint64-convert-double-1.c -O2 -flto -fno-use-linker-plugin -flto-partition=none execution test
FAIL: gcc.dg/torture/fp-uint64-convert-double-1.c -O2 -flto -fuse-linker-plugin -fno-fat-lto-objects execution test
FAIL: gcc.dg/torture/fp-uint64-convert-double-1.c -O3 -g execution test
FAIL: gcc.dg/torture/fp-uint64-convert-double-1.c -Os execution test
FAIL: gcc.dg/torture/fp-uint64-convert-double-2.c -O0 execution test
FAIL: gcc.dg/torture/fp-uint64-convert-double-2.c -O1 execution test
FAIL: gcc.dg/torture/fp-uint64-convert-double-2.c -O2 execution test
FAIL: gcc.dg/torture/fp-uint64-convert-double-2.c -O2 -flto -fno-use-linker-plugin -flto-partition=none execution test
FAIL: gcc.dg/torture/fp-uint64-convert-double-2.c -O2 -flto -fuse-linker-plugin -fno-fat-lto-objects execution test
FAIL: gcc.dg/torture/fp-uint64-convert-double-2.c -O3 -g execution test
FAIL: gcc.dg/torture/fp-uint64-convert-double-2.c -Os execution test
FAIL: gcc.dg/torture/pr57147-2.c -O2 -flto -fno-use-linker-plugin -flto-partition=none (test for excess errors)
FAIL: gcc.dg/vect/complex/fast-math-bb-slp-complex-add-half-float.c (test for excess errors)
UNRESOLVED: gcc.dg/vect/complex/fast-math-bb-slp-complex-add-half-float.c scan-tree-dump-times slp1 "stmt.*COMPLEX_ADD_ROT270" 1
UNRESOLVED: gcc.dg/vect/complex/fast-math-bb-slp-complex-add-half-float.c scan-tree-dump-times slp1 "stmt.*COMPLEX_ADD_ROT90" 1
XPASS: gcc.dg/vect/complex/fast-math-bb-slp-complex-add-pattern-half-float.c scan-tree-dump slp1 "Found COMPLEX_ADD_ROT270"
FAIL: gcc.dg/vect/complex/fast-math-bb-slp-complex-mla-float.c (test for excess errors)
UNRESOLVED: gcc.dg/vect/complex/fast-math-bb-slp-complex-mla-float.c scan-tree-dump vect "Found COMPLEX_FMA"
UNRESOLVED: gcc.dg/vect/complex/fast-math-bb-slp-complex-mla-float.c scan-tree-dump vect "Found COMPLEX_FMA_CONJ"
FAIL: gcc.dg/vect/complex/fast-math-bb-slp-complex-mla-half-float.c (test for excess errors)
UNRESOLVED: gcc.dg/vect/complex/fast-math-bb-slp-complex-mla-half-float.c scan-tree-dump slp1 "Found COMPLEX_FMA"
UNRESOLVED: gcc.dg/vect/complex/fast-math-bb-slp-complex-mla-half-float.c scan-tree-dump slp1 "Found COMPLEX_FMA_CONJ"
FAIL: gcc.dg/vect/complex/fast-math-bb-slp-complex-mls-half-float.c (test for excess errors)
UNRESOLVED: gcc.dg/vect/complex/fast-math-bb-slp-complex-mls-half-float.c scan-tree-dump slp1 "Found COMPLEX_FMS"
UNRESOLVED: gcc.dg/vect/complex/fast-math-bb-slp-complex-mls-half-float.c scan-tree-dump slp1 "Found COMPLEX_FMS_CONJ"
FAIL: gcc.dg/vect/complex/fast-math-bb-slp-complex-mul-half-float.c (test for excess errors)
UNRESOLVED: gcc.dg/vect/complex/fast-math-bb-slp-complex-mul-half-float.c scan-tree-dump slp1 "Found COMPLEX_MUL"
UNRESOLVED: gcc.dg/vect/complex/fast-math-bb-slp-complex-mul-half-float.c scan-tree-dump slp1 "Found COMPLEX_MUL_CONJ"
FAIL: gcc.dg/vect/bb-slp-44.c -flto -ffat-lto-objects execution test
FAIL: gcc.dg/vect/bb-slp-44.c execution test
FAIL: gcc.dg/vect/bb-slp-71.c -flto -ffat-lto-objects execution test
FAIL: gcc.dg/vect/bb-slp-71.c execution test
FAIL: gcc.dg/vect/bb-slp-72.c -flto -ffat-lto-objects execution test
FAIL: gcc.dg/vect/bb-slp-72.c execution test
FAIL: gcc.dg/vect/bb-slp-73.c -flto -ffat-lto-objects execution test
FAIL: gcc.dg/vect/bb-slp-73.c execution test
FAIL: gcc.dg/vect/bb-slp-pr101207.c -flto -ffat-lto-objects execution test
FAIL: gcc.dg/vect/bb-slp-pr101207.c execution test
FAIL: gcc.dg/vect/bb-slp-pr101615-1.c -flto -ffat-lto-objects execution test
FAIL: gcc.dg/vect/bb-slp-pr101615-1.c execution test
FAIL: gcc.dg/vect/bb-slp-pr101615-2.c -flto -ffat-lto-objects execution test
FAIL: gcc.dg/vect/bb-slp-pr101615-2.c execution test
FAIL: gcc.dg/vect/bb-slp-pr54400.c -flto -ffat-lto-objects execution test
FAIL: gcc.dg/vect/bb-slp-pr54400.c execution test
FAIL: gcc.dg/vect/bb-slp-pr98516-1.c -flto -ffat-lto-objects execution test
FAIL: gcc.dg/vect/bb-slp-pr98516-1.c execution test
FAIL: gcc.dg/vect/bb-slp-pr98516-2.c -flto -ffat-lto-objects execution test
FAIL: gcc.dg/vect/bb-slp-pr98516-2.c execution test
FAIL: gcc.dg/vect/bb-slp-pr98544.c -flto -ffat-lto-objects execution test
FAIL: gcc.dg/vect/bb-slp-pr98544.c execution test
FAIL: gcc.dg/vect/pr101445.c -flto -ffat-lto-objects execution test
FAIL: gcc.dg/vect/pr101445.c execution test
FAIL: gcc.dg/vect/pr96783-1.c -flto -ffat-lto-objects execution test
FAIL: gcc.dg/vect/pr96783-1.c execution test
FAIL: gcc.dg/vect/pr96783-2.c -flto -ffat-lto-objects execution test
FAIL: gcc.dg/vect/pr96783-2.c execution test
FAIL: gcc.dg/vect/pr97428.c -flto -ffat-lto-objects scan-tree-dump vect "Detected interleaving load of size 8"
FAIL: gcc.dg/vect/pr97428.c -flto -ffat-lto-objects scan-tree-dump vect "Detected interleaving store of size 16"
FAIL: gcc.dg/vect/pr97428.c scan-tree-dump vect "Detected interleaving load of size 8"
FAIL: gcc.dg/vect/pr97428.c scan-tree-dump vect "Detected interleaving store of size 16"
FAIL: gcc.dg/vect/pr97558-2.c -flto -ffat-lto-objects execution test
FAIL: gcc.dg/vect/pr97558-2.c execution test
FAIL: gcc.dg/vect/pr99253.c -flto -ffat-lto-objects execution test
FAIL: gcc.dg/vect/pr99253.c execution test
FAIL: gcc.dg/vect/vect-bic-bitmask-10.c -flto -ffat-lto-objects execution test
FAIL: gcc.dg/vect/vect-bic-bitmask-10.c execution test
FAIL: gcc.dg/vect/vect-bic-bitmask-11.c -flto -ffat-lto-objects execution test
FAIL: gcc.dg/vect/vect-bic-bitmask-11.c execution test
FAIL: gcc.dg/vect/vect-bic-bitmask-2.c -flto -ffat-lto-objects execution test
FAIL: gcc.dg/vect/vect-bic-bitmask-2.c execution test
FAIL: gcc.dg/vect/vect-bic-bitmask-3.c -flto -ffat-lto-objects execution test
FAIL: gcc.dg/vect/vect-bic-bitmask-3.c execution test
FAIL: gcc.dg/vect/vect-bic-bitmask-4.c -flto -ffat-lto-objects execution test
FAIL: gcc.dg/vect/vect-bic-bitmask-4.c execution test
FAIL: gcc.dg/vect/vect-bic-bitmask-5.c -flto -ffat-lto-objects execution test
FAIL: gcc.dg/vect/vect-bic-bitmask-5.c execution test
FAIL: gcc.dg/vect/vect-bic-bitmask-6.c -flto -ffat-lto-objects execution test
FAIL: gcc.dg/vect/vect-bic-bitmask-6.c execution test
FAIL: gcc.dg/vect/vect-bic-bitmask-8.c -flto -ffat-lto-objects execution test
FAIL: gcc.dg/vect/vect-bic-bitmask-8.c execution test
FAIL: gcc.dg/vect/vect-bic-bitmask-9.c -flto -ffat-lto-objects execution test
FAIL: gcc.dg/vect/vect-bic-bitmask-9.c execution test
XPASS: gcc.dg/vect/vect-cond-1.c -flto -ffat-lto-objects scan-tree-dump-times vect "OUTER LOOP VECTORIZED" 1
XPASS: gcc.dg/vect/vect-cond-1.c scan-tree-dump-times vect "OUTER LOOP VECTORIZED" 1
FAIL: gcc.dg/vect/vect-cond-13.c -flto -ffat-lto-objects execution test
FAIL: gcc.dg/vect/vect-cond-13.c execution test
XPASS: gcc.dg/vect/vect-cond-3.c -flto -ffat-lto-objects scan-tree-dump-times vect "OUTER LOOP VECTORIZED" 1
XPASS: gcc.dg/vect/vect-cond-3.c scan-tree-dump-times vect "OUTER LOOP VECTORIZED" 1
XPASS: gcc.dg/vect/vect-cond-4.c -flto -ffat-lto-objects scan-tree-dump-times vect "OUTER LOOP VECTORIZED" 1
XPASS: gcc.dg/vect/vect-cond-4.c scan-tree-dump-times vect "OUTER LOOP VECTORIZED" 1
FAIL: gcc.dg/vect/vect-fmax-2.c -flto -ffat-lto-objects scan-tree-dump vect "Detected reduction"
FAIL: gcc.dg/vect/vect-fmax-2.c scan-tree-dump vect "Detected reduction"
FAIL: gcc.dg/vect/vect-fmax-3.c -flto -ffat-lto-objects scan-tree-dump vect "Detected reduction"
FAIL: gcc.dg/vect/vect-fmax-3.c scan-tree-dump vect "Detected reduction"
FAIL: gcc.dg/vect/vect-fmin-2.c -flto -ffat-lto-objects scan-tree-dump vect "Detected reduction"
FAIL: gcc.dg/vect/vect-fmin-2.c scan-tree-dump vect "Detected reduction"
FAIL: gcc.dg/vect/vect-fmin-3.c -flto -ffat-lto-objects scan-tree-dump vect "Detected reduction"
FAIL: gcc.dg/vect/vect-fmin-3.c scan-tree-dump vect "Detected reduction"
ERROR: couldn't open "/tmp/4928604_16.tmpdir/aci-gcc-fsf/sources/gcc-fsf/gccsrc/gcc/testsuite/../dumpfile.c": no such file or directory
ERROR: tcl error sourcing /tmp/4928604_16.tmpdir/aci-gcc-fsf/sources/gcc-fsf/gccsrc/gcc/testsuite/gcc.misc-tests/options.exp.
FAIL: check-MAINTAINERS.py
UNRESOLVED: gcc.target/aarch64/advsimd-intrinsics/vld1x2.c -O0 compilation failed to produce executable
UNRESOLVED: gcc.target/aarch64/advsimd-intrinsics/vld1x2.c -O1 compilation failed to produce executable
UNRESOLVED: gcc.target/aarch64/advsimd-intrinsics/vld1x2.c -O2 compilation failed to produce executable
UNRESOLVED: gcc.target/aarch64/advsimd-intrinsics/vld1x2.c -O2 -flto -fno-use-linker-plugin -flto-partition=none compilation failed to produce executable
UNRESOLVED: gcc.target/aarch64/advsimd-intrinsics/vld1x2.c -O2 -flto -fuse-linker-plugin -fno-fat-lto-objects compilation failed to produce executable
UNRESOLVED: gcc.target/aarch64/advsimd-intrinsics/vld1x2.c -O3 -fomit-frame-pointer -funroll-loops -fpeel-loops -ftracer -finline-functions compilation failed to produce executable
UNRESOLVED: gcc.target/aarch64/advsimd-intrinsics/vld1x2.c -O3 -g compilation failed to produce executable
UNRESOLVED: gcc.target/aarch64/advsimd-intrinsics/vld1x2.c -Og -g compilation failed to produce executable
UNRESOLVED: gcc.target/aarch64/advsimd-intrinsics/vld1x2.c -Os compilation failed to produce executable
UNRESOLVED: gcc.target/aarch64/advsimd-intrinsics/vld1x3.c -O0 compilation failed to produce executable
UNRESOLVED: gcc.target/aarch64/advsimd-intrinsics/vld1x3.c -O1 compilation failed to produce executable
UNRESOLVED: gcc.target/aarch64/advsimd-intrinsics/vld1x3.c -O2 compilation failed to produce executable
UNRESOLVED: gcc.target/aarch64/advsimd-intrinsics/vld1x3.c -O2 -flto -fno-use-linker-plugin -flto-partition=none compilation failed to produce executable
UNRESOLVED: gcc.target/aarch64/advsimd-intrinsics/vld1x3.c -O2 -flto -fuse-linker-plugin -fno-fat-lto-objects compilation failed to produce executable
UNRESOLVED: gcc.target/aarch64/advsimd-intrinsics/vld1x3.c -O3 -fomit-frame-pointer -funroll-loops -fpeel-loops -ftracer -finline-functions compilation failed to produce executable
UNRESOLVED: gcc.target/aarch64/advsimd-intrinsics/vld1x3.c -O3 -g compilation failed to produce executable
UNRESOLVED: gcc.target/aarch64/advsimd-intrinsics/vld1x3.c -Og -g compilation failed to produce executable
UNRESOLVED: gcc.target/aarch64/advsimd-intrinsics/vld1x3.c -Os compilation failed to produce executable
UNRESOLVED: gcc.target/aarch64/advsimd-intrinsics/vld1x4.c -O0 compilation failed to produce executable
UNRESOLVED: gcc.target/aarch64/advsimd-intrinsics/vld1x4.c -O1 compilation failed to produce executable
UNRESOLVED: gcc.target/aarch64/advsimd-intrinsics/vld1x4.c -O2 compilation failed to produce executable
UNRESOLVED: gcc.target/aarch64/advsimd-intrinsics/vld1x4.c -O2 -flto -fno-use-linker-plugin -flto-partition=none compilation failed to produce executable
UNRESOLVED: gcc.target/aarch64/advsimd-intrinsics/vld1x4.c -O2 -flto -fuse-linker-plugin -fno-fat-lto-objects compilation failed to produce executable
UNRESOLVED: gcc.target/aarch64/advsimd-intrinsics/vld1x4.c -O3 -fomit-frame-pointer -funroll-loops -fpeel-loops -ftracer -finline-functions compilation failed to produce executable
UNRESOLVED: gcc.target/aarch64/advsimd-intrinsics/vld1x4.c -O3 -g compilation failed to produce executable
UNRESOLVED: gcc.target/aarch64/advsimd-intrinsics/vld1x4.c -Og -g compilation failed to produce executable
UNRESOLVED: gcc.target/aarch64/advsimd-intrinsics/vld1x4.c -Os compilation failed to produce executable
UNRESOLVED: gcc.target/aarch64/advsimd-intrinsics/vst1x2.c -O0 compilation failed to produce executable
UNRESOLVED: gcc.target/aarch64/advsimd-intrinsics/vst1x2.c -O1 compilation failed to produce executable
UNRESOLVED: gcc.target/aarch64/advsimd-intrinsics/vst1x2.c -O2 compilation failed to produce executable
UNRESOLVED: gcc.target/aarch64/advsimd-intrinsics/vst1x2.c -O2 -flto -fno-use-linker-plugin -flto-partition=none compilation failed to produce executable
UNRESOLVED: gcc.target/aarch64/advsimd-intrinsics/vst1x2.c -O2 -flto -fuse-linker-plugin -fno-fat-lto-objects compilation failed to produce executable
UNRESOLVED: gcc.target/aarch64/advsimd-intrinsics/vst1x2.c -O3 -fomit-frame-pointer -funroll-loops -fpeel-loops -ftracer -finline-functions compilation failed to produce executable
UNRESOLVED: gcc.target/aarch64/advsimd-intrinsics/vst1x2.c -O3 -g compilation failed to produce executable
UNRESOLVED: gcc.target/aarch64/advsimd-intrinsics/vst1x2.c -Og -g compilation failed to produce executable
UNRESOLVED: gcc.target/aarch64/advsimd-intrinsics/vst1x2.c -Os compilation failed to produce executable
UNRESOLVED: gcc.target/aarch64/advsimd-intrinsics/vst1x3.c -O0 compilation failed to produce executable
UNRESOLVED: gcc.target/aarch64/advsimd-intrinsics/vst1x3.c -O1 compilation failed to produce executable
UNRESOLVED: gcc.target/aarch64/advsimd-intrinsics/vst1x3.c -O2 compilation failed to produce executable
UNRESOLVED: gcc.target/aarch64/advsimd-intrinsics/vst1x3.c -O2 -flto -fno-use-linker-plugin -flto-partition=none compilation failed to produce executable
UNRESOLVED: gcc.target/aarch64/advsimd-intrinsics/vst1x3.c -O2 -flto -fuse-linker-plugin -fno-fat-lto-objects compilation failed to produce executable
UNRESOLVED: gcc.target/aarch64/advsimd-intrinsics/vst1x3.c -O3 -fomit-frame-pointer -funroll-loops -fpeel-loops -ftracer -finline-functions compilation failed to produce executable
UNRESOLVED: gcc.target/aarch64/advsimd-intrinsics/vst1x3.c -O3 -g compilation failed to produce executable
UNRESOLVED: gcc.target/aarch64/advsimd-intrinsics/vst1x3.c -Og -g compilation failed to produce executable
UNRESOLVED: gcc.target/aarch64/advsimd-intrinsics/vst1x3.c -Os compilation failed to produce executable
UNRESOLVED: gcc.target/aarch64/advsimd-intrinsics/vst1x4.c -O0 compilation failed to produce executable
UNRESOLVED: gcc.target/aarch64/advsimd-intrinsics/vst1x4.c -O1 compilation failed to produce executable
UNRESOLVED: gcc.target/aarch64/advsimd-intrinsics/vst1x4.c -O2 compilation failed to produce executable
UNRESOLVED: gcc.target/aarch64/advsimd-intrinsics/vst1x4.c -O2 -flto -fno-use-linker-plugin -flto-partition=none compilation failed to produce executable
UNRESOLVED: gcc.target/aarch64/advsimd-intrinsics/vst1x4.c -O2 -flto -fuse-linker-plugin -fno-fat-lto-objects compilation failed to produce executable
UNRESOLVED: gcc.target/aarch64/advsimd-intrinsics/vst1x4.c -O3 -fomit-frame-pointer -funroll-loops -fpeel-loops -ftracer -finline-functions compilation failed to produce executable
UNRESOLVED: gcc.target/aarch64/advsimd-intrinsics/vst1x4.c -O3 -g compilation failed to produce executable
UNRESOLVED: gcc.target/aarch64/advsimd-intrinsics/vst1x4.c -Og -g compilation failed to produce executable
UNRESOLVED: gcc.target/aarch64/advsimd-intrinsics/vst1x4.c -Os compilation failed to produce executable
FAIL: gcc.target/arm/acle/cde-errors.c -O0 (test for errors, line 100)
FAIL: gcc.target/arm/acle/cde-errors.c -O0 (test for errors, line 102)
FAIL: gcc.target/arm/acle/cde-errors.c -O0 (test for errors, line 103)
FAIL: gcc.target/arm/acle/cde-errors.c -O0 (test for errors, line 104)
FAIL: gcc.target/arm/acle/cde-errors.c -O0 (test for errors, line 105)
FAIL: gcc.target/arm/acle/cde-errors.c -O0 (test for errors, line 106)
FAIL: gcc.target/arm/acle/cde-errors.c -O0 (test for errors, line 107)
FAIL: gcc.target/arm/acle/cde-errors.c -O0 (test for errors, line 50)
FAIL: gcc.target/arm/acle/cde-errors.c -O0 (test for errors, line 51)
FAIL: gcc.target/arm/acle/cde-errors.c -O0 (test for errors, line 52)
FAIL: gcc.target/arm/acle/cde-errors.c -O0 (test for errors, line 53)
FAIL: gcc.target/arm/acle/cde-errors.c -O0 (test for errors, line 54)
FAIL: gcc.target/arm/acle/cde-errors.c -O0 (test for errors, line 55)
FAIL: gcc.target/arm/acle/cde-errors.c -O0 (test for errors, line 57)
FAIL: gcc.target/arm/acle/cde-errors.c -O0 (test for errors, line 58)
FAIL: gcc.target/arm/acle/cde-errors.c -O0 (test for errors, line 59)
FAIL: gcc.target/arm/acle/cde-errors.c -O0 (test for errors, line 60)
FAIL: gcc.target/arm/acle/cde-errors.c -O0 (test for errors, line 61)
FAIL: gcc.target/arm/acle/cde-errors.c -O0 (test for errors, line 62)
FAIL: gcc.target/arm/acle/cde-errors.c -O0 (test for errors, line 95)
FAIL: gcc.target/arm/acle/cde-errors.c -O0 (test for errors, line 96)
FAIL: gcc.target/arm/acle/cde-errors.c -O0 (test for errors, line 97)
FAIL: gcc.target/arm/acle/cde-errors.c -O0 (test for errors, line 98)
FAIL: gcc.target/arm/acle/cde-errors.c -O0 (test for errors, line 99)
FAIL: gcc.target/arm/acle/cde-errors.c -O0 (test for excess errors)
FAIL: gcc.target/arm/acle/cde-errors.c -O1 (test for errors, line 100)
FAIL: gcc.target/arm/acle/cde-errors.c -O1 (test for errors, line 102)
FAIL: gcc.target/arm/acle/cde-errors.c -O1 (test for errors, line 103)
FAIL: gcc.target/arm/acle/cde-errors.c -O1 (test for errors, line 104)
FAIL: gcc.target/arm/acle/cde-errors.c -O1 (test for errors, line 105)
FAIL: gcc.target/arm/acle/cde-errors.c -O1 (test for errors, line 106)
FAIL: gcc.target/arm/acle/cde-errors.c -O1 (test for errors, line 107)
FAIL: gcc.target/arm/acle/cde-errors.c -O1 (test for errors, line 50)
FAIL: gcc.target/arm/acle/cde-errors.c -O1 (test for errors, line 51)
FAIL: gcc.target/arm/acle/cde-errors.c -O1 (test for errors, line 52)
FAIL: gcc.target/arm/acle/cde-errors.c -O1 (test for errors, line 53)
FAIL: gcc.target/arm/acle/cde-errors.c -O1 (test for errors, line 54)
FAIL: gcc.target/arm/acle/cde-errors.c -O1 (test for errors, line 55)
FAIL: gcc.target/arm/acle/cde-errors.c -O1 (test for errors, line 57)
FAIL: gcc.target/arm/acle/cde-errors.c -O1 (test for errors, line 58)
FAIL: gcc.target/arm/acle/cde-errors.c -O1 (test for errors, line 59)
FAIL: gcc.target/arm/acle/cde-errors.c -O1 (test for errors, line 60)
FAIL: gcc.target/arm/acle/cde-errors.c -O1 (test for errors, line 61)
FAIL: gcc.target/arm/acle/cde-errors.c -O1 (test for errors, line 62)
FAIL: gcc.target/arm/acle/cde-errors.c -O1 (test for errors, line 95)
FAIL: gcc.target/arm/acle/cde-errors.c -O1 (test for errors, line 96)
FAIL: gcc.target/arm/acle/cde-errors.c -O1 (test for errors, line 97)
FAIL: gcc.target/arm/acle/cde-errors.c -O1 (test for errors, line 98)
FAIL: gcc.target/arm/acle/cde-errors.c -O1 (test for errors, line 99)
FAIL: gcc.target/arm/acle/cde-errors.c -O1 (test for excess errors)
FAIL: gcc.target/arm/acle/cde-errors.c -O2 (test for errors, line 100)
FAIL: gcc.target/arm/acle/cde-errors.c -O2 (test for errors, line 102)
FAIL: gcc.target/arm/acle/cde-errors.c -O2 (test for errors, line 103)
FAIL: gcc.target/arm/acle/cde-errors.c -O2 (test for errors, line 104)
FAIL: gcc.target/arm/acle/cde-errors.c -O2 (test for errors, line 105)
FAIL: gcc.target/arm/acle/cde-errors.c -O2 (test for errors, line 106)
FAIL: gcc.target/arm/acle/cde-errors.c -O2 (test for errors, line 107)
FAIL: gcc.target/arm/acle/cde-errors.c -O2 (test for errors, line 50)
FAIL: gcc.target/arm/acle/cde-errors.c -O2 (test for errors, line 51)
FAIL: gcc.target/arm/acle/cde-errors.c -O2 (test for errors, line 52)
FAIL: gcc.target/arm/acle/cde-errors.c -O2 (test for errors, line 53)
FAIL: gcc.target/arm/acle/cde-errors.c -O2 (test for errors, line 54)
FAIL: gcc.target/arm/acle/cde-errors.c -O2 (test for errors, line 55)
FAIL: gcc.target/arm/acle/cde-errors.c -O2 (test for errors, line 57)
FAIL: gcc.target/arm/acle/cde-errors.c -O2 (test for errors, line 58)
FAIL: gcc.target/arm/acle/cde-errors.c -O2 (test for errors, line 59)
FAIL: gcc.target/arm/acle/cde-errors.c -O2 (test for errors, line 60)
FAIL: gcc.target/arm/acle/cde-errors.c -O2 (test for errors, line 61)
FAIL: gcc.target/arm/acle/cde-errors.c -O2 (test for errors, line 62)
FAIL: gcc.target/arm/acle/cde-errors.c -O2 (test for errors, line 95)
FAIL: gcc.target/arm/acle/cde-errors.c -O2 (test for errors, line 96)
FAIL: gcc.target/arm/acle/cde-errors.c -O2 (test for errors, line 97)
FAIL: gcc.target/arm/acle/cde-errors.c -O2 (test for errors, line 98)
FAIL: gcc.target/arm/acle/cde-errors.c -O2 (test for errors, line 99)
FAIL: gcc.target/arm/acle/cde-errors.c -O2 (test for excess errors)
FAIL: gcc.target/arm/acle/cde-errors.c -O3 -g (test for errors, line 100)
FAIL: gcc.target/arm/acle/cde-errors.c -O3 -g (test for errors, line 102)
FAIL: gcc.target/arm/acle/cde-errors.c -O3 -g (test for errors, line 103)
FAIL: gcc.target/arm/acle/cde-errors.c -O3 -g (test for errors, line 104)
FAIL: gcc.target/arm/acle/cde-errors.c -O3 -g (test for errors, line 105)
FAIL: gcc.target/arm/acle/cde-errors.c -O3 -g (test for errors, line 106)
FAIL: gcc.target/arm/acle/cde-errors.c -O3 -g (test for errors, line 107)
FAIL: gcc.target/arm/acle/cde-errors.c -O3 -g (test for errors, line 50)
FAIL: gcc.target/arm/acle/cde-errors.c -O3 -g (test for errors, line 51)
FAIL: gcc.target/arm/acle/cde-errors.c -O3 -g (test for errors, line 52)
FAIL: gcc.target/arm/acle/cde-errors.c -O3 -g (test for errors, line 53)
FAIL: gcc.target/arm/acle/cde-errors.c -O3 -g (test for errors, line 54)
FAIL: gcc.target/arm/acle/cde-errors.c -O3 -g (test for errors, line 55)
FAIL: gcc.target/arm/acle/cde-errors.c -O3 -g (test for errors, line 57)
FAIL: gcc.target/arm/acle/cde-errors.c -O3 -g (test for errors, line 58)
FAIL: gcc.target/arm/acle/cde-errors.c -O3 -g (test for errors, line 59)
FAIL: gcc.target/arm/acle/cde-errors.c -O3 -g (test for errors, line 60)
FAIL: gcc.target/arm/acle/cde-errors.c -O3 -g (test for errors, line 61)
FAIL: gcc.target/arm/acle/cde-errors.c -O3 -g (test for errors, line 62)
FAIL: gcc.target/arm/acle/cde-errors.c -O3 -g (test for errors, line 95)
FAIL: gcc.target/arm/acle/cde-errors.c -O3 -g (test for errors, line 96)
FAIL: gcc.target/arm/acle/cde-errors.c -O3 -g (test for errors, line 97)
FAIL: gcc.target/arm/acle/cde-errors.c -O3 -g (test for errors, line 98)
FAIL: gcc.target/arm/acle/cde-errors.c -O3 -g (test for errors, line 99)
FAIL: gcc.target/arm/acle/cde-errors.c -O3 -g (test for excess errors)
FAIL: gcc.target/arm/acle/cde-errors.c -Os (test for errors, line 100)
FAIL: gcc.target/arm/acle/cde-errors.c -Os (test for errors, line 102)
FAIL: gcc.target/arm/acle/cde-errors.c -Os (test for errors, line 103)
FAIL: gcc.target/arm/acle/cde-errors.c -Os (test for errors, line 104)
FAIL: gcc.target/arm/acle/cde-errors.c -Os (test for errors, line 105)
FAIL: gcc.target/arm/acle/cde-errors.c -Os (test for errors, line 106)
FAIL: gcc.target/arm/acle/cde-errors.c -Os (test for errors, line 107)
FAIL: gcc.target/arm/acle/cde-errors.c -Os (test for errors, line 50)
FAIL: gcc.target/arm/acle/cde-errors.c -Os (test for errors, line 51)
FAIL: gcc.target/arm/acle/cde-errors.c -Os (test for errors, line 52)
FAIL: gcc.target/arm/acle/cde-errors.c -Os (test for errors, line 53)
FAIL: gcc.target/arm/acle/cde-errors.c -Os (test for errors, line 54)
FAIL: gcc.target/arm/acle/cde-errors.c -Os (test for errors, line 55)
FAIL: gcc.target/arm/acle/cde-errors.c -Os (test for errors, line 57)
FAIL: gcc.target/arm/acle/cde-errors.c -Os (test for errors, line 58)
FAIL: gcc.target/arm/acle/cde-errors.c -Os (test for errors, line 59)
FAIL: gcc.target/arm/acle/cde-errors.c -Os (test for errors, line 60)
FAIL: gcc.target/arm/acle/cde-errors.c -Os (test for errors, line 61)
FAIL: gcc.target/arm/acle/cde-errors.c -Os (test for errors, line 62)
FAIL: gcc.target/arm/acle/cde-errors.c -Os (test for errors, line 95)
FAIL: gcc.target/arm/acle/cde-errors.c -Os (test for errors, line 96)
FAIL: gcc.target/arm/acle/cde-errors.c -Os (test for errors, line 97)
FAIL: gcc.target/arm/acle/cde-errors.c -Os (test for errors, line 98)
FAIL: gcc.target/arm/acle/cde-errors.c -Os (test for errors, line 99)
FAIL: gcc.target/arm/acle/cde-errors.c -Os (test for excess errors)
FAIL: gcc.target/arm/acle/cde-errors.c -O2 -flto -fno-use-linker-plugin -flto-partition=none -ffat-lto-objects (test for errors, line 100)
FAIL: gcc.target/arm/acle/cde-errors.c -O2 -flto -fno-use-linker-plugin -flto-partition=none -ffat-lto-objects (test for errors, line 102)
FAIL: gcc.target/arm/acle/cde-errors.c -O2 -flto -fno-use-linker-plugin -flto-partition=none -ffat-lto-objects (test for errors, line 103)
FAIL: gcc.target/arm/acle/cde-errors.c -O2 -flto -fno-use-linker-plugin -flto-partition=none -ffat-lto-objects (test for errors, line 104)
FAIL: gcc.target/arm/acle/cde-errors.c -O2 -flto -fno-use-linker-plugin -flto-partition=none -ffat-lto-objects (test for errors, line 105)
FAIL: gcc.target/arm/acle/cde-errors.c -O2 -flto -fno-use-linker-plugin -flto-partition=none -ffat-lto-objects (test for errors, line 106)
FAIL: gcc.target/arm/acle/cde-errors.c -O2 -flto -fno-use-linker-plugin -flto-partition=none -ffat-lto-objects (test for errors, line 107)
FAIL: gcc.target/arm/acle/cde-errors.c -O2 -flto -fno-use-linker-plugin -flto-partition=none -ffat-lto-objects (test for errors, line 50)
FAIL: gcc.target/arm/acle/cde-errors.c -O2 -flto -fno-use-linker-plugin -flto-partition=none -ffat-lto-objects (test for errors, line 51)
FAIL: gcc.target/arm/acle/cde-errors.c -O2 -flto -fno-use-linker-plugin -flto-partition=none -ffat-lto-objects (test for errors, line 52)
FAIL: gcc.target/arm/acle/cde-errors.c -O2 -flto -fno-use-linker-plugin -flto-partition=none -ffat-lto-objects (test for errors, line 53)
FAIL: gcc.target/arm/acle/cde-errors.c -O2 -flto -fno-use-linker-plugin -flto-partition=none -ffat-lto-objects (test for errors, line 54)
FAIL: gcc.target/arm/acle/cde-errors.c -O2 -flto -fno-use-linker-plugin -flto-partition=none -ffat-lto-objects (test for errors, line 55)
FAIL: gcc.target/arm/acle/cde-errors.c -O2 -flto -fno-use-linker-plugin -flto-partition=none -ffat-lto-objects (test for errors, line 57)
FAIL: gcc.target/arm/acle/cde-errors.c -O2 -flto -fno-use-linker-plugin -flto-partition=none -ffat-lto-objects (test for errors, line 58)
FAIL: gcc.target/arm/acle/cde-errors.c -O2 -flto -fno-use-linker-plugin -flto-partition=none -ffat-lto-objects (test for errors, line 59)
FAIL: gcc.target/arm/acle/cde-errors.c -O2 -flto -fno-use-linker-plugin -flto-partition=none -ffat-lto-objects (test for errors, line 60)
FAIL: gcc.target/arm/acle/cde-errors.c -O2 -flto -fno-use-linker-plugin -flto-partition=none -ffat-lto-objects (test for errors, line 61)
FAIL: gcc.target/arm/acle/cde-errors.c -O2 -flto -fno-use-linker-plugin -flto-partition=none -ffat-lto-objects (test for errors, line 62)
FAIL: gcc.target/arm/acle/cde-errors.c -O2 -flto -fno-use-linker-plugin -flto-partition=none -ffat-lto-objects (test for errors, line 95)
FAIL: gcc.target/arm/acle/cde-errors.c -O2 -flto -fno-use-linker-plugin -flto-partition=none -ffat-lto-objects (test for errors, line 96)
FAIL: gcc.target/arm/acle/cde-errors.c -O2 -flto -fno-use-linker-plugin -flto-partition=none -ffat-lto-objects (test for errors, line 97)
FAIL: gcc.target/arm/acle/cde-errors.c -O2 -flto -fno-use-linker-plugin -flto-partition=none -ffat-lto-objects (test for errors, line 98)
FAIL: gcc.target/arm/acle/cde-errors.c -O2 -flto -fno-use-linker-plugin -flto-partition=none -ffat-lto-objects (test for errors, line 99)
FAIL: gcc.target/arm/acle/cde-errors.c -O2 -flto -fno-use-linker-plugin -flto-partition=none -ffat-lto-objects (test for excess errors)
FAIL: gcc.target/arm/acle/cde-errors.c -O2 -flto -fuse-linker-plugin -fno-fat-lto-objects -ffat-lto-objects (test for errors, line 100)
FAIL: gcc.target/arm/acle/cde-errors.c -O2 -flto -fuse-linker-plugin -fno-fat-lto-objects -ffat-lto-objects (test for errors, line 102)
FAIL: gcc.target/arm/acle/cde-errors.c -O2 -flto -fuse-linker-plugin -fno-fat-lto-objects -ffat-lto-objects (test for errors, line 103)
FAIL: gcc.target/arm/acle/cde-errors.c -O2 -flto -fuse-linker-plugin -fno-fat-lto-objects -ffat-lto-objects (test for errors, line 104)
FAIL: gcc.target/arm/acle/cde-errors.c -O2 -flto -fuse-linker-plugin -fno-fat-lto-objects -ffat-lto-objects (test for errors, line 105)
FAIL: gcc.target/arm/acle/cde-errors.c -O2 -flto -fuse-linker-plugin -fno-fat-lto-objects -ffat-lto-objects (test for errors, line 106)
FAIL: gcc.target/arm/acle/cde-errors.c -O2 -flto -fuse-linker-plugin -fno-fat-lto-objects -ffat-lto-objects (test for errors, line 107)
FAIL: gcc.target/arm/acle/cde-errors.c -O2 -flto -fuse-linker-plugin -fno-fat-lto-objects -ffat-lto-objects (test for errors, line 50)
FAIL: gcc.target/arm/acle/cde-errors.c -O2 -flto -fuse-linker-plugin -fno-fat-lto-objects -ffat-lto-objects (test for errors, line 51)
FAIL: gcc.target/arm/acle/cde-errors.c -O2 -flto -fuse-linker-plugin -fno-fat-lto-objects -ffat-lto-objects (test for errors, line 52)
FAIL: gcc.target/arm/acle/cde-errors.c -O2 -flto -fuse-linker-plugin -fno-fat-lto-objects -ffat-lto-objects (test for errors, line 53)
FAIL: gcc.target/arm/acle/cde-errors.c -O2 -flto -fuse-linker-plugin -fno-fat-lto-objects -ffat-lto-objects (test for errors, line 54)
FAIL: gcc.target/arm/acle/cde-errors.c -O2 -flto -fuse-linker-plugin -fno-fat-lto-objects -ffat-lto-objects (test for errors, line 55)
FAIL: gcc.target/arm/acle/cde-errors.c -O2 -flto -fuse-linker-plugin -fno-fat-lto-objects -ffat-lto-objects (test for errors, line 57)
FAIL: gcc.target/arm/acle/cde-errors.c -O2 -flto -fuse-linker-plugin -fno-fat-lto-objects -ffat-lto-objects (test for errors, line 58)
FAIL: gcc.target/arm/acle/cde-errors.c -O2 -flto -fuse-linker-plugin -fno-fat-lto-objects -ffat-lto-objects (test for errors, line 59)
FAIL: gcc.target/arm/acle/cde-errors.c -O2 -flto -fuse-linker-plugin -fno-fat-lto-objects -ffat-lto-objects (test for errors, line 60)
FAIL: gcc.target/arm/acle/cde-errors.c -O2 -flto -fuse-linker-plugin -fno-fat-lto-objects -ffat-lto-objects (test for errors, line 61)
FAIL: gcc.target/arm/acle/cde-errors.c -O2 -flto -fuse-linker-plugin -fno-fat-lto-objects -ffat-lto-objects (test for errors, line 62)
FAIL: gcc.target/arm/acle/cde-errors.c -O2 -flto -fuse-linker-plugin -fno-fat-lto-objects -ffat-lto-objects (test for errors, line 95)
FAIL: gcc.target/arm/acle/cde-errors.c -O2 -flto -fuse-linker-plugin -fno-fat-lto-objects -ffat-lto-objects (test for errors, line 96)
FAIL: gcc.target/arm/acle/cde-errors.c -O2 -flto -fuse-linker-plugin -fno-fat-lto-objects -ffat-lto-objects (test for errors, line 97)
FAIL: gcc.target/arm/acle/cde-errors.c -O2 -flto -fuse-linker-plugin -fno-fat-lto-objects -ffat-lto-objects (test for errors, line 98)
FAIL: gcc.target/arm/acle/cde-errors.c -O2 -flto -fuse-linker-plugin -fno-fat-lto-objects -ffat-lto-objects (test for errors, line 99)
FAIL: gcc.target/arm/acle/cde-errors.c -O2 -flto -fuse-linker-plugin -fno-fat-lto-objects -ffat-lto-objects (test for excess errors)
FAIL: gcc.target/arm/acle/cde-mve-error-2.c -O0 (test for errors, line 100)
FAIL: gcc.target/arm/acle/cde-mve-error-2.c -O0 (test for errors, line 101)
FAIL: gcc.target/arm/acle/cde-mve-error-2.c -O0 (test for errors, line 102)
FAIL: gcc.target/arm/acle/cde-mve-error-2.c -O0 (test for errors, line 103)
FAIL: gcc.target/arm/acle/cde-mve-error-2.c -O0 (test for errors, line 104)
FAIL: gcc.target/arm/acle/cde-mve-error-2.c -O0 (test for errors, line 105)
FAIL: gcc.target/arm/acle/cde-mve-error-2.c -O0 (test for errors, line 106)
FAIL: gcc.target/arm/acle/cde-mve-error-2.c -O0 (test for errors, line 107)
FAIL: gcc.target/arm/acle/cde-mve-error-2.c -O0 (test for errors, line 109)
FAIL: gcc.target/arm/acle/cde-mve-error-2.c -O0 (test for errors, line 110)
FAIL: gcc.target/arm/acle/cde-mve-error-2.c -O0 (test for errors, line 111)
FAIL: gcc.target/arm/acle/cde-mve-error-2.c -O0 (test for errors, line 112)
FAIL: gcc.target/arm/acle/cde-mve-error-2.c -O0 (test for errors, line 113)
FAIL: gcc.target/arm/acle/cde-mve-error-2.c -O0 (test for errors, line 114)
FAIL: gcc.target/arm/acle/cde-mve-error-2.c -O0 (test for errors, line 148)
FAIL: gcc.target/arm/acle/cde-mve-error-2.c -O0 (test for errors, line 150)
FAIL: gcc.target/arm/acle/cde-mve-error-2.c -O0 (test for errors, line 152)
FAIL: gcc.target/arm/acle/cde-mve-error-2.c -O0 (test for errors, line 154)
FAIL: gcc.target/arm/acle/cde-mve-error-2.c -O0 (test for errors, line 156)
FAIL: gcc.target/arm/acle/cde-mve-error-2.c -O0 (test for errors, line 159)
FAIL: gcc.target/arm/acle/cde-mve-error-2.c -O0 (test for errors, line 161)
FAIL: gcc.target/arm/acle/cde-mve-error-2.c -O0 (test for errors, line 163)
FAIL: gcc.target/arm/acle/cde-mve-error-2.c -O0 (test for errors, line 165)
FAIL: gcc.target/arm/acle/cde-mve-error-2.c -O0 (test for errors, line 167)
FAIL: gcc.target/arm/acle/cde-mve-error-2.c -O0 (test for errors, line 169)
FAIL: gcc.target/arm/acle/cde-mve-error-2.c -O0 (test for errors, line 49)
FAIL: gcc.target/arm/acle/cde-mve-error-2.c -O0 (test for errors, line 50)
FAIL: gcc.target/arm/acle/cde-mve-error-2.c -O0 (test for errors, line 51)
FAIL: gcc.target/arm/acle/cde-mve-error-2.c -O0 (test for errors, line 52)
FAIL: gcc.target/arm/acle/cde-mve-error-2.c -O0 (test for errors, line 53)
FAIL: gcc.target/arm/acle/cde-mve-error-2.c -O0 (test for errors, line 54)
FAIL: gcc.target/arm/acle/cde-mve-error-2.c -O0 (test for errors, line 55)
FAIL: gcc.target/arm/acle/cde-mve-error-2.c -O0 (test for errors, line 56)
FAIL: gcc.target/arm/acle/cde-mve-error-2.c -O0 (test for errors, line 58)
FAIL: gcc.target/arm/acle/cde-mve-error-2.c -O0 (test for errors, line 59)
FAIL: gcc.target/arm/acle/cde-mve-error-2.c -O0 (test for errors, line 60)
FAIL: gcc.target/arm/acle/cde-mve-error-2.c -O0 (test for errors, line 61)
FAIL: gcc.target/arm/acle/cde-mve-error-2.c -O0 (test for errors, line 62)
FAIL: gcc.target/arm/acle/cde-mve-error-2.c -O0 (test for errors, line 63)
FAIL: gcc.target/arm/acle/cde-mve-error-2.c -O0 (test for excess errors)
FAIL: gcc.target/arm/acle/cde-mve-error-2.c -O1 (test for errors, line 100)
FAIL: gcc.target/arm/acle/cde-mve-error-2.c -O1 (test for errors, line 101)
FAIL: gcc.target/arm/acle/cde-mve-error-2.c -O1 (test for errors, line 102)
FAIL: gcc.target/arm/acle/cde-mve-error-2.c -O1 (test for errors, line 103)
FAIL: gcc.target/arm/acle/cde-mve-error-2.c -O1 (test for errors, line 104)
FAIL: gcc.target/arm/acle/cde-mve-error-2.c -O1 (test for errors, line 105)
FAIL: gcc.target/arm/acle/cde-mve-error-2.c -O1 (test for errors, line 106)
FAIL: gcc.target/arm/acle/cde-mve-error-2.c -O1 (test for errors, line 107)
FAIL: gcc.target/arm/acle/cde-mve-error-2.c -O1 (test for errors, line 109)
FAIL: gcc.target/arm/acle/cde-mve-error-2.c -O1 (test for errors, line 110)
FAIL: gcc.target/arm/acle/cde-mve-error-2.c -O1 (test for errors, line 111)
FAIL: gcc.target/arm/acle/cde-mve-error-2.c -O1 (test for errors, line 112)
FAIL: gcc.target/arm/acle/cde-mve-error-2.c -O1 (test for errors, line 113)
FAIL: gcc.target/arm/acle/cde-mve-error-2.c -O1 (test for errors, line 114)
FAIL: gcc.target/arm/acle/cde-mve-error-2.c -O1 (test for errors, line 148)
FAIL: gcc.target/arm/acle/cde-mve-error-2.c -O1 (test for errors, line 150)
FAIL: gcc.target/arm/acle/cde-mve-error-2.c -O1 (test for errors, line 152)
FAIL: gcc.target/arm/acle/cde-mve-error-2.c -O1 (test for errors, line 154)
FAIL: gcc.target/arm/acle/cde-mve-error-2.c -O1 (test for errors, line 156)
FAIL: gcc.target/arm/acle/cde-mve-error-2.c -O1 (test for errors, line 159)
FAIL: gcc.target/arm/acle/cde-mve-error-2.c -O1 (test for errors, line 161)
FAIL: gcc.target/arm/acle/cde-mve-error-2.c -O1 (test for errors, line 163)
FAIL: gcc.target/arm/acle/cde-mve-error-2.c -O1 (test for errors, line 165)
FAIL: gcc.target/arm/acle/cde-mve-error-2.c -O1 (test for errors, line 167)
FAIL: gcc.target/arm/acle/cde-mve-error-2.c -O1 (test for errors, line 169)
FAIL: gcc.target/arm/acle/cde-mve-error-2.c -O1 (test for errors, line 49)
FAIL: gcc.target/arm/acle/cde-mve-error-2.c -O1 (test for errors, line 50)
FAIL: gcc.target/arm/acle/cde-mve-error-2.c -O1 (test for errors, line 51)
FAIL: gcc.target/arm/acle/cde-mve-error-2.c -O1 (test for errors, line 52)
FAIL: gcc.target/arm/acle/cde-mve-error-2.c -O1 (test for errors, line 53)
FAIL: gcc.target/arm/acle/cde-mve-error-2.c -O1 (test for errors, line 54)
FAIL: gcc.target/arm/acle/cde-mve-error-2.c -O1 (test for errors, line 55)
FAIL: gcc.target/arm/acle/cde-mve-error-2.c -O1 (test for errors, line 56)
FAIL: gcc.target/arm/acle/cde-mve-error-2.c -O1 (test for errors, line 58)
FAIL: gcc.target/arm/acle/cde-mve-error-2.c -O1 (test for errors, line 59)
FAIL: gcc.target/arm/acle/cde-mve-error-2.c -O1 (test for errors, line 60)
FAIL: gcc.target/arm/acle/cde-mve-error-2.c -O1 (test for errors, line 61)
FAIL: gcc.target/arm/acle/cde-mve-error-2.c -O1 (test for errors, line 62)
FAIL: gcc.target/arm/acle/cde-mve-error-2.c -O1 (test for errors, line 63)
FAIL: gcc.target/arm/acle/cde-mve-error-2.c -O1 (test for excess errors)
FAIL: gcc.target/arm/acle/cde-mve-error-2.c -O2 (test for errors, line 100)
FAIL: gcc.target/arm/acle/cde-mve-error-2.c -O2 (test for errors, line 101)
FAIL: gcc.target/arm/acle/cde-mve-error-2.c -O2 (test for errors, line 102)
FAIL: gcc.target/arm/acle/cde-mve-error-2.c -O2 (test for errors, line 103)
FAIL: gcc.target/arm/acle/cde-mve-error-2.c -O2 (test for errors, line 104)
FAIL: gcc.target/arm/acle/cde-mve-error-2.c -O2 (test for errors, line 105)
FAIL: gcc.target/arm/acle/cde-mve-error-2.c -O2 (test for errors, line 106)
FAIL: gcc.target/arm/acle/cde-mve-error-2.c -O2 (test for errors, line 107)
FAIL: gcc.target/arm/acle/cde-mve-error-2.c -O2 (test for errors, line 109)
FAIL: gcc.target/arm/acle/cde-mve-error-2.c -O2 (test for errors, line 110)
FAIL: gcc.target/arm/acle/cde-mve-error-2.c -O2 (test for errors, line 111)
FAIL: gcc.target/arm/acle/cde-mve-error-2.c -O2 (test for errors, line 112)
FAIL: gcc.target/arm/acle/cde-mve-error-2.c -O2 (test for errors, line 113)
FAIL: gcc.target/arm/acle/cde-mve-error-2.c -O2 (test for errors, line 114)
FAIL: gcc.target/arm/acle/cde-mve-error-2.c -O2 (test for errors, line 148)
FAIL: gcc.target/arm/acle/cde-mve-error-2.c -O2 (test for errors, line 150)
FAIL: gcc.target/arm/acle/cde-mve-error-2.c -O2 (test for errors, line 152)
FAIL: gcc.target/arm/acle/cde-mve-error-2.c -O2 (test for errors, line 154)
FAIL: gcc.target/arm/acle/cde-mve-error-2.c -O2 (test for errors, line 156)
FAIL: gcc.target/arm/acle/cde-mve-error-2.c -O2 (test for errors, line 159)
FAIL: gcc.target/arm/acle/cde-mve-error-2.c -O2 (test for errors, line 161)
FAIL: gcc.target/arm/acle/cde-mve-error-2.c -O2 (test for errors, line 163)
FAIL: gcc.target/arm/acle/cde-mve-error-2.c -O2 (test for errors, line 165)
FAIL: gcc.target/arm/acle/cde-mve-error-2.c -O2 (test for errors, line 167)
FAIL: gcc.target/arm/acle/cde-mve-error-2.c -O2 (test for errors, line 169)
FAIL: gcc.target/arm/acle/cde-mve-error-2.c -O2 (test for errors, line 49)
FAIL: gcc.target/arm/acle/cde-mve-error-2.c -O2 (test for errors, line 50)
FAIL: gcc.target/arm/acle/cde-mve-error-2.c -O2 (test for errors, line 51)
FAIL: gcc.target/arm/acle/cde-mve-error-2.c -O2 (test for errors, line 52)
FAIL: gcc.target/arm/acle/cde-mve-error-2.c -O2 (test for errors, line 53)
FAIL: gcc.target/arm/acle/cde-mve-error-2.c -O2 (test for errors, line 54)
FAIL: gcc.target/arm/acle/cde-mve-error-2.c -O2 (test for errors, line 55)
FAIL: gcc.target/arm/acle/cde-mve-error-2.c -O2 (test for errors, line 56)
FAIL: gcc.target/arm/acle/cde-mve-error-2.c -O2 (test for errors, line 58)
FAIL: gcc.target/arm/acle/cde-mve-error-2.c -O2 (test for errors, line 59)
FAIL: gcc.target/arm/acle/cde-mve-error-2.c -O2 (test for errors, line 60)
FAIL: gcc.target/arm/acle/cde-mve-error-2.c -O2 (test for errors, line 61)
FAIL: gcc.target/arm/acle/cde-mve-error-2.c -O2 (test for errors, line 62)
FAIL: gcc.target/arm/acle/cde-mve-error-2.c -O2 (test for errors, line 63)
FAIL: gcc.target/arm/acle/cde-mve-error-2.c -O2 (test for excess errors)
FAIL: gcc.target/arm/acle/cde-mve-error-2.c -O3 -fomit-frame-pointer -funroll-loops -fpeel-loops -ftracer -finline-functions (test for errors, line 100)
FAIL: gcc.target/arm/acle/cde-mve-error-2.c -O3 -fomit-frame-pointer -funroll-loops -fpeel-loops -ftracer -finline-functions (test for errors, line 101)
FAIL: gcc.target/arm/acle/cde-mve-error-2.c -O3 -fomit-frame-pointer -funroll-loops -fpeel-loops -ftracer -finline-functions (test for errors, line 102)
FAIL: gcc.target/arm/acle/cde-mve-error-2.c -O3 -fomit-frame-pointer -funroll-loops -fpeel-loops -ftracer -finline-functions (test for errors, line 103)
FAIL: gcc.target/arm/acle/cde-mve-error-2.c -O3 -fomit-frame-pointer -funroll-loops -fpeel-loops -ftracer -finline-functions (test for errors, line 104)
FAIL: gcc.target/arm/acle/cde-mve-error-2.c -O3 -fomit-frame-pointer -funroll-loops -fpeel-loops -ftracer -finline-functions (test for errors, line 105)
FAIL: gcc.target/arm/acle/cde-mve-error-2.c -O3 -fomit-frame-pointer -funroll-loops -fpeel-loops -ftracer -finline-functions (test for errors, line 106)
FAIL: gcc.target/arm/acle/cde-mve-error-2.c -O3 -fomit-frame-pointer -funroll-loops -fpeel-loops -ftracer -finline-functions (test for errors, line 107)
FAIL: gcc.target/arm/acle/cde-mve-error-2.c -O3 -fomit-frame-pointer -funroll-loops -fpeel-loops -ftracer -finline-functions (test for errors, line 109)
FAIL: gcc.target/arm/acle/cde-mve-error-2.c -O3 -fomit-frame-pointer -funroll-loops -fpeel-loops -ftracer -finline-functions (test for errors, line 110)
FAIL: gcc.target/arm/acle/cde-mve-error-2.c -O3 -fomit-frame-pointer -funroll-loops -fpeel-loops -ftracer -finline-functions (test for errors, line 111)
FAIL: gcc.target/arm/acle/cde-mve-error-2.c -O3 -fomit-frame-pointer -funroll-loops -fpeel-loops -ftracer -finline-functions (test for errors, line 112)
FAIL: gcc.target/arm/acle/cde-mve-error-2.c -O3 -fomit-frame-pointer -funroll-loops -fpeel-loops -ftracer -finline-functions (test for errors, line 113)
FAIL: gcc.target/arm/acle/cde-mve-error-2.c -O3 -fomit-frame-pointer -funroll-loops -fpeel-loops -ftracer -finline-functions (test for errors, line 114)
FAIL: gcc.target/arm/acle/cde-mve-error-2.c -O3 -fomit-frame-pointer -funroll-loops -fpeel-loops -ftracer -finline-functions (test for errors, line 148)
FAIL: gcc.target/arm/acle/cde-mve-error-2.c -O3 -fomit-frame-pointer -funroll-loops -fpeel-loops -ftracer -finline-functions (test for errors, line 150)
FAIL: gcc.target/arm/acle/cde-mve-error-2.c -O3 -fomit-frame-pointer -funroll-loops -fpeel-loops -ftracer -finline-functions (test for errors, line 152)
FAIL: gcc.target/arm/acle/cde-mve-error-2.c -O3 -fomit-frame-pointer -funroll-loops -fpeel-loops -ftracer -finline-functions (test for errors, line 154)
FAIL: gcc.target/arm/acle/cde-mve-error-2.c -O3 -fomit-frame-pointer -funroll-loops -fpeel-loops -ftracer -finline-functions (test for errors, line 156)
FAIL: gcc.target/arm/acle/cde-mve-error-2.c -O3 -fomit-frame-pointer -funroll-loops -fpeel-loops -ftracer -finline-functions (test for errors, line 159)
FAIL: gcc.target/arm/acle/cde-mve-error-2.c -O3 -fomit-frame-pointer -funroll-loops -fpeel-loops -ftracer -finline-functions (test for errors, line 161)
FAIL: gcc.target/arm/acle/cde-mve-error-2.c -O3 -fomit-frame-pointer -funroll-loops -fpeel-loops -ftracer -finline-functions (test for errors, line 163)
FAIL: gcc.target/arm/acle/cde-mve-error-2.c -O3 -fomit-frame-pointer -funroll-loops -fpeel-loops -ftracer -finline-functions (test for errors, line 165)
FAIL: gcc.target/arm/acle/cde-mve-error-2.c -O3 -fomit-frame-pointer -funroll-loops -fpeel-loops -ftracer -finline-functions (test for errors, line 167)
FAIL: gcc.target/arm/acle/cde-mve-error-2.c -O3 -fomit-frame-pointer -funroll-loops -fpeel-loops -ftracer -finline-functions (test for errors, line 169)
FAIL: gcc.target/arm/acle/cde-mve-error-2.c -O3 -fomit-frame-pointer -funroll-loops -fpeel-loops -ftracer -finline-functions (test for errors, line 49)
FAIL: gcc.target/arm/acle/cde-mve-error-2.c -O3 -fomit-frame-pointer -funroll-loops -fpeel-loops -ftracer -finline-functions (test for errors, line 50)
FAIL: gcc.target/arm/acle/cde-mve-error-2.c -O3 -fomit-frame-pointer -funroll-loops -fpeel-loops -ftracer -finline-functions (test for errors, line 51)
FAIL: gcc.target/arm/acle/cde-mve-error-2.c -O3 -fomit-frame-pointer -funroll-loops -fpeel-loops -ftracer -finline-functions (test for errors, line 52)
FAIL: gcc.target/arm/acle/cde-mve-error-2.c -O3 -fomit-frame-pointer -funroll-loops -fpeel-loops -ftracer -finline-functions (test for errors, line 53)
FAIL: gcc.target/arm/acle/cde-mve-error-2.c -O3 -fomit-frame-pointer -funroll-loops -fpeel-loops -ftracer -finline-functions (test for errors, line 54)
FAIL: gcc.target/arm/acle/cde-mve-error-2.c -O3 -fomit-frame-pointer -funroll-loops -fpeel-loops -ftracer -finline-functions (test for errors, line 55)
FAIL: gcc.target/arm/acle/cde-mve-error-2.c -O3 -fomit-frame-pointer -funroll-loops -fpeel-loops -ftracer -finline-functions (test for errors, line 56)
FAIL: gcc.target/arm/acle/cde-mve-error-2.c -O3 -fomit-frame-pointer -funroll-loops -fpeel-loops -ftracer -finline-functions (test for errors, line 58)
FAIL: gcc.target/arm/acle/cde-mve-error-2.c -O3 -fomit-frame-pointer -funroll-loops -fpeel-loops -ftracer -finline-functions (test for errors, line 59)
FAIL: gcc.target/arm/acle/cde-mve-error-2.c -O3 -fomit-frame-pointer -funroll-loops -fpeel-loops -ftracer -finline-functions (test for errors, line 60)
FAIL: gcc.target/arm/acle/cde-mve-error-2.c -O3 -fomit-frame-pointer -funroll-loops -fpeel-loops -ftracer -finline-functions (test for errors, line 61)
FAIL: gcc.target/arm/acle/cde-mve-error-2.c -O3 -fomit-frame-pointer -funroll-loops -fpeel-loops -ftracer -finline-functions (test for errors, line 62)
FAIL: gcc.target/arm/acle/cde-mve-error-2.c -O3 -fomit-frame-pointer -funroll-loops -fpeel-loops -ftracer -finline-functions (test for errors, line 63)
FAIL: gcc.target/arm/acle/cde-mve-error-2.c -O3 -fomit-frame-pointer -funroll-loops -fpeel-loops -ftracer -finline-functions (test for excess errors)
FAIL: gcc.target/arm/acle/cde-mve-error-2.c -O3 -g (test for errors, line 100)
FAIL: gcc.target/arm/acle/cde-mve-error-2.c -O3 -g (test for errors, line 101)
FAIL: gcc.target/arm/acle/cde-mve-error-2.c -O3 -g (test for errors, line 102)
FAIL: gcc.target/arm/acle/cde-mve-error-2.c -O3 -g (test for errors, line 103)
FAIL: gcc.target/arm/acle/cde-mve-error-2.c -O3 -g (test for errors, line 104)
FAIL: gcc.target/arm/acle/cde-mve-error-2.c -O3 -g (test for errors, line 105)
FAIL: gcc.target/arm/acle/cde-mve-error-2.c -O3 -g (test for errors, line 106)
FAIL: gcc.target/arm/acle/cde-mve-error-2.c -O3 -g (test for errors, line 107)
FAIL: gcc.target/arm/acle/cde-mve-error-2.c -O3 -g (test for errors, line 109)
FAIL: gcc.target/arm/acle/cde-mve-error-2.c -O3 -g (test for errors, line 110)
FAIL: gcc.target/arm/acle/cde-mve-error-2.c -O3 -g (test for errors, line 111)
FAIL: gcc.target/arm/acle/cde-mve-error-2.c -O3 -g (test for errors, line 112)
FAIL: gcc.target/arm/acle/cde-mve-error-2.c -O3 -g (test for errors, line 113)
FAIL: gcc.target/arm/acle/cde-mve-error-2.c -O3 -g (test for errors, line 114)
FAIL: gcc.target/arm/acle/cde-mve-error-2.c -O3 -g (test for errors, line 148)
FAIL: gcc.target/arm/acle/cde-mve-error-2.c -O3 -g (test for errors, line 150)
FAIL: gcc.target/arm/acle/cde-mve-error-2.c -O3 -g (test for errors, line 152)
FAIL: gcc.target/arm/acle/cde-mve-error-2.c -O3 -g (test for errors, line 154)
FAIL: gcc.target/arm/acle/cde-mve-error-2.c -O3 -g (test for errors, line 156)
FAIL: gcc.target/arm/acle/cde-mve-error-2.c -O3 -g (test for errors, line 159)
FAIL: gcc.target/arm/acle/cde-mve-error-2.c -O3 -g (test for errors, line 161)
FAIL: gcc.target/arm/acle/cde-mve-error-2.c -O3 -g (test for errors, line 163)
FAIL: gcc.target/arm/acle/cde-mve-error-2.c -O3 -g (test for errors, line 165)
FAIL: gcc.target/arm/acle/cde-mve-error-2.c -O3 -g (test for errors, line 167)
FAIL: gcc.target/arm/acle/cde-mve-error-2.c -O3 -g (test for errors, line 169)
FAIL: gcc.target/arm/acle/cde-mve-error-2.c -O3 -g (test for errors, line 49)
FAIL: gcc.target/arm/acle/cde-mve-error-2.c -O3 -g (test for errors, line 50)
FAIL: gcc.target/arm/acle/cde-mve-error-2.c -O3 -g (test for errors, line 51)
FAIL: gcc.target/arm/acle/cde-mve-error-2.c -O3 -g (test for errors, line 52)
FAIL: gcc.target/arm/acle/cde-mve-error-2.c -O3 -g (test for errors, line 53)
FAIL: gcc.target/arm/acle/cde-mve-error-2.c -O3 -g (test for errors, line 54)
FAIL: gcc.target/arm/acle/cde-mve-error-2.c -O3 -g (test for errors, line 55)
FAIL: gcc.target/arm/acle/cde-mve-error-2.c -O3 -g (test for errors, line 56)
FAIL: gcc.target/arm/acle/cde-mve-error-2.c -O3 -g (test for errors, line 58)
FAIL: gcc.target/arm/acle/cde-mve-error-2.c -O3 -g (test for errors, line 59)
FAIL: gcc.target/arm/acle/cde-mve-error-2.c -O3 -g (test for errors, line 60)
FAIL: gcc.target/arm/acle/cde-mve-error-2.c -O3 -g (test for errors, line 61)
FAIL: gcc.target/arm/acle/cde-mve-error-2.c -O3 -g (test for errors, line 62)
FAIL: gcc.target/arm/acle/cde-mve-error-2.c -O3 -g (test for errors, line 63)
FAIL: gcc.target/arm/acle/cde-mve-error-2.c -O3 -g (test for excess errors)
FAIL: gcc.target/arm/acle/cde-mve-error-2.c -Os (test for errors, line 100)
FAIL: gcc.target/arm/acle/cde-mve-error-2.c -Os (test for errors, line 101)
FAIL: gcc.target/arm/acle/cde-mve-error-2.c -Os (test for errors, line 102)
FAIL: gcc.target/arm/acle/cde-mve-error-2.c -Os (test for errors, line 103)
FAIL: gcc.target/arm/acle/cde-mve-error-2.c -Os (test for errors, line 104)
FAIL: gcc.target/arm/acle/cde-mve-error-2.c -Os (test for errors, line 105)
FAIL: gcc.target/arm/acle/cde-mve-error-2.c -Os (test for errors, line 106)
FAIL: gcc.target/arm/acle/cde-mve-error-2.c -Os (test for errors, line 107)
FAIL: gcc.target/arm/acle/cde-mve-error-2.c -Os (test for errors, line 109)
FAIL: gcc.target/arm/acle/cde-mve-error-2.c -Os (test for errors, line 110)
FAIL: gcc.target/arm/acle/cde-mve-error-2.c -Os (test for errors, line 111)
FAIL: gcc.target/arm/acle/cde-mve-error-2.c -Os (test for errors, line 112)
FAIL: gcc.target/arm/acle/cde-mve-error-2.c -Os (test for errors, line 113)
FAIL: gcc.target/arm/acle/cde-mve-error-2.c -Os (test for errors, line 114)
FAIL: gcc.target/arm/acle/cde-mve-error-2.c -Os (test for errors, line 148)
FAIL: gcc.target/arm/acle/cde-mve-error-2.c -Os (test for errors, line 150)
FAIL: gcc.target/arm/acle/cde-mve-error-2.c -Os (test for errors, line 152)
FAIL: gcc.target/arm/acle/cde-mve-error-2.c -Os (test for errors, line 154)
FAIL: gcc.target/arm/acle/cde-mve-error-2.c -Os (test for errors, line 156)
FAIL: gcc.target/arm/acle/cde-mve-error-2.c -Os (test for errors, line 159)
FAIL: gcc.target/arm/acle/cde-mve-error-2.c -Os (test for errors, line 161)
FAIL: gcc.target/arm/acle/cde-mve-error-2.c -Os (test for errors, line 163)
FAIL: gcc.target/arm/acle/cde-mve-error-2.c -Os (test for errors, line 165)
FAIL: gcc.target/arm/acle/cde-mve-error-2.c -Os (test for errors, line 167)
FAIL: gcc.target/arm/acle/cde-mve-error-2.c -Os (test for errors, line 169)
FAIL: gcc.target/arm/acle/cde-mve-error-2.c -Os (test for errors, line 49)
FAIL: gcc.target/arm/acle/cde-mve-error-2.c -Os (test for errors, line 50)
FAIL: gcc.target/arm/acle/cde-mve-error-2.c -Os (test for errors, line 51)
FAIL: gcc.target/arm/acle/cde-mve-error-2.c -Os (test for errors, line 52)
FAIL: gcc.target/arm/acle/cde-mve-error-2.c -Os (test for errors, line 53)
FAIL: gcc.target/arm/acle/cde-mve-error-2.c -Os (test for errors, line 54)
FAIL: gcc.target/arm/acle/cde-mve-error-2.c -Os (test for errors, line 55)
FAIL: gcc.target/arm/acle/cde-mve-error-2.c -Os (test for errors, line 56)
FAIL: gcc.target/arm/acle/cde-mve-error-2.c -Os (test for errors, line 58)
FAIL: gcc.target/arm/acle/cde-mve-error-2.c -Os (test for errors, line 59)
FAIL: gcc.target/arm/acle/cde-mve-error-2.c -Os (test for errors, line 60)
FAIL: gcc.target/arm/acle/cde-mve-error-2.c -Os (test for errors, line 61)
FAIL: gcc.target/arm/acle/cde-mve-error-2.c -Os (test for errors, line 62)
FAIL: gcc.target/arm/acle/cde-mve-error-2.c -Os (test for errors, line 63)
FAIL: gcc.target/arm/acle/cde-mve-error-2.c -Os (test for excess errors)
FAIL: gcc.target/arm/acle/cde-mve-error-2.c -O2 -flto -fno-use-linker-plugin -flto-partition=none -ffat-lto-objects (test for errors, line 100)
FAIL: gcc.target/arm/acle/cde-mve-error-2.c -O2 -flto -fno-use-linker-plugin -flto-partition=none -ffat-lto-objects (test for errors, line 101)
FAIL: gcc.target/arm/acle/cde-mve-error-2.c -O2 -flto -fno-use-linker-plugin -flto-partition=none -ffat-lto-objects (test for errors, line 102)
FAIL: gcc.target/arm/acle/cde-mve-error-2.c -O2 -flto -fno-use-linker-plugin -flto-partition=none -ffat-lto-objects (test for errors, line 103)
FAIL: gcc.target/arm/acle/cde-mve-error-2.c -O2 -flto -fno-use-linker-plugin -flto-partition=none -ffat-lto-objects (test for errors, line 104)
FAIL: gcc.target/arm/acle/cde-mve-error-2.c -O2 -flto -fno-use-linker-plugin -flto-partition=none -ffat-lto-objects (test for errors, line 105)
FAIL: gcc.target/arm/acle/cde-mve-error-2.c -O2 -flto -fno-use-linker-plugin -flto-partition=none -ffat-lto-objects (test for errors, line 106)
FAIL: gcc.target/arm/acle/cde-mve-error-2.c -O2 -flto -fno-use-linker-plugin -flto-partition=none -ffat-lto-objects (test for errors, line 107)
FAIL: gcc.target/arm/acle/cde-mve-error-2.c -O2 -flto -fno-use-linker-plugin -flto-partition=none -ffat-lto-objects (test for errors, line 109)
FAIL: gcc.target/arm/acle/cde-mve-error-2.c -O2 -flto -fno-use-linker-plugin -flto-partition=none -ffat-lto-objects (test for errors, line 110)
FAIL: gcc.target/arm/acle/cde-mve-error-2.c -O2 -flto -fno-use-linker-plugin -flto-partition=none -ffat-lto-objects (test for errors, line 111)
FAIL: gcc.target/arm/acle/cde-mve-error-2.c -O2 -flto -fno-use-linker-plugin -flto-partition=none -ffat-lto-objects (test for errors, line 112)
FAIL: gcc.target/arm/acle/cde-mve-error-2.c -O2 -flto -fno-use-linker-plugin -flto-partition=none -ffat-lto-objects (test for errors, line 113)
FAIL: gcc.target/arm/acle/cde-mve-error-2.c -O2 -flto -fno-use-linker-plugin -flto-partition=none -ffat-lto-objects (test for errors, line 114)
FAIL: gcc.target/arm/acle/cde-mve-error-2.c -O2 -flto -fno-use-linker-plugin -flto-partition=none -ffat-lto-objects (test for errors, line 148)
FAIL: gcc.target/arm/acle/cde-mve-error-2.c -O2 -flto -fno-use-linker-plugin -flto-partition=none -ffat-lto-objects (test for errors, line 150)
FAIL: gcc.target/arm/acle/cde-mve-error-2.c -O2 -flto -fno-use-linker-plugin -flto-partition=none -ffat-lto-objects (test for errors, line 152)
FAIL: gcc.target/arm/acle/cde-mve-error-2.c -O2 -flto -fno-use-linker-plugin -flto-partition=none -ffat-lto-objects (test for errors, line 154)
FAIL: gcc.target/arm/acle/cde-mve-error-2.c -O2 -flto -fno-use-linker-plugin -flto-partition=none -ffat-lto-objects (test for errors, line 156)
FAIL: gcc.target/arm/acle/cde-mve-error-2.c -O2 -flto -fno-use-linker-plugin -flto-partition=none -ffat-lto-objects (test for errors, line 159)
FAIL: gcc.target/arm/acle/cde-mve-error-2.c -O2 -flto -fno-use-linker-plugin -flto-partition=none -ffat-lto-objects (test for errors, line 161)
FAIL: gcc.target/arm/acle/cde-mve-error-2.c -O2 -flto -fno-use-linker-plugin -flto-partition=none -ffat-lto-objects (test for errors, line 163)
FAIL: gcc.target/arm/acle/cde-mve-error-2.c -O2 -flto -fno-use-linker-plugin -flto-partition=none -ffat-lto-objects (test for errors, line 165)
FAIL: gcc.target/arm/acle/cde-mve-error-2.c -O2 -flto -fno-use-linker-plugin -flto-partition=none -ffat-lto-objects (test for errors, line 167)
FAIL: gcc.target/arm/acle/cde-mve-error-2.c -O2 -flto -fno-use-linker-plugin -flto-partition=none -ffat-lto-objects (test for errors, line 169)
FAIL: gcc.target/arm/acle/cde-mve-error-2.c -O2 -flto -fno-use-linker-plugin -flto-partition=none -ffat-lto-objects (test for errors, line 49)
FAIL: gcc.target/arm/acle/cde-mve-error-2.c -O2 -flto -fno-use-linker-plugin -flto-partition=none -ffat-lto-objects (test for errors, line 50)
FAIL: gcc.target/arm/acle/cde-mve-error-2.c -O2 -flto -fno-use-linker-plugin -flto-partition=none -ffat-lto-objects (test for errors, line 51)
FAIL: gcc.target/arm/acle/cde-mve-error-2.c -O2 -flto -fno-use-linker-plugin -flto-partition=none -ffat-lto-objects (test for errors, line 52)
FAIL: gcc.target/arm/acle/cde-mve-error-2.c -O2 -flto -fno-use-linker-plugin -flto-partition=none -ffat-lto-objects (test for errors, line 53)
FAIL: gcc.target/arm/acle/cde-mve-error-2.c -O2 -flto -fno-use-linker-plugin -flto-partition=none -ffat-lto-objects (test for errors, line 54)
FAIL: gcc.target/arm/acle/cde-mve-error-2.c -O2 -flto -fno-use-linker-plugin -flto-partition=none -ffat-lto-objects (test for errors, line 55)
FAIL: gcc.target/arm/acle/cde-mve-error-2.c -O2 -flto -fno-use-linker-plugin -flto-partition=none -ffat-lto-objects (test for errors, line 56)
FAIL: gcc.target/arm/acle/cde-mve-error-2.c -O2 -flto -fno-use-linker-plugin -flto-partition=none -ffat-lto-objects (test for errors, line 58)
FAIL: gcc.target/arm/acle/cde-mve-error-2.c -O2 -flto -fno-use-linker-plugin -flto-partition=none -ffat-lto-objects (test for errors, line 59)
FAIL: gcc.target/arm/acle/cde-mve-error-2.c -O2 -flto -fno-use-linker-plugin -flto-partition=none -ffat-lto-objects (test for errors, line 60)
FAIL: gcc.target/arm/acle/cde-mve-error-2.c -O2 -flto -fno-use-linker-plugin -flto-partition=none -ffat-lto-objects (test for errors, line 61)
FAIL: gcc.target/arm/acle/cde-mve-error-2.c -O2 -flto -fno-use-linker-plugin -flto-partition=none -ffat-lto-objects (test for errors, line 62)
FAIL: gcc.target/arm/acle/cde-mve-error-2.c -O2 -flto -fno-use-linker-plugin -flto-partition=none -ffat-lto-objects (test for errors, line 63)
FAIL: gcc.target/arm/acle/cde-mve-error-2.c -O2 -flto -fno-use-linker-plugin -flto-partition=none -ffat-lto-objects (test for excess errors)
FAIL: gcc.target/arm/acle/cde-mve-error-2.c -O2 -flto -fuse-linker-plugin -fno-fat-lto-objects -ffat-lto-objects (test for errors, line 100)
FAIL: gcc.target/arm/acle/cde-mve-error-2.c -O2 -flto -fuse-linker-plugin -fno-fat-lto-objects -ffat-lto-objects (test for errors, line 101)
FAIL: gcc.target/arm/acle/cde-mve-error-2.c -O2 -flto -fuse-linker-plugin -fno-fat-lto-objects -ffat-lto-objects (test for errors, line 102)
FAIL: gcc.target/arm/acle/cde-mve-error-2.c -O2 -flto -fuse-linker-plugin -fno-fat-lto-objects -ffat-lto-objects (test for errors, line 103)
FAIL: gcc.target/arm/acle/cde-mve-error-2.c -O2 -flto -fuse-linker-plugin -fno-fat-lto-objects -ffat-lto-objects (test for errors, line 104)
FAIL: gcc.target/arm/acle/cde-mve-error-2.c -O2 -flto -fuse-linker-plugin -fno-fat-lto-objects -ffat-lto-objects (test for errors, line 105)
FAIL: gcc.target/arm/acle/cde-mve-error-2.c -O2 -flto -fuse-linker-plugin -fno-fat-lto-objects -ffat-lto-objects (test for errors, line 106)
FAIL: gcc.target/arm/acle/cde-mve-error-2.c -O2 -flto -fuse-linker-plugin -fno-fat-lto-objects -ffat-lto-objects (test for errors, line 107)
FAIL: gcc.target/arm/acle/cde-mve-error-2.c -O2 -flto -fuse-linker-plugin -fno-fat-lto-objects -ffat-lto-objects (test for errors, line 109)
FAIL: gcc.target/arm/acle/cde-mve-error-2.c -O2 -flto -fuse-linker-plugin -fno-fat-lto-objects -ffat-lto-objects (test for errors, line 110)
FAIL: gcc.target/arm/acle/cde-mve-error-2.c -O2 -flto -fuse-linker-plugin -fno-fat-lto-objects -ffat-lto-objects (test for errors, line 111)
FAIL: gcc.target/arm/acle/cde-mve-error-2.c -O2 -flto -fuse-linker-plugin -fno-fat-lto-objects -ffat-lto-objects (test for errors, line 112)
FAIL: gcc.target/arm/acle/cde-mve-error-2.c -O2 -flto -fuse-linker-plugin -fno-fat-lto-objects -ffat-lto-objects (test for errors, line 113)
FAIL: gcc.target/arm/acle/cde-mve-error-2.c -O2 -flto -fuse-linker-plugin -fno-fat-lto-objects -ffat-lto-objects (test for errors, line 114)
FAIL: gcc.target/arm/acle/cde-mve-error-2.c -O2 -flto -fuse-linker-plugin -fno-fat-lto-objects -ffat-lto-objects (test for errors, line 148)
FAIL: gcc.target/arm/acle/cde-mve-error-2.c -O2 -flto -fuse-linker-plugin -fno-fat-lto-objects -ffat-lto-objects (test for errors, line 150)
FAIL: gcc.target/arm/acle/cde-mve-error-2.c -O2 -flto -fuse-linker-plugin -fno-fat-lto-objects -ffat-lto-objects (test for errors, line 152)
FAIL: gcc.target/arm/acle/cde-mve-error-2.c -O2 -flto -fuse-linker-plugin -fno-fat-lto-objects -ffat-lto-objects (test for errors, line 154)
FAIL: gcc.target/arm/acle/cde-mve-error-2.c -O2 -flto -fuse-linker-plugin -fno-fat-lto-objects -ffat-lto-objects (test for errors, line 156)
FAIL: gcc.target/arm/acle/cde-mve-error-2.c -O2 -flto -fuse-linker-plugin -fno-fat-lto-objects -ffat-lto-objects (test for errors, line 159)
FAIL: gcc.target/arm/acle/cde-mve-error-2.c -O2 -flto -fuse-linker-plugin -fno-fat-lto-objects -ffat-lto-objects (test for errors, line 161)
FAIL: gcc.target/arm/acle/cde-mve-error-2.c -O2 -flto -fuse-linker-plugin -fno-fat-lto-objects -ffat-lto-objects (test for errors, line 163)
FAIL: gcc.target/arm/acle/cde-mve-error-2.c -O2 -flto -fuse-linker-plugin -fno-fat-lto-objects -ffat-lto-objects (test for errors, line 165)
FAIL: gcc.target/arm/acle/cde-mve-error-2.c -O2 -flto -fuse-linker-plugin -fno-fat-lto-objects -ffat-lto-objects (test for errors, line 167)
FAIL: gcc.target/arm/acle/cde-mve-error-2.c -O2 -flto -fuse-linker-plugin -fno-fat-lto-objects -ffat-lto-objects (test for errors, line 169)
FAIL: gcc.target/arm/acle/cde-mve-error-2.c -O2 -flto -fuse-linker-plugin -fno-fat-lto-objects -ffat-lto-objects (test for errors, line 49)
FAIL: gcc.target/arm/acle/cde-mve-error-2.c -O2 -flto -fuse-linker-plugin -fno-fat-lto-objects -ffat-lto-objects (test for errors, line 50)
FAIL: gcc.target/arm/acle/cde-mve-error-2.c -O2 -flto -fuse-linker-plugin -fno-fat-lto-objects -ffat-lto-objects (test for errors, line 51)
FAIL: gcc.target/arm/acle/cde-mve-error-2.c -O2 -flto -fuse-linker-plugin -fno-fat-lto-objects -ffat-lto-objects (test for errors, line 52)
FAIL: gcc.target/arm/acle/cde-mve-error-2.c -O2 -flto -fuse-linker-plugin -fno-fat-lto-objects -ffat-lto-objects (test for errors, line 53)
FAIL: gcc.target/arm/acle/cde-mve-error-2.c -O2 -flto -fuse-linker-plugin -fno-fat-lto-objects -ffat-lto-objects (test for errors, line 54)
FAIL: gcc.target/arm/acle/cde-mve-error-2.c -O2 -flto -fuse-linker-plugin -fno-fat-lto-objects -ffat-lto-objects (test for errors, line 55)
FAIL: gcc.target/arm/acle/cde-mve-error-2.c -O2 -flto -fuse-linker-plugin -fno-fat-lto-objects -ffat-lto-objects (test for errors, line 56)
FAIL: gcc.target/arm/acle/cde-mve-error-2.c -O2 -flto -fuse-linker-plugin -fno-fat-lto-objects -ffat-lto-objects (test for errors, line 58)
FAIL: gcc.target/arm/acle/cde-mve-error-2.c -O2 -flto -fuse-linker-plugin -fno-fat-lto-objects -ffat-lto-objects (test for errors, line 59)
FAIL: gcc.target/arm/acle/cde-mve-error-2.c -O2 -flto -fuse-linker-plugin -fno-fat-lto-objects -ffat-lto-objects (test for errors, line 60)
FAIL: gcc.target/arm/acle/cde-mve-error-2.c -O2 -flto -fuse-linker-plugin -fno-fat-lto-objects -ffat-lto-objects (test for errors, line 61)
FAIL: gcc.target/arm/acle/cde-mve-error-2.c -O2 -flto -fuse-linker-plugin -fno-fat-lto-objects -ffat-lto-objects (test for errors, line 62)
FAIL: gcc.target/arm/acle/cde-mve-error-2.c -O2 -flto -fuse-linker-plugin -fno-fat-lto-objects -ffat-lto-objects (test for errors, line 63)
FAIL: gcc.target/arm/acle/cde-mve-error-2.c -O2 -flto -fuse-linker-plugin -fno-fat-lto-objects -ffat-lto-objects (test for excess errors)
FAIL: gcc.target/arm/addr-modes-float.c scan-assembler vst3.8\\t{d[02468], d[02468], d[02468]}, \\\\[r[0-9]+\\\\]!
FAIL: gcc.target/arm/addr-modes-float.c scan-assembler vst3.8\\t{d[02468], d[02468], d[02468]}, \\\\[r[0-9]+\\\\]!
FAIL: gcc.target/arm/asm-flag-4.c (test for warnings, line 14)
FAIL: gcc.target/arm/asm-flag-4.c (test for excess errors)
FAIL: gcc.target/arm/memcpy-aligned-1.c scan-assembler-not ldr\\t
FAIL: gcc.target/arm/memcpy-aligned-1.c scan-assembler-times str\\t 1
FAIL: gcc.target/arm/pr42575.c scan-assembler-not mov
FAIL: gcc.target/arm/pr97969.c (test for excess errors)
FAIL: gcc.target/arm/reg_equal_test.c scan-rtl-dump expand "expr_list:REG_EQUAL \\\\(const_int -942519458"
=== gcc Summary ===
# of expected passes 152516
# of unexpected failures 602
# of unexpected successes 7
# of expected failures 1083
# of unresolved testcases 64
# of unsupported tests 7413
/tmp/4928604_16.tmpdir/aci-gcc-fsf/builds/gcc-fsf-gccsrc/obj-arm-none-linux-gnueabihf/gcc3/gcc/xgcc version 12.0.1 (DEFMODE=arm DEFARCH=default DEFCPU=arm10tdmi DEFFPU=vfp TESTFLAGS=) [r12-6654] (GCC)
Host is x86_64-pc-linux-gnu
=== gfortran tests ===
Running target qemu
FAIL: gfortran.dg/unlimited_polymorphic_3.f03 -Os execution test
FAIL: gfortran.dg/vector_subscript_1.f90 -O1 execution test
FAIL: gfortran.dg/vector_subscript_1.f90 -O2 execution test
FAIL: gfortran.dg/vector_subscript_1.f90 -O3 -fomit-frame-pointer -funroll-loops -fpeel-loops -ftracer -finline-functions execution test
FAIL: gfortran.dg/vector_subscript_1.f90 -O3 -g execution test
FAIL: gfortran.dg/vector_subscript_1.f90 -Os execution test
FAIL: gfortran.dg/vect/pr85853.f90 -O0 execution test
FAIL: gfortran.dg/vect/pr85853.f90 -O1 execution test
FAIL: gfortran.dg/vect/pr85853.f90 -O2 execution test
FAIL: gfortran.dg/vect/pr85853.f90 -O3 -fomit-frame-pointer -funroll-loops -fpeel-loops -ftracer -finline-functions execution test
FAIL: gfortran.dg/vect/pr85853.f90 -O3 -g execution test
FAIL: gfortran.dg/vect/pr85853.f90 -Os execution test
FAIL: gfortran.dg/vect/vect-alias-check-1.F90 -O0 execution test
FAIL: gfortran.dg/vect/vect-alias-check-1.F90 -O1 execution test
FAIL: gfortran.dg/vect/vect-alias-check-1.F90 -O2 execution test
FAIL: gfortran.dg/vect/vect-alias-check-1.F90 -O3 -fomit-frame-pointer -funroll-loops -fpeel-loops -ftracer -finline-functions execution test
FAIL: gfortran.dg/vect/vect-alias-check-1.F90 -O3 -g execution test
FAIL: gfortran.dg/vect/vect-alias-check-1.F90 -Os execution test
=== gfortran Summary ===
# of expected passes 63739
# of unexpected failures 18
# of expected failures 264
# of unsupported tests 543
/tmp/4928604_16.tmpdir/aci-gcc-fsf/builds/gcc-fsf-gccsrc/obj-arm-none-linux-gnueabihf/gcc3/gcc/gfortran version 12.0.1 (DEFMODE=arm DEFARCH=default DEFCPU=arm10tdmi DEFFPU=vfp TESTFLAGS=) [r12-6654] (GCC)
Host is x86_64-pc-linux-gnu
=== g++ tests ===
Running target qemu
FAIL: g++.dg/cpp0x/constexpr-compare2.C -std=c++14 (test for excess errors)
FAIL: g++.dg/cpp0x/constexpr-compare2.C -std=c++17 (test for excess errors)
FAIL: g++.dg/cpp0x/constexpr-compare2.C -std=c++2a (test for excess errors)
FAIL: g++.dg/cpp0x/constexpr-diag5.C -std=c++14 (test for excess errors)
FAIL: g++.dg/cpp0x/constexpr-diag5.C -std=c++17 (test for excess errors)
FAIL: g++.dg/cpp0x/constexpr-diag5.C -std=c++2a (test for excess errors)
FAIL: g++.dg/cpp1y/constexpr-return3.C -std=c++14 (test for excess errors)
FAIL: g++.dg/cpp1y/constexpr-return3.C -std=c++17 (test for excess errors)
FAIL: g++.dg/cpp1y/constexpr-return3.C -std=c++2a (test for excess errors)
FAIL: g++.dg/cpp2a/constexpr-dtor3.C -std=c++2a (test for warnings, line 154)
FAIL: g++.dg/inherit/thunk10.C -std=gnu++14 (test for excess errors)
UNRESOLVED: g++.dg/inherit/thunk10.C -std=gnu++14 compilation failed to produce executable
FAIL: g++.dg/inherit/thunk10.C -std=gnu++17 (test for excess errors)
UNRESOLVED: g++.dg/inherit/thunk10.C -std=gnu++17 compilation failed to produce executable
FAIL: g++.dg/inherit/thunk10.C -std=gnu++2a (test for excess errors)
UNRESOLVED: g++.dg/inherit/thunk10.C -std=gnu++2a compilation failed to produce executable
FAIL: g++.dg/inherit/thunk10.C -std=gnu++98 (test for excess errors)
UNRESOLVED: g++.dg/inherit/thunk10.C -std=gnu++98 compilation failed to produce executable
FAIL: g++.dg/warn/Waddress-5.C -std=gnu++14 (test for excess errors)
FAIL: g++.dg/warn/Waddress-5.C -std=gnu++17 (test for excess errors)
FAIL: g++.dg/warn/Waddress-5.C -std=gnu++2a (test for excess errors)
FAIL: g++.dg/warn/Waddress-5.C -std=gnu++98 (test for excess errors)
FAIL: g++.dg/warn/Warray-bounds-15.C -std=gnu++14 (test for excess errors)
FAIL: g++.dg/warn/Warray-bounds-15.C -std=gnu++17 (test for excess errors)
FAIL: g++.dg/warn/Warray-bounds-15.C -std=gnu++2a (test for excess errors)
FAIL: g++.dg/warn/Warray-bounds-15.C -std=gnu++98 (test for excess errors)
FAIL: g++.dg/warn/Warray-bounds-18.C -std=gnu++14 (test for excess errors)
FAIL: g++.dg/warn/Warray-bounds-18.C -std=gnu++17 (test for excess errors)
FAIL: g++.dg/warn/Warray-bounds-18.C -std=gnu++2a (test for excess errors)
FAIL: g++.dg/warn/Warray-bounds-18.C -std=gnu++98 (test for excess errors)
FAIL: g++.dg/warn/Warray-bounds-19.C -std=gnu++14 (test for excess errors)
FAIL: g++.dg/warn/Warray-bounds-19.C -std=gnu++17 (test for excess errors)
FAIL: g++.dg/warn/Warray-bounds-19.C -std=gnu++2a (test for excess errors)
FAIL: g++.dg/warn/Warray-bounds-19.C -std=gnu++98 (test for excess errors)
FAIL: g++.dg/warn/Warray-bounds-20.C -std=gnu++14 (test for excess errors)
FAIL: g++.dg/warn/Warray-bounds-20.C -std=gnu++17 (test for excess errors)
FAIL: g++.dg/warn/Warray-bounds-20.C -std=gnu++2a (test for excess errors)
FAIL: g++.dg/warn/Warray-bounds-20.C -std=gnu++98 (test for excess errors)
FAIL: g++.dg/warn/Warray-bounds-21.C -std=gnu++14 (test for excess errors)
FAIL: g++.dg/warn/Warray-bounds-21.C -std=gnu++17 (test for excess errors)
FAIL: g++.dg/warn/Warray-bounds-21.C -std=gnu++2a (test for excess errors)
FAIL: g++.dg/warn/Warray-bounds-21.C -std=gnu++98 (test for excess errors)
FAIL: g++.dg/warn/Warray-bounds-22.C -std=gnu++14 (test for excess errors)
FAIL: g++.dg/warn/Warray-bounds-22.C -std=gnu++17 (test for excess errors)
FAIL: g++.dg/warn/Warray-bounds-22.C -std=gnu++2a (test for excess errors)
FAIL: g++.dg/warn/Warray-bounds-22.C -std=gnu++98 (test for excess errors)
FAIL: g++.dg/warn/Wdangling-pointer.C -std=gnu++14 (test for warnings, line 25)
FAIL: g++.dg/warn/Wdangling-pointer.C -std=gnu++14 (test for warnings, line 34)
FAIL: g++.dg/warn/Wdangling-pointer.C -std=gnu++17 (test for warnings, line 25)
FAIL: g++.dg/warn/Wdangling-pointer.C -std=gnu++17 (test for warnings, line 34)
FAIL: g++.dg/warn/Wdangling-pointer.C -std=gnu++2a (test for warnings, line 25)
FAIL: g++.dg/warn/Wdangling-pointer.C -std=gnu++2a (test for warnings, line 34)
FAIL: g++.dg/warn/Wdangling-pointer.C -std=gnu++98 (test for warnings, line 25)
FAIL: g++.dg/warn/Wdangling-pointer.C -std=gnu++98 (test for warnings, line 34)
FAIL: g++.dg/warn/Wmismatched-new-delete.C -std=gnu++14 (test for excess errors)
FAIL: g++.dg/warn/Wmismatched-new-delete.C -std=gnu++17 (test for excess errors)
FAIL: g++.dg/warn/Wmismatched-new-delete.C -std=gnu++2a (test for excess errors)
FAIL: g++.dg/warn/Wmismatched-new-delete.C -std=gnu++98 (test for excess errors)
FAIL: c-c++-common/gomp/atomic-29.c -std=c++14 scan-tree-dump-times ompexp ".ATOMIC_COMPARE_EXCHANGE \\\\([^\\n\\r]*, 264, 5, 0\\\\);" 1
FAIL: c-c++-common/gomp/atomic-29.c -std=c++14 scan-tree-dump-times ompexp ".ATOMIC_COMPARE_EXCHANGE \\\\([^\\n\\r]*, 8, 0, 0\\\\);" 1
FAIL: c-c++-common/gomp/atomic-29.c -std=c++14 scan-tree-dump-times ompexp ".ATOMIC_COMPARE_EXCHANGE \\\\([^\\n\\r]*, 8, 4, 2\\\\);" 1
FAIL: c-c++-common/gomp/atomic-29.c -std=c++14 scan-tree-dump-times ompexp ".ATOMIC_COMPARE_EXCHANGE \\\\([^\\n\\r]*, 8, 5, 5\\\\);" 1
FAIL: c-c++-common/gomp/atomic-29.c -std=c++17 scan-tree-dump-times ompexp ".ATOMIC_COMPARE_EXCHANGE \\\\([^\\n\\r]*, 264, 5, 0\\\\);" 1
FAIL: c-c++-common/gomp/atomic-29.c -std=c++17 scan-tree-dump-times ompexp ".ATOMIC_COMPARE_EXCHANGE \\\\([^\\n\\r]*, 8, 0, 0\\\\);" 1
FAIL: c-c++-common/gomp/atomic-29.c -std=c++17 scan-tree-dump-times ompexp ".ATOMIC_COMPARE_EXCHANGE \\\\([^\\n\\r]*, 8, 4, 2\\\\);" 1
FAIL: c-c++-common/gomp/atomic-29.c -std=c++17 scan-tree-dump-times ompexp ".ATOMIC_COMPARE_EXCHANGE \\\\([^\\n\\r]*, 8, 5, 5\\\\);" 1
FAIL: c-c++-common/gomp/atomic-29.c -std=c++2a scan-tree-dump-times ompexp ".ATOMIC_COMPARE_EXCHANGE \\\\([^\\n\\r]*, 264, 5, 0\\\\);" 1
FAIL: c-c++-common/gomp/atomic-29.c -std=c++2a scan-tree-dump-times ompexp ".ATOMIC_COMPARE_EXCHANGE \\\\([^\\n\\r]*, 8, 0, 0\\\\);" 1
FAIL: c-c++-common/gomp/atomic-29.c -std=c++2a scan-tree-dump-times ompexp ".ATOMIC_COMPARE_EXCHANGE \\\\([^\\n\\r]*, 8, 4, 2\\\\);" 1
FAIL: c-c++-common/gomp/atomic-29.c -std=c++2a scan-tree-dump-times ompexp ".ATOMIC_COMPARE_EXCHANGE \\\\([^\\n\\r]*, 8, 5, 5\\\\);" 1
FAIL: c-c++-common/gomp/atomic-29.c -std=c++98 scan-tree-dump-times ompexp ".ATOMIC_COMPARE_EXCHANGE \\\\([^\\n\\r]*, 264, 5, 0\\\\);" 1
FAIL: c-c++-common/gomp/atomic-29.c -std=c++98 scan-tree-dump-times ompexp ".ATOMIC_COMPARE_EXCHANGE \\\\([^\\n\\r]*, 8, 0, 0\\\\);" 1
FAIL: c-c++-common/gomp/atomic-29.c -std=c++98 scan-tree-dump-times ompexp ".ATOMIC_COMPARE_EXCHANGE \\\\([^\\n\\r]*, 8, 4, 2\\\\);" 1
FAIL: c-c++-common/gomp/atomic-29.c -std=c++98 scan-tree-dump-times ompexp ".ATOMIC_COMPARE_EXCHANGE \\\\([^\\n\\r]*, 8, 5, 5\\\\);" 1
WARNING: g++.dg/lto/20080709 cp_lto_20080709_0.o assemble, -O0 -flto -flto-partition=none -fuse-linker-plugin program timed out.
WARNING: g++.dg/lto/20080908-1 cp_lto_20080908-1_0.o assemble, -O0 -flto -flto-partition=none -fuse-linker-plugin program timed out.
WARNING: g++.dg/lto/20080924 cp_lto_20080924_0.o assemble, -O2 -flto -fno-strict-aliasing program timed out.
WARNING: g++.dg/lto/20081119-1 cp_lto_20081119-1_0.o assemble, -fPIC -flto -flto-partition=1to1 -r -nostdlib program timed out.
FAIL: g++.dg/lto/pr65276 cp_lto_pr65276_0.o-cp_lto_pr65276_1.o link, -flto -O0 -std=c++11
FAIL: g++.dg/modules/bad-mapper-3.C -std=c++17 at line 3 (test for errors, line )
FAIL: g++.dg/modules/bad-mapper-3.C -std=c++17 (test for excess errors)
FAIL: g++.dg/modules/bad-mapper-3.C -std=c++2a at line 3 (test for errors, line )
FAIL: g++.dg/modules/bad-mapper-3.C -std=c++2a (test for excess errors)
FAIL: g++.dg/modules/bad-mapper-3.C -std=c++2b at line 3 (test for errors, line )
FAIL: g++.dg/modules/bad-mapper-3.C -std=c++2b (test for excess errors)
FAIL: g++.dg/modules/virt-2_a.C -std=c++17 scan-assembler _ZTI7Visitor:
FAIL: g++.dg/modules/virt-2_a.C -std=c++17 scan-assembler _ZTS7Visitor:
FAIL: g++.dg/modules/virt-2_a.C -std=c++17 scan-assembler _ZTV7Visitor:
FAIL: g++.dg/modules/virt-2_a.C -std=c++2a scan-assembler _ZTI7Visitor:
FAIL: g++.dg/modules/virt-2_a.C -std=c++2a scan-assembler _ZTS7Visitor:
FAIL: g++.dg/modules/virt-2_a.C -std=c++2a scan-assembler _ZTV7Visitor:
FAIL: g++.dg/modules/virt-2_a.C -std=c++2b scan-assembler _ZTI7Visitor:
FAIL: g++.dg/modules/virt-2_a.C -std=c++2b scan-assembler _ZTS7Visitor:
FAIL: g++.dg/modules/virt-2_a.C -std=c++2b scan-assembler _ZTV7Visitor:
FAIL: g++.dg/vect/pr102788.cc -std=c++14 execution test
FAIL: g++.dg/vect/pr102788.cc -std=c++17 execution test
FAIL: g++.dg/vect/pr102788.cc -std=c++2a execution test
FAIL: g++.dg/vect/pr102788.cc -std=c++98 execution test
FAIL: g++.dg/vect/pr95401.cc -std=c++14 (test for excess errors)
FAIL: g++.dg/vect/pr95401.cc -std=c++17 (test for excess errors)
FAIL: g++.dg/vect/pr95401.cc -std=c++2a (test for excess errors)
FAIL: g++.dg/vect/pr95401.cc -std=c++98 (test for excess errors)
XPASS: g++.target/arm/bfloat_cpp_typecheck.C (test for bogus messages, line 10)
XPASS: g++.target/arm/bfloat_cpp_typecheck.C (test for bogus messages, line 11)
FAIL: g++.target/arm/no_unique_address_1.C check-function-bodies _Z8caller_pR1P
FAIL: g++.target/arm/no_unique_address_2.C (test for warnings, line 163)
FAIL: g++.target/arm/no_unique_address_2.C check-function-bodies _Z8caller_pR1P
=== g++ Summary ===
# of expected passes 222717
# of unexpected failures 97
# of unexpected successes 2
# of expected failures 1643
# of unresolved testcases 4
# of unsupported tests 10078
/tmp/4928604_16.tmpdir/aci-gcc-fsf/builds/gcc-fsf-gccsrc/obj-arm-none-linux-gnueabihf/gcc3/gcc/xg++ version 12.0.1 (DEFMODE=arm DEFARCH=default DEFCPU=arm10tdmi DEFFPU=vfp TESTFLAGS=) [r12-6654] (GCC)
Compiler version: 12.0.1 (DEFMODE=arm DEFARCH=default DEFCPU=arm10tdmi DEFFPU=vfp TESTFLAGS=) [r12-6654] (GCC)
Platform: arm-none-linux-gnueabihf
configure flags: --target=arm-none-linux-gnueabihf --prefix=/tmp/4928604_16.tmpdir/aci-gcc-fsf/builds/gcc-fsf-gccsrc/tools --with-sysroot=/tmp/4928604_16.tmpdir/aci-gcc-fsf/builds/gcc-fsf-gccsrc/sysroot-arm-none-linux-gnueabihf --disable-nls --disable-libgomp --disable-libmudflap --disable-libcilkrts --enable-checking --enable-languages=c,c++,fortran --with-float=hard --enable-build-with-cxx --with-mode=arm --with-cpu=arm10tdmi --with-fpu=vfp
More information about the Gcc-testresults
mailing list