Results for 12.0.0 (DEFMODE=thumb DEFARCH=armv7-a+mp+sec+vfpv3-d16-fp16 DEFCPU=default DEFFPU=default TESTFLAGS=) [r12-6565] (GCC) testsuite on arm-none-linux-gnueabihf
Christophe LYON
christophe.lyon@foss.st.com
Fri Jan 14 07:33:29 GMT 2022
LAST_UPDATED: Fri Jan 14 05:32:21 UTC 2022 (revision r12-6565-gad3f0d0806d64ae8ceddfbde1560d4829085202b) TARGET=arm-none-linux-gnueabihf ARCH=armv7-a+mp+sec+vfpv3-d16-fp16 CPU=default FPU=default MODE=thumb
Target is arm-none-linux-gnueabihf
Host is arm-none-linux-gnueabihf
=== libatomic tests ===
Running target qemu
=== libatomic Summary ===
# of expected passes 44
# of unsupported tests 5
Host is arm-none-linux-gnueabihf
=== libitm tests ===
Running target qemu
=== libitm Summary ===
# of expected passes 44
# of expected failures 3
# of unsupported tests 1
Host is arm-none-linux-gnueabihf
=== libstdc++ tests ===
Running target qemu
WARNING: 30_threads/condition_variable/54185.cc execution test (CHILDKILLED 669 SIGINT interrupt) program timed out.
FAIL: 30_threads/jthread/95989.cc execution test
=== libstdc++ Summary ===
# of expected passes 14158
# of unexpected failures 1
# of expected failures 95
# of untested testcases 1
# of unsupported tests 748
Host is x86_64-pc-linux-gnu
=== gcc tests ===
Running target qemu
FAIL: gcc.dg/analyzer/pr93032-mztools.c (test for excess errors)
FAIL: gcc.dg/analyzer/pr93032-mztools.c leak of fpOut at line 329 (test for warnings, line 328)
FAIL: gcc.dg/analyzer/pr93032-mztools.c leak of fpOutCD at line 330 (test for warnings, line 328)
FAIL: gcc.dg/analyzer/pr93032-mztools.c leak of fpZip (test for warnings, line 328)
WARNING: skipping asan tests due to ulimit -v
WARNING: skipping asan tests due to ulimit -v
WARNING: skipping asan tests due to ulimit -v
WARNING: skipping asan tests due to ulimit -v
WARNING: skipping asan tests due to ulimit -v
WARNING: skipping asan tests due to ulimit -v
WARNING: skipping asan tests due to ulimit -v
WARNING: skipping asan tests due to ulimit -v
FAIL: gcc.dg/Warray-bounds-48.c (test for excess errors)
FAIL: gcc.dg/Wzero-length-array-bounds-2.c pr102706 (test for warnings, line 90)
FAIL: gcc.dg/pr102892-1.c (test for excess errors)
FAIL: gcc.dg/fixed-point/composite-type.c (test for excess errors)
WARNING: gcc.dg/ipa/20040703-wpa.c (test for excess errors) program timed out.
WARNING: gcc.dg/sso/s3.c -Wno-scalar-storage-order -O0 (test for excess errors) program timed out.
WARNING: gcc.dg/sso/t5.c -Wno-scalar-storage-order -O0 (test for excess errors) program timed out.
FAIL: gcc.dg/torture/fp-uint64-convert-double-1.c -O0 execution test
FAIL: gcc.dg/torture/fp-uint64-convert-double-1.c -O1 execution test
FAIL: gcc.dg/torture/fp-uint64-convert-double-1.c -O2 execution test
FAIL: gcc.dg/torture/fp-uint64-convert-double-1.c -O2 -flto -fno-use-linker-plugin -flto-partition=none execution test
FAIL: gcc.dg/torture/fp-uint64-convert-double-1.c -O2 -flto -fuse-linker-plugin -fno-fat-lto-objects execution test
FAIL: gcc.dg/torture/fp-uint64-convert-double-1.c -O3 -g execution test
FAIL: gcc.dg/torture/fp-uint64-convert-double-1.c -Os execution test
FAIL: gcc.dg/torture/fp-uint64-convert-double-2.c -O0 execution test
FAIL: gcc.dg/torture/fp-uint64-convert-double-2.c -O1 execution test
FAIL: gcc.dg/torture/fp-uint64-convert-double-2.c -O2 execution test
FAIL: gcc.dg/torture/fp-uint64-convert-double-2.c -O2 -flto -fno-use-linker-plugin -flto-partition=none execution test
FAIL: gcc.dg/torture/fp-uint64-convert-double-2.c -O2 -flto -fuse-linker-plugin -fno-fat-lto-objects execution test
FAIL: gcc.dg/torture/fp-uint64-convert-double-2.c -O3 -g execution test
FAIL: gcc.dg/torture/fp-uint64-convert-double-2.c -Os execution test
FAIL: gcc.dg/tree-prof/pr77698.c scan-rtl-dump-times alignments "internal loop alignment added" 1
FAIL: gcc.dg/tree-ssa/gen-vect-26.c scan-tree-dump-times vect "Alignment of access forced using peeling" 1
FAIL: gcc.dg/tree-ssa/gen-vect-26.c scan-tree-dump-times vect "Vectorizing an unaligned access" 0
FAIL: gcc.dg/tree-ssa/gen-vect-28.c scan-tree-dump-times vect "Alignment of access forced using peeling" 1
FAIL: gcc.dg/tree-ssa/gen-vect-28.c scan-tree-dump-times vect "Vectorizing an unaligned access" 0
FAIL: gcc.dg/tree-ssa/scev-3.c scan-tree-dump-times ivopts "&a" 1
FAIL: gcc.dg/tree-ssa/scev-5.c scan-tree-dump-times ivopts "&a" 1
XPASS: gcc.dg/vect/complex/fast-math-bb-slp-complex-add-pattern-half-float.c scan-tree-dump slp1 "Found COMPLEX_ADD_ROT270"
FAIL: gcc.dg/vect/pr97428.c -flto -ffat-lto-objects scan-tree-dump vect "Detected interleaving load of size 8"
FAIL: gcc.dg/vect/pr97428.c -flto -ffat-lto-objects scan-tree-dump vect "Detected interleaving store of size 16"
FAIL: gcc.dg/vect/pr97428.c -flto -ffat-lto-objects scan-tree-dump-times vect "vectorizing stmts using SLP" 2
FAIL: gcc.dg/vect/pr97428.c scan-tree-dump vect "Detected interleaving load of size 8"
FAIL: gcc.dg/vect/pr97428.c scan-tree-dump vect "Detected interleaving store of size 16"
FAIL: gcc.dg/vect/pr97428.c scan-tree-dump-times vect "vectorizing stmts using SLP" 2
FAIL: gcc.dg/vect/vect-fmax-2.c -flto -ffat-lto-objects scan-tree-dump vect "Detected reduction"
FAIL: gcc.dg/vect/vect-fmax-2.c scan-tree-dump vect "Detected reduction"
FAIL: gcc.dg/vect/vect-fmax-3.c -flto -ffat-lto-objects scan-tree-dump vect "Detected reduction"
FAIL: gcc.dg/vect/vect-fmax-3.c scan-tree-dump vect "Detected reduction"
FAIL: gcc.dg/vect/vect-fmin-2.c -flto -ffat-lto-objects scan-tree-dump vect "Detected reduction"
FAIL: gcc.dg/vect/vect-fmin-2.c scan-tree-dump vect "Detected reduction"
FAIL: gcc.dg/vect/vect-fmin-3.c -flto -ffat-lto-objects scan-tree-dump vect "Detected reduction"
FAIL: gcc.dg/vect/vect-fmin-3.c scan-tree-dump vect "Detected reduction"
FAIL: maintainers-verify.sh
UNRESOLVED: gcc.target/aarch64/advsimd-intrinsics/vld1x2.c -O0 compilation failed to produce executable
UNRESOLVED: gcc.target/aarch64/advsimd-intrinsics/vld1x2.c -O1 compilation failed to produce executable
UNRESOLVED: gcc.target/aarch64/advsimd-intrinsics/vld1x2.c -O2 compilation failed to produce executable
UNRESOLVED: gcc.target/aarch64/advsimd-intrinsics/vld1x2.c -O2 -flto -fno-use-linker-plugin -flto-partition=none compilation failed to produce executable
UNRESOLVED: gcc.target/aarch64/advsimd-intrinsics/vld1x2.c -O2 -flto -fuse-linker-plugin -fno-fat-lto-objects compilation failed to produce executable
UNRESOLVED: gcc.target/aarch64/advsimd-intrinsics/vld1x2.c -O3 -fomit-frame-pointer -funroll-loops -fpeel-loops -ftracer -finline-functions compilation failed to produce executable
UNRESOLVED: gcc.target/aarch64/advsimd-intrinsics/vld1x2.c -O3 -g compilation failed to produce executable
UNRESOLVED: gcc.target/aarch64/advsimd-intrinsics/vld1x2.c -Og -g compilation failed to produce executable
UNRESOLVED: gcc.target/aarch64/advsimd-intrinsics/vld1x2.c -Os compilation failed to produce executable
UNRESOLVED: gcc.target/aarch64/advsimd-intrinsics/vld1x3.c -O0 compilation failed to produce executable
UNRESOLVED: gcc.target/aarch64/advsimd-intrinsics/vld1x3.c -O1 compilation failed to produce executable
UNRESOLVED: gcc.target/aarch64/advsimd-intrinsics/vld1x3.c -O2 compilation failed to produce executable
UNRESOLVED: gcc.target/aarch64/advsimd-intrinsics/vld1x3.c -O2 -flto -fno-use-linker-plugin -flto-partition=none compilation failed to produce executable
UNRESOLVED: gcc.target/aarch64/advsimd-intrinsics/vld1x3.c -O2 -flto -fuse-linker-plugin -fno-fat-lto-objects compilation failed to produce executable
UNRESOLVED: gcc.target/aarch64/advsimd-intrinsics/vld1x3.c -O3 -fomit-frame-pointer -funroll-loops -fpeel-loops -ftracer -finline-functions compilation failed to produce executable
UNRESOLVED: gcc.target/aarch64/advsimd-intrinsics/vld1x3.c -O3 -g compilation failed to produce executable
UNRESOLVED: gcc.target/aarch64/advsimd-intrinsics/vld1x3.c -Og -g compilation failed to produce executable
UNRESOLVED: gcc.target/aarch64/advsimd-intrinsics/vld1x3.c -Os compilation failed to produce executable
UNRESOLVED: gcc.target/aarch64/advsimd-intrinsics/vld1x4.c -O0 compilation failed to produce executable
UNRESOLVED: gcc.target/aarch64/advsimd-intrinsics/vld1x4.c -O1 compilation failed to produce executable
UNRESOLVED: gcc.target/aarch64/advsimd-intrinsics/vld1x4.c -O2 compilation failed to produce executable
UNRESOLVED: gcc.target/aarch64/advsimd-intrinsics/vld1x4.c -O2 -flto -fno-use-linker-plugin -flto-partition=none compilation failed to produce executable
UNRESOLVED: gcc.target/aarch64/advsimd-intrinsics/vld1x4.c -O2 -flto -fuse-linker-plugin -fno-fat-lto-objects compilation failed to produce executable
UNRESOLVED: gcc.target/aarch64/advsimd-intrinsics/vld1x4.c -O3 -fomit-frame-pointer -funroll-loops -fpeel-loops -ftracer -finline-functions compilation failed to produce executable
UNRESOLVED: gcc.target/aarch64/advsimd-intrinsics/vld1x4.c -O3 -g compilation failed to produce executable
UNRESOLVED: gcc.target/aarch64/advsimd-intrinsics/vld1x4.c -Og -g compilation failed to produce executable
UNRESOLVED: gcc.target/aarch64/advsimd-intrinsics/vld1x4.c -Os compilation failed to produce executable
FAIL: gcc.target/aarch64/advsimd-intrinsics/vld2q_lane_bf16_indices_1.c -O0 (test for excess errors)
FAIL: gcc.target/aarch64/advsimd-intrinsics/vld2q_lane_bf16_indices_1.c -O1 (test for excess errors)
FAIL: gcc.target/aarch64/advsimd-intrinsics/vld2q_lane_bf16_indices_1.c -O2 (test for excess errors)
FAIL: gcc.target/aarch64/advsimd-intrinsics/vld2q_lane_bf16_indices_1.c -O2 -flto -fno-use-linker-plugin -flto-partition=none (test for excess errors)
FAIL: gcc.target/aarch64/advsimd-intrinsics/vld2q_lane_bf16_indices_1.c -O3 -g (test for excess errors)
FAIL: gcc.target/aarch64/advsimd-intrinsics/vld2q_lane_bf16_indices_1.c -Og -g (test for excess errors)
FAIL: gcc.target/aarch64/advsimd-intrinsics/vld2q_lane_bf16_indices_1.c -Os (test for excess errors)
FAIL: gcc.target/aarch64/advsimd-intrinsics/vld3q_lane_bf16_indices_1.c -O0 (test for excess errors)
FAIL: gcc.target/aarch64/advsimd-intrinsics/vld3q_lane_bf16_indices_1.c -O1 (test for excess errors)
FAIL: gcc.target/aarch64/advsimd-intrinsics/vld3q_lane_bf16_indices_1.c -O2 (test for excess errors)
FAIL: gcc.target/aarch64/advsimd-intrinsics/vld3q_lane_bf16_indices_1.c -O2 -flto -fno-use-linker-plugin -flto-partition=none (test for excess errors)
FAIL: gcc.target/aarch64/advsimd-intrinsics/vld3q_lane_bf16_indices_1.c -O3 -g (test for excess errors)
FAIL: gcc.target/aarch64/advsimd-intrinsics/vld3q_lane_bf16_indices_1.c -Og -g (test for excess errors)
FAIL: gcc.target/aarch64/advsimd-intrinsics/vld3q_lane_bf16_indices_1.c -Os (test for excess errors)
FAIL: gcc.target/aarch64/advsimd-intrinsics/vld4q_lane_bf16_indices_1.c -O0 (test for excess errors)
FAIL: gcc.target/aarch64/advsimd-intrinsics/vld4q_lane_bf16_indices_1.c -O1 (test for excess errors)
FAIL: gcc.target/aarch64/advsimd-intrinsics/vld4q_lane_bf16_indices_1.c -O2 (test for excess errors)
FAIL: gcc.target/aarch64/advsimd-intrinsics/vld4q_lane_bf16_indices_1.c -O2 -flto -fno-use-linker-plugin -flto-partition=none (test for excess errors)
FAIL: gcc.target/aarch64/advsimd-intrinsics/vld4q_lane_bf16_indices_1.c -O3 -g (test for excess errors)
FAIL: gcc.target/aarch64/advsimd-intrinsics/vld4q_lane_bf16_indices_1.c -Og -g (test for excess errors)
FAIL: gcc.target/aarch64/advsimd-intrinsics/vld4q_lane_bf16_indices_1.c -Os (test for excess errors)
UNRESOLVED: gcc.target/aarch64/advsimd-intrinsics/vst1x2.c -O0 compilation failed to produce executable
UNRESOLVED: gcc.target/aarch64/advsimd-intrinsics/vst1x2.c -O1 compilation failed to produce executable
UNRESOLVED: gcc.target/aarch64/advsimd-intrinsics/vst1x2.c -O2 compilation failed to produce executable
UNRESOLVED: gcc.target/aarch64/advsimd-intrinsics/vst1x2.c -O2 -flto -fno-use-linker-plugin -flto-partition=none compilation failed to produce executable
UNRESOLVED: gcc.target/aarch64/advsimd-intrinsics/vst1x2.c -O2 -flto -fuse-linker-plugin -fno-fat-lto-objects compilation failed to produce executable
UNRESOLVED: gcc.target/aarch64/advsimd-intrinsics/vst1x2.c -O3 -fomit-frame-pointer -funroll-loops -fpeel-loops -ftracer -finline-functions compilation failed to produce executable
UNRESOLVED: gcc.target/aarch64/advsimd-intrinsics/vst1x2.c -O3 -g compilation failed to produce executable
UNRESOLVED: gcc.target/aarch64/advsimd-intrinsics/vst1x2.c -Og -g compilation failed to produce executable
UNRESOLVED: gcc.target/aarch64/advsimd-intrinsics/vst1x2.c -Os compilation failed to produce executable
UNRESOLVED: gcc.target/aarch64/advsimd-intrinsics/vst1x3.c -O0 compilation failed to produce executable
UNRESOLVED: gcc.target/aarch64/advsimd-intrinsics/vst1x3.c -O1 compilation failed to produce executable
UNRESOLVED: gcc.target/aarch64/advsimd-intrinsics/vst1x3.c -O2 compilation failed to produce executable
UNRESOLVED: gcc.target/aarch64/advsimd-intrinsics/vst1x3.c -O2 -flto -fno-use-linker-plugin -flto-partition=none compilation failed to produce executable
UNRESOLVED: gcc.target/aarch64/advsimd-intrinsics/vst1x3.c -O2 -flto -fuse-linker-plugin -fno-fat-lto-objects compilation failed to produce executable
UNRESOLVED: gcc.target/aarch64/advsimd-intrinsics/vst1x3.c -O3 -fomit-frame-pointer -funroll-loops -fpeel-loops -ftracer -finline-functions compilation failed to produce executable
UNRESOLVED: gcc.target/aarch64/advsimd-intrinsics/vst1x3.c -O3 -g compilation failed to produce executable
UNRESOLVED: gcc.target/aarch64/advsimd-intrinsics/vst1x3.c -Og -g compilation failed to produce executable
UNRESOLVED: gcc.target/aarch64/advsimd-intrinsics/vst1x3.c -Os compilation failed to produce executable
UNRESOLVED: gcc.target/aarch64/advsimd-intrinsics/vst1x4.c -O0 compilation failed to produce executable
UNRESOLVED: gcc.target/aarch64/advsimd-intrinsics/vst1x4.c -O1 compilation failed to produce executable
UNRESOLVED: gcc.target/aarch64/advsimd-intrinsics/vst1x4.c -O2 compilation failed to produce executable
UNRESOLVED: gcc.target/aarch64/advsimd-intrinsics/vst1x4.c -O2 -flto -fno-use-linker-plugin -flto-partition=none compilation failed to produce executable
UNRESOLVED: gcc.target/aarch64/advsimd-intrinsics/vst1x4.c -O2 -flto -fuse-linker-plugin -fno-fat-lto-objects compilation failed to produce executable
UNRESOLVED: gcc.target/aarch64/advsimd-intrinsics/vst1x4.c -O3 -fomit-frame-pointer -funroll-loops -fpeel-loops -ftracer -finline-functions compilation failed to produce executable
UNRESOLVED: gcc.target/aarch64/advsimd-intrinsics/vst1x4.c -O3 -g compilation failed to produce executable
UNRESOLVED: gcc.target/aarch64/advsimd-intrinsics/vst1x4.c -Og -g compilation failed to produce executable
UNRESOLVED: gcc.target/aarch64/advsimd-intrinsics/vst1x4.c -Os compilation failed to produce executable
FAIL: gcc.target/aarch64/advsimd-intrinsics/vst2q_lane_bf16_indices_1.c -O0 (test for excess errors)
FAIL: gcc.target/aarch64/advsimd-intrinsics/vst2q_lane_bf16_indices_1.c -O1 (test for excess errors)
FAIL: gcc.target/aarch64/advsimd-intrinsics/vst2q_lane_bf16_indices_1.c -O2 (test for excess errors)
FAIL: gcc.target/aarch64/advsimd-intrinsics/vst2q_lane_bf16_indices_1.c -O2 -flto -fno-use-linker-plugin -flto-partition=none (test for excess errors)
FAIL: gcc.target/aarch64/advsimd-intrinsics/vst2q_lane_bf16_indices_1.c -O3 -g (test for excess errors)
FAIL: gcc.target/aarch64/advsimd-intrinsics/vst2q_lane_bf16_indices_1.c -Og -g (test for excess errors)
FAIL: gcc.target/aarch64/advsimd-intrinsics/vst2q_lane_bf16_indices_1.c -Os (test for excess errors)
FAIL: gcc.target/aarch64/advsimd-intrinsics/vst3q_lane_bf16_indices_1.c -O0 (test for excess errors)
FAIL: gcc.target/aarch64/advsimd-intrinsics/vst3q_lane_bf16_indices_1.c -O1 (test for excess errors)
FAIL: gcc.target/aarch64/advsimd-intrinsics/vst3q_lane_bf16_indices_1.c -O2 (test for excess errors)
FAIL: gcc.target/aarch64/advsimd-intrinsics/vst3q_lane_bf16_indices_1.c -O2 -flto -fno-use-linker-plugin -flto-partition=none (test for excess errors)
FAIL: gcc.target/aarch64/advsimd-intrinsics/vst3q_lane_bf16_indices_1.c -O3 -g (test for excess errors)
FAIL: gcc.target/aarch64/advsimd-intrinsics/vst3q_lane_bf16_indices_1.c -Og -g (test for excess errors)
FAIL: gcc.target/aarch64/advsimd-intrinsics/vst3q_lane_bf16_indices_1.c -Os (test for excess errors)
FAIL: gcc.target/aarch64/advsimd-intrinsics/vst4q_lane_bf16_indices_1.c -O0 (test for excess errors)
FAIL: gcc.target/aarch64/advsimd-intrinsics/vst4q_lane_bf16_indices_1.c -O1 (test for excess errors)
FAIL: gcc.target/aarch64/advsimd-intrinsics/vst4q_lane_bf16_indices_1.c -O2 (test for excess errors)
FAIL: gcc.target/aarch64/advsimd-intrinsics/vst4q_lane_bf16_indices_1.c -O2 -flto -fno-use-linker-plugin -flto-partition=none (test for excess errors)
FAIL: gcc.target/aarch64/advsimd-intrinsics/vst4q_lane_bf16_indices_1.c -O3 -g (test for excess errors)
FAIL: gcc.target/aarch64/advsimd-intrinsics/vst4q_lane_bf16_indices_1.c -Og -g (test for excess errors)
FAIL: gcc.target/aarch64/advsimd-intrinsics/vst4q_lane_bf16_indices_1.c -Os (test for excess errors)
FAIL: gcc.target/arm/acle/cde-mve-error-2.c -O0 (test for errors, line 100)
FAIL: gcc.target/arm/acle/cde-mve-error-2.c -O0 (test for errors, line 101)
FAIL: gcc.target/arm/acle/cde-mve-error-2.c -O0 (test for errors, line 102)
FAIL: gcc.target/arm/acle/cde-mve-error-2.c -O0 (test for errors, line 103)
FAIL: gcc.target/arm/acle/cde-mve-error-2.c -O0 (test for errors, line 104)
FAIL: gcc.target/arm/acle/cde-mve-error-2.c -O0 (test for errors, line 105)
FAIL: gcc.target/arm/acle/cde-mve-error-2.c -O0 (test for errors, line 106)
FAIL: gcc.target/arm/acle/cde-mve-error-2.c -O0 (test for errors, line 107)
FAIL: gcc.target/arm/acle/cde-mve-error-2.c -O0 (test for errors, line 109)
FAIL: gcc.target/arm/acle/cde-mve-error-2.c -O0 (test for errors, line 110)
FAIL: gcc.target/arm/acle/cde-mve-error-2.c -O0 (test for errors, line 111)
FAIL: gcc.target/arm/acle/cde-mve-error-2.c -O0 (test for errors, line 112)
FAIL: gcc.target/arm/acle/cde-mve-error-2.c -O0 (test for errors, line 113)
FAIL: gcc.target/arm/acle/cde-mve-error-2.c -O0 (test for errors, line 114)
FAIL: gcc.target/arm/acle/cde-mve-error-2.c -O0 (test for errors, line 148)
FAIL: gcc.target/arm/acle/cde-mve-error-2.c -O0 (test for errors, line 150)
FAIL: gcc.target/arm/acle/cde-mve-error-2.c -O0 (test for errors, line 152)
FAIL: gcc.target/arm/acle/cde-mve-error-2.c -O0 (test for errors, line 154)
FAIL: gcc.target/arm/acle/cde-mve-error-2.c -O0 (test for errors, line 156)
FAIL: gcc.target/arm/acle/cde-mve-error-2.c -O0 (test for errors, line 159)
FAIL: gcc.target/arm/acle/cde-mve-error-2.c -O0 (test for errors, line 161)
FAIL: gcc.target/arm/acle/cde-mve-error-2.c -O0 (test for errors, line 163)
FAIL: gcc.target/arm/acle/cde-mve-error-2.c -O0 (test for errors, line 165)
FAIL: gcc.target/arm/acle/cde-mve-error-2.c -O0 (test for errors, line 167)
FAIL: gcc.target/arm/acle/cde-mve-error-2.c -O0 (test for errors, line 169)
FAIL: gcc.target/arm/acle/cde-mve-error-2.c -O0 (test for errors, line 49)
FAIL: gcc.target/arm/acle/cde-mve-error-2.c -O0 (test for errors, line 50)
FAIL: gcc.target/arm/acle/cde-mve-error-2.c -O0 (test for errors, line 51)
FAIL: gcc.target/arm/acle/cde-mve-error-2.c -O0 (test for errors, line 52)
FAIL: gcc.target/arm/acle/cde-mve-error-2.c -O0 (test for errors, line 53)
FAIL: gcc.target/arm/acle/cde-mve-error-2.c -O0 (test for errors, line 54)
FAIL: gcc.target/arm/acle/cde-mve-error-2.c -O0 (test for errors, line 55)
FAIL: gcc.target/arm/acle/cde-mve-error-2.c -O0 (test for errors, line 56)
FAIL: gcc.target/arm/acle/cde-mve-error-2.c -O0 (test for errors, line 58)
FAIL: gcc.target/arm/acle/cde-mve-error-2.c -O0 (test for errors, line 59)
FAIL: gcc.target/arm/acle/cde-mve-error-2.c -O0 (test for errors, line 60)
FAIL: gcc.target/arm/acle/cde-mve-error-2.c -O0 (test for errors, line 61)
FAIL: gcc.target/arm/acle/cde-mve-error-2.c -O0 (test for errors, line 62)
FAIL: gcc.target/arm/acle/cde-mve-error-2.c -O0 (test for errors, line 63)
FAIL: gcc.target/arm/acle/cde-mve-error-2.c -O0 (test for excess errors)
FAIL: gcc.target/arm/acle/cde-mve-error-2.c -O1 (test for errors, line 100)
FAIL: gcc.target/arm/acle/cde-mve-error-2.c -O1 (test for errors, line 101)
FAIL: gcc.target/arm/acle/cde-mve-error-2.c -O1 (test for errors, line 102)
FAIL: gcc.target/arm/acle/cde-mve-error-2.c -O1 (test for errors, line 103)
FAIL: gcc.target/arm/acle/cde-mve-error-2.c -O1 (test for errors, line 104)
FAIL: gcc.target/arm/acle/cde-mve-error-2.c -O1 (test for errors, line 105)
FAIL: gcc.target/arm/acle/cde-mve-error-2.c -O1 (test for errors, line 106)
FAIL: gcc.target/arm/acle/cde-mve-error-2.c -O1 (test for errors, line 107)
FAIL: gcc.target/arm/acle/cde-mve-error-2.c -O1 (test for errors, line 109)
FAIL: gcc.target/arm/acle/cde-mve-error-2.c -O1 (test for errors, line 110)
FAIL: gcc.target/arm/acle/cde-mve-error-2.c -O1 (test for errors, line 111)
FAIL: gcc.target/arm/acle/cde-mve-error-2.c -O1 (test for errors, line 112)
FAIL: gcc.target/arm/acle/cde-mve-error-2.c -O1 (test for errors, line 113)
FAIL: gcc.target/arm/acle/cde-mve-error-2.c -O1 (test for errors, line 114)
FAIL: gcc.target/arm/acle/cde-mve-error-2.c -O1 (test for errors, line 148)
FAIL: gcc.target/arm/acle/cde-mve-error-2.c -O1 (test for errors, line 150)
FAIL: gcc.target/arm/acle/cde-mve-error-2.c -O1 (test for errors, line 152)
FAIL: gcc.target/arm/acle/cde-mve-error-2.c -O1 (test for errors, line 154)
FAIL: gcc.target/arm/acle/cde-mve-error-2.c -O1 (test for errors, line 156)
FAIL: gcc.target/arm/acle/cde-mve-error-2.c -O1 (test for errors, line 159)
FAIL: gcc.target/arm/acle/cde-mve-error-2.c -O1 (test for errors, line 161)
FAIL: gcc.target/arm/acle/cde-mve-error-2.c -O1 (test for errors, line 163)
FAIL: gcc.target/arm/acle/cde-mve-error-2.c -O1 (test for errors, line 165)
FAIL: gcc.target/arm/acle/cde-mve-error-2.c -O1 (test for errors, line 167)
FAIL: gcc.target/arm/acle/cde-mve-error-2.c -O1 (test for errors, line 169)
FAIL: gcc.target/arm/acle/cde-mve-error-2.c -O1 (test for errors, line 49)
FAIL: gcc.target/arm/acle/cde-mve-error-2.c -O1 (test for errors, line 50)
FAIL: gcc.target/arm/acle/cde-mve-error-2.c -O1 (test for errors, line 51)
FAIL: gcc.target/arm/acle/cde-mve-error-2.c -O1 (test for errors, line 52)
FAIL: gcc.target/arm/acle/cde-mve-error-2.c -O1 (test for errors, line 53)
FAIL: gcc.target/arm/acle/cde-mve-error-2.c -O1 (test for errors, line 54)
FAIL: gcc.target/arm/acle/cde-mve-error-2.c -O1 (test for errors, line 55)
FAIL: gcc.target/arm/acle/cde-mve-error-2.c -O1 (test for errors, line 56)
FAIL: gcc.target/arm/acle/cde-mve-error-2.c -O1 (test for errors, line 58)
FAIL: gcc.target/arm/acle/cde-mve-error-2.c -O1 (test for errors, line 59)
FAIL: gcc.target/arm/acle/cde-mve-error-2.c -O1 (test for errors, line 60)
FAIL: gcc.target/arm/acle/cde-mve-error-2.c -O1 (test for errors, line 61)
FAIL: gcc.target/arm/acle/cde-mve-error-2.c -O1 (test for errors, line 62)
FAIL: gcc.target/arm/acle/cde-mve-error-2.c -O1 (test for errors, line 63)
FAIL: gcc.target/arm/acle/cde-mve-error-2.c -O1 (test for excess errors)
FAIL: gcc.target/arm/acle/cde-mve-error-2.c -O2 (test for errors, line 100)
FAIL: gcc.target/arm/acle/cde-mve-error-2.c -O2 (test for errors, line 101)
FAIL: gcc.target/arm/acle/cde-mve-error-2.c -O2 (test for errors, line 102)
FAIL: gcc.target/arm/acle/cde-mve-error-2.c -O2 (test for errors, line 103)
FAIL: gcc.target/arm/acle/cde-mve-error-2.c -O2 (test for errors, line 104)
FAIL: gcc.target/arm/acle/cde-mve-error-2.c -O2 (test for errors, line 105)
FAIL: gcc.target/arm/acle/cde-mve-error-2.c -O2 (test for errors, line 106)
FAIL: gcc.target/arm/acle/cde-mve-error-2.c -O2 (test for errors, line 107)
FAIL: gcc.target/arm/acle/cde-mve-error-2.c -O2 (test for errors, line 109)
FAIL: gcc.target/arm/acle/cde-mve-error-2.c -O2 (test for errors, line 110)
FAIL: gcc.target/arm/acle/cde-mve-error-2.c -O2 (test for errors, line 111)
FAIL: gcc.target/arm/acle/cde-mve-error-2.c -O2 (test for errors, line 112)
FAIL: gcc.target/arm/acle/cde-mve-error-2.c -O2 (test for errors, line 113)
FAIL: gcc.target/arm/acle/cde-mve-error-2.c -O2 (test for errors, line 114)
FAIL: gcc.target/arm/acle/cde-mve-error-2.c -O2 (test for errors, line 148)
FAIL: gcc.target/arm/acle/cde-mve-error-2.c -O2 (test for errors, line 150)
FAIL: gcc.target/arm/acle/cde-mve-error-2.c -O2 (test for errors, line 152)
FAIL: gcc.target/arm/acle/cde-mve-error-2.c -O2 (test for errors, line 154)
FAIL: gcc.target/arm/acle/cde-mve-error-2.c -O2 (test for errors, line 156)
FAIL: gcc.target/arm/acle/cde-mve-error-2.c -O2 (test for errors, line 159)
FAIL: gcc.target/arm/acle/cde-mve-error-2.c -O2 (test for errors, line 161)
FAIL: gcc.target/arm/acle/cde-mve-error-2.c -O2 (test for errors, line 163)
FAIL: gcc.target/arm/acle/cde-mve-error-2.c -O2 (test for errors, line 165)
FAIL: gcc.target/arm/acle/cde-mve-error-2.c -O2 (test for errors, line 167)
FAIL: gcc.target/arm/acle/cde-mve-error-2.c -O2 (test for errors, line 169)
FAIL: gcc.target/arm/acle/cde-mve-error-2.c -O2 (test for errors, line 49)
FAIL: gcc.target/arm/acle/cde-mve-error-2.c -O2 (test for errors, line 50)
FAIL: gcc.target/arm/acle/cde-mve-error-2.c -O2 (test for errors, line 51)
FAIL: gcc.target/arm/acle/cde-mve-error-2.c -O2 (test for errors, line 52)
FAIL: gcc.target/arm/acle/cde-mve-error-2.c -O2 (test for errors, line 53)
FAIL: gcc.target/arm/acle/cde-mve-error-2.c -O2 (test for errors, line 54)
FAIL: gcc.target/arm/acle/cde-mve-error-2.c -O2 (test for errors, line 55)
FAIL: gcc.target/arm/acle/cde-mve-error-2.c -O2 (test for errors, line 56)
FAIL: gcc.target/arm/acle/cde-mve-error-2.c -O2 (test for errors, line 58)
FAIL: gcc.target/arm/acle/cde-mve-error-2.c -O2 (test for errors, line 59)
FAIL: gcc.target/arm/acle/cde-mve-error-2.c -O2 (test for errors, line 60)
FAIL: gcc.target/arm/acle/cde-mve-error-2.c -O2 (test for errors, line 61)
FAIL: gcc.target/arm/acle/cde-mve-error-2.c -O2 (test for errors, line 62)
FAIL: gcc.target/arm/acle/cde-mve-error-2.c -O2 (test for errors, line 63)
FAIL: gcc.target/arm/acle/cde-mve-error-2.c -O2 (test for excess errors)
FAIL: gcc.target/arm/acle/cde-mve-error-2.c -O3 -fomit-frame-pointer -funroll-loops -fpeel-loops -ftracer -finline-functions (test for errors, line 100)
FAIL: gcc.target/arm/acle/cde-mve-error-2.c -O3 -fomit-frame-pointer -funroll-loops -fpeel-loops -ftracer -finline-functions (test for errors, line 101)
FAIL: gcc.target/arm/acle/cde-mve-error-2.c -O3 -fomit-frame-pointer -funroll-loops -fpeel-loops -ftracer -finline-functions (test for errors, line 102)
FAIL: gcc.target/arm/acle/cde-mve-error-2.c -O3 -fomit-frame-pointer -funroll-loops -fpeel-loops -ftracer -finline-functions (test for errors, line 103)
FAIL: gcc.target/arm/acle/cde-mve-error-2.c -O3 -fomit-frame-pointer -funroll-loops -fpeel-loops -ftracer -finline-functions (test for errors, line 104)
FAIL: gcc.target/arm/acle/cde-mve-error-2.c -O3 -fomit-frame-pointer -funroll-loops -fpeel-loops -ftracer -finline-functions (test for errors, line 105)
FAIL: gcc.target/arm/acle/cde-mve-error-2.c -O3 -fomit-frame-pointer -funroll-loops -fpeel-loops -ftracer -finline-functions (test for errors, line 106)
FAIL: gcc.target/arm/acle/cde-mve-error-2.c -O3 -fomit-frame-pointer -funroll-loops -fpeel-loops -ftracer -finline-functions (test for errors, line 107)
FAIL: gcc.target/arm/acle/cde-mve-error-2.c -O3 -fomit-frame-pointer -funroll-loops -fpeel-loops -ftracer -finline-functions (test for errors, line 109)
FAIL: gcc.target/arm/acle/cde-mve-error-2.c -O3 -fomit-frame-pointer -funroll-loops -fpeel-loops -ftracer -finline-functions (test for errors, line 110)
FAIL: gcc.target/arm/acle/cde-mve-error-2.c -O3 -fomit-frame-pointer -funroll-loops -fpeel-loops -ftracer -finline-functions (test for errors, line 111)
FAIL: gcc.target/arm/acle/cde-mve-error-2.c -O3 -fomit-frame-pointer -funroll-loops -fpeel-loops -ftracer -finline-functions (test for errors, line 112)
FAIL: gcc.target/arm/acle/cde-mve-error-2.c -O3 -fomit-frame-pointer -funroll-loops -fpeel-loops -ftracer -finline-functions (test for errors, line 113)
FAIL: gcc.target/arm/acle/cde-mve-error-2.c -O3 -fomit-frame-pointer -funroll-loops -fpeel-loops -ftracer -finline-functions (test for errors, line 114)
FAIL: gcc.target/arm/acle/cde-mve-error-2.c -O3 -fomit-frame-pointer -funroll-loops -fpeel-loops -ftracer -finline-functions (test for errors, line 148)
FAIL: gcc.target/arm/acle/cde-mve-error-2.c -O3 -fomit-frame-pointer -funroll-loops -fpeel-loops -ftracer -finline-functions (test for errors, line 150)
FAIL: gcc.target/arm/acle/cde-mve-error-2.c -O3 -fomit-frame-pointer -funroll-loops -fpeel-loops -ftracer -finline-functions (test for errors, line 152)
FAIL: gcc.target/arm/acle/cde-mve-error-2.c -O3 -fomit-frame-pointer -funroll-loops -fpeel-loops -ftracer -finline-functions (test for errors, line 154)
FAIL: gcc.target/arm/acle/cde-mve-error-2.c -O3 -fomit-frame-pointer -funroll-loops -fpeel-loops -ftracer -finline-functions (test for errors, line 156)
FAIL: gcc.target/arm/acle/cde-mve-error-2.c -O3 -fomit-frame-pointer -funroll-loops -fpeel-loops -ftracer -finline-functions (test for errors, line 159)
FAIL: gcc.target/arm/acle/cde-mve-error-2.c -O3 -fomit-frame-pointer -funroll-loops -fpeel-loops -ftracer -finline-functions (test for errors, line 161)
FAIL: gcc.target/arm/acle/cde-mve-error-2.c -O3 -fomit-frame-pointer -funroll-loops -fpeel-loops -ftracer -finline-functions (test for errors, line 163)
FAIL: gcc.target/arm/acle/cde-mve-error-2.c -O3 -fomit-frame-pointer -funroll-loops -fpeel-loops -ftracer -finline-functions (test for errors, line 165)
FAIL: gcc.target/arm/acle/cde-mve-error-2.c -O3 -fomit-frame-pointer -funroll-loops -fpeel-loops -ftracer -finline-functions (test for errors, line 167)
FAIL: gcc.target/arm/acle/cde-mve-error-2.c -O3 -fomit-frame-pointer -funroll-loops -fpeel-loops -ftracer -finline-functions (test for errors, line 169)
FAIL: gcc.target/arm/acle/cde-mve-error-2.c -O3 -fomit-frame-pointer -funroll-loops -fpeel-loops -ftracer -finline-functions (test for errors, line 49)
FAIL: gcc.target/arm/acle/cde-mve-error-2.c -O3 -fomit-frame-pointer -funroll-loops -fpeel-loops -ftracer -finline-functions (test for errors, line 50)
FAIL: gcc.target/arm/acle/cde-mve-error-2.c -O3 -fomit-frame-pointer -funroll-loops -fpeel-loops -ftracer -finline-functions (test for errors, line 51)
FAIL: gcc.target/arm/acle/cde-mve-error-2.c -O3 -fomit-frame-pointer -funroll-loops -fpeel-loops -ftracer -finline-functions (test for errors, line 52)
FAIL: gcc.target/arm/acle/cde-mve-error-2.c -O3 -fomit-frame-pointer -funroll-loops -fpeel-loops -ftracer -finline-functions (test for errors, line 53)
FAIL: gcc.target/arm/acle/cde-mve-error-2.c -O3 -fomit-frame-pointer -funroll-loops -fpeel-loops -ftracer -finline-functions (test for errors, line 54)
FAIL: gcc.target/arm/acle/cde-mve-error-2.c -O3 -fomit-frame-pointer -funroll-loops -fpeel-loops -ftracer -finline-functions (test for errors, line 55)
FAIL: gcc.target/arm/acle/cde-mve-error-2.c -O3 -fomit-frame-pointer -funroll-loops -fpeel-loops -ftracer -finline-functions (test for errors, line 56)
FAIL: gcc.target/arm/acle/cde-mve-error-2.c -O3 -fomit-frame-pointer -funroll-loops -fpeel-loops -ftracer -finline-functions (test for errors, line 58)
FAIL: gcc.target/arm/acle/cde-mve-error-2.c -O3 -fomit-frame-pointer -funroll-loops -fpeel-loops -ftracer -finline-functions (test for errors, line 59)
FAIL: gcc.target/arm/acle/cde-mve-error-2.c -O3 -fomit-frame-pointer -funroll-loops -fpeel-loops -ftracer -finline-functions (test for errors, line 60)
FAIL: gcc.target/arm/acle/cde-mve-error-2.c -O3 -fomit-frame-pointer -funroll-loops -fpeel-loops -ftracer -finline-functions (test for errors, line 61)
FAIL: gcc.target/arm/acle/cde-mve-error-2.c -O3 -fomit-frame-pointer -funroll-loops -fpeel-loops -ftracer -finline-functions (test for errors, line 62)
FAIL: gcc.target/arm/acle/cde-mve-error-2.c -O3 -fomit-frame-pointer -funroll-loops -fpeel-loops -ftracer -finline-functions (test for errors, line 63)
FAIL: gcc.target/arm/acle/cde-mve-error-2.c -O3 -fomit-frame-pointer -funroll-loops -fpeel-loops -ftracer -finline-functions (test for excess errors)
FAIL: gcc.target/arm/acle/cde-mve-error-2.c -O3 -g (test for errors, line 100)
FAIL: gcc.target/arm/acle/cde-mve-error-2.c -O3 -g (test for errors, line 101)
FAIL: gcc.target/arm/acle/cde-mve-error-2.c -O3 -g (test for errors, line 102)
FAIL: gcc.target/arm/acle/cde-mve-error-2.c -O3 -g (test for errors, line 103)
FAIL: gcc.target/arm/acle/cde-mve-error-2.c -O3 -g (test for errors, line 104)
FAIL: gcc.target/arm/acle/cde-mve-error-2.c -O3 -g (test for errors, line 105)
FAIL: gcc.target/arm/acle/cde-mve-error-2.c -O3 -g (test for errors, line 106)
FAIL: gcc.target/arm/acle/cde-mve-error-2.c -O3 -g (test for errors, line 107)
FAIL: gcc.target/arm/acle/cde-mve-error-2.c -O3 -g (test for errors, line 109)
FAIL: gcc.target/arm/acle/cde-mve-error-2.c -O3 -g (test for errors, line 110)
FAIL: gcc.target/arm/acle/cde-mve-error-2.c -O3 -g (test for errors, line 111)
FAIL: gcc.target/arm/acle/cde-mve-error-2.c -O3 -g (test for errors, line 112)
FAIL: gcc.target/arm/acle/cde-mve-error-2.c -O3 -g (test for errors, line 113)
FAIL: gcc.target/arm/acle/cde-mve-error-2.c -O3 -g (test for errors, line 114)
FAIL: gcc.target/arm/acle/cde-mve-error-2.c -O3 -g (test for errors, line 148)
FAIL: gcc.target/arm/acle/cde-mve-error-2.c -O3 -g (test for errors, line 150)
FAIL: gcc.target/arm/acle/cde-mve-error-2.c -O3 -g (test for errors, line 152)
FAIL: gcc.target/arm/acle/cde-mve-error-2.c -O3 -g (test for errors, line 154)
FAIL: gcc.target/arm/acle/cde-mve-error-2.c -O3 -g (test for errors, line 156)
FAIL: gcc.target/arm/acle/cde-mve-error-2.c -O3 -g (test for errors, line 159)
FAIL: gcc.target/arm/acle/cde-mve-error-2.c -O3 -g (test for errors, line 161)
FAIL: gcc.target/arm/acle/cde-mve-error-2.c -O3 -g (test for errors, line 163)
FAIL: gcc.target/arm/acle/cde-mve-error-2.c -O3 -g (test for errors, line 165)
FAIL: gcc.target/arm/acle/cde-mve-error-2.c -O3 -g (test for errors, line 167)
FAIL: gcc.target/arm/acle/cde-mve-error-2.c -O3 -g (test for errors, line 169)
FAIL: gcc.target/arm/acle/cde-mve-error-2.c -O3 -g (test for errors, line 49)
FAIL: gcc.target/arm/acle/cde-mve-error-2.c -O3 -g (test for errors, line 50)
FAIL: gcc.target/arm/acle/cde-mve-error-2.c -O3 -g (test for errors, line 51)
FAIL: gcc.target/arm/acle/cde-mve-error-2.c -O3 -g (test for errors, line 52)
FAIL: gcc.target/arm/acle/cde-mve-error-2.c -O3 -g (test for errors, line 53)
FAIL: gcc.target/arm/acle/cde-mve-error-2.c -O3 -g (test for errors, line 54)
FAIL: gcc.target/arm/acle/cde-mve-error-2.c -O3 -g (test for errors, line 55)
FAIL: gcc.target/arm/acle/cde-mve-error-2.c -O3 -g (test for errors, line 56)
FAIL: gcc.target/arm/acle/cde-mve-error-2.c -O3 -g (test for errors, line 58)
FAIL: gcc.target/arm/acle/cde-mve-error-2.c -O3 -g (test for errors, line 59)
FAIL: gcc.target/arm/acle/cde-mve-error-2.c -O3 -g (test for errors, line 60)
FAIL: gcc.target/arm/acle/cde-mve-error-2.c -O3 -g (test for errors, line 61)
FAIL: gcc.target/arm/acle/cde-mve-error-2.c -O3 -g (test for errors, line 62)
FAIL: gcc.target/arm/acle/cde-mve-error-2.c -O3 -g (test for errors, line 63)
FAIL: gcc.target/arm/acle/cde-mve-error-2.c -O3 -g (test for excess errors)
FAIL: gcc.target/arm/acle/cde-mve-error-2.c -Os (test for errors, line 100)
FAIL: gcc.target/arm/acle/cde-mve-error-2.c -Os (test for errors, line 101)
FAIL: gcc.target/arm/acle/cde-mve-error-2.c -Os (test for errors, line 102)
FAIL: gcc.target/arm/acle/cde-mve-error-2.c -Os (test for errors, line 103)
FAIL: gcc.target/arm/acle/cde-mve-error-2.c -Os (test for errors, line 104)
FAIL: gcc.target/arm/acle/cde-mve-error-2.c -Os (test for errors, line 105)
FAIL: gcc.target/arm/acle/cde-mve-error-2.c -Os (test for errors, line 106)
FAIL: gcc.target/arm/acle/cde-mve-error-2.c -Os (test for errors, line 107)
FAIL: gcc.target/arm/acle/cde-mve-error-2.c -Os (test for errors, line 109)
FAIL: gcc.target/arm/acle/cde-mve-error-2.c -Os (test for errors, line 110)
FAIL: gcc.target/arm/acle/cde-mve-error-2.c -Os (test for errors, line 111)
FAIL: gcc.target/arm/acle/cde-mve-error-2.c -Os (test for errors, line 112)
FAIL: gcc.target/arm/acle/cde-mve-error-2.c -Os (test for errors, line 113)
FAIL: gcc.target/arm/acle/cde-mve-error-2.c -Os (test for errors, line 114)
FAIL: gcc.target/arm/acle/cde-mve-error-2.c -Os (test for errors, line 148)
FAIL: gcc.target/arm/acle/cde-mve-error-2.c -Os (test for errors, line 150)
FAIL: gcc.target/arm/acle/cde-mve-error-2.c -Os (test for errors, line 152)
FAIL: gcc.target/arm/acle/cde-mve-error-2.c -Os (test for errors, line 154)
FAIL: gcc.target/arm/acle/cde-mve-error-2.c -Os (test for errors, line 156)
FAIL: gcc.target/arm/acle/cde-mve-error-2.c -Os (test for errors, line 159)
FAIL: gcc.target/arm/acle/cde-mve-error-2.c -Os (test for errors, line 161)
FAIL: gcc.target/arm/acle/cde-mve-error-2.c -Os (test for errors, line 163)
FAIL: gcc.target/arm/acle/cde-mve-error-2.c -Os (test for errors, line 165)
FAIL: gcc.target/arm/acle/cde-mve-error-2.c -Os (test for errors, line 167)
FAIL: gcc.target/arm/acle/cde-mve-error-2.c -Os (test for errors, line 169)
FAIL: gcc.target/arm/acle/cde-mve-error-2.c -Os (test for errors, line 49)
FAIL: gcc.target/arm/acle/cde-mve-error-2.c -Os (test for errors, line 50)
FAIL: gcc.target/arm/acle/cde-mve-error-2.c -Os (test for errors, line 51)
FAIL: gcc.target/arm/acle/cde-mve-error-2.c -Os (test for errors, line 52)
FAIL: gcc.target/arm/acle/cde-mve-error-2.c -Os (test for errors, line 53)
FAIL: gcc.target/arm/acle/cde-mve-error-2.c -Os (test for errors, line 54)
FAIL: gcc.target/arm/acle/cde-mve-error-2.c -Os (test for errors, line 55)
FAIL: gcc.target/arm/acle/cde-mve-error-2.c -Os (test for errors, line 56)
FAIL: gcc.target/arm/acle/cde-mve-error-2.c -Os (test for errors, line 58)
FAIL: gcc.target/arm/acle/cde-mve-error-2.c -Os (test for errors, line 59)
FAIL: gcc.target/arm/acle/cde-mve-error-2.c -Os (test for errors, line 60)
FAIL: gcc.target/arm/acle/cde-mve-error-2.c -Os (test for errors, line 61)
FAIL: gcc.target/arm/acle/cde-mve-error-2.c -Os (test for errors, line 62)
FAIL: gcc.target/arm/acle/cde-mve-error-2.c -Os (test for errors, line 63)
FAIL: gcc.target/arm/acle/cde-mve-error-2.c -Os (test for excess errors)
FAIL: gcc.target/arm/acle/cde-mve-error-2.c -O2 -flto -fno-use-linker-plugin -flto-partition=none -ffat-lto-objects (test for errors, line 100)
FAIL: gcc.target/arm/acle/cde-mve-error-2.c -O2 -flto -fno-use-linker-plugin -flto-partition=none -ffat-lto-objects (test for errors, line 101)
FAIL: gcc.target/arm/acle/cde-mve-error-2.c -O2 -flto -fno-use-linker-plugin -flto-partition=none -ffat-lto-objects (test for errors, line 102)
FAIL: gcc.target/arm/acle/cde-mve-error-2.c -O2 -flto -fno-use-linker-plugin -flto-partition=none -ffat-lto-objects (test for errors, line 103)
FAIL: gcc.target/arm/acle/cde-mve-error-2.c -O2 -flto -fno-use-linker-plugin -flto-partition=none -ffat-lto-objects (test for errors, line 104)
FAIL: gcc.target/arm/acle/cde-mve-error-2.c -O2 -flto -fno-use-linker-plugin -flto-partition=none -ffat-lto-objects (test for errors, line 105)
FAIL: gcc.target/arm/acle/cde-mve-error-2.c -O2 -flto -fno-use-linker-plugin -flto-partition=none -ffat-lto-objects (test for errors, line 106)
FAIL: gcc.target/arm/acle/cde-mve-error-2.c -O2 -flto -fno-use-linker-plugin -flto-partition=none -ffat-lto-objects (test for errors, line 107)
FAIL: gcc.target/arm/acle/cde-mve-error-2.c -O2 -flto -fno-use-linker-plugin -flto-partition=none -ffat-lto-objects (test for errors, line 109)
FAIL: gcc.target/arm/acle/cde-mve-error-2.c -O2 -flto -fno-use-linker-plugin -flto-partition=none -ffat-lto-objects (test for errors, line 110)
FAIL: gcc.target/arm/acle/cde-mve-error-2.c -O2 -flto -fno-use-linker-plugin -flto-partition=none -ffat-lto-objects (test for errors, line 111)
FAIL: gcc.target/arm/acle/cde-mve-error-2.c -O2 -flto -fno-use-linker-plugin -flto-partition=none -ffat-lto-objects (test for errors, line 112)
FAIL: gcc.target/arm/acle/cde-mve-error-2.c -O2 -flto -fno-use-linker-plugin -flto-partition=none -ffat-lto-objects (test for errors, line 113)
FAIL: gcc.target/arm/acle/cde-mve-error-2.c -O2 -flto -fno-use-linker-plugin -flto-partition=none -ffat-lto-objects (test for errors, line 114)
FAIL: gcc.target/arm/acle/cde-mve-error-2.c -O2 -flto -fno-use-linker-plugin -flto-partition=none -ffat-lto-objects (test for errors, line 148)
FAIL: gcc.target/arm/acle/cde-mve-error-2.c -O2 -flto -fno-use-linker-plugin -flto-partition=none -ffat-lto-objects (test for errors, line 150)
FAIL: gcc.target/arm/acle/cde-mve-error-2.c -O2 -flto -fno-use-linker-plugin -flto-partition=none -ffat-lto-objects (test for errors, line 152)
FAIL: gcc.target/arm/acle/cde-mve-error-2.c -O2 -flto -fno-use-linker-plugin -flto-partition=none -ffat-lto-objects (test for errors, line 154)
FAIL: gcc.target/arm/acle/cde-mve-error-2.c -O2 -flto -fno-use-linker-plugin -flto-partition=none -ffat-lto-objects (test for errors, line 156)
FAIL: gcc.target/arm/acle/cde-mve-error-2.c -O2 -flto -fno-use-linker-plugin -flto-partition=none -ffat-lto-objects (test for errors, line 159)
FAIL: gcc.target/arm/acle/cde-mve-error-2.c -O2 -flto -fno-use-linker-plugin -flto-partition=none -ffat-lto-objects (test for errors, line 161)
FAIL: gcc.target/arm/acle/cde-mve-error-2.c -O2 -flto -fno-use-linker-plugin -flto-partition=none -ffat-lto-objects (test for errors, line 163)
FAIL: gcc.target/arm/acle/cde-mve-error-2.c -O2 -flto -fno-use-linker-plugin -flto-partition=none -ffat-lto-objects (test for errors, line 165)
FAIL: gcc.target/arm/acle/cde-mve-error-2.c -O2 -flto -fno-use-linker-plugin -flto-partition=none -ffat-lto-objects (test for errors, line 167)
FAIL: gcc.target/arm/acle/cde-mve-error-2.c -O2 -flto -fno-use-linker-plugin -flto-partition=none -ffat-lto-objects (test for errors, line 169)
FAIL: gcc.target/arm/acle/cde-mve-error-2.c -O2 -flto -fno-use-linker-plugin -flto-partition=none -ffat-lto-objects (test for errors, line 49)
FAIL: gcc.target/arm/acle/cde-mve-error-2.c -O2 -flto -fno-use-linker-plugin -flto-partition=none -ffat-lto-objects (test for errors, line 50)
FAIL: gcc.target/arm/acle/cde-mve-error-2.c -O2 -flto -fno-use-linker-plugin -flto-partition=none -ffat-lto-objects (test for errors, line 51)
FAIL: gcc.target/arm/acle/cde-mve-error-2.c -O2 -flto -fno-use-linker-plugin -flto-partition=none -ffat-lto-objects (test for errors, line 52)
FAIL: gcc.target/arm/acle/cde-mve-error-2.c -O2 -flto -fno-use-linker-plugin -flto-partition=none -ffat-lto-objects (test for errors, line 53)
FAIL: gcc.target/arm/acle/cde-mve-error-2.c -O2 -flto -fno-use-linker-plugin -flto-partition=none -ffat-lto-objects (test for errors, line 54)
FAIL: gcc.target/arm/acle/cde-mve-error-2.c -O2 -flto -fno-use-linker-plugin -flto-partition=none -ffat-lto-objects (test for errors, line 55)
FAIL: gcc.target/arm/acle/cde-mve-error-2.c -O2 -flto -fno-use-linker-plugin -flto-partition=none -ffat-lto-objects (test for errors, line 56)
FAIL: gcc.target/arm/acle/cde-mve-error-2.c -O2 -flto -fno-use-linker-plugin -flto-partition=none -ffat-lto-objects (test for errors, line 58)
FAIL: gcc.target/arm/acle/cde-mve-error-2.c -O2 -flto -fno-use-linker-plugin -flto-partition=none -ffat-lto-objects (test for errors, line 59)
FAIL: gcc.target/arm/acle/cde-mve-error-2.c -O2 -flto -fno-use-linker-plugin -flto-partition=none -ffat-lto-objects (test for errors, line 60)
FAIL: gcc.target/arm/acle/cde-mve-error-2.c -O2 -flto -fno-use-linker-plugin -flto-partition=none -ffat-lto-objects (test for errors, line 61)
FAIL: gcc.target/arm/acle/cde-mve-error-2.c -O2 -flto -fno-use-linker-plugin -flto-partition=none -ffat-lto-objects (test for errors, line 62)
FAIL: gcc.target/arm/acle/cde-mve-error-2.c -O2 -flto -fno-use-linker-plugin -flto-partition=none -ffat-lto-objects (test for errors, line 63)
FAIL: gcc.target/arm/acle/cde-mve-error-2.c -O2 -flto -fno-use-linker-plugin -flto-partition=none -ffat-lto-objects (test for excess errors)
FAIL: gcc.target/arm/acle/cde-mve-error-2.c -O2 -flto -fuse-linker-plugin -fno-fat-lto-objects -ffat-lto-objects (test for errors, line 100)
FAIL: gcc.target/arm/acle/cde-mve-error-2.c -O2 -flto -fuse-linker-plugin -fno-fat-lto-objects -ffat-lto-objects (test for errors, line 101)
FAIL: gcc.target/arm/acle/cde-mve-error-2.c -O2 -flto -fuse-linker-plugin -fno-fat-lto-objects -ffat-lto-objects (test for errors, line 102)
FAIL: gcc.target/arm/acle/cde-mve-error-2.c -O2 -flto -fuse-linker-plugin -fno-fat-lto-objects -ffat-lto-objects (test for errors, line 103)
FAIL: gcc.target/arm/acle/cde-mve-error-2.c -O2 -flto -fuse-linker-plugin -fno-fat-lto-objects -ffat-lto-objects (test for errors, line 104)
FAIL: gcc.target/arm/acle/cde-mve-error-2.c -O2 -flto -fuse-linker-plugin -fno-fat-lto-objects -ffat-lto-objects (test for errors, line 105)
FAIL: gcc.target/arm/acle/cde-mve-error-2.c -O2 -flto -fuse-linker-plugin -fno-fat-lto-objects -ffat-lto-objects (test for errors, line 106)
FAIL: gcc.target/arm/acle/cde-mve-error-2.c -O2 -flto -fuse-linker-plugin -fno-fat-lto-objects -ffat-lto-objects (test for errors, line 107)
FAIL: gcc.target/arm/acle/cde-mve-error-2.c -O2 -flto -fuse-linker-plugin -fno-fat-lto-objects -ffat-lto-objects (test for errors, line 109)
FAIL: gcc.target/arm/acle/cde-mve-error-2.c -O2 -flto -fuse-linker-plugin -fno-fat-lto-objects -ffat-lto-objects (test for errors, line 110)
FAIL: gcc.target/arm/acle/cde-mve-error-2.c -O2 -flto -fuse-linker-plugin -fno-fat-lto-objects -ffat-lto-objects (test for errors, line 111)
FAIL: gcc.target/arm/acle/cde-mve-error-2.c -O2 -flto -fuse-linker-plugin -fno-fat-lto-objects -ffat-lto-objects (test for errors, line 112)
FAIL: gcc.target/arm/acle/cde-mve-error-2.c -O2 -flto -fuse-linker-plugin -fno-fat-lto-objects -ffat-lto-objects (test for errors, line 113)
FAIL: gcc.target/arm/acle/cde-mve-error-2.c -O2 -flto -fuse-linker-plugin -fno-fat-lto-objects -ffat-lto-objects (test for errors, line 114)
FAIL: gcc.target/arm/acle/cde-mve-error-2.c -O2 -flto -fuse-linker-plugin -fno-fat-lto-objects -ffat-lto-objects (test for errors, line 148)
FAIL: gcc.target/arm/acle/cde-mve-error-2.c -O2 -flto -fuse-linker-plugin -fno-fat-lto-objects -ffat-lto-objects (test for errors, line 150)
FAIL: gcc.target/arm/acle/cde-mve-error-2.c -O2 -flto -fuse-linker-plugin -fno-fat-lto-objects -ffat-lto-objects (test for errors, line 152)
FAIL: gcc.target/arm/acle/cde-mve-error-2.c -O2 -flto -fuse-linker-plugin -fno-fat-lto-objects -ffat-lto-objects (test for errors, line 154)
FAIL: gcc.target/arm/acle/cde-mve-error-2.c -O2 -flto -fuse-linker-plugin -fno-fat-lto-objects -ffat-lto-objects (test for errors, line 156)
FAIL: gcc.target/arm/acle/cde-mve-error-2.c -O2 -flto -fuse-linker-plugin -fno-fat-lto-objects -ffat-lto-objects (test for errors, line 159)
FAIL: gcc.target/arm/acle/cde-mve-error-2.c -O2 -flto -fuse-linker-plugin -fno-fat-lto-objects -ffat-lto-objects (test for errors, line 161)
FAIL: gcc.target/arm/acle/cde-mve-error-2.c -O2 -flto -fuse-linker-plugin -fno-fat-lto-objects -ffat-lto-objects (test for errors, line 163)
FAIL: gcc.target/arm/acle/cde-mve-error-2.c -O2 -flto -fuse-linker-plugin -fno-fat-lto-objects -ffat-lto-objects (test for errors, line 165)
FAIL: gcc.target/arm/acle/cde-mve-error-2.c -O2 -flto -fuse-linker-plugin -fno-fat-lto-objects -ffat-lto-objects (test for errors, line 167)
FAIL: gcc.target/arm/acle/cde-mve-error-2.c -O2 -flto -fuse-linker-plugin -fno-fat-lto-objects -ffat-lto-objects (test for errors, line 169)
FAIL: gcc.target/arm/acle/cde-mve-error-2.c -O2 -flto -fuse-linker-plugin -fno-fat-lto-objects -ffat-lto-objects (test for errors, line 49)
FAIL: gcc.target/arm/acle/cde-mve-error-2.c -O2 -flto -fuse-linker-plugin -fno-fat-lto-objects -ffat-lto-objects (test for errors, line 50)
FAIL: gcc.target/arm/acle/cde-mve-error-2.c -O2 -flto -fuse-linker-plugin -fno-fat-lto-objects -ffat-lto-objects (test for errors, line 51)
FAIL: gcc.target/arm/acle/cde-mve-error-2.c -O2 -flto -fuse-linker-plugin -fno-fat-lto-objects -ffat-lto-objects (test for errors, line 52)
FAIL: gcc.target/arm/acle/cde-mve-error-2.c -O2 -flto -fuse-linker-plugin -fno-fat-lto-objects -ffat-lto-objects (test for errors, line 53)
FAIL: gcc.target/arm/acle/cde-mve-error-2.c -O2 -flto -fuse-linker-plugin -fno-fat-lto-objects -ffat-lto-objects (test for errors, line 54)
FAIL: gcc.target/arm/acle/cde-mve-error-2.c -O2 -flto -fuse-linker-plugin -fno-fat-lto-objects -ffat-lto-objects (test for errors, line 55)
FAIL: gcc.target/arm/acle/cde-mve-error-2.c -O2 -flto -fuse-linker-plugin -fno-fat-lto-objects -ffat-lto-objects (test for errors, line 56)
FAIL: gcc.target/arm/acle/cde-mve-error-2.c -O2 -flto -fuse-linker-plugin -fno-fat-lto-objects -ffat-lto-objects (test for errors, line 58)
FAIL: gcc.target/arm/acle/cde-mve-error-2.c -O2 -flto -fuse-linker-plugin -fno-fat-lto-objects -ffat-lto-objects (test for errors, line 59)
FAIL: gcc.target/arm/acle/cde-mve-error-2.c -O2 -flto -fuse-linker-plugin -fno-fat-lto-objects -ffat-lto-objects (test for errors, line 60)
FAIL: gcc.target/arm/acle/cde-mve-error-2.c -O2 -flto -fuse-linker-plugin -fno-fat-lto-objects -ffat-lto-objects (test for errors, line 61)
FAIL: gcc.target/arm/acle/cde-mve-error-2.c -O2 -flto -fuse-linker-plugin -fno-fat-lto-objects -ffat-lto-objects (test for errors, line 62)
FAIL: gcc.target/arm/acle/cde-mve-error-2.c -O2 -flto -fuse-linker-plugin -fno-fat-lto-objects -ffat-lto-objects (test for errors, line 63)
FAIL: gcc.target/arm/acle/cde-mve-error-2.c -O2 -flto -fuse-linker-plugin -fno-fat-lto-objects -ffat-lto-objects (test for excess errors)
FAIL: gcc.target/arm/addr-modes-float.c scan-assembler vst3.8\\t{d[02468], d[02468], d[02468]}, \\\\[r[0-9]+\\\\]!
FAIL: gcc.target/arm/asm-flag-4.c (test for warnings, line 14)
FAIL: gcc.target/arm/asm-flag-4.c (test for excess errors)
FAIL: gcc.target/arm/attr-crypto.c (test for excess errors)
UNRESOLVED: gcc.target/arm/attr-crypto.c scan-assembler sha256su0.32\\tq[0-9]+, q[0-9]+
FAIL: gcc.target/arm/ftest-armv7a-arm.c (test for excess errors)
FAIL: gcc.target/arm/ftest-armv7a-thumb.c (test for excess errors)
FAIL: gcc.target/arm/ftest-armv7em-thumb.c (test for excess errors)
FAIL: gcc.target/arm/ftest-armv7m-thumb.c (test for excess errors)
FAIL: gcc.target/arm/ftest-armv7r-arm.c (test for excess errors)
FAIL: gcc.target/arm/ftest-armv7r-thumb.c (test for excess errors)
FAIL: gcc.target/arm/ftest-armv7ve-arm.c (test for excess errors)
FAIL: gcc.target/arm/ftest-armv7ve-thumb.c (test for excess errors)
FAIL: gcc.target/arm/ftest-armv8a-arm.c (test for excess errors)
FAIL: gcc.target/arm/ftest-armv8a-thumb.c (test for excess errors)
UNRESOLVED: gcc.target/arm/lp1243022.c scan-rtl-dump subreg2 "REG_INC"
FAIL: gcc.target/arm/macro_defs1.c (test for excess errors)
FAIL: gcc.target/arm/pr19599.c (test for excess errors)
UNRESOLVED: gcc.target/arm/pr19599.c scan-assembler bx
FAIL: gcc.target/arm/pr40457-2.c scan-assembler strd|stm
FAIL: gcc.target/arm/pr42093.c scan-assembler-not tbb
FAIL: gcc.target/arm/pr43920-2.c object-size text <= 54
FAIL: gcc.target/arm/pr43920-2.c scan-assembler-times pop 2
FAIL: gcc.target/arm/pr59575.c (test for excess errors)
FAIL: gcc.target/arm/pr60650-2.c (test for excess errors)
FAIL: gcc.target/arm/pr60657.c (test for excess errors)
FAIL: gcc.target/arm/pr60663.c (test for excess errors)
FAIL: gcc.target/arm/pr65067.c (test for excess errors)
UNRESOLVED: gcc.target/arm/pr65067.c scan-assembler bfi
FAIL: gcc.target/arm/pr81863.c (test for excess errors)
UNRESOLVED: gcc.target/arm/pr81863.c scan-assembler-not [\\\\t ]+movw
FAIL: gcc.target/arm/pr98931.c (test for excess errors)
UNRESOLVED: gcc.target/arm/pr98931.c scan-assembler-not le\\\\slr,\\\\s\\\\S*
FAIL: gcc.target/arm/reg_equal_test.c scan-rtl-dump expand "expr_list:REG_EQUAL \\\\(const_int -942519458"
FAIL: gcc.target/arm/tail-long-call.c (test for excess errors)
UNRESOLVED: gcc.target/arm/tail-long-call.c scan-assembler bx
UNRESOLVED: gcc.target/arm/tail-long-call.c scan-assembler-not blx
=== gcc Summary ===
# of expected passes 157251
# of unexpected failures 435
# of unexpected successes 1
# of expected failures 1143
# of unresolved testcases 62
# of unsupported tests 7579
/tmp/3410364_24.tmpdir/aci-gcc-fsf/builds/gcc-fsf-gccsrc-thumb/obj-arm-none-linux-gnueabihf/gcc3/gcc/xgcc version 12.0.0 (DEFMODE=thumb DEFARCH=armv7-a+mp+sec+vfpv3-d16-fp16 DEFCPU=default DEFFPU=default TESTFLAGS=) [r12-6565] (GCC)
Host is x86_64-pc-linux-gnu
=== gfortran tests ===
Running target qemu
WARNING: skipping asan tests due to ulimit -v
WARNING: skipping asan tests due to ulimit -v
WARNING: skipping asan tests due to ulimit -v
FAIL: gfortran.dg/unlimited_polymorphic_3.f03 -Os execution test
FAIL: gfortran.dg/vector_subscript_1.f90 -O1 execution test
FAIL: gfortran.dg/vector_subscript_1.f90 -O2 execution test
FAIL: gfortran.dg/vector_subscript_1.f90 -O3 -fomit-frame-pointer -funroll-loops -fpeel-loops -ftracer -finline-functions execution test
FAIL: gfortran.dg/vector_subscript_1.f90 -O3 -g execution test
FAIL: gfortran.dg/vector_subscript_1.f90 -Os execution test
FAIL: gfortran.dg/gomp/allocate-2.f90 -O (test for errors, line 36)
=== gfortran Summary ===
# of expected passes 63729
# of unexpected failures 7
# of expected failures 264
# of unsupported tests 542
/tmp/3410364_24.tmpdir/aci-gcc-fsf/builds/gcc-fsf-gccsrc-thumb/obj-arm-none-linux-gnueabihf/gcc3/gcc/gfortran version 12.0.0 (DEFMODE=thumb DEFARCH=armv7-a+mp+sec+vfpv3-d16-fp16 DEFCPU=default DEFFPU=default TESTFLAGS=) [r12-6565] (GCC)
Host is x86_64-pc-linux-gnu
=== g++ tests ===
Running target qemu
WARNING: skipping asan tests due to ulimit -v
WARNING: skipping asan tests due to ulimit -v
WARNING: skipping asan tests due to ulimit -v
WARNING: skipping asan tests due to ulimit -v
WARNING: skipping asan tests due to ulimit -v
WARNING: skipping asan tests due to ulimit -v
WARNING: skipping asan tests due to ulimit -v
WARNING: skipping asan tests due to ulimit -v
WARNING: skipping asan tests due to ulimit -v
WARNING: skipping asan tests due to ulimit -v
FAIL: g++.dg/cpp0x/constexpr-diag5.C -std=c++14 (test for excess errors)
FAIL: g++.dg/cpp0x/constexpr-diag5.C -std=c++17 (test for excess errors)
FAIL: g++.dg/cpp0x/constexpr-diag5.C -std=c++2a (test for excess errors)
FAIL: g++.dg/cpp1y/constexpr-return3.C -std=c++14 (test for excess errors)
FAIL: g++.dg/cpp1y/constexpr-return3.C -std=c++17 (test for excess errors)
FAIL: g++.dg/cpp1y/constexpr-return3.C -std=c++2a (test for excess errors)
FAIL: g++.dg/cpp2a/constexpr-dtor3.C -std=c++2a (test for warnings, line 154)
FAIL: g++.dg/warn/Waddress-5.C -std=gnu++14 (test for excess errors)
FAIL: g++.dg/warn/Waddress-5.C -std=gnu++17 (test for excess errors)
FAIL: g++.dg/warn/Waddress-5.C -std=gnu++2a (test for excess errors)
FAIL: g++.dg/warn/Waddress-5.C -std=gnu++98 (test for excess errors)
WARNING: g++.dg/lto/20080709 cp_lto_20080709_0.o assemble, -O0 -flto -flto-partition=none -fuse-linker-plugin program timed out.
WARNING: g++.dg/lto/20080829 cp_lto_20080829_0.o assemble, -O0 -flto -flto-partition=none -fuse-linker-plugin program timed out.
FAIL: g++.dg/lto/pr65276 cp_lto_pr65276_0.o-cp_lto_pr65276_1.o link, -flto -O0 -std=c++11
FAIL: g++.dg/modules/bad-mapper-3.C -std=c++17 at line 3 (test for errors, line )
FAIL: g++.dg/modules/bad-mapper-3.C -std=c++17 (test for excess errors)
FAIL: g++.dg/modules/bad-mapper-3.C -std=c++2a at line 3 (test for errors, line )
FAIL: g++.dg/modules/bad-mapper-3.C -std=c++2a (test for excess errors)
FAIL: g++.dg/modules/bad-mapper-3.C -std=c++2b at line 3 (test for errors, line )
FAIL: g++.dg/modules/bad-mapper-3.C -std=c++2b (test for excess errors)
FAIL: g++.dg/modules/virt-2_a.C -std=c++17 scan-assembler _ZTI7Visitor:
FAIL: g++.dg/modules/virt-2_a.C -std=c++17 scan-assembler _ZTS7Visitor:
FAIL: g++.dg/modules/virt-2_a.C -std=c++17 scan-assembler _ZTV7Visitor:
FAIL: g++.dg/modules/virt-2_a.C -std=c++2a scan-assembler _ZTI7Visitor:
FAIL: g++.dg/modules/virt-2_a.C -std=c++2a scan-assembler _ZTS7Visitor:
FAIL: g++.dg/modules/virt-2_a.C -std=c++2a scan-assembler _ZTV7Visitor:
FAIL: g++.dg/modules/virt-2_a.C -std=c++2b scan-assembler _ZTI7Visitor:
FAIL: g++.dg/modules/virt-2_a.C -std=c++2b scan-assembler _ZTS7Visitor:
FAIL: g++.dg/modules/virt-2_a.C -std=c++2b scan-assembler _ZTV7Visitor:
WARNING: g++.old-deja/g++.mike/eh4.C -std=gnu++98 (test for excess errors) program timed out.
WARNING: g++.old-deja/g++.mike/eh5.C -std=gnu++98 (test for excess errors) program timed out.
WARNING: g++.old-deja/g++.mike/eh59.C -std=gnu++98 (test for excess errors) program timed out.
WARNING: g++.old-deja/g++.mike/mangle2.C -std=gnu++98 (test for excess errors) program timed out.
WARNING: g++.old-deja/g++.mike/net31.C -std=c++98 (test for errors, line 44) program timed out.
WARNING: g++.old-deja/g++.other/cond4.C -std=c++98 (test for excess errors) program timed out.
XPASS: g++.target/arm/bfloat_cpp_typecheck.C (test for bogus messages, line 10)
XPASS: g++.target/arm/bfloat_cpp_typecheck.C (test for bogus messages, line 11)
FAIL: g++.target/arm/no_unique_address_1.C check-function-bodies _Z8caller_pR1P
FAIL: g++.target/arm/no_unique_address_2.C (test for warnings, line 163)
FAIL: g++.target/arm/no_unique_address_2.C check-function-bodies _Z8caller_pR1P
=== g++ Summary ===
# of expected passes 224280
# of unexpected failures 30
# of unexpected successes 2
# of expected failures 1687
# of unsupported tests 10204
/tmp/3410364_24.tmpdir/aci-gcc-fsf/builds/gcc-fsf-gccsrc-thumb/obj-arm-none-linux-gnueabihf/gcc3/gcc/xg++ version 12.0.0 (DEFMODE=thumb DEFARCH=armv7-a+mp+sec+vfpv3-d16-fp16 DEFCPU=default DEFFPU=default TESTFLAGS=) [r12-6565] (GCC)
Compiler version: 12.0.0 (DEFMODE=thumb DEFARCH=armv7-a+mp+sec+vfpv3-d16-fp16 DEFCPU=default DEFFPU=default TESTFLAGS=) [r12-6565] (GCC)
Platform: arm-none-linux-gnueabihf
configure flags: --target=arm-none-linux-gnueabihf --prefix=/tmp/3410364_24.tmpdir/aci-gcc-fsf/builds/gcc-fsf-gccsrc-thumb/tools --with-sysroot=/tmp/3410364_24.tmpdir/aci-gcc-fsf/builds/gcc-fsf-gccsrc-thumb/sysroot-arm-none-linux-gnueabihf --disable-nls --disable-libgomp --disable-libmudflap --disable-libcilkrts --enable-checking --enable-languages=c,c++,fortran --with-float=hard --enable-build-with-cxx --with-mode=thumb --with-arch=armv7-a+mp+sec+vfpv3-d16-fp16
More information about the Gcc-testresults
mailing list