Results for 12.0.0 (DEFMODE=default DEFARCH=default DEFCPU=default DEFFPU=default TESTFLAGS=-mthumb/-mfloat-abi=soft/-march=armv6s-m) [r12-6536] (GCC) testsuite on arm-none-eabi
Christophe LYON
christophe.lyon@foss.st.com
Thu Jan 13 23:23:41 GMT 2022
LAST_UPDATED: Thu Jan 13 21:04:11 UTC 2022 (revision r12-6536-g02a8a01bf396e009bfc31e1104c315fd403b4cca) TARGET=arm-none-eabi ARCH=default CPU=default FPU=default MODE=default
Target is arm-none-eabi
Host is arm-none-eabi
=== libstdc++ tests ===
Running target myarm-sim/-mthumb/-mfloat-abi=soft/-march=armv6s-m
FAIL: 27_io/basic_filebuf/underflow/wchar_t/11603.cc execution test
FAIL: 27_io/basic_fstream/53984.cc execution test
FAIL: 27_io/basic_ofstream/open/char/noreplace.cc execution test
FAIL: 27_io/basic_ofstream/open/wchar_t/noreplace.cc execution test
FAIL: 29_atomics/atomic_ref/generic.cc (test for excess errors)
UNRESOLVED: 29_atomics/atomic_ref/generic.cc compilation failed to produce executable
FAIL: 29_atomics/atomic_ref/integral.cc (test for excess errors)
UNRESOLVED: 29_atomics/atomic_ref/integral.cc compilation failed to produce executable
FAIL: 29_atomics/atomic_ref/pointer.cc (test for excess errors)
UNRESOLVED: 29_atomics/atomic_ref/pointer.cc compilation failed to produce executable
FAIL: abi/header_cxxabi.c (test for excess errors)
FAIL: experimental/net/headers.cc (test for excess errors)
FAIL: experimental/net/timer/waitable/cons.cc (test for excess errors)
UNRESOLVED: experimental/net/timer/waitable/cons.cc compilation failed to produce executable
FAIL: experimental/net/timer/waitable/dest.cc (test for excess errors)
UNRESOLVED: experimental/net/timer/waitable/dest.cc compilation failed to produce executable
FAIL: experimental/net/timer/waitable/ops.cc (test for excess errors)
UNRESOLVED: experimental/net/timer/waitable/ops.cc compilation failed to produce executable
XPASS: ext/stdio_filebuf/char/10063-2.cc execution test
XPASS: ext/stdio_filebuf/char/10063-3.cc execution test
=== libstdc++ Summary ===
# of expected passes 12979
# of unexpected failures 12
# of unexpected successes 2
# of expected failures 101
# of untested testcases 1
# of unresolved testcases 6
# of unsupported tests 946
Host is x86_64-pc-linux-gnu
=== gcc tests ===
Running target myarm-sim/-mthumb/-mfloat-abi=soft/-march=armv6s-m
XPASS: gcc.dg/analyzer/pr102692.c uninit (test for bogus messages, line 76)
FAIL: gcc.dg/analyzer/pr103526.c (test for bogus messages, line 31)
FAIL: gcc.dg/analyzer/pr93032-mztools.c (test for excess errors)
FAIL: gcc.dg/analyzer/pr93032-mztools.c leak of fpOut at line 329 (test for warnings, line 328)
FAIL: gcc.dg/analyzer/pr93032-mztools.c leak of fpOutCD at line 330 (test for warnings, line 328)
FAIL: gcc.dg/analyzer/pr93032-mztools.c leak of fpZip (test for warnings, line 328)
FAIL: c-c++-common/auto-init-1.c -Wc++-compat scan-tree-dump gimple "temp4 = .DEFERRED_INIT \\\\(4, 2, &"temp4""
FAIL: c-c++-common/auto-init-2.c -Wc++-compat scan-tree-dump gimple "temp4 = .DEFERRED_INIT \\\\(4, 1, &"temp4""
XPASS: gcc.dg/Wstringop-overflow-47.c pr97027 (test for warnings, line 72)
XPASS: gcc.dg/Wstringop-overflow-47.c pr97027 (test for warnings, line 77)
XPASS: gcc.dg/Wstringop-overflow-47.c pr97027 note (test for warnings, line 68)
FAIL: gcc.dg/Wzero-length-array-bounds-2.c pr102706 (test for warnings, line 90)
XPASS: gcc.dg/uninit-pred-7_a.c bogus warning (test for bogus messages, line 26)
FAIL: gcc.dg/uninit-pred-9_b.c bogus warning (test for bogus messages, line 20)
FAIL: gcc.dg/fixed-point/composite-type.c (test for excess errors)
FAIL: gcc.dg/ipa/iinline-attr.c scan-ipa-dump inline "hooray[^\\\\n]*inline copy in test"
FAIL: gcc.dg/torture/fp-double-convert-float-1.c -O0 execution test
FAIL: gcc.dg/torture/fp-double-convert-float-1.c -O1 execution test
FAIL: gcc.dg/torture/fp-double-convert-float-1.c -O2 execution test
FAIL: gcc.dg/torture/fp-double-convert-float-1.c -O2 -flto -fno-use-linker-plugin -flto-partition=none execution test
FAIL: gcc.dg/torture/fp-double-convert-float-1.c -O2 -flto -fuse-linker-plugin -fno-fat-lto-objects execution test
FAIL: gcc.dg/torture/fp-double-convert-float-1.c -O3 -g execution test
FAIL: gcc.dg/torture/fp-double-convert-float-1.c -Os execution test
FAIL: gcc.dg/torture/fp-uint64-convert-double-1.c -O0 execution test
FAIL: gcc.dg/torture/fp-uint64-convert-double-1.c -O1 execution test
FAIL: gcc.dg/torture/fp-uint64-convert-double-1.c -O2 execution test
FAIL: gcc.dg/torture/fp-uint64-convert-double-1.c -O2 -flto -fno-use-linker-plugin -flto-partition=none execution test
FAIL: gcc.dg/torture/fp-uint64-convert-double-1.c -O2 -flto -fuse-linker-plugin -fno-fat-lto-objects execution test
FAIL: gcc.dg/torture/fp-uint64-convert-double-1.c -O3 -g execution test
FAIL: gcc.dg/torture/fp-uint64-convert-double-1.c -Os execution test
FAIL: gcc.dg/torture/fp-uint64-convert-double-2.c -O0 execution test
FAIL: gcc.dg/torture/fp-uint64-convert-double-2.c -O1 execution test
FAIL: gcc.dg/torture/fp-uint64-convert-double-2.c -O2 execution test
FAIL: gcc.dg/torture/fp-uint64-convert-double-2.c -O2 -flto -fno-use-linker-plugin -flto-partition=none execution test
FAIL: gcc.dg/torture/fp-uint64-convert-double-2.c -O2 -flto -fuse-linker-plugin -fno-fat-lto-objects execution test
FAIL: gcc.dg/torture/fp-uint64-convert-double-2.c -O3 -g execution test
FAIL: gcc.dg/torture/fp-uint64-convert-double-2.c -Os execution test
FAIL: outputs-22 exe savetmp namedb-2: outputs.ld1_args
FAIL: outputs-23 exe savetmp named2-2: outputs.ld1_args
FAIL: outputs-24 exe savetmp named2-3: outputs.ld1_args
FAIL: outputs-25 exe savetmp named2-4: outputs.ld1_args
FAIL: outputs-294 lto sing unnamed-3: a.ld1_args
FAIL: outputs-294 lto sing unnamed-3: a.ld_args
FAIL: maintainers-verify.sh
UNRESOLVED: gcc.target/arm/cortex-m55-nodsp-flag-hard.c scan-assembler .arch_extension fp
UNRESOLVED: gcc.target/arm/cortex-m55-nodsp-flag-hard.c scan-assembler .arch_extension fp.dp
UNRESOLVED: gcc.target/arm/cortex-m55-nodsp-flag-hard.c scan-assembler .fpu fpv5-d16
UNRESOLVED: gcc.target/arm/cortex-m55-nodsp-flag-hard.c scan-assembler-not .arch_extension dsp
UNRESOLVED: gcc.target/arm/cortex-m55-nodsp-flag-hard.c scan-assembler-not .arch_extension mve
UNRESOLVED: gcc.target/arm/cortex-m55-nodsp-flag-hard.c scan-assembler-not .arch_extension mve.fp
FAIL: gcc.target/arm/cortex-m55-nodsp-flag-softfp.c scan-assembler .arch_extension fp
FAIL: gcc.target/arm/cortex-m55-nodsp-flag-softfp.c scan-assembler .arch_extension fp.dp
FAIL: gcc.target/arm/cortex-m55-nodsp-flag-softfp.c scan-assembler .fpu fpv5-d16
UNRESOLVED: gcc.target/arm/cortex-m55-nofp-flag-hard.c scan-assembler .arch_extension dsp
UNRESOLVED: gcc.target/arm/cortex-m55-nofp-flag-hard.c scan-assembler .arch_extension mve
UNRESOLVED: gcc.target/arm/cortex-m55-nofp-flag-hard.c scan-assembler .fpu softvfp
UNRESOLVED: gcc.target/arm/cortex-m55-nofp-flag-hard.c scan-assembler-not .arch_extension fp
UNRESOLVED: gcc.target/arm/cortex-m55-nofp-flag-hard.c scan-assembler-not .arch_extension fp.dp
UNRESOLVED: gcc.target/arm/cortex-m55-nofp-flag-hard.c scan-assembler-not .arch_extension mve.fp
FAIL: gcc.target/arm/cortex-m55-nofp-flag-softfp.c scan-assembler .arch_extension dsp
FAIL: gcc.target/arm/cortex-m55-nofp-flag-softfp.c scan-assembler .arch_extension mve
FAIL: gcc.target/arm/cortex-m55-nofp-nomve-flag-softfp.c scan-assembler .arch_extension dsp
UNRESOLVED: gcc.target/arm/cortex-m55-nomve-flag-hard.c scan-assembler .arch_extension dsp
UNRESOLVED: gcc.target/arm/cortex-m55-nomve-flag-hard.c scan-assembler .arch_extension fp
UNRESOLVED: gcc.target/arm/cortex-m55-nomve-flag-hard.c scan-assembler .arch_extension fp.dp
UNRESOLVED: gcc.target/arm/cortex-m55-nomve-flag-hard.c scan-assembler .fpu fpv5-d16
UNRESOLVED: gcc.target/arm/cortex-m55-nomve-flag-hard.c scan-assembler-not .arch_extension mve
UNRESOLVED: gcc.target/arm/cortex-m55-nomve-flag-hard.c scan-assembler-not .arch_extension mve.fp
FAIL: gcc.target/arm/cortex-m55-nomve-flag-softfp.c scan-assembler .arch_extension dsp
FAIL: gcc.target/arm/cortex-m55-nomve-flag-softfp.c scan-assembler .arch_extension fp
FAIL: gcc.target/arm/cortex-m55-nomve-flag-softfp.c scan-assembler .arch_extension fp.dp
FAIL: gcc.target/arm/cortex-m55-nomve-flag-softfp.c scan-assembler .fpu fpv5-d16
UNRESOLVED: gcc.target/arm/cortex-m55-nomve.fp-flag-hard.c scan-assembler .arch_extension dsp
UNRESOLVED: gcc.target/arm/cortex-m55-nomve.fp-flag-hard.c scan-assembler .arch_extension fp
UNRESOLVED: gcc.target/arm/cortex-m55-nomve.fp-flag-hard.c scan-assembler .arch_extension fp.dp
UNRESOLVED: gcc.target/arm/cortex-m55-nomve.fp-flag-hard.c scan-assembler .arch_extension mve
UNRESOLVED: gcc.target/arm/cortex-m55-nomve.fp-flag-hard.c scan-assembler .fpu fpv5-d16
UNRESOLVED: gcc.target/arm/cortex-m55-nomve.fp-flag-hard.c scan-assembler-not .arch_extension mve.fp
FAIL: gcc.target/arm/cortex-m55-nomve.fp-flag-softfp.c scan-assembler .arch_extension dsp
FAIL: gcc.target/arm/cortex-m55-nomve.fp-flag-softfp.c scan-assembler .arch_extension fp
FAIL: gcc.target/arm/cortex-m55-nomve.fp-flag-softfp.c scan-assembler .arch_extension fp.dp
FAIL: gcc.target/arm/cortex-m55-nomve.fp-flag-softfp.c scan-assembler .arch_extension mve
FAIL: gcc.target/arm/cortex-m55-nomve.fp-flag-softfp.c scan-assembler .fpu fpv5-d16
FAIL: gcc.target/arm/pr45701-1.c scan-assembler push\\t{r3
FAIL: gcc.target/arm/reg_equal_test.c scan-rtl-dump expand "expr_list:REG_EQUAL \\\\(const_int -942519458"
FAIL: gcc.target/arm/unsigned-extend-1.c scan-assembler-not uxtb
FAIL: gcc.target/arm/mve/intrinsics/pr97327.c (test for excess errors)
FAIL: gcc.target/arm/mve/mve_load_memory_modes.c check-function-bodies not_off_load16_0
FAIL: gcc.target/arm/mve/mve_load_memory_modes.c check-function-bodies not_off_load16_1
FAIL: gcc.target/arm/mve/mve_load_memory_modes.c check-function-bodies not_off_load8_0
FAIL: gcc.target/arm/mve/mve_load_memory_modes.c check-function-bodies off_load16_0
FAIL: gcc.target/arm/mve/mve_load_memory_modes.c check-function-bodies off_load16_1
FAIL: gcc.target/arm/mve/mve_load_memory_modes.c check-function-bodies off_load32_0
FAIL: gcc.target/arm/mve/mve_load_memory_modes.c check-function-bodies off_load32_1
FAIL: gcc.target/arm/mve/mve_load_memory_modes.c check-function-bodies off_load8_0
FAIL: gcc.target/arm/mve/mve_load_memory_modes.c check-function-bodies off_load8_1
FAIL: gcc.target/arm/mve/mve_load_memory_modes.c check-function-bodies off_load8_2
FAIL: gcc.target/arm/mve/mve_load_memory_modes.c check-function-bodies off_load8_3
FAIL: gcc.target/arm/mve/mve_load_memory_modes.c check-function-bodies off_loadfp16_0
FAIL: gcc.target/arm/mve/mve_load_memory_modes.c check-function-bodies off_loadfp32_0
FAIL: gcc.target/arm/mve/mve_store_memory_modes.c check-function-bodies not_off_store16_0
FAIL: gcc.target/arm/mve/mve_store_memory_modes.c check-function-bodies not_off_store16_1
FAIL: gcc.target/arm/mve/mve_store_memory_modes.c check-function-bodies not_off_store8_0
FAIL: gcc.target/arm/mve/mve_store_memory_modes.c check-function-bodies off_store16_0
FAIL: gcc.target/arm/mve/mve_store_memory_modes.c check-function-bodies off_store16_1
FAIL: gcc.target/arm/mve/mve_store_memory_modes.c check-function-bodies off_store32_0
FAIL: gcc.target/arm/mve/mve_store_memory_modes.c check-function-bodies off_store32_1
FAIL: gcc.target/arm/mve/mve_store_memory_modes.c check-function-bodies off_store8_0
FAIL: gcc.target/arm/mve/mve_store_memory_modes.c check-function-bodies off_store8_1
FAIL: gcc.target/arm/mve/mve_store_memory_modes.c check-function-bodies off_store8_2
FAIL: gcc.target/arm/mve/mve_store_memory_modes.c check-function-bodies off_store8_3
FAIL: gcc.target/arm/mve/mve_store_memory_modes.c check-function-bodies off_storefp16_0
FAIL: gcc.target/arm/mve/mve_store_memory_modes.c check-function-bodies off_storefp32_0
FAIL: gcc.target/arm/mve/mve_store_memory_modes.c check-function-bodies pre_storefp16_0
FAIL: gcc.target/arm/mve/mve_store_memory_modes.c check-function-bodies pre_storefp32_0
=== gcc Summary ===
# of expected passes 131134
# of unexpected failures 86
# of unexpected successes 5
# of expected failures 774
# of unresolved testcases 24
# of unsupported tests 4020
/tmp/3316590_35.tmpdir/aci-gcc-fsf/builds/gcc-fsf-gccsrc/obj-arm-none-eabi/gcc3/gcc/xgcc version 12.0.0 (DEFMODE=default DEFARCH=default DEFCPU=default DEFFPU=default TESTFLAGS=-mthumb/-mfloat-abi=soft/-march=armv6s-m) [r12-6536] (GCC)
Host is x86_64-pc-linux-gnu
=== g++ tests ===
Running target myarm-sim/-mthumb/-mfloat-abi=soft/-march=armv6s-m
FAIL: c-c++-common/auto-init-1.c -std=gnu++14 scan-tree-dump gimple "temp4 = .DEFERRED_INIT \\\\(4, 2, &"temp4""
FAIL: c-c++-common/auto-init-1.c -std=gnu++17 scan-tree-dump gimple "temp4 = .DEFERRED_INIT \\\\(4, 2, &"temp4""
FAIL: c-c++-common/auto-init-1.c -std=gnu++2a scan-tree-dump gimple "temp4 = .DEFERRED_INIT \\\\(4, 2, &"temp4""
FAIL: c-c++-common/auto-init-1.c -std=gnu++98 scan-tree-dump gimple "temp4 = .DEFERRED_INIT \\\\(4, 2, &"temp4""
FAIL: c-c++-common/auto-init-2.c -std=gnu++14 scan-tree-dump gimple "temp4 = .DEFERRED_INIT \\\\(4, 1, &"temp4""
FAIL: c-c++-common/auto-init-2.c -std=gnu++17 scan-tree-dump gimple "temp4 = .DEFERRED_INIT \\\\(4, 1, &"temp4""
FAIL: c-c++-common/auto-init-2.c -std=gnu++2a scan-tree-dump gimple "temp4 = .DEFERRED_INIT \\\\(4, 1, &"temp4""
FAIL: c-c++-common/auto-init-2.c -std=gnu++98 scan-tree-dump gimple "temp4 = .DEFERRED_INIT \\\\(4, 1, &"temp4""
FAIL: g++.dg/cpp0x/constexpr-diag5.C -std=c++14 (test for excess errors)
FAIL: g++.dg/cpp0x/constexpr-diag5.C -std=c++17 (test for excess errors)
FAIL: g++.dg/cpp0x/constexpr-diag5.C -std=c++2a (test for excess errors)
FAIL: g++.dg/cpp1y/constexpr-return3.C -std=c++14 (test for excess errors)
FAIL: g++.dg/cpp1y/constexpr-return3.C -std=c++17 (test for excess errors)
FAIL: g++.dg/cpp1y/constexpr-return3.C -std=c++2a (test for excess errors)
FAIL: g++.dg/cpp2a/constexpr-dtor3.C -std=c++2a (test for warnings, line 154)
FAIL: g++.dg/opt/pr97315-1.C -std=gnu++14 (test for excess errors)
FAIL: g++.dg/opt/pr97315-1.C -std=gnu++17 (test for excess errors)
FAIL: g++.dg/opt/pr97315-1.C -std=gnu++2a (test for excess errors)
FAIL: g++.dg/opt/pr97315-1.C -std=gnu++98 (test for excess errors)
FAIL: g++.dg/warn/Waddress-5.C -std=gnu++14 (test for excess errors)
FAIL: g++.dg/warn/Waddress-5.C -std=gnu++17 (test for excess errors)
FAIL: g++.dg/warn/Waddress-5.C -std=gnu++2a (test for excess errors)
FAIL: g++.dg/warn/Waddress-5.C -std=gnu++98 (test for excess errors)
FAIL: g++.dg/warn/Wstringop-overflow-6.C -std=gnu++14 (test for excess errors)
FAIL: g++.dg/warn/Wstringop-overflow-6.C -std=gnu++17 (test for excess errors)
FAIL: g++.dg/warn/Wstringop-overflow-6.C -std=gnu++2a (test for excess errors)
XPASS: g++.dg/warn/pr33738.C -std=gnu++14 (test for warnings, line 18)
XPASS: g++.dg/warn/pr33738.C -std=gnu++14 (test for warnings, line 22)
XPASS: g++.dg/warn/pr33738.C -std=gnu++17 (test for warnings, line 18)
XPASS: g++.dg/warn/pr33738.C -std=gnu++17 (test for warnings, line 22)
XPASS: g++.dg/warn/pr33738.C -std=gnu++2a (test for warnings, line 18)
XPASS: g++.dg/warn/pr33738.C -std=gnu++2a (test for warnings, line 22)
XPASS: g++.dg/warn/pr33738.C -std=gnu++98 (test for warnings, line 18)
XPASS: g++.dg/warn/pr33738.C -std=gnu++98 (test for warnings, line 22)
FAIL: g++.dg/lto/pr65276 cp_lto_pr65276_0.o-cp_lto_pr65276_1.o link, -flto -O0 -std=c++11
FAIL: g++.dg/modules/bad-mapper-3.C -std=c++17 at line 3 (test for errors, line )
FAIL: g++.dg/modules/bad-mapper-3.C -std=c++17 (test for excess errors)
FAIL: g++.dg/modules/bad-mapper-3.C -std=c++2a at line 3 (test for errors, line )
FAIL: g++.dg/modules/bad-mapper-3.C -std=c++2a (test for excess errors)
FAIL: g++.dg/modules/bad-mapper-3.C -std=c++2b at line 3 (test for errors, line )
FAIL: g++.dg/modules/bad-mapper-3.C -std=c++2b (test for excess errors)
FAIL: g++.dg/modules/virt-2_a.C -std=c++17 scan-assembler _ZTI7Visitor:
FAIL: g++.dg/modules/virt-2_a.C -std=c++17 scan-assembler _ZTS7Visitor:
FAIL: g++.dg/modules/virt-2_a.C -std=c++17 scan-assembler _ZTV7Visitor:
FAIL: g++.dg/modules/virt-2_a.C -std=c++2a scan-assembler _ZTI7Visitor:
FAIL: g++.dg/modules/virt-2_a.C -std=c++2a scan-assembler _ZTS7Visitor:
FAIL: g++.dg/modules/virt-2_a.C -std=c++2a scan-assembler _ZTV7Visitor:
FAIL: g++.dg/modules/virt-2_a.C -std=c++2b scan-assembler _ZTI7Visitor:
FAIL: g++.dg/modules/virt-2_a.C -std=c++2b scan-assembler _ZTS7Visitor:
FAIL: g++.dg/modules/virt-2_a.C -std=c++2b scan-assembler _ZTV7Visitor:
XPASS: g++.dg/torture/pr101373.C -O0 execution test
XPASS: g++.dg/torture/pr101373.C -O1 execution test
XPASS: g++.dg/torture/pr101373.C -O2 execution test
XPASS: g++.dg/torture/pr101373.C -O2 -flto -fno-use-linker-plugin -flto-partition=none execution test
XPASS: g++.dg/torture/pr101373.C -O2 -flto -fuse-linker-plugin -fno-fat-lto-objects execution test
XPASS: g++.dg/torture/pr101373.C -O3 -g execution test
XPASS: g++.dg/torture/pr101373.C -Os execution test
FAIL: g++.dg/torture/pr81812.C -O0 (test for excess errors)
FAIL: g++.dg/torture/pr81812.C -O1 (test for excess errors)
FAIL: g++.dg/torture/pr81812.C -O2 (test for excess errors)
FAIL: g++.dg/torture/pr81812.C -O2 -flto -fno-use-linker-plugin -flto-partition=none (test for excess errors)
FAIL: g++.dg/torture/pr81812.C -O2 -flto -fuse-linker-plugin -fno-fat-lto-objects (test for excess errors)
FAIL: g++.dg/torture/pr81812.C -O3 -g (test for excess errors)
FAIL: g++.dg/torture/pr81812.C -Os (test for excess errors)
XPASS: g++.target/arm/bfloat_cpp_typecheck.C (test for bogus messages, line 10)
XPASS: g++.target/arm/bfloat_cpp_typecheck.C (test for bogus messages, line 11)
FAIL: g++.target/arm/no_unique_address_1.C check-function-bodies _Z8caller_pR1P
FAIL: g++.target/arm/no_unique_address_2.C (test for warnings, line 163)
FAIL: g++.target/arm/no_unique_address_2.C check-function-bodies _Z8caller_pR1P
FAIL: g++.target/arm/../../gcc.target/arm/mve/intrinsics/pr97327.c (test for excess errors)
=== g++ Summary ===
# of expected passes 190055
# of unexpected failures 53
# of unexpected successes 17
# of expected failures 867
# of unsupported tests 10238
/tmp/3316590_35.tmpdir/aci-gcc-fsf/builds/gcc-fsf-gccsrc/obj-arm-none-eabi/gcc3/gcc/xg++ version 12.0.0 (DEFMODE=default DEFARCH=default DEFCPU=default DEFFPU=default TESTFLAGS=-mthumb/-mfloat-abi=soft/-march=armv6s-m) [r12-6536] (GCC)
Compiler version: 12.0.0 (DEFMODE=default DEFARCH=default DEFCPU=default DEFFPU=default TESTFLAGS=-mthumb/-mfloat-abi=soft/-march=armv6s-m) [r12-6536] (GCC)
Platform: arm-none-eabi
configure flags: --target=arm-none-eabi --prefix=/tmp/3316590_35.tmpdir/aci-gcc-fsf/builds/gcc-fsf-gccsrc/tools --with-sysroot=/tmp/3316590_35.tmpdir/aci-gcc-fsf/builds/gcc-fsf-gccsrc/sysroot-arm-none-eabi --disable-nls --disable-libgomp --disable-libmudflap --disable-libcilkrts --enable-checking --enable-languages=c,c++ --with-newlib --disable-tls --enable-multilib --with-multilib-list=rmprofile
More information about the Gcc-testresults
mailing list