Results for 12.0.0 (DEFMODE=thumb DEFARCH=armv7-a DEFCPU=default DEFFPU=default TESTFLAGS=-marm) [r12-6510] (GCC) testsuite on arm-none-linux-gnueabi
Christophe LYON
christophe.lyon@foss.st.com
Thu Jan 13 03:14:08 GMT 2022
LAST_UPDATED: Thu Jan 13 00:57:59 UTC 2022 (revision r12-6510-g01a254e3e53cc1cf9e16688ed785ca931b1459aa) TARGET=arm-none-linux-gnueabi ARCH=armv7-a CPU=default FPU=default MODE=thumb
Target is arm-none-linux-gnueabi
Host is arm-none-linux-gnueabi
=== libatomic tests ===
Running target qemu/-marm
=== libatomic Summary ===
# of expected passes 44
# of unsupported tests 5
Host is arm-none-linux-gnueabi
=== libitm tests ===
Running target qemu/-marm
=== libitm Summary ===
# of expected passes 44
# of expected failures 3
# of unsupported tests 1
Host is arm-none-linux-gnueabi
=== libstdc++ tests ===
Running target qemu/-marm
WARNING: 30_threads/condition_variable/54185.cc execution test (CHILDKILLED 59152 SIGINT interrupt) program timed out.
FAIL: 30_threads/jthread/95989.cc execution test
=== libstdc++ Summary ===
# of expected passes 14156
# of unexpected failures 1
# of expected failures 95
# of untested testcases 1
# of unsupported tests 748
Host is x86_64-pc-linux-gnu
=== gcc tests ===
Running target qemu/-marm
FAIL: gcc.dg/analyzer/pr93032-mztools.c (test for excess errors)
FAIL: gcc.dg/analyzer/pr93032-mztools.c leak of fpOut at line 329 (test for warnings, line 328)
FAIL: gcc.dg/analyzer/pr93032-mztools.c leak of fpOutCD at line 330 (test for warnings, line 328)
FAIL: gcc.dg/analyzer/pr93032-mztools.c leak of fpZip (test for warnings, line 328)
WARNING: skipping asan tests due to ulimit -v
WARNING: skipping asan tests due to ulimit -v
WARNING: skipping asan tests due to ulimit -v
WARNING: skipping asan tests due to ulimit -v
WARNING: skipping asan tests due to ulimit -v
WARNING: skipping asan tests due to ulimit -v
WARNING: skipping asan tests due to ulimit -v
FAIL: gcc.dg/Warray-bounds-48.c (test for excess errors)
FAIL: gcc.dg/Wzero-length-array-bounds-2.c pr102706 (test for warnings, line 90)
FAIL: gcc.dg/ira-shrinkwrap-prep-1.c scan-rtl-dump pro_and_epilogue "Performing shrink-wrapping"
FAIL: gcc.dg/pr102892-1.c (test for excess errors)
FAIL: gcc.dg/pr96542.c scan-tree-dump-times evrp "254" 2
FAIL: gcc.dg/fixed-point/composite-type.c (test for excess errors)
WARNING: gcc.dg/ipa/20040703-wpa.c (test for excess errors) program timed out.
FAIL: gcc.dg/torture/fp-double-convert-float-1.c -O0 execution test
FAIL: gcc.dg/torture/fp-double-convert-float-1.c -O1 execution test
FAIL: gcc.dg/torture/fp-double-convert-float-1.c -O2 execution test
FAIL: gcc.dg/torture/fp-double-convert-float-1.c -O2 -flto -fno-use-linker-plugin -flto-partition=none execution test
FAIL: gcc.dg/torture/fp-double-convert-float-1.c -O2 -flto -fuse-linker-plugin -fno-fat-lto-objects execution test
FAIL: gcc.dg/torture/fp-double-convert-float-1.c -O3 -g execution test
FAIL: gcc.dg/torture/fp-double-convert-float-1.c -Os execution test
FAIL: gcc.dg/torture/fp-uint64-convert-double-1.c -O0 execution test
FAIL: gcc.dg/torture/fp-uint64-convert-double-1.c -O1 execution test
FAIL: gcc.dg/torture/fp-uint64-convert-double-1.c -O2 execution test
FAIL: gcc.dg/torture/fp-uint64-convert-double-1.c -O2 -flto -fno-use-linker-plugin -flto-partition=none execution test
FAIL: gcc.dg/torture/fp-uint64-convert-double-1.c -O2 -flto -fuse-linker-plugin -fno-fat-lto-objects execution test
FAIL: gcc.dg/torture/fp-uint64-convert-double-1.c -O3 -g execution test
FAIL: gcc.dg/torture/fp-uint64-convert-double-1.c -Os execution test
FAIL: gcc.dg/torture/fp-uint64-convert-double-2.c -O0 execution test
FAIL: gcc.dg/torture/fp-uint64-convert-double-2.c -O1 execution test
FAIL: gcc.dg/torture/fp-uint64-convert-double-2.c -O2 execution test
FAIL: gcc.dg/torture/fp-uint64-convert-double-2.c -O2 -flto -fno-use-linker-plugin -flto-partition=none execution test
FAIL: gcc.dg/torture/fp-uint64-convert-double-2.c -O2 -flto -fuse-linker-plugin -fno-fat-lto-objects execution test
FAIL: gcc.dg/torture/fp-uint64-convert-double-2.c -O3 -g execution test
FAIL: gcc.dg/torture/fp-uint64-convert-double-2.c -Os execution test
FAIL: gcc.dg/tree-ssa/gen-vect-26.c scan-tree-dump-times vect "Alignment of access forced using peeling" 1
FAIL: gcc.dg/tree-ssa/gen-vect-26.c scan-tree-dump-times vect "Vectorizing an unaligned access" 0
FAIL: gcc.dg/tree-ssa/gen-vect-28.c scan-tree-dump-times vect "Alignment of access forced using peeling" 1
FAIL: gcc.dg/tree-ssa/gen-vect-28.c scan-tree-dump-times vect "Vectorizing an unaligned access" 0
FAIL: gcc.dg/tree-ssa/scev-3.c scan-tree-dump-times ivopts "&a" 1
FAIL: gcc.dg/tree-ssa/scev-5.c scan-tree-dump-times ivopts "&a" 1
WARNING: c-c++-common/ubsan/null-7.c -O0 (test for excess errors) program timed out.
WARNING: c-c++-common/ubsan/object-size-6.c -O0 program timed out.
XPASS: gcc.dg/vect/complex/fast-math-bb-slp-complex-add-pattern-half-float.c scan-tree-dump slp1 "Found COMPLEX_ADD_ROT270"
FAIL: gcc.dg/vect/pr97428.c -flto -ffat-lto-objects scan-tree-dump vect "Detected interleaving load of size 8"
FAIL: gcc.dg/vect/pr97428.c -flto -ffat-lto-objects scan-tree-dump vect "Detected interleaving store of size 16"
FAIL: gcc.dg/vect/pr97428.c -flto -ffat-lto-objects scan-tree-dump-times vect "vectorizing stmts using SLP" 2
FAIL: gcc.dg/vect/pr97428.c scan-tree-dump vect "Detected interleaving load of size 8"
FAIL: gcc.dg/vect/pr97428.c scan-tree-dump vect "Detected interleaving store of size 16"
FAIL: gcc.dg/vect/pr97428.c scan-tree-dump-times vect "vectorizing stmts using SLP" 2
FAIL: gcc.dg/vect/vect-fmax-2.c -flto -ffat-lto-objects scan-tree-dump vect "Detected reduction"
FAIL: gcc.dg/vect/vect-fmax-2.c scan-tree-dump vect "Detected reduction"
FAIL: gcc.dg/vect/vect-fmax-3.c -flto -ffat-lto-objects scan-tree-dump vect "Detected reduction"
FAIL: gcc.dg/vect/vect-fmax-3.c scan-tree-dump vect "Detected reduction"
FAIL: gcc.dg/vect/vect-fmin-2.c -flto -ffat-lto-objects scan-tree-dump vect "Detected reduction"
FAIL: gcc.dg/vect/vect-fmin-2.c scan-tree-dump vect "Detected reduction"
FAIL: gcc.dg/vect/vect-fmin-3.c -flto -ffat-lto-objects scan-tree-dump vect "Detected reduction"
FAIL: gcc.dg/vect/vect-fmin-3.c scan-tree-dump vect "Detected reduction"
FAIL: maintainers-verify.sh
UNRESOLVED: gcc.target/aarch64/advsimd-intrinsics/vld1x2.c -O0 compilation failed to produce executable
UNRESOLVED: gcc.target/aarch64/advsimd-intrinsics/vld1x2.c -O1 compilation failed to produce executable
UNRESOLVED: gcc.target/aarch64/advsimd-intrinsics/vld1x2.c -O2 compilation failed to produce executable
UNRESOLVED: gcc.target/aarch64/advsimd-intrinsics/vld1x2.c -O2 -flto -fno-use-linker-plugin -flto-partition=none compilation failed to produce executable
UNRESOLVED: gcc.target/aarch64/advsimd-intrinsics/vld1x2.c -O2 -flto -fuse-linker-plugin -fno-fat-lto-objects compilation failed to produce executable
UNRESOLVED: gcc.target/aarch64/advsimd-intrinsics/vld1x2.c -O3 -fomit-frame-pointer -funroll-loops -fpeel-loops -ftracer -finline-functions compilation failed to produce executable
UNRESOLVED: gcc.target/aarch64/advsimd-intrinsics/vld1x2.c -O3 -g compilation failed to produce executable
UNRESOLVED: gcc.target/aarch64/advsimd-intrinsics/vld1x2.c -Og -g compilation failed to produce executable
UNRESOLVED: gcc.target/aarch64/advsimd-intrinsics/vld1x2.c -Os compilation failed to produce executable
UNRESOLVED: gcc.target/aarch64/advsimd-intrinsics/vld1x3.c -O0 compilation failed to produce executable
UNRESOLVED: gcc.target/aarch64/advsimd-intrinsics/vld1x3.c -O1 compilation failed to produce executable
UNRESOLVED: gcc.target/aarch64/advsimd-intrinsics/vld1x3.c -O2 compilation failed to produce executable
UNRESOLVED: gcc.target/aarch64/advsimd-intrinsics/vld1x3.c -O2 -flto -fno-use-linker-plugin -flto-partition=none compilation failed to produce executable
UNRESOLVED: gcc.target/aarch64/advsimd-intrinsics/vld1x3.c -O2 -flto -fuse-linker-plugin -fno-fat-lto-objects compilation failed to produce executable
UNRESOLVED: gcc.target/aarch64/advsimd-intrinsics/vld1x3.c -O3 -fomit-frame-pointer -funroll-loops -fpeel-loops -ftracer -finline-functions compilation failed to produce executable
UNRESOLVED: gcc.target/aarch64/advsimd-intrinsics/vld1x3.c -O3 -g compilation failed to produce executable
UNRESOLVED: gcc.target/aarch64/advsimd-intrinsics/vld1x3.c -Og -g compilation failed to produce executable
UNRESOLVED: gcc.target/aarch64/advsimd-intrinsics/vld1x3.c -Os compilation failed to produce executable
UNRESOLVED: gcc.target/aarch64/advsimd-intrinsics/vld1x4.c -O0 compilation failed to produce executable
UNRESOLVED: gcc.target/aarch64/advsimd-intrinsics/vld1x4.c -O1 compilation failed to produce executable
UNRESOLVED: gcc.target/aarch64/advsimd-intrinsics/vld1x4.c -O2 compilation failed to produce executable
UNRESOLVED: gcc.target/aarch64/advsimd-intrinsics/vld1x4.c -O2 -flto -fno-use-linker-plugin -flto-partition=none compilation failed to produce executable
UNRESOLVED: gcc.target/aarch64/advsimd-intrinsics/vld1x4.c -O2 -flto -fuse-linker-plugin -fno-fat-lto-objects compilation failed to produce executable
UNRESOLVED: gcc.target/aarch64/advsimd-intrinsics/vld1x4.c -O3 -fomit-frame-pointer -funroll-loops -fpeel-loops -ftracer -finline-functions compilation failed to produce executable
UNRESOLVED: gcc.target/aarch64/advsimd-intrinsics/vld1x4.c -O3 -g compilation failed to produce executable
UNRESOLVED: gcc.target/aarch64/advsimd-intrinsics/vld1x4.c -Og -g compilation failed to produce executable
UNRESOLVED: gcc.target/aarch64/advsimd-intrinsics/vld1x4.c -Os compilation failed to produce executable
UNRESOLVED: gcc.target/aarch64/advsimd-intrinsics/vst1x2.c -O0 compilation failed to produce executable
UNRESOLVED: gcc.target/aarch64/advsimd-intrinsics/vst1x2.c -O1 compilation failed to produce executable
UNRESOLVED: gcc.target/aarch64/advsimd-intrinsics/vst1x2.c -O2 compilation failed to produce executable
UNRESOLVED: gcc.target/aarch64/advsimd-intrinsics/vst1x2.c -O2 -flto -fno-use-linker-plugin -flto-partition=none compilation failed to produce executable
UNRESOLVED: gcc.target/aarch64/advsimd-intrinsics/vst1x2.c -O2 -flto -fuse-linker-plugin -fno-fat-lto-objects compilation failed to produce executable
UNRESOLVED: gcc.target/aarch64/advsimd-intrinsics/vst1x2.c -O3 -fomit-frame-pointer -funroll-loops -fpeel-loops -ftracer -finline-functions compilation failed to produce executable
UNRESOLVED: gcc.target/aarch64/advsimd-intrinsics/vst1x2.c -O3 -g compilation failed to produce executable
UNRESOLVED: gcc.target/aarch64/advsimd-intrinsics/vst1x2.c -Og -g compilation failed to produce executable
UNRESOLVED: gcc.target/aarch64/advsimd-intrinsics/vst1x2.c -Os compilation failed to produce executable
UNRESOLVED: gcc.target/aarch64/advsimd-intrinsics/vst1x3.c -O0 compilation failed to produce executable
UNRESOLVED: gcc.target/aarch64/advsimd-intrinsics/vst1x3.c -O1 compilation failed to produce executable
UNRESOLVED: gcc.target/aarch64/advsimd-intrinsics/vst1x3.c -O2 compilation failed to produce executable
UNRESOLVED: gcc.target/aarch64/advsimd-intrinsics/vst1x3.c -O2 -flto -fno-use-linker-plugin -flto-partition=none compilation failed to produce executable
UNRESOLVED: gcc.target/aarch64/advsimd-intrinsics/vst1x3.c -O2 -flto -fuse-linker-plugin -fno-fat-lto-objects compilation failed to produce executable
UNRESOLVED: gcc.target/aarch64/advsimd-intrinsics/vst1x3.c -O3 -fomit-frame-pointer -funroll-loops -fpeel-loops -ftracer -finline-functions compilation failed to produce executable
UNRESOLVED: gcc.target/aarch64/advsimd-intrinsics/vst1x3.c -O3 -g compilation failed to produce executable
UNRESOLVED: gcc.target/aarch64/advsimd-intrinsics/vst1x3.c -Og -g compilation failed to produce executable
UNRESOLVED: gcc.target/aarch64/advsimd-intrinsics/vst1x3.c -Os compilation failed to produce executable
UNRESOLVED: gcc.target/aarch64/advsimd-intrinsics/vst1x4.c -O0 compilation failed to produce executable
UNRESOLVED: gcc.target/aarch64/advsimd-intrinsics/vst1x4.c -O1 compilation failed to produce executable
UNRESOLVED: gcc.target/aarch64/advsimd-intrinsics/vst1x4.c -O2 compilation failed to produce executable
UNRESOLVED: gcc.target/aarch64/advsimd-intrinsics/vst1x4.c -O2 -flto -fno-use-linker-plugin -flto-partition=none compilation failed to produce executable
UNRESOLVED: gcc.target/aarch64/advsimd-intrinsics/vst1x4.c -O2 -flto -fuse-linker-plugin -fno-fat-lto-objects compilation failed to produce executable
UNRESOLVED: gcc.target/aarch64/advsimd-intrinsics/vst1x4.c -O3 -fomit-frame-pointer -funroll-loops -fpeel-loops -ftracer -finline-functions compilation failed to produce executable
UNRESOLVED: gcc.target/aarch64/advsimd-intrinsics/vst1x4.c -O3 -g compilation failed to produce executable
UNRESOLVED: gcc.target/aarch64/advsimd-intrinsics/vst1x4.c -Og -g compilation failed to produce executable
UNRESOLVED: gcc.target/aarch64/advsimd-intrinsics/vst1x4.c -Os compilation failed to produce executable
FAIL: gcc.target/arm/addr-modes-float.c scan-assembler vst3.8\\t{d[02468], d[02468], d[02468]}, \\\\[r[0-9]+\\\\]!
FAIL: gcc.target/arm/pr40457-2.c scan-assembler strd|stm
FAIL: gcc.target/arm/pr42093.c scan-assembler-not tbb
FAIL: gcc.target/arm/pr43920-2.c object-size text <= 54
FAIL: gcc.target/arm/pr43920-2.c scan-assembler-times pop 2
FAIL: gcc.target/arm/pr51534.c scan-assembler-times mov[ \\t]+r[0-9]+, #-1 6
FAIL: gcc.target/arm/reg_equal_test.c scan-rtl-dump expand "expr_list:REG_EQUAL \\\\(const_int -942519458"
FAIL: gcc.target/arm/mve/mve_load_memory_modes.c check-function-bodies not_off_load16_0
FAIL: gcc.target/arm/mve/mve_load_memory_modes.c check-function-bodies not_off_load16_1
FAIL: gcc.target/arm/mve/mve_load_memory_modes.c check-function-bodies not_off_load8_0
FAIL: gcc.target/arm/mve/mve_load_memory_modes.c check-function-bodies off_load16_0
FAIL: gcc.target/arm/mve/mve_load_memory_modes.c check-function-bodies off_load16_1
FAIL: gcc.target/arm/mve/mve_load_memory_modes.c check-function-bodies off_load32_0
FAIL: gcc.target/arm/mve/mve_load_memory_modes.c check-function-bodies off_load32_1
FAIL: gcc.target/arm/mve/mve_load_memory_modes.c check-function-bodies off_load8_0
FAIL: gcc.target/arm/mve/mve_load_memory_modes.c check-function-bodies off_load8_1
FAIL: gcc.target/arm/mve/mve_load_memory_modes.c check-function-bodies off_load8_2
FAIL: gcc.target/arm/mve/mve_load_memory_modes.c check-function-bodies off_load8_3
FAIL: gcc.target/arm/mve/mve_load_memory_modes.c check-function-bodies off_loadfp16_0
FAIL: gcc.target/arm/mve/mve_load_memory_modes.c check-function-bodies off_loadfp32_0
FAIL: gcc.target/arm/mve/mve_store_memory_modes.c check-function-bodies not_off_store16_0
FAIL: gcc.target/arm/mve/mve_store_memory_modes.c check-function-bodies not_off_store16_1
FAIL: gcc.target/arm/mve/mve_store_memory_modes.c check-function-bodies not_off_store8_0
FAIL: gcc.target/arm/mve/mve_store_memory_modes.c check-function-bodies off_store16_0
FAIL: gcc.target/arm/mve/mve_store_memory_modes.c check-function-bodies off_store16_1
FAIL: gcc.target/arm/mve/mve_store_memory_modes.c check-function-bodies off_store32_0
FAIL: gcc.target/arm/mve/mve_store_memory_modes.c check-function-bodies off_store32_1
FAIL: gcc.target/arm/mve/mve_store_memory_modes.c check-function-bodies off_store8_0
FAIL: gcc.target/arm/mve/mve_store_memory_modes.c check-function-bodies off_store8_1
FAIL: gcc.target/arm/mve/mve_store_memory_modes.c check-function-bodies off_store8_2
FAIL: gcc.target/arm/mve/mve_store_memory_modes.c check-function-bodies off_store8_3
FAIL: gcc.target/arm/mve/mve_store_memory_modes.c check-function-bodies off_storefp16_0
FAIL: gcc.target/arm/mve/mve_store_memory_modes.c check-function-bodies off_storefp32_0
FAIL: gcc.target/arm/mve/mve_store_memory_modes.c check-function-bodies pre_storefp16_0
FAIL: gcc.target/arm/mve/mve_store_memory_modes.c check-function-bodies pre_storefp32_0
FAIL: gcc.target/arm/simd/vld1_bf16_1.c (test for excess errors)
UNRESOLVED: gcc.target/arm/simd/vld1_bf16_1.c check-function-bodies test_vld1_bf16
UNRESOLVED: gcc.target/arm/simd/vld1_bf16_1.c check-function-bodies test_vld1q_bf16
FAIL: gcc.target/arm/simd/vldn_lane_bf16_1.c (test for excess errors)
UNRESOLVED: gcc.target/arm/simd/vldn_lane_bf16_1.c check-function-bodies test_vld2_lane_bf16
UNRESOLVED: gcc.target/arm/simd/vldn_lane_bf16_1.c check-function-bodies test_vld2q_lane_bf16
UNRESOLVED: gcc.target/arm/simd/vldn_lane_bf16_1.c check-function-bodies test_vld3_lane_bf16
UNRESOLVED: gcc.target/arm/simd/vldn_lane_bf16_1.c check-function-bodies test_vld3q_lane_bf16
UNRESOLVED: gcc.target/arm/simd/vldn_lane_bf16_1.c check-function-bodies test_vld4_lane_bf16
UNRESOLVED: gcc.target/arm/simd/vldn_lane_bf16_1.c check-function-bodies test_vld4q_lane_bf16
FAIL: gcc.target/arm/simd/vst1_bf16_1.c (test for excess errors)
UNRESOLVED: gcc.target/arm/simd/vst1_bf16_1.c check-function-bodies test_vst1_bf16
UNRESOLVED: gcc.target/arm/simd/vst1_bf16_1.c check-function-bodies test_vst1q_bf16
FAIL: gcc.target/arm/simd/vstn_lane_bf16_1.c (test for excess errors)
UNRESOLVED: gcc.target/arm/simd/vstn_lane_bf16_1.c check-function-bodies test_vst2_lane_bf16
UNRESOLVED: gcc.target/arm/simd/vstn_lane_bf16_1.c check-function-bodies test_vst2q_lane_bf16
UNRESOLVED: gcc.target/arm/simd/vstn_lane_bf16_1.c check-function-bodies test_vst3_lane_bf16
UNRESOLVED: gcc.target/arm/simd/vstn_lane_bf16_1.c check-function-bodies test_vst3q_lane_bf16
UNRESOLVED: gcc.target/arm/simd/vstn_lane_bf16_1.c check-function-bodies test_vst4_lane_bf16
UNRESOLVED: gcc.target/arm/simd/vstn_lane_bf16_1.c check-function-bodies test_vst4q_lane_bf16
=== gcc Summary ===
# of expected passes 153170
# of unexpected failures 91
# of unexpected successes 1
# of expected failures 1116
# of unresolved testcases 70
# of unsupported tests 7763
/tmp/2919581_10.tmpdir/aci-gcc-fsf/builds/gcc-fsf-gccsrc-thumb/obj-arm-none-linux-gnueabi/gcc3/gcc/xgcc version 12.0.0 (DEFMODE=thumb DEFARCH=armv7-a DEFCPU=default DEFFPU=default TESTFLAGS=-marm) [r12-6510] (GCC)
Host is x86_64-pc-linux-gnu
=== gfortran tests ===
Running target qemu/-marm
WARNING: skipping asan tests due to ulimit -v
WARNING: skipping asan tests due to ulimit -v
WARNING: skipping asan tests due to ulimit -v
WARNING: skipping asan tests due to ulimit -v
WARNING: skipping asan tests due to ulimit -v
WARNING: skipping asan tests due to ulimit -v
WARNING: skipping asan tests due to ulimit -v
WARNING: skipping asan tests due to ulimit -v
WARNING: skipping asan tests due to ulimit -v
FAIL: gfortran.dg/unlimited_polymorphic_3.f03 -Os execution test
FAIL: gfortran.dg/vector_subscript_1.f90 -O1 execution test
FAIL: gfortran.dg/vector_subscript_1.f90 -O2 execution test
FAIL: gfortran.dg/vector_subscript_1.f90 -O3 -fomit-frame-pointer -funroll-loops -fpeel-loops -ftracer -finline-functions execution test
FAIL: gfortran.dg/vector_subscript_1.f90 -O3 -g execution test
FAIL: gfortran.dg/vector_subscript_1.f90 -Os execution test
FAIL: gfortran.dg/ieee/ieee_1.F90 -O0 execution test
FAIL: gfortran.dg/ieee/ieee_1.F90 -O1 execution test
FAIL: gfortran.dg/ieee/ieee_1.F90 -O2 execution test
FAIL: gfortran.dg/ieee/ieee_1.F90 -O3 -fomit-frame-pointer -funroll-loops -fpeel-loops -ftracer -finline-functions execution test
FAIL: gfortran.dg/ieee/ieee_1.F90 -O3 -g execution test
FAIL: gfortran.dg/ieee/ieee_1.F90 -Os execution test
FAIL: gfortran.dg/ieee/ieee_2.f90 -O0 execution test
FAIL: gfortran.dg/ieee/ieee_2.f90 -O1 execution test
FAIL: gfortran.dg/ieee/ieee_2.f90 -O2 execution test
FAIL: gfortran.dg/ieee/ieee_2.f90 -O3 -fomit-frame-pointer -funroll-loops -fpeel-loops -ftracer -finline-functions execution test
FAIL: gfortran.dg/ieee/ieee_2.f90 -O3 -g execution test
FAIL: gfortran.dg/ieee/ieee_2.f90 -Os execution test
FAIL: gfortran.dg/ieee/large_2.f90 -O0 execution test
FAIL: gfortran.dg/ieee/large_2.f90 -O1 execution test
FAIL: gfortran.dg/ieee/large_2.f90 -O2 execution test
FAIL: gfortran.dg/ieee/large_2.f90 -O3 -fomit-frame-pointer -funroll-loops -fpeel-loops -ftracer -finline-functions execution test
FAIL: gfortran.dg/ieee/large_2.f90 -O3 -g execution test
FAIL: gfortran.dg/ieee/large_2.f90 -Os execution test
FAIL: gfortran.dg/ieee/large_3.F90 -O0 execution test
FAIL: gfortran.dg/ieee/large_3.F90 -O1 execution test
FAIL: gfortran.dg/ieee/large_3.F90 -O2 execution test
FAIL: gfortran.dg/ieee/large_3.F90 -O3 -fomit-frame-pointer -funroll-loops -fpeel-loops -ftracer -finline-functions execution test
FAIL: gfortran.dg/ieee/large_3.F90 -O3 -g execution test
FAIL: gfortran.dg/ieee/large_3.F90 -Os execution test
FAIL: gfortran.dg/ieee/rounding_1.f90 -O0 execution test
FAIL: gfortran.dg/ieee/rounding_1.f90 -O1 execution test
FAIL: gfortran.dg/ieee/rounding_1.f90 -O2 execution test
FAIL: gfortran.dg/ieee/rounding_1.f90 -O3 -fomit-frame-pointer -funroll-loops -fpeel-loops -ftracer -finline-functions execution test
FAIL: gfortran.dg/ieee/rounding_1.f90 -O3 -g execution test
FAIL: gfortran.dg/ieee/rounding_1.f90 -Os execution test
=== gfortran Summary ===
# of expected passes 63572
# of unexpected failures 36
# of expected failures 233
# of unsupported tests 542
/tmp/2919581_10.tmpdir/aci-gcc-fsf/builds/gcc-fsf-gccsrc-thumb/obj-arm-none-linux-gnueabi/gcc3/gcc/gfortran version 12.0.0 (DEFMODE=thumb DEFARCH=armv7-a DEFCPU=default DEFFPU=default TESTFLAGS=-marm) [r12-6510] (GCC)
Host is x86_64-pc-linux-gnu
=== g++ tests ===
Running target qemu/-marm
WARNING: skipping asan tests due to ulimit -v
WARNING: skipping asan tests due to ulimit -v
FAIL: g++.dg/cpp0x/constexpr-diag5.C -std=c++14 (test for excess errors)
FAIL: g++.dg/cpp0x/constexpr-diag5.C -std=c++17 (test for excess errors)
FAIL: g++.dg/cpp0x/constexpr-diag5.C -std=c++2a (test for excess errors)
FAIL: g++.dg/cpp1y/constexpr-return3.C -std=c++14 (test for excess errors)
FAIL: g++.dg/cpp1y/constexpr-return3.C -std=c++17 (test for excess errors)
FAIL: g++.dg/cpp1y/constexpr-return3.C -std=c++2a (test for excess errors)
FAIL: g++.dg/cpp2a/constexpr-dtor3.C -std=c++2a (test for warnings, line 154)
FAIL: g++.dg/warn/Waddress-5.C -std=gnu++14 (test for excess errors)
FAIL: g++.dg/warn/Waddress-5.C -std=gnu++17 (test for excess errors)
FAIL: g++.dg/warn/Waddress-5.C -std=gnu++2a (test for excess errors)
FAIL: g++.dg/warn/Waddress-5.C -std=gnu++98 (test for excess errors)
WARNING: g++.dg/lto/20100519-1 cp_lto_20100519-1_0.o assemble, -O0 -flto -flto-partition=none -fuse-linker-plugin program timed out.
FAIL: g++.dg/lto/pr65276 cp_lto_pr65276_0.o-cp_lto_pr65276_1.o link, -flto -O0 -std=c++11
FAIL: g++.dg/modules/bad-mapper-3.C -std=c++17 at line 3 (test for errors, line )
FAIL: g++.dg/modules/bad-mapper-3.C -std=c++17 (test for excess errors)
FAIL: g++.dg/modules/bad-mapper-3.C -std=c++2a at line 3 (test for errors, line )
FAIL: g++.dg/modules/bad-mapper-3.C -std=c++2a (test for excess errors)
FAIL: g++.dg/modules/bad-mapper-3.C -std=c++2b at line 3 (test for errors, line )
FAIL: g++.dg/modules/bad-mapper-3.C -std=c++2b (test for excess errors)
FAIL: g++.dg/modules/virt-2_a.C -std=c++17 scan-assembler _ZTI7Visitor:
FAIL: g++.dg/modules/virt-2_a.C -std=c++17 scan-assembler _ZTS7Visitor:
FAIL: g++.dg/modules/virt-2_a.C -std=c++17 scan-assembler _ZTV7Visitor:
FAIL: g++.dg/modules/virt-2_a.C -std=c++2a scan-assembler _ZTI7Visitor:
FAIL: g++.dg/modules/virt-2_a.C -std=c++2a scan-assembler _ZTS7Visitor:
FAIL: g++.dg/modules/virt-2_a.C -std=c++2a scan-assembler _ZTV7Visitor:
FAIL: g++.dg/modules/virt-2_a.C -std=c++2b scan-assembler _ZTI7Visitor:
FAIL: g++.dg/modules/virt-2_a.C -std=c++2b scan-assembler _ZTS7Visitor:
FAIL: g++.dg/modules/virt-2_a.C -std=c++2b scan-assembler _ZTV7Visitor:
XPASS: g++.target/arm/bfloat_cpp_typecheck.C (test for bogus messages, line 10)
XPASS: g++.target/arm/bfloat_cpp_typecheck.C (test for bogus messages, line 11)
FAIL: g++.target/arm/no_unique_address_1.C check-function-bodies _Z8caller_pR1P
FAIL: g++.target/arm/no_unique_address_2.C (test for warnings, line 163)
FAIL: g++.target/arm/no_unique_address_2.C check-function-bodies _Z8caller_pR1P
=== g++ Summary ===
# of expected passes 223882
# of unexpected failures 30
# of unexpected successes 2
# of expected failures 1567
# of unsupported tests 10210
/tmp/2919581_10.tmpdir/aci-gcc-fsf/builds/gcc-fsf-gccsrc-thumb/obj-arm-none-linux-gnueabi/gcc3/gcc/xg++ version 12.0.0 (DEFMODE=thumb DEFARCH=armv7-a DEFCPU=default DEFFPU=default TESTFLAGS=-marm) [r12-6510] (GCC)
Compiler version: 12.0.0 (DEFMODE=thumb DEFARCH=armv7-a DEFCPU=default DEFFPU=default TESTFLAGS=-marm) [r12-6510] (GCC)
Platform: arm-none-linux-gnueabi
configure flags: --target=arm-none-linux-gnueabi --prefix=/tmp/2919581_10.tmpdir/aci-gcc-fsf/builds/gcc-fsf-gccsrc-thumb/tools --with-sysroot=/tmp/2919581_10.tmpdir/aci-gcc-fsf/builds/gcc-fsf-gccsrc-thumb/sysroot-arm-none-linux-gnueabi --disable-nls --disable-libgomp --disable-libmudflap --disable-libcilkrts --enable-checking --enable-languages=c,c++,fortran --with-float=soft --enable-build-with-cxx --with-mode=thumb --with-arch=armv7-a
More information about the Gcc-testresults
mailing list