Results for 12.0.0 20220108 (experimental) [master revision r12-6379-g55e96bf91237] (GCC) testsuite on x86_64-apple-darwin17
Iain Sandoe
iains.gcc@gmail.com
Tue Jan 11 07:54:35 GMT 2022
LAST_UPDATED: Sat Jan 8 00:18:10 UTC 2022 (revision r12-6379-g55e96bf91237)
=== acats tests ===
=== acats Summary ===
# of expected passes 2328
# of unexpected failures 0
Native configuration is x86_64-apple-darwin17
=== g++ tests ===
Running target unix/-m32
FAIL: c-c++-common/asan/alloca_big_alignment.c -Os output pattern test
FAIL: c-c++-common/asan/alloca_detect_custom_size.c -Os output pattern test
FAIL: c-c++-common/asan/alloca_overflow_partial.c -Os output pattern test
FAIL: c-c++-common/asan/alloca_overflow_right.c -Os output pattern test
FAIL: c-c++-common/asan/alloca_underflow_left.c -Os output pattern test
FAIL: g++.dg/asan/pr69276.C -O0 output pattern test
FAIL: g++.dg/ext/pr84828.C -std=gnu++14 (internal compiler error: in change_stack, at reg-stack.c:2660)
FAIL: g++.dg/ext/pr84828.C -std=gnu++14 (test for excess errors)
FAIL: g++.dg/ext/pr84828.C -std=gnu++17 (internal compiler error: in change_stack, at reg-stack.c:2660)
FAIL: g++.dg/ext/pr84828.C -std=gnu++17 (test for excess errors)
FAIL: g++.dg/ext/pr84828.C -std=gnu++2a (internal compiler error: in change_stack, at reg-stack.c:2660)
FAIL: g++.dg/ext/pr84828.C -std=gnu++2a (test for excess errors)
FAIL: g++.dg/ext/pr84828.C -std=gnu++98 (internal compiler error: in change_stack, at reg-stack.c:2660)
FAIL: g++.dg/ext/pr84828.C -std=gnu++98 (test for excess errors)
FAIL: g++.dg/init/array61.C -std=c++14 scan-tree-dump-times gimple "item::item" 1
FAIL: g++.dg/init/array61.C -std=c++17 scan-tree-dump-times gimple "item::item" 1
FAIL: g++.dg/init/array61.C -std=c++2a scan-tree-dump-times gimple "item::item" 1
FAIL: g++.dg/ipa/pr67056.C scan-ipa-dump cp "Speculative outer type:struct CompositeClass"
FAIL: g++.dg/lto/pr65276 cp_lto_pr65276_0.o-cp_lto_pr65276_1.o link, -flto -O0 -std=c++11
FAIL: g++.dg/modules/xtreme-header-5_a.H -std=c++17 (internal compiler error: tree check: expected none of template_decl, have template_decl in add_specializations, at cp/module.cc:12969)
FAIL: g++.dg/modules/xtreme-header-5_a.H -std=c++17 (test for excess errors)
FAIL: g++.dg/modules/xtreme-header-5_a.H -std=c++2a (internal compiler error: tree check: expected none of template_decl, have template_decl in add_specializations, at cp/module.cc:12969)
FAIL: g++.dg/modules/xtreme-header-5_a.H -std=c++2a (test for excess errors)
FAIL: g++.dg/modules/xtreme-header-5_a.H -std=c++2b (internal compiler error: tree check: expected none of template_decl, have template_decl in add_specializations, at cp/module.cc:12969)
FAIL: g++.dg/modules/xtreme-header-5_a.H -std=c++2b (test for excess errors)
FAIL: g++.dg/modules/xtreme-header-5_a.H module-cmi (gcm.cache/\$srcdir/g++.dg/modules/xtreme-header-5_a.H.gcm)
FAIL: g++.dg/modules/xtreme-header-5_a.H module-cmi (gcm.cache/\$srcdir/g++.dg/modules/xtreme-header-5_a.H.gcm)
FAIL: g++.dg/modules/xtreme-header-5_a.H module-cmi (gcm.cache/\$srcdir/g++.dg/modules/xtreme-header-5_a.H.gcm)
FAIL: g++.dg/modules/xtreme-header-5_b.C -std=c++17 (test for excess errors)
FAIL: g++.dg/modules/xtreme-header-5_b.C -std=c++2a (test for excess errors)
FAIL: g++.dg/modules/xtreme-header-5_b.C -std=c++2b (test for excess errors)
FAIL: g++.dg/modules/xtreme-header-5_c.C -std=c++17 (test for excess errors)
FAIL: g++.dg/modules/xtreme-header-5_c.C -std=c++2a (test for excess errors)
FAIL: g++.dg/modules/xtreme-header-5_c.C -std=c++2b (test for excess errors)
FAIL: g++.dg/modules/xtreme-header_a.H -std=c++17 (internal compiler error: tree check: expected none of template_decl, have template_decl in add_specializations, at cp/module.cc:12969)
FAIL: g++.dg/modules/xtreme-header_a.H -std=c++17 (test for excess errors)
FAIL: g++.dg/modules/xtreme-header_a.H -std=c++2a (internal compiler error: tree check: expected none of template_decl, have template_decl in add_specializations, at cp/module.cc:12969)
FAIL: g++.dg/modules/xtreme-header_a.H -std=c++2a (test for excess errors)
FAIL: g++.dg/modules/xtreme-header_a.H -std=c++2b (internal compiler error: tree check: expected none of template_decl, have template_decl in add_specializations, at cp/module.cc:12969)
FAIL: g++.dg/modules/xtreme-header_a.H -std=c++2b (test for excess errors)
FAIL: g++.dg/modules/xtreme-header_a.H module-cmi (gcm.cache/\$srcdir/g++.dg/modules/xtreme-header_a.H.gcm)
FAIL: g++.dg/modules/xtreme-header_a.H module-cmi (gcm.cache/\$srcdir/g++.dg/modules/xtreme-header_a.H.gcm)
FAIL: g++.dg/modules/xtreme-header_a.H module-cmi (gcm.cache/\$srcdir/g++.dg/modules/xtreme-header_a.H.gcm)
FAIL: g++.dg/modules/xtreme-header_b.C -std=c++17 (test for excess errors)
FAIL: g++.dg/modules/xtreme-header_b.C -std=c++2a (test for excess errors)
FAIL: g++.dg/modules/xtreme-header_b.C -std=c++2b (test for excess errors)
=== g++ Summary for unix/-m32 ===
# of expected passes 217036
# of unexpected failures 46
# of expected failures 1564
# of unsupported tests 10227
Running target unix/-m64
FAIL: c-c++-common/asan/alloca_big_alignment.c -Os output pattern test
FAIL: c-c++-common/asan/alloca_detect_custom_size.c -Os output pattern test
FAIL: c-c++-common/asan/alloca_overflow_partial.c -Os output pattern test
FAIL: c-c++-common/asan/alloca_overflow_right.c -Os output pattern test
FAIL: c-c++-common/asan/alloca_underflow_left.c -Os output pattern test
FAIL: g++.dg/asan/pr69276.C -O0 output pattern test
FAIL: g++.dg/init/array61.C -std=c++14 scan-tree-dump-times gimple "item::item" 1
FAIL: g++.dg/init/array61.C -std=c++17 scan-tree-dump-times gimple "item::item" 1
FAIL: g++.dg/init/array61.C -std=c++2a scan-tree-dump-times gimple "item::item" 1
FAIL: g++.dg/ipa/pr67056.C scan-ipa-dump cp "Speculative outer type:struct CompositeClass"
FAIL: g++.dg/lto/pr65276 cp_lto_pr65276_0.o-cp_lto_pr65276_1.o link, -flto -O0 -std=c++11
FAIL: g++.dg/modules/xtreme-header-5_a.H -std=c++17 (internal compiler error: tree check: expected none of template_decl, have template_decl in add_specializations, at cp/module.cc:12969)
FAIL: g++.dg/modules/xtreme-header-5_a.H -std=c++17 (test for excess errors)
FAIL: g++.dg/modules/xtreme-header-5_a.H -std=c++2a (internal compiler error: tree check: expected none of template_decl, have template_decl in add_specializations, at cp/module.cc:12969)
FAIL: g++.dg/modules/xtreme-header-5_a.H -std=c++2a (test for excess errors)
FAIL: g++.dg/modules/xtreme-header-5_a.H -std=c++2b (internal compiler error: tree check: expected none of template_decl, have template_decl in add_specializations, at cp/module.cc:12969)
FAIL: g++.dg/modules/xtreme-header-5_a.H -std=c++2b (test for excess errors)
FAIL: g++.dg/modules/xtreme-header-5_a.H module-cmi (gcm.cache/\$srcdir/g++.dg/modules/xtreme-header-5_a.H.gcm)
FAIL: g++.dg/modules/xtreme-header-5_a.H module-cmi (gcm.cache/\$srcdir/g++.dg/modules/xtreme-header-5_a.H.gcm)
FAIL: g++.dg/modules/xtreme-header-5_a.H module-cmi (gcm.cache/\$srcdir/g++.dg/modules/xtreme-header-5_a.H.gcm)
FAIL: g++.dg/modules/xtreme-header-5_b.C -std=c++17 (test for excess errors)
FAIL: g++.dg/modules/xtreme-header-5_b.C -std=c++2a (test for excess errors)
FAIL: g++.dg/modules/xtreme-header-5_b.C -std=c++2b (test for excess errors)
FAIL: g++.dg/modules/xtreme-header-5_c.C -std=c++17 (test for excess errors)
FAIL: g++.dg/modules/xtreme-header-5_c.C -std=c++2a (test for excess errors)
FAIL: g++.dg/modules/xtreme-header-5_c.C -std=c++2b (test for excess errors)
FAIL: g++.dg/modules/xtreme-header_a.H -std=c++17 (internal compiler error: tree check: expected none of template_decl, have template_decl in add_specializations, at cp/module.cc:12969)
FAIL: g++.dg/modules/xtreme-header_a.H -std=c++17 (test for excess errors)
FAIL: g++.dg/modules/xtreme-header_a.H -std=c++2a (internal compiler error: tree check: expected none of template_decl, have template_decl in add_specializations, at cp/module.cc:12969)
FAIL: g++.dg/modules/xtreme-header_a.H -std=c++2a (test for excess errors)
FAIL: g++.dg/modules/xtreme-header_a.H -std=c++2b (internal compiler error: tree check: expected none of template_decl, have template_decl in add_specializations, at cp/module.cc:12969)
FAIL: g++.dg/modules/xtreme-header_a.H -std=c++2b (test for excess errors)
FAIL: g++.dg/modules/xtreme-header_a.H module-cmi (gcm.cache/\$srcdir/g++.dg/modules/xtreme-header_a.H.gcm)
FAIL: g++.dg/modules/xtreme-header_a.H module-cmi (gcm.cache/\$srcdir/g++.dg/modules/xtreme-header_a.H.gcm)
FAIL: g++.dg/modules/xtreme-header_a.H module-cmi (gcm.cache/\$srcdir/g++.dg/modules/xtreme-header_a.H.gcm)
FAIL: g++.dg/modules/xtreme-header_b.C -std=c++17 (test for excess errors)
FAIL: g++.dg/modules/xtreme-header_b.C -std=c++2a (test for excess errors)
FAIL: g++.dg/modules/xtreme-header_b.C -std=c++2b (test for excess errors)
FAIL: g++.target/i386/avx512vl-pr54700-2a.C (test for excess errors)
UNRESOLVED: g++.target/i386/avx512vl-pr54700-2a.C compilation failed to produce executable
FAIL: g++.target/i386/avx512vl-pr54700-2b.C (test for excess errors)
UNRESOLVED: g++.target/i386/avx512vl-pr54700-2b.C compilation failed to produce executable
=== g++ Summary for unix/-m64 ===
# of expected passes 219371
# of unexpected failures 40
# of expected failures 1572
# of unresolved testcases 2
# of unsupported tests 10373
=== g++ Summary ===
# of expected passes 436407
# of unexpected failures 86
# of expected failures 3136
# of unresolved testcases 2
# of unsupported tests 20600
/scratch/10-13-his/gcc-master/gcc/xg++ version 12.0.0 20220108 (experimental) [master revision r12-6379-g55e96bf91237] (GCC)
=== gcc tests ===
Running target unix/-m32
FAIL: gcc.dg/analyzer/data-model-1.c (test for warnings, line 528)
FAIL: gcc.dg/analyzer/data-model-1.c (test for warnings, line 529)
FAIL: gcc.dg/analyzer/data-model-1.c (test for warnings, line 531)
FAIL: gcc.dg/analyzer/data-model-1.c (test for warnings, line 532)
FAIL: gcc.dg/analyzer/data-model-1.c (test for excess errors)
FAIL: gcc.dg/analyzer/pr103526.c (test for bogus messages, line 31)
FAIL: gcc.dg/analyzer/taint-size-1.c event: following true branch at line 22 (test for warnings, line 21)
FAIL: gcc.dg/analyzer/taint-size-1.c event: to here at line 24 (test for warnings, line 23)
FAIL: gcc.dg/analyzer/taint-size-1.c final event at line 28 (test for warnings, line 26)
FAIL: gcc.dg/analyzer/taint-size-1.c warning (test for warnings, line 26)
FAIL: gcc.dg/analyzer/write-to-string-literal-1.c (test for warnings, line 15)
FAIL: gcc.dg/analyzer/torture/asm-x86-linux-rdmsr-paravirt.c -O1 (test for excess errors)
FAIL: gcc.dg/analyzer/torture/asm-x86-linux-rdmsr-paravirt.c -O2 (test for excess errors)
FAIL: gcc.dg/analyzer/torture/asm-x86-linux-rdmsr-paravirt.c -O2 -flto (test for excess errors)
FAIL: gcc.dg/analyzer/torture/asm-x86-linux-rdmsr-paravirt.c -O2 -flto -flto-partition=none (test for excess errors)
FAIL: gcc.dg/analyzer/torture/asm-x86-linux-rdmsr-paravirt.c -O3 -g (test for excess errors)
FAIL: gcc.dg/analyzer/torture/asm-x86-linux-rdmsr-paravirt.c -Os (test for excess errors)
FAIL: c-c++-common/asan/alloca_big_alignment.c -Os output pattern test
FAIL: c-c++-common/asan/alloca_detect_custom_size.c -Os output pattern test
FAIL: c-c++-common/asan/alloca_overflow_partial.c -Os output pattern test
FAIL: c-c++-common/asan/alloca_overflow_right.c -Os output pattern test
FAIL: c-c++-common/asan/alloca_underflow_left.c -Os output pattern test
WARNING: gcc.dg/atomic/c11-atomic-exec-5.c -O0 execution test program timed out.
FAIL: gcc.dg/atomic/c11-atomic-exec-5.c -O0 execution test
WARNING: gcc.dg/atomic/c11-atomic-exec-5.c -O1 execution test program timed out.
FAIL: gcc.dg/atomic/c11-atomic-exec-5.c -O1 execution test
WARNING: gcc.dg/atomic/c11-atomic-exec-5.c -O2 execution test program timed out.
FAIL: gcc.dg/atomic/c11-atomic-exec-5.c -O2 execution test
WARNING: gcc.dg/atomic/c11-atomic-exec-5.c -O2 -flto execution test program timed out.
FAIL: gcc.dg/atomic/c11-atomic-exec-5.c -O2 -flto execution test
WARNING: gcc.dg/atomic/c11-atomic-exec-5.c -O2 -flto -flto-partition=none execution test program timed out.
FAIL: gcc.dg/atomic/c11-atomic-exec-5.c -O2 -flto -flto-partition=none execution test
WARNING: gcc.dg/atomic/c11-atomic-exec-5.c -O3 -fomit-frame-pointer -funroll-loops -fpeel-loops -ftracer -finline-functions execution test program timed out.
FAIL: gcc.dg/atomic/c11-atomic-exec-5.c -O3 -fomit-frame-pointer -funroll-loops -fpeel-loops -ftracer -finline-functions execution test
WARNING: gcc.dg/atomic/c11-atomic-exec-5.c -O3 -g execution test program timed out.
FAIL: gcc.dg/atomic/c11-atomic-exec-5.c -O3 -g execution test
WARNING: gcc.dg/atomic/c11-atomic-exec-5.c -Os execution test program timed out.
FAIL: gcc.dg/atomic/c11-atomic-exec-5.c -Os execution test
FAIL: gcc.dg/debug/dwarf2/inline4.c scan-assembler DW_TAG_inlined_subroutine[^\\\\(]*\\\\([^\\\\)]*\\\\)[^\\\\(]*\\\\(DIE \\\\(0x[0-9a-f]*\\\\) DW_TAG_formal_parameter[^\\\\(]*\\\\(DIE \\\\(0x[0-9a-f]*\\\\) DW_TAG_variable
FAIL: gcc.dg/pr102892-1.c (test for excess errors)
FAIL: c-c++-common/goacc/firstprivate-mappings-1.c scan-tree-dump omplower "(?n)#pragma omp target oacc_parallel map\\\\(from:array_so \\\\[len: 4\\\\]\\\\) firstprivate\\\\(array_li.[0-9]+\\\\) map\\\\(tofrom:\\\\(\\\\*array.[0-9]+\\\\) \\\\[len: D\\\\.[0-9]+\\\\]\\\\) map\\\\(firstprivate:array \\\\[pointer assign, bias: 0\\\\]\\\\) \\\\["
FAIL: gcc.dg/graphite/scop-19.c scan-tree-dump-times graphite "number of SCoPs: 0" 1
FAIL: gcc.dg/ipa/ipa-icf-38.c scan-ltrans-tree-dump-not optimized "Function bar"
FAIL: gcc-dg-lto-modref-3-01.exe scan-wpa-ipa-dump modref "parm 1 flags: no_direct_clobber no_direct_escape"
FAIL: gcc-dg-lto-modref-4-01.exe scan-wpa-ipa-dump modref "parm 1 flags: no_direct_clobber no_direct_escape"
FAIL: gcc.dg/lto/modref-3 c_lto_modref-3_0.o-c_lto_modref-3_1.o execute -O2 -flto-partition=max -fdump-ipa-modref -fno-ipa-sra -fno-ipa-cp -flto
FAIL: gcc.dg/lto/modref-4 c_lto_modref-4_0.o-c_lto_modref-4_1.o execute -O2 -flto-partition=max -fdump-ipa-modref -fno-ipa-sra -flto
FAIL: gcc.dg/torture/builtin-self.c -O0 scan-assembler-not \\tcall
FAIL: gcc.dg/tree-ssa/scev-3.c scan-tree-dump-times ivopts "&a" 1
FAIL: gcc.dg/tree-ssa/scev-5.c scan-tree-dump-times ivopts "&a" 1
FAIL: gcc.dg/vect/bb-slp-17.c -flto -ffat-lto-objects scan-tree-dump-times slp2 "optimized: basic block" 1
FAIL: gcc.dg/vect/bb-slp-17.c scan-tree-dump-times slp2 "optimized: basic block" 1
XPASS: gcc.dg/vect/vect-reduc-in-order-1.c -flto -ffat-lto-objects execution test
XPASS: gcc.dg/vect/vect-reduc-in-order-1.c execution test
XPASS: gcc.dg/vect/vect-reduc-in-order-2.c -flto -ffat-lto-objects execution test
XPASS: gcc.dg/vect/vect-reduc-in-order-2.c execution test
XPASS: gcc.dg/vect/vect-reduc-in-order-3.c -flto -ffat-lto-objects execution test
XPASS: gcc.dg/vect/vect-reduc-in-order-3.c execution test
XPASS: gcc.dg/vect/vect-reduc-in-order-4.c -flto -ffat-lto-objects execution test
XPASS: gcc.dg/vect/vect-reduc-in-order-4.c execution test
FAIL: outputs-25 exe savetmp named2-4: outputs.args.3
FAIL: outputs-25 exe savetmp named2-4: std out
FAIL: gcc.target/i386/auto-init-3.c scan-assembler-times fldz 3
FAIL: gcc.target/i386/auto-init-4.c scan-assembler-times long\\t-16843010 3
FAIL: gcc.target/i386/auto-init-5.c scan-assembler-times \\\\.long\\t0 12
FAIL: gcc.target/i386/avx2-shiftqihi-constant-2.c (test for excess errors)
UNRESOLVED: gcc.target/i386/avx2-shiftqihi-constant-2.c compilation failed to produce executable
FAIL: gcc.target/i386/avx512bf16-cvtsbh2ss-1.c scan-assembler-times movl 1
FAIL: gcc.target/i386/avx512fp16-13.c scan-assembler-times vmovdqu16[ \\\\t]*[^,]*,[^{\\n]*%xmm[0-9] 1
FAIL: gcc.target/i386/avx512fp16-13.c scan-assembler-times vmovdqu16[ \\\\t]*[^,]*,[^{\\n]*%ymm[0-9] 1
FAIL: gcc.target/i386/avx512fp16-13.c scan-assembler-times vmovdqu16[ \\\\t]*[^{\\n]*%xmm[0-9], *[^,]* 1
FAIL: gcc.target/i386/avx512fp16-13.c scan-assembler-times vmovdqu16[ \\\\t]*[^{\\n]*%ymm[0-9], *[^,]* 1
FAIL: gcc.target/i386/avx512fp16-pr101846.c scan-assembler-times vpmovdw 3
FAIL: gcc.target/i386/avx512fp16-vcvtsh2si-1a.c scan-assembler-times vcvtsh2si[ \\\\t]+[^{\\n]*%xmm[0-9]+[^\\n\\r]*%eax 1
FAIL: gcc.target/i386/avx512fp16-vcvtsh2si-1a.c scan-assembler-times vcvtsh2si[ \\\\t]+{rn-sae}[^{\\n]*%xmm[0-9]+[^\\n\\r]*%eax 1
FAIL: gcc.target/i386/avx512fp16-vcvtsh2usi-1a.c scan-assembler-times vcvtsh2usi[ \\\\t]+[^{\\n]*%xmm[0-9]+[^\\n\\r]*%eax 1
FAIL: gcc.target/i386/avx512fp16-vcvtsh2usi-1a.c scan-assembler-times vcvtsh2usi[ \\\\t]+{rn-sae}[^{\\n]*%xmm[0-9]+[^\\n\\r]*%eax 1
FAIL: gcc.target/i386/avx512fp16-vcvttsh2si-1a.c scan-assembler-times vcvttsh2si[ \\\\t]+[^{\\n]*%xmm[0-9]+[^\\n\\r]*%eax 1
FAIL: gcc.target/i386/avx512fp16-vcvttsh2si-1a.c scan-assembler-times vcvttsh2si[ \\\\t]+{sae}[^{\\n]*%xmm[0-9]+[^\\n\\r]*%eax 1
FAIL: gcc.target/i386/avx512fp16-vcvttsh2usi-1a.c scan-assembler-times vcvttsh2usi[ \\\\t]+[^{\\n]*%xmm[0-9]+[^\\n\\r]*%eax 1
FAIL: gcc.target/i386/avx512fp16-vcvttsh2usi-1a.c scan-assembler-times vcvttsh2usi[ \\\\t]+{sae}[^{\\n]*%xmm[0-9]+[^\\n\\r]*%eax 1
FAIL: gcc.target/i386/avx512fp16-vmovsh-1a.c scan-assembler-times vmovsh[ \\\\t]+%xmm[0-9]+[^\\n\\r]*%[er]ax+[^\\n\\r]*{%k[0-9]}(?:\\n|[ \\\\t]+#) 1
FAIL: gcc.target/i386/avx512fp16-vmovsh-1a.c scan-assembler-times vmovsh[ \\\\t]+[^\\n\\r]*%[er]ax+[^\\n\\r]*%xmm[0-9]+{%k[0-9]}(?:\\n|[ \\\\t]+#) 1
FAIL: gcc.target/i386/avx512fp16-vmovsh-1a.c scan-assembler-times vmovsh[ \\\\t]+[^\\n\\r]*%[er]ax+[^\\n\\r]*%xmm[0-9]+{%k[0-9]}{z}[^\\n\\r]*(?:\\n|[ \\\\t]+#) 1
XPASS: gcc.target/i386/bitwise_mask_op-3.c scan-assembler-times kmovb[\\t ] 4
XPASS: gcc.target/i386/bitwise_mask_op-3.c scan-assembler-times korb[\\t ] 1
XPASS: gcc.target/i386/bitwise_mask_op-3.c scan-assembler-times kxorb[\\t ] 1
FAIL: gcc.target/i386/harden-sls-4.c scan-assembler jmp[ \\t]+\\\\*_?fptr
FAIL: gcc.target/i386/harden-sls-5.c scan-assembler-times ret 1
FAIL: gcc.target/i386/memcpy-strategy-10.c scan-assembler call\\tmemcpy
FAIL: gcc.target/i386/memcpy-strategy-5.c scan-assembler call\\tmemcpy
FAIL: gcc.target/i386/memset-strategy-5.c scan-assembler call\\tmemset
FAIL: gcc.target/i386/memset-strategy-7.c scan-assembler call\\tmemset
FAIL: gcc.target/i386/pad-3.c scan-assembler-not nop
FAIL: gcc.target/i386/pieces-memset-11.c scan-assembler-times vmovdqu[ \\\\t]+[^\\n]*%ymm 2
FAIL: gcc.target/i386/pieces-memset-14.c scan-assembler-times vmovdqu[ \\\\t]+[^\\n]*%ymm 1
FAIL: gcc.target/i386/pieces-memset-2.c scan-assembler-times vmovdqu[ \\\\t]+[^\\n]*%ymm 2
FAIL: gcc.target/i386/pieces-memset-20.c scan-assembler-times vmovdqu[ \\\\t]+[^\\n]*%ymm 2
FAIL: gcc.target/i386/pieces-memset-23.c scan-assembler-times vmovdqu[ \\\\t]+[^\\n]*%ymm 1
FAIL: gcc.target/i386/pieces-memset-29.c scan-assembler-times vmovdqu[ \\\\t]+[^\\n]*%ymm 2
FAIL: gcc.target/i386/pieces-memset-30.c scan-assembler-times vmovdqu[ \\\\t]+[^\\n]*%ymm 2
FAIL: gcc.target/i386/pieces-memset-33.c scan-assembler-times vmovdqu[ \\\\t]+[^\\n]*%ymm 1
FAIL: gcc.target/i386/pieces-memset-34.c scan-assembler-times vmovdqu[ \\\\t]+[^\\n]*%ymm 1
FAIL: gcc.target/i386/pieces-memset-37.c scan-assembler-times vmovdqu[ \\\\t]+[^\\n]*%ymm 2
FAIL: gcc.target/i386/pieces-memset-44.c scan-assembler-times vmovdqu[ \\\\t]+[^\\n]*%xmm 1
FAIL: gcc.target/i386/pieces-memset-44.c scan-assembler-times vmovdqu[ \\\\t]+[^\\n]*%ymm 1
FAIL: gcc.target/i386/pieces-memset-5.c scan-assembler-times vmovdqu[ \\\\t]+[^\\n]*%ymm 1
FAIL: gcc.target/i386/pr100704-3.c scan-assembler push[lq]\\tfoooo+
FAIL: gcc.target/i386/pr100865-2.c scan-assembler-not vmovdqa
FAIL: gcc.target/i386/pr100865-2.c scan-assembler-times vpbroadcastb[\\\\t ]+%xmm[0-9]+, %xmm[0-9]+ 1
FAIL: gcc.target/i386/pr100865-3.c scan-assembler-not vmovdqa
FAIL: gcc.target/i386/pr100865-3.c scan-assembler-times vpbroadcastb[\\\\t ]+%(?:r|e)[^\\n]*, %xmm[0-9]+ 1
FAIL: gcc.target/i386/pr100865-4a.c scan-assembler-not vmovdqa
FAIL: gcc.target/i386/pr100865-4a.c scan-assembler-times vpbroadcastb[\\\\t ]+%xmm[0-9]+, %ymm[0-9]+ 1
FAIL: gcc.target/i386/pr100865-4b.c scan-assembler-not vmovdqa
FAIL: gcc.target/i386/pr100865-4b.c scan-assembler-times vpbroadcastb[\\\\t ]+%(?:r|e)[^\\n]*, %ymm[0-9]+ 1
FAIL: gcc.target/i386/pr100865-5a.c scan-assembler-not vmovdqa
FAIL: gcc.target/i386/pr100865-5a.c scan-assembler-times vpbroadcastw[\\\\t ]+%xmm[0-9]+, %ymm[0-9]+ 1
FAIL: gcc.target/i386/pr100865-5b.c scan-assembler-not vmovdqa
FAIL: gcc.target/i386/pr100865-5b.c scan-assembler-times vpbroadcastw[\\\\t ]+%(?:r|e)[^\\n]*, %ymm[0-9]+ 1
FAIL: gcc.target/i386/pr100865-6a.c scan-assembler-not vmovdqa
FAIL: gcc.target/i386/pr100865-6a.c scan-assembler-times vpbroadcastd[\\\\t ]+%xmm[0-9]+, %ymm[0-9]+ 1
FAIL: gcc.target/i386/pr100865-6b.c scan-assembler-not vmovdqa
FAIL: gcc.target/i386/pr100865-6b.c scan-assembler-times vpbroadcastd[\\\\t ]+%(?:r|e)[^\\n]*, %ymm[0-9]+ 1
FAIL: gcc.target/i386/pr100865-6c.c scan-assembler-not vmovdqa
FAIL: gcc.target/i386/pr100865-6c.c scan-assembler-times vbroadcastss 1
FAIL: gcc.target/i386/pr100865-7b.c scan-assembler-not vmovdqa
FAIL: gcc.target/i386/pr100865-7b.c scan-assembler-times vpbroadcastq[\\\\t ]+[^\\n]*, %ymm[0-9]+ 1
FAIL: gcc.target/i386/pr101796-1.c scan-assembler-not vpsllvw[ \\\\t]
FAIL: gcc.target/i386/pr101796-1.c scan-assembler-not vpsravw[ \\\\t]
FAIL: gcc.target/i386/pr101796-1.c scan-assembler-not vpsrlvw[ \\\\t]
FAIL: gcc.target/i386/pr101796-1.c scan-assembler-times vpsllw[ \\\\t] 1
FAIL: gcc.target/i386/pr101796-1.c scan-assembler-times vpsraw[ \\\\t] 1
FAIL: gcc.target/i386/pr101796-1.c scan-assembler-times vpsrlw[ \\\\t] 1
FAIL: gcc.target/i386/pr101846-2.c scan-assembler-times vpmovdw 3
FAIL: gcc.target/i386/pr101846-2.c scan-assembler-times vpmovqd 3
FAIL: gcc.target/i386/pr101846-2.c scan-assembler-times vpmovwb 3
FAIL: gcc.target/i386/pr101989-broadcast-1.c scan-assembler-times \\\\{1to4\\\\} 4
FAIL: gcc.target/i386/pr102021.c scan-assembler-not vmovdqa
FAIL: gcc.target/i386/pr102021.c scan-assembler-times vpbroadcastq[\\\\t ]+[^\\n]*, %ymm[0-9]+ 1
FAIL: gcc.target/i386/pr102230.c scan-assembler-times movq[\\\\t ]*%mm2, %mm0 1
FAIL: gcc.target/i386/pr11877-2.c scan-assembler-not \\\\\$0,
FAIL: gcc.target/i386/pr11877.c scan-assembler-not \\\\\$0,
FAIL: gcc.target/i386/pr15184-1.c scan-assembler-times movb[ \\\\t]+%al 4
FAIL: gcc.target/i386/pr15184-2.c scan-assembler-times movb[ \\\\t]+%al 2
FAIL: gcc.target/i386/pr36502.c scan-assembler-not esp
FAIL: gcc.target/i386/pr54855-3.c scan-assembler-not movsd
FAIL: gcc.target/i386/pr54855-7.c scan-assembler-not movss
FAIL: gcc.target/i386/pr64110.c scan-assembler vmovd[\\\\t ]
FAIL: gcc.target/i386/pr66334.c scan-assembler movl[ \\\\t].+, %ebx
FAIL: gcc.target/i386/pr71321.c scan-assembler-not lea.*0
FAIL: gcc.target/i386/pr78035.c scan-assembler-times cmp 2
FAIL: gcc.target/i386/pr81736-5.c scan-assembler-not %[re]bp
XPASS: gcc.target/i386/pr84101.c scan-tree-dump-not slp2 "optimized: basic block"
FAIL: gcc.target/i386/pr84278.c scan-assembler-not \\\\(%.sp\\\\)
FAIL: gcc.target/i386/pr85667-6.c scan-assembler-times flds[^\\n\\r]* 1
FAIL: gcc.target/i386/pr90773-17.c scan-assembler-times vpbroadcastb 1
FAIL: gcc.target/i386/pr90773-2.c scan-assembler-times movl[\\\\t ]+\\\\(%[^,]+\\\\), 1
FAIL: gcc.target/i386/pr90773-3.c scan-assembler-times movl[\\\\t ]+\\\\(%[^,]+\\\\), 1
FAIL: gcc.target/i386/pr92651.c scan-assembler-times sub 2
FAIL: gcc.target/i386/pr97873-1.c scan-assembler pabsq
FAIL: gcc.target/i386/pr98060.c scan-assembler-not set
FAIL: gcc.target/i386/ret-thunk-22.c scan-assembler call[ \\\\t]*___x86.get_pc_thunk.cx
FAIL: gcc.target/i386/ret-thunk-23.c scan-assembler call[ \\\\t]*___x86.get_pc_thunk.cx
FAIL: gcc.target/i386/ret-thunk-24.c scan-assembler call[ \\\\t]*___x86.get_pc_thunk.cx
FAIL: gcc.target/i386/sse2-pr94680.c scan-assembler-not pxor
FAIL: gcc.target/i386/vect8-ret.c scan-assembler-times movq 1
=== gcc Summary for unix/-m32 ===
# of expected passes 160397
# of unexpected failures 146
# of unexpected successes 12
# of expected failures 1303
# of unresolved testcases 1
# of unsupported tests 5270
Running target unix/-m64
FAIL: gcc.dg/analyzer/asm-x86-lp64-1.c (test for excess errors)
FAIL: gcc.dg/analyzer/data-model-1.c (test for warnings, line 528)
FAIL: gcc.dg/analyzer/data-model-1.c (test for warnings, line 529)
FAIL: gcc.dg/analyzer/data-model-1.c (test for warnings, line 531)
FAIL: gcc.dg/analyzer/data-model-1.c (test for warnings, line 532)
FAIL: gcc.dg/analyzer/data-model-1.c (test for excess errors)
FAIL: gcc.dg/analyzer/pr103526.c (test for bogus messages, line 31)
FAIL: gcc.dg/analyzer/taint-size-1.c event: following true branch at line 22 (test for warnings, line 21)
FAIL: gcc.dg/analyzer/taint-size-1.c event: to here at line 24 (test for warnings, line 23)
FAIL: gcc.dg/analyzer/taint-size-1.c final event at line 28 (test for warnings, line 26)
FAIL: gcc.dg/analyzer/taint-size-1.c warning (test for warnings, line 26)
FAIL: gcc.dg/analyzer/write-to-string-literal-1.c (test for warnings, line 15)
FAIL: gcc.dg/analyzer/torture/asm-x86-linux-cpuid-paravirt-1.c -O1 (test for excess errors)
FAIL: gcc.dg/analyzer/torture/asm-x86-linux-cpuid-paravirt-1.c -O2 (test for excess errors)
FAIL: gcc.dg/analyzer/torture/asm-x86-linux-cpuid-paravirt-1.c -O2 -flto (test for excess errors)
FAIL: gcc.dg/analyzer/torture/asm-x86-linux-cpuid-paravirt-1.c -O2 -flto -flto-partition=none (test for excess errors)
FAIL: gcc.dg/analyzer/torture/asm-x86-linux-cpuid-paravirt-1.c -O3 -g (test for excess errors)
FAIL: gcc.dg/analyzer/torture/asm-x86-linux-cpuid-paravirt-1.c -Os (test for excess errors)
FAIL: gcc.dg/analyzer/torture/asm-x86-linux-cpuid-paravirt-2.c -O1 (test for excess errors)
FAIL: gcc.dg/analyzer/torture/asm-x86-linux-cpuid-paravirt-2.c -O2 (test for excess errors)
FAIL: gcc.dg/analyzer/torture/asm-x86-linux-cpuid-paravirt-2.c -O2 -flto (test for excess errors)
FAIL: gcc.dg/analyzer/torture/asm-x86-linux-cpuid-paravirt-2.c -O2 -flto -flto-partition=none (test for excess errors)
FAIL: gcc.dg/analyzer/torture/asm-x86-linux-cpuid-paravirt-2.c -O3 -g (test for excess errors)
FAIL: gcc.dg/analyzer/torture/asm-x86-linux-cpuid-paravirt-2.c -Os (test for excess errors)
FAIL: gcc.dg/analyzer/torture/asm-x86-linux-rdmsr-paravirt.c -O1 (test for excess errors)
FAIL: gcc.dg/analyzer/torture/asm-x86-linux-rdmsr-paravirt.c -O2 (test for excess errors)
FAIL: gcc.dg/analyzer/torture/asm-x86-linux-rdmsr-paravirt.c -O2 -flto (test for excess errors)
FAIL: gcc.dg/analyzer/torture/asm-x86-linux-rdmsr-paravirt.c -O2 -flto -flto-partition=none (test for excess errors)
FAIL: gcc.dg/analyzer/torture/asm-x86-linux-rdmsr-paravirt.c -O3 -g (test for excess errors)
FAIL: gcc.dg/analyzer/torture/asm-x86-linux-rdmsr-paravirt.c -Os (test for excess errors)
FAIL: gcc.dg/analyzer/torture/asm-x86-linux-wfx_get_ps_timeout-full.c -O1 (test for excess errors)
FAIL: gcc.dg/analyzer/torture/asm-x86-linux-wfx_get_ps_timeout-full.c -O2 (test for excess errors)
FAIL: gcc.dg/analyzer/torture/asm-x86-linux-wfx_get_ps_timeout-full.c -O2 -flto (test for excess errors)
FAIL: gcc.dg/analyzer/torture/asm-x86-linux-wfx_get_ps_timeout-full.c -O2 -flto -flto-partition=none (test for excess errors)
FAIL: gcc.dg/analyzer/torture/asm-x86-linux-wfx_get_ps_timeout-full.c -O3 -fomit-frame-pointer -funroll-loops -fpeel-loops -ftracer -finline-functions (test for excess errors)
FAIL: gcc.dg/analyzer/torture/asm-x86-linux-wfx_get_ps_timeout-full.c -O3 -g (test for excess errors)
FAIL: gcc.dg/analyzer/torture/asm-x86-linux-wfx_get_ps_timeout-full.c -Os (test for excess errors)
FAIL: c-c++-common/asan/alloca_big_alignment.c -Os output pattern test
FAIL: c-c++-common/asan/alloca_detect_custom_size.c -Os output pattern test
FAIL: c-c++-common/asan/alloca_overflow_partial.c -Os output pattern test
FAIL: c-c++-common/asan/alloca_overflow_right.c -Os output pattern test
FAIL: c-c++-common/asan/alloca_underflow_left.c -Os output pattern test
WARNING: gcc.dg/atomic/c11-atomic-exec-5.c -O0 execution test program timed out.
FAIL: gcc.dg/atomic/c11-atomic-exec-5.c -O0 execution test
WARNING: gcc.dg/atomic/c11-atomic-exec-5.c -O1 execution test program timed out.
FAIL: gcc.dg/atomic/c11-atomic-exec-5.c -O1 execution test
WARNING: gcc.dg/atomic/c11-atomic-exec-5.c -O2 execution test program timed out.
FAIL: gcc.dg/atomic/c11-atomic-exec-5.c -O2 execution test
WARNING: gcc.dg/atomic/c11-atomic-exec-5.c -O2 -flto execution test program timed out.
FAIL: gcc.dg/atomic/c11-atomic-exec-5.c -O2 -flto execution test
WARNING: gcc.dg/atomic/c11-atomic-exec-5.c -O2 -flto -flto-partition=none execution test program timed out.
FAIL: gcc.dg/atomic/c11-atomic-exec-5.c -O2 -flto -flto-partition=none execution test
WARNING: gcc.dg/atomic/c11-atomic-exec-5.c -O3 -fomit-frame-pointer -funroll-loops -fpeel-loops -ftracer -finline-functions execution test program timed out.
FAIL: gcc.dg/atomic/c11-atomic-exec-5.c -O3 -fomit-frame-pointer -funroll-loops -fpeel-loops -ftracer -finline-functions execution test
WARNING: gcc.dg/atomic/c11-atomic-exec-5.c -O3 -g execution test program timed out.
FAIL: gcc.dg/atomic/c11-atomic-exec-5.c -O3 -g execution test
WARNING: gcc.dg/atomic/c11-atomic-exec-5.c -Os execution test program timed out.
FAIL: gcc.dg/atomic/c11-atomic-exec-5.c -Os execution test
FAIL: gcc.dg/debug/dwarf2/inline4.c scan-assembler DW_TAG_inlined_subroutine[^\\\\(]*\\\\([^\\\\)]*\\\\)[^\\\\(]*\\\\(DIE \\\\(0x[0-9a-f]*\\\\) DW_TAG_formal_parameter[^\\\\(]*\\\\(DIE \\\\(0x[0-9a-f]*\\\\) DW_TAG_variable
FAIL: gcc.dg/graphite/scop-19.c scan-tree-dump-times graphite "number of SCoPs: 0" 1
FAIL: gcc.dg/ipa/ipa-icf-38.c scan-ltrans-tree-dump-not optimized "Function bar"
FAIL: gcc-dg-lto-modref-3-01.exe scan-wpa-ipa-dump modref "parm 1 flags: no_direct_clobber no_direct_escape"
FAIL: gcc-dg-lto-modref-4-01.exe scan-wpa-ipa-dump modref "parm 1 flags: no_direct_clobber no_direct_escape"
FAIL: gcc.dg/lto/modref-3 c_lto_modref-3_0.o-c_lto_modref-3_1.o execute -O2 -flto-partition=max -fdump-ipa-modref -fno-ipa-sra -fno-ipa-cp -flto
FAIL: gcc.dg/lto/modref-4 c_lto_modref-4_0.o-c_lto_modref-4_1.o execute -O2 -flto-partition=max -fdump-ipa-modref -fno-ipa-sra -flto
XPASS: gcc.dg/tree-ssa/pr91091-2.c scan-tree-dump-times fre1 " = [^;]*x;" 1
XPASS: gcc.dg/tree-ssa/pr91091-2.c scan-tree-dump-times fre1 "x = " 1
XPASS: gcc.dg/tree-ssa/ssa-fre-77.c scan-tree-dump fre1 "return 1;"
FAIL: outputs-25 exe savetmp named2-4: outputs.args.3
FAIL: outputs-25 exe savetmp named2-4: std out
FAIL: gcc.target/i386/auto-init-5.c scan-assembler-times \\\\.long\\t0 14
FAIL: gcc.target/i386/auto-init-6.c scan-assembler-times long\\t0 8
FAIL: gcc.target/i386/avx2-shiftqihi-constant-2.c (test for excess errors)
UNRESOLVED: gcc.target/i386/avx2-shiftqihi-constant-2.c compilation failed to produce executable
FAIL: gcc.target/i386/avx512bw-pr103750-2.c scan-assembler-not kmov
FAIL: gcc.target/i386/avx512bw-pr88465.c scan-assembler-times kxnor[dq][ \\t] 2
FAIL: gcc.target/i386/avx512dq-pr88465.c scan-assembler-times kxnorb[ \\t] 1
FAIL: gcc.target/i386/avx512f-pr103750-2.c scan-assembler-not kmov
FAIL: gcc.target/i386/avx512f-pr88465.c scan-assembler-times kxnorw[ \\t] 1
FAIL: gcc.target/i386/avx512fp16-13.c scan-assembler-times vmovdqu16[ \\\\t]*[^,]*,[^{\\n]*%xmm[0-9] 1
FAIL: gcc.target/i386/avx512fp16-13.c scan-assembler-times vmovdqu16[ \\\\t]*[^,]*,[^{\\n]*%ymm[0-9] 1
FAIL: gcc.target/i386/avx512fp16-13.c scan-assembler-times vmovdqu16[ \\\\t]*[^{\\n]*%xmm[0-9], *[^,]* 1
FAIL: gcc.target/i386/avx512fp16-13.c scan-assembler-times vmovdqu16[ \\\\t]*[^{\\n]*%ymm[0-9], *[^,]* 1
FAIL: gcc.target/i386/avx512fp16-pr103750-2.c scan-assembler-not kmov
XPASS: gcc.target/i386/bitwise_mask_op-3.c scan-assembler-times kmovb[\\t ] 4
XPASS: gcc.target/i386/bitwise_mask_op-3.c scan-assembler-times korb[\\t ] 1
XPASS: gcc.target/i386/bitwise_mask_op-3.c scan-assembler-times kxorb[\\t ] 1
FAIL: gcc.target/i386/harden-sls-4.c scan-assembler jmp[ \\t]+\\\\*_?fptr
FAIL: gcc.target/i386/memcpy-strategy-10.c scan-assembler jmp\\tmemcpy
FAIL: gcc.target/i386/memcpy-strategy-5.c scan-assembler jmp\\tmemcpy
FAIL: gcc.target/i386/memset-strategy-5.c scan-assembler jmp\\tmemset
FAIL: gcc.target/i386/memset-strategy-7.c scan-assembler jmp\\tmemset
FAIL: gcc.target/i386/pieces-memset-11.c scan-assembler-times vmovdqu[ \\\\t]+[^\\n]*%ymm 2
FAIL: gcc.target/i386/pieces-memset-14.c scan-assembler-times vmovdqu[ \\\\t]+[^\\n]*%ymm 1
FAIL: gcc.target/i386/pieces-memset-2.c scan-assembler-times vmovdqu[ \\\\t]+[^\\n]*%ymm 2
FAIL: gcc.target/i386/pieces-memset-20.c scan-assembler-times vmovdqu[ \\\\t]+[^\\n]*%ymm 2
FAIL: gcc.target/i386/pieces-memset-23.c scan-assembler-times vmovdqu[ \\\\t]+[^\\n]*%ymm 1
FAIL: gcc.target/i386/pieces-memset-29.c scan-assembler-times vmovdqu[ \\\\t]+[^\\n]*%ymm 2
FAIL: gcc.target/i386/pieces-memset-30.c scan-assembler-times vmovdqu[ \\\\t]+[^\\n]*%ymm 2
FAIL: gcc.target/i386/pieces-memset-33.c scan-assembler-times vmovdqu[ \\\\t]+[^\\n]*%ymm 1
FAIL: gcc.target/i386/pieces-memset-34.c scan-assembler-times vmovdqu[ \\\\t]+[^\\n]*%ymm 1
FAIL: gcc.target/i386/pieces-memset-37.c scan-assembler-times vmovdqu[ \\\\t]+[^\\n]*%ymm 2
FAIL: gcc.target/i386/pieces-memset-44.c scan-assembler-times vmovdqu[ \\\\t]+[^\\n]*%xmm 1
FAIL: gcc.target/i386/pieces-memset-44.c scan-assembler-times vmovdqu[ \\\\t]+[^\\n]*%ymm 1
FAIL: gcc.target/i386/pieces-memset-5.c scan-assembler-times vmovdqu[ \\\\t]+[^\\n]*%ymm 1
FAIL: gcc.target/i386/pr100704-3.c scan-assembler push[lq]\\tfoooo+
FAIL: gcc.target/i386/pr100936.c (test for excess errors)
FAIL: gcc.target/i386/pr11877-2.c scan-assembler-not \\\\\$0,
FAIL: gcc.target/i386/pr11877.c scan-assembler-not \\\\\$0,
FAIL: gcc.target/i386/pr34256.c scan-assembler-times mov 5
FAIL: gcc.target/i386/pr71321.c scan-assembler-not lea.*0
FAIL: gcc.target/i386/pr78035.c scan-assembler-times cmp 2
FAIL: gcc.target/i386/pr90773-1.c scan-assembler-times movq[\\\\t ]+\\\\(%[^,]+\\\\), 1
FAIL: gcc.target/i386/pr92651.c scan-assembler-times sub 2
FAIL: gcc.target/i386/pr98060.c scan-assembler-not set
FAIL: gcc.target/i386/sse2-v1ti-logic-2.c scan-assembler-times por 2
=== gcc Summary for unix/-m64 ===
# of expected passes 163454
# of unexpected failures 101
# of unexpected successes 6
# of expected failures 1301
# of unresolved testcases 1
# of unsupported tests 4696
=== gcc Summary ===
# of expected passes 323851
# of unexpected failures 247
# of unexpected successes 18
# of expected failures 2604
# of unresolved testcases 2
# of unsupported tests 9966
/scratch/10-13-his/gcc-master/gcc/xgcc version 12.0.0 20220108 (experimental) [master revision r12-6379-g55e96bf91237] (GCC)
=== gfortran tests ===
Running target unix/-m32
FAIL: gfortran.dg/unlimited_polymorphic_3.f03 -Os execution test
FAIL: gfortran.dg/vector_subscript_1.f90 -O1 execution test
FAIL: gfortran.dg/vector_subscript_1.f90 -O2 execution test
FAIL: gfortran.dg/vector_subscript_1.f90 -O3 -fomit-frame-pointer -funroll-loops -fpeel-loops -ftracer -finline-functions execution test
FAIL: gfortran.dg/vector_subscript_1.f90 -O3 -g execution test
FAIL: gfortran.dg/vector_subscript_1.f90 -Os execution test
=== gfortran Summary for unix/-m32 ===
# of expected passes 64839
# of unexpected failures 6
# of expected failures 243
# of unsupported tests 218
Running target unix/-m64
FAIL: gfortran.dg/unlimited_polymorphic_3.f03 -Os execution test
FAIL: gfortran.dg/vector_subscript_1.f90 -O1 execution test
FAIL: gfortran.dg/vector_subscript_1.f90 -O2 execution test
FAIL: gfortran.dg/vector_subscript_1.f90 -O3 -fomit-frame-pointer -funroll-loops -fpeel-loops -ftracer -finline-functions execution test
FAIL: gfortran.dg/vector_subscript_1.f90 -O3 -g execution test
FAIL: gfortran.dg/vector_subscript_1.f90 -Os execution test
=== gfortran Summary for unix/-m64 ===
# of expected passes 65124
# of unexpected failures 6
# of expected failures 241
# of unsupported tests 85
=== gfortran Summary ===
# of expected passes 129963
# of unexpected failures 12
# of expected failures 484
# of unsupported tests 303
/scratch/10-13-his/gcc-master/gcc/gfortran version 12.0.0 20220108 (experimental) [master revision r12-6379-g55e96bf91237] (GCC)
=== gnat tests ===
Running target unix/-m32
FAIL: gnat.dg/bias1.adb scan-assembler DW_AT_GNU_bias
FAIL: gnat.dg/debug18.adb scan-assembler-not DW_AT_lower_bound
=== gnat Summary for unix/-m32 ===
# of expected passes 3353
# of unexpected failures 2
# of expected failures 23
# of unsupported tests 15
Running target unix/-m64
FAIL: gnat.dg/bias1.adb scan-assembler DW_AT_GNU_bias
FAIL: gnat.dg/debug18.adb scan-assembler-not DW_AT_lower_bound
=== gnat Summary for unix/-m64 ===
# of expected passes 3354
# of unexpected failures 2
# of expected failures 23
# of unsupported tests 13
=== gnat Summary ===
# of expected passes 6707
# of unexpected failures 4
# of expected failures 46
# of unsupported tests 28
/scratch/10-13-his/gcc-master/gcc/gnatmake version 12.0.0 20220108 (experimental) [master revision r12-6379-g55e96bf91237]
=== jit tests ===
Running target unix/-m32
=== jit Summary for unix/-m32 ===
Running target unix/-m64
FAIL: output-of-test-link-section-assembler.c.s output pattern test, is .text
FAIL: test-combination.c.exe killed: 63202 exp13 0 0 CHILDKILLED SIGSEGV {segmentation violation}
FAIL: test-threads.c.exe killed: 12627 exp13 0 0 CHILDKILLED SIGSEGV {segmentation violation}
FAIL: test-tls.c.exe killed: 14972 exp13 0 0 CHILDKILLED SIGSEGV {segmentation violation}
=== jit Summary for unix/-m64 ===
# of expected passes 8663
# of unexpected failures 4
# of unsupported tests 4
=== jit Summary ===
# of expected passes 8663
# of unexpected failures 4
# of unsupported tests 4
=== obj-c++ tests ===
Running target unix/-m64
=== obj-c++ Summary for unix/-m64 ===
# of expected passes 3198
# of expected failures 22
# of unsupported tests 71
Running target unix/-m32
=== obj-c++ Summary for unix/-m32 ===
# of expected passes 3232
# of expected failures 4
# of unsupported tests 69
=== obj-c++ Summary ===
# of expected passes 6430
# of expected failures 26
# of unsupported tests 140
/scratch/10-13-his/gcc-master/gcc/xg++ version 12.0.0 20220108 (experimental) [master revision r12-6379-g55e96bf91237] (GCC)
=== objc tests ===
Running target unix/-m32
=== objc Summary for unix/-m32 ===
# of expected passes 5774
# of expected failures 7
# of unsupported tests 86
Running target unix/-m64
=== objc Summary for unix/-m64 ===
# of expected passes 5750
# of expected failures 13
# of unsupported tests 89
=== objc Summary ===
# of expected passes 11524
# of expected failures 20
# of unsupported tests 175
/scratch/10-13-his/gcc-master/gcc/xgcc version 12.0.0 20220108 (experimental) [master revision r12-6379-g55e96bf91237] (GCC)
=== libatomic tests ===
Running target unix/-m64
=== libatomic Summary for unix/-m64 ===
# of expected passes 54
Running target unix/-m32
=== libatomic Summary for unix/-m32 ===
# of expected passes 44
# of unsupported tests 5
=== libatomic Summary ===
# of expected passes 98
# of unsupported tests 5
=== libgomp tests ===
Running target unix/-m64
WARNING: program timed out.
FAIL: libgomp.c++/task-reduction-10.C execution test
WARNING: program timed out.
FAIL: libgomp.c++/task-reduction-8.C execution test
FAIL: libgomp.oacc-c/../libgomp.oacc-c-c++-common/host_data-7.c -DACC_DEVICE_TYPE_host=1 -DACC_MEM_SHARED=1 -foffload=disable -O2 (test for excess errors)
FAIL: libgomp.oacc-c++/../libgomp.oacc-c-c++-common/host_data-7.c -DACC_DEVICE_TYPE_host=1 -DACC_MEM_SHARED=1 -foffload=disable -O2 (test for excess errors)
=== libgomp Summary for unix/-m64 ===
# of expected passes 11768
# of unexpected failures 4
# of expected failures 103
# of unsupported tests 621
Running target unix/-m32
WARNING: program timed out.
FAIL: libgomp.c++/task-reduction-10.C execution test
WARNING: program timed out.
FAIL: libgomp.c++/task-reduction-8.C execution test
FAIL: libgomp.oacc-c/../libgomp.oacc-c-c++-common/host_data-7.c -DACC_DEVICE_TYPE_host=1 -DACC_MEM_SHARED=1 -foffload=disable -O2 (test for excess errors)
FAIL: libgomp.oacc-c++/../libgomp.oacc-c-c++-common/host_data-7.c -DACC_DEVICE_TYPE_host=1 -DACC_MEM_SHARED=1 -foffload=disable -O2 (test for excess errors)
=== libgomp Summary for unix/-m32 ===
# of expected passes 11767
# of unexpected failures 4
# of expected failures 103
# of unsupported tests 622
=== libgomp Summary ===
# of expected passes 23535
# of unexpected failures 8
# of expected failures 206
# of unsupported tests 1243
=== libitm tests ===
Running target unix/-m64
=== libitm Summary for unix/-m64 ===
# of expected passes 42
# of expected failures 3
# of unsupported tests 2
Running target unix/-m32
=== libitm Summary for unix/-m32 ===
# of expected passes 42
# of expected failures 3
# of unsupported tests 2
=== libitm Summary ===
# of expected passes 84
# of expected failures 6
# of unsupported tests 4
=== libstdc++ tests ===
Running target unix/-m32
WARNING: 29_atomics/atomic_ref/wait_notify.cc execution test program timed out.
FAIL: 29_atomics/atomic_ref/wait_notify.cc execution test
WARNING: 30_threads/barrier/arrive_and_wait.cc execution test program timed out.
FAIL: 30_threads/barrier/arrive_and_wait.cc execution test
WARNING: 30_threads/future/members/93456.cc execution test program timed out.
FAIL: 30_threads/future/members/93456.cc execution test
FAIL: std/ranges/access/ssize.cc (test for excess errors)
UNRESOLVED: std/ranges/access/ssize.cc compilation failed to produce executable
=== libstdc++ Summary for unix/-m32 ===
# of expected passes 14082
# of unexpected failures 4
# of expected failures 96
# of unresolved testcases 1
# of unsupported tests 777
Running target unix/-m64
WARNING: 29_atomics/atomic/wait_notify/pointers.cc execution test program timed out.
FAIL: 29_atomics/atomic/wait_notify/pointers.cc execution test
WARNING: 29_atomics/atomic_integral/wait_notify.cc execution test program timed out.
FAIL: 29_atomics/atomic_integral/wait_notify.cc execution test
WARNING: 29_atomics/atomic_ref/wait_notify.cc execution test program timed out.
FAIL: 29_atomics/atomic_ref/wait_notify.cc execution test
WARNING: 30_threads/barrier/completion.cc execution test program timed out.
FAIL: 30_threads/barrier/completion.cc execution test
WARNING: 30_threads/semaphore/try_acquire_for.cc execution test program timed out.
FAIL: 30_threads/semaphore/try_acquire_for.cc execution test
=== libstdc++ Summary for unix/-m64 ===
# of expected passes 14076
# of unexpected failures 5
# of expected failures 96
# of unsupported tests 780
=== libstdc++ Summary ===
# of expected passes 28158
# of unexpected failures 9
# of expected failures 192
# of unresolved testcases 1
# of unsupported tests 1557
Compiler version: 12.0.0 20220108 (experimental) [master revision r12-6379-g55e96bf91237] (GCC)
Platform: x86_64-apple-darwin17
configure flags: --prefix=/opt/iains/x86_64-apple-darwin17/gcc-12-0-0 --build=x86_64-apple-darwin17 --with-sysroot=/Library//Developer/CommandLineTools/SDKs/MacOSX.sdk --enable-languages=all --with-cpu=native CC=x86_64-apple-darwin17-gcc CXX=x86_64-apple-darwin17-g++
More information about the Gcc-testresults
mailing list