Results for 12.0.0 (DEFMODE=default DEFARCH=default DEFCPU=default DEFFPU=default TESTFLAGS=-march=armv8.3-a+sve) [r12-6389] (GCC) testsuite on aarch64-none-linux-gnu
Christophe LYON
christophe.lyon@foss.st.com
Mon Jan 10 02:55:07 GMT 2022
LAST_UPDATED: Mon Jan 10 00:31:56 UTC 2022 (revision r12-6389-g3a5702df3f198f264e16479384948fca2931401d) TARGET=aarch64-none-linux-gnu ARCH=default CPU=default FPU=default MODE=default
Target is aarch64-none-linux-gnu
Host is aarch64-none-linux-gnu
=== libatomic tests ===
Running target qemu/-march=armv8.3-a+sve
=== libatomic Summary ===
# of expected passes 54
Host is aarch64-none-linux-gnu
=== libitm tests ===
Running target qemu/-march=armv8.3-a+sve
=== libitm Summary ===
# of expected passes 44
# of expected failures 3
# of unsupported tests 1
Host is aarch64-none-linux-gnu
=== libstdc++ tests ===
Running target qemu/-march=armv8.3-a+sve
FAIL: 30_threads/jthread/95989.cc execution test
=== libstdc++ Summary ===
# of expected passes 14148
# of unexpected failures 1
# of expected failures 95
# of unsupported tests 749
Host is x86_64-pc-linux-gnu
=== gcc tests ===
Running target qemu/-march=armv8.3-a+sve
FAIL: gcc.dg/analyzer/pr93032-mztools.c (test for excess errors)
FAIL: gcc.dg/analyzer/pr93032-mztools.c leak of fpOut at line 329 (test for warnings, line 328)
FAIL: gcc.dg/analyzer/pr93032-mztools.c leak of fpOutCD at line 330 (test for warnings, line 328)
FAIL: gcc.dg/analyzer/pr93032-mztools.c leak of fpZip (test for warnings, line 328)
WARNING: skipping asan tests due to ulimit -v
WARNING: skipping asan tests due to ulimit -v
WARNING: skipping asan tests due to ulimit -v
WARNING: skipping asan tests due to ulimit -v
WARNING: skipping asan tests due to ulimit -v
WARNING: skipping asan tests due to ulimit -v
WARNING: skipping asan tests due to ulimit -v
WARNING: skipping asan tests due to ulimit -v
WARNING: skipping asan tests due to ulimit -v
WARNING: skipping asan tests due to ulimit -v
FAIL: gcc.dg/pr30957-1.c scan-rtl-dump loop2_unroll "Expanding Accumulator"
FAIL: gcc.dg/unroll-8.c scan-rtl-dump loop2_unroll "Not unrolling loop, doesn't roll"
FAIL: gcc.dg/unroll-8.c scan-rtl-dump loop2_unroll "likely upper bound: 7"
FAIL: gcc.dg/unroll-8.c scan-rtl-dump loop2_unroll "realistic bound: -1"
FAIL: gcc.dg/var-expand1.c scan-rtl-dump loop2_unroll "Expanding Accumulator"
FAIL: c-c++-common/hwasan/alloca-gets-different-tag.c -O2 -flto -fuse-linker-plugin -fno-fat-lto-objects execution test
FAIL: c-c++-common/hwasan/alloca-outside-caught.c -O0 output pattern test
FAIL: c-c++-common/hwasan/alloca-outside-caught.c -O1 output pattern test
FAIL: c-c++-common/hwasan/alloca-outside-caught.c -O2 output pattern test
FAIL: c-c++-common/hwasan/alloca-outside-caught.c -O2 -flto -fno-use-linker-plugin -flto-partition=none output pattern test
FAIL: c-c++-common/hwasan/alloca-outside-caught.c -O2 -flto -fuse-linker-plugin -fno-fat-lto-objects output pattern test
FAIL: c-c++-common/hwasan/alloca-outside-caught.c -O3 -g output pattern test
FAIL: c-c++-common/hwasan/alloca-outside-caught.c -Os output pattern test
FAIL: c-c++-common/hwasan/asan-pr70541.c -O0 output pattern test
FAIL: c-c++-common/hwasan/bitfield-2.c -O0 output pattern test
FAIL: c-c++-common/hwasan/bitfield-2.c -O1 output pattern test
FAIL: c-c++-common/hwasan/bitfield-2.c -O2 output pattern test
FAIL: c-c++-common/hwasan/bitfield-2.c -O2 -flto -fno-use-linker-plugin -flto-partition=none output pattern test
FAIL: c-c++-common/hwasan/bitfield-2.c -O2 -flto -fuse-linker-plugin -fno-fat-lto-objects output pattern test
FAIL: c-c++-common/hwasan/bitfield-2.c -O3 -g output pattern test
FAIL: c-c++-common/hwasan/bitfield-2.c -Os output pattern test
FAIL: c-c++-common/hwasan/halt_on_error-1.c -O0 output pattern test
FAIL: c-c++-common/hwasan/halt_on_error-1.c -O1 output pattern test
FAIL: c-c++-common/hwasan/halt_on_error-1.c -O2 output pattern test
FAIL: c-c++-common/hwasan/halt_on_error-1.c -O2 -flto -fno-use-linker-plugin -flto-partition=none output pattern test
FAIL: c-c++-common/hwasan/halt_on_error-1.c -O2 -flto -fuse-linker-plugin -fno-fat-lto-objects output pattern test
FAIL: c-c++-common/hwasan/halt_on_error-1.c -O3 -g output pattern test
FAIL: c-c++-common/hwasan/halt_on_error-1.c -Os output pattern test
FAIL: c-c++-common/hwasan/heap-overflow.c -O0 output pattern test
FAIL: c-c++-common/hwasan/heap-overflow.c -O1 output pattern test
FAIL: c-c++-common/hwasan/heap-overflow.c -O2 output pattern test
FAIL: c-c++-common/hwasan/heap-overflow.c -O2 -flto -fno-use-linker-plugin -flto-partition=none output pattern test
FAIL: c-c++-common/hwasan/heap-overflow.c -O2 -flto -fuse-linker-plugin -fno-fat-lto-objects output pattern test
FAIL: c-c++-common/hwasan/heap-overflow.c -O3 -g output pattern test
FAIL: c-c++-common/hwasan/heap-overflow.c -Os output pattern test
FAIL: c-c++-common/hwasan/hwasan-thread-access-parent.c -O0 output pattern test
FAIL: c-c++-common/hwasan/hwasan-thread-access-parent.c -O1 output pattern test
FAIL: c-c++-common/hwasan/hwasan-thread-access-parent.c -O2 output pattern test
FAIL: c-c++-common/hwasan/hwasan-thread-access-parent.c -O2 -flto -fno-use-linker-plugin -flto-partition=none output pattern test
FAIL: c-c++-common/hwasan/hwasan-thread-access-parent.c -O2 -flto -fuse-linker-plugin -fno-fat-lto-objects output pattern test
FAIL: c-c++-common/hwasan/hwasan-thread-access-parent.c -O3 -g output pattern test
FAIL: c-c++-common/hwasan/hwasan-thread-access-parent.c -Os output pattern test
FAIL: c-c++-common/hwasan/hwasan-thread-basic-failure.c -O0 output pattern test
FAIL: c-c++-common/hwasan/hwasan-thread-basic-failure.c -O1 output pattern test
FAIL: c-c++-common/hwasan/hwasan-thread-basic-failure.c -O2 output pattern test
FAIL: c-c++-common/hwasan/hwasan-thread-basic-failure.c -O2 -flto -fno-use-linker-plugin -flto-partition=none output pattern test
FAIL: c-c++-common/hwasan/hwasan-thread-basic-failure.c -O2 -flto -fuse-linker-plugin -fno-fat-lto-objects output pattern test
FAIL: c-c++-common/hwasan/hwasan-thread-basic-failure.c -O3 -g output pattern test
FAIL: c-c++-common/hwasan/hwasan-thread-basic-failure.c -Os output pattern test
FAIL: c-c++-common/hwasan/hwasan-thread-clears-stack.c -O0 output pattern test
FAIL: c-c++-common/hwasan/hwasan-thread-clears-stack.c -O1 output pattern test
FAIL: c-c++-common/hwasan/hwasan-thread-clears-stack.c -O2 output pattern test
FAIL: c-c++-common/hwasan/hwasan-thread-clears-stack.c -O2 -flto -fno-use-linker-plugin -flto-partition=none output pattern test
FAIL: c-c++-common/hwasan/hwasan-thread-clears-stack.c -O2 -flto -fuse-linker-plugin -fno-fat-lto-objects output pattern test
FAIL: c-c++-common/hwasan/hwasan-thread-clears-stack.c -O3 -g output pattern test
FAIL: c-c++-common/hwasan/hwasan-thread-clears-stack.c -Os output pattern test
FAIL: c-c++-common/hwasan/large-aligned-1.c -O0 output pattern test
FAIL: c-c++-common/hwasan/large-aligned-1.c -O1 output pattern test
FAIL: c-c++-common/hwasan/large-aligned-1.c -O2 output pattern test
FAIL: c-c++-common/hwasan/large-aligned-1.c -O2 -flto -fno-use-linker-plugin -flto-partition=none output pattern test
FAIL: c-c++-common/hwasan/large-aligned-1.c -O2 -flto -fuse-linker-plugin -fno-fat-lto-objects output pattern test
FAIL: c-c++-common/hwasan/large-aligned-1.c -O3 -g output pattern test
FAIL: c-c++-common/hwasan/large-aligned-1.c -Os output pattern test
FAIL: c-c++-common/hwasan/large-aligned-untagging-0.c -O0 output pattern test
FAIL: c-c++-common/hwasan/large-aligned-untagging-0.c -O1 output pattern test
FAIL: c-c++-common/hwasan/large-aligned-untagging-0.c -O2 output pattern test
FAIL: c-c++-common/hwasan/large-aligned-untagging-0.c -O2 -flto -fno-use-linker-plugin -flto-partition=none output pattern test
FAIL: c-c++-common/hwasan/large-aligned-untagging-0.c -O2 -flto -fuse-linker-plugin -fno-fat-lto-objects output pattern test
FAIL: c-c++-common/hwasan/large-aligned-untagging-0.c -O3 -g output pattern test
FAIL: c-c++-common/hwasan/large-aligned-untagging-0.c -Os output pattern test
FAIL: c-c++-common/hwasan/large-aligned-untagging-1.c -O0 output pattern test
FAIL: c-c++-common/hwasan/large-aligned-untagging-1.c -O1 output pattern test
FAIL: c-c++-common/hwasan/large-aligned-untagging-1.c -O2 output pattern test
FAIL: c-c++-common/hwasan/large-aligned-untagging-1.c -O2 -flto -fno-use-linker-plugin -flto-partition=none output pattern test
FAIL: c-c++-common/hwasan/large-aligned-untagging-1.c -O2 -flto -fuse-linker-plugin -fno-fat-lto-objects output pattern test
FAIL: c-c++-common/hwasan/large-aligned-untagging-1.c -O3 -g output pattern test
FAIL: c-c++-common/hwasan/large-aligned-untagging-1.c -Os output pattern test
FAIL: c-c++-common/hwasan/large-aligned-untagging-2.c -O0 output pattern test
FAIL: c-c++-common/hwasan/large-aligned-untagging-2.c -O1 output pattern test
FAIL: c-c++-common/hwasan/large-aligned-untagging-2.c -O2 output pattern test
FAIL: c-c++-common/hwasan/large-aligned-untagging-2.c -O2 -flto -fno-use-linker-plugin -flto-partition=none output pattern test
FAIL: c-c++-common/hwasan/large-aligned-untagging-2.c -O2 -flto -fuse-linker-plugin -fno-fat-lto-objects output pattern test
FAIL: c-c++-common/hwasan/large-aligned-untagging-2.c -O3 -g output pattern test
FAIL: c-c++-common/hwasan/large-aligned-untagging-2.c -Os output pattern test
FAIL: c-c++-common/hwasan/large-aligned-untagging-3.c -O0 output pattern test
FAIL: c-c++-common/hwasan/large-aligned-untagging-3.c -O1 output pattern test
FAIL: c-c++-common/hwasan/large-aligned-untagging-3.c -O2 output pattern test
FAIL: c-c++-common/hwasan/large-aligned-untagging-3.c -O2 -flto -fno-use-linker-plugin -flto-partition=none output pattern test
FAIL: c-c++-common/hwasan/large-aligned-untagging-3.c -O2 -flto -fuse-linker-plugin -fno-fat-lto-objects output pattern test
FAIL: c-c++-common/hwasan/large-aligned-untagging-3.c -O3 -g output pattern test
FAIL: c-c++-common/hwasan/large-aligned-untagging-3.c -Os output pattern test
FAIL: c-c++-common/hwasan/large-aligned-untagging-4.c -O0 output pattern test
FAIL: c-c++-common/hwasan/large-aligned-untagging-4.c -O1 output pattern test
FAIL: c-c++-common/hwasan/large-aligned-untagging-4.c -O2 output pattern test
FAIL: c-c++-common/hwasan/large-aligned-untagging-4.c -O2 -flto -fno-use-linker-plugin -flto-partition=none output pattern test
FAIL: c-c++-common/hwasan/large-aligned-untagging-4.c -O2 -flto -fuse-linker-plugin -fno-fat-lto-objects output pattern test
FAIL: c-c++-common/hwasan/large-aligned-untagging-4.c -O3 -g output pattern test
FAIL: c-c++-common/hwasan/large-aligned-untagging-4.c -Os output pattern test
FAIL: c-c++-common/hwasan/large-aligned-untagging-5.c -O0 output pattern test
FAIL: c-c++-common/hwasan/large-aligned-untagging-5.c -O1 output pattern test
FAIL: c-c++-common/hwasan/large-aligned-untagging-5.c -O2 output pattern test
FAIL: c-c++-common/hwasan/large-aligned-untagging-5.c -O2 -flto -fno-use-linker-plugin -flto-partition=none output pattern test
FAIL: c-c++-common/hwasan/large-aligned-untagging-5.c -O2 -flto -fuse-linker-plugin -fno-fat-lto-objects output pattern test
FAIL: c-c++-common/hwasan/large-aligned-untagging-5.c -O3 -g output pattern test
FAIL: c-c++-common/hwasan/large-aligned-untagging-5.c -Os output pattern test
FAIL: c-c++-common/hwasan/large-aligned-untagging-6.c -O0 output pattern test
FAIL: c-c++-common/hwasan/large-aligned-untagging-6.c -O1 output pattern test
FAIL: c-c++-common/hwasan/large-aligned-untagging-6.c -O2 output pattern test
FAIL: c-c++-common/hwasan/large-aligned-untagging-6.c -O2 -flto -fno-use-linker-plugin -flto-partition=none output pattern test
FAIL: c-c++-common/hwasan/large-aligned-untagging-6.c -O2 -flto -fuse-linker-plugin -fno-fat-lto-objects output pattern test
FAIL: c-c++-common/hwasan/large-aligned-untagging-6.c -O3 -g output pattern test
FAIL: c-c++-common/hwasan/large-aligned-untagging-6.c -Os output pattern test
FAIL: c-c++-common/hwasan/large-aligned-untagging-7.c -O0 output pattern test
FAIL: c-c++-common/hwasan/large-aligned-untagging-7.c -O1 output pattern test
FAIL: c-c++-common/hwasan/large-aligned-untagging-7.c -O2 output pattern test
FAIL: c-c++-common/hwasan/large-aligned-untagging-7.c -O2 -flto -fno-use-linker-plugin -flto-partition=none output pattern test
FAIL: c-c++-common/hwasan/large-aligned-untagging-7.c -O2 -flto -fuse-linker-plugin -fno-fat-lto-objects output pattern test
FAIL: c-c++-common/hwasan/large-aligned-untagging-7.c -O3 -g output pattern test
FAIL: c-c++-common/hwasan/large-aligned-untagging-7.c -Os output pattern test
FAIL: c-c++-common/hwasan/sanity-check-pure-c.c -O0 output pattern test
FAIL: c-c++-common/hwasan/sanity-check-pure-c.c -O1 output pattern test
FAIL: c-c++-common/hwasan/sanity-check-pure-c.c -O2 output pattern test
FAIL: c-c++-common/hwasan/sanity-check-pure-c.c -O2 -flto -fno-use-linker-plugin -flto-partition=none output pattern test
FAIL: c-c++-common/hwasan/sanity-check-pure-c.c -O2 -flto -fuse-linker-plugin -fno-fat-lto-objects output pattern test
FAIL: c-c++-common/hwasan/sanity-check-pure-c.c -O3 -g output pattern test
FAIL: c-c++-common/hwasan/sanity-check-pure-c.c -Os output pattern test
FAIL: c-c++-common/hwasan/setjmp-longjmp-1.c -O0 output pattern test
FAIL: c-c++-common/hwasan/setjmp-longjmp-1.c -O1 output pattern test
FAIL: c-c++-common/hwasan/setjmp-longjmp-1.c -O2 output pattern test
FAIL: c-c++-common/hwasan/setjmp-longjmp-1.c -O2 -flto -fno-use-linker-plugin -flto-partition=none output pattern test
FAIL: c-c++-common/hwasan/setjmp-longjmp-1.c -O2 -flto -fuse-linker-plugin -fno-fat-lto-objects output pattern test
FAIL: c-c++-common/hwasan/setjmp-longjmp-1.c -O3 -g output pattern test
FAIL: c-c++-common/hwasan/setjmp-longjmp-1.c -Os output pattern test
FAIL: c-c++-common/hwasan/stack-tagging-basic-1.c -O0 output pattern test
FAIL: c-c++-common/hwasan/stack-tagging-basic-1.c -O1 output pattern test
FAIL: c-c++-common/hwasan/stack-tagging-basic-1.c -O2 output pattern test
FAIL: c-c++-common/hwasan/stack-tagging-basic-1.c -O2 -flto -fno-use-linker-plugin -flto-partition=none output pattern test
FAIL: c-c++-common/hwasan/stack-tagging-basic-1.c -O2 -flto -fuse-linker-plugin -fno-fat-lto-objects output pattern test
FAIL: c-c++-common/hwasan/stack-tagging-basic-1.c -O3 -g output pattern test
FAIL: c-c++-common/hwasan/stack-tagging-basic-1.c -Os output pattern test
FAIL: c-c++-common/hwasan/use-after-free.c -O0 output pattern test
FAIL: c-c++-common/hwasan/use-after-free.c -O1 output pattern test
FAIL: c-c++-common/hwasan/use-after-free.c -O2 output pattern test
FAIL: c-c++-common/hwasan/use-after-free.c -O2 -flto -fno-use-linker-plugin -flto-partition=none output pattern test
FAIL: c-c++-common/hwasan/use-after-free.c -O2 -flto -fuse-linker-plugin -fno-fat-lto-objects output pattern test
FAIL: c-c++-common/hwasan/use-after-free.c -O3 -g output pattern test
FAIL: c-c++-common/hwasan/use-after-free.c -Os output pattern test
FAIL: c-c++-common/hwasan/vararray-outside-caught.c -O0 output pattern test
FAIL: c-c++-common/hwasan/vararray-outside-caught.c -O1 output pattern test
FAIL: c-c++-common/hwasan/vararray-outside-caught.c -O2 output pattern test
FAIL: c-c++-common/hwasan/vararray-outside-caught.c -O2 -flto -fno-use-linker-plugin -flto-partition=none output pattern test
FAIL: c-c++-common/hwasan/vararray-outside-caught.c -O2 -flto -fuse-linker-plugin -fno-fat-lto-objects output pattern test
FAIL: c-c++-common/hwasan/vararray-outside-caught.c -O3 -g output pattern test
FAIL: c-c++-common/hwasan/vararray-outside-caught.c -Os output pattern test
FAIL: gcc.dg/hwasan/nested-functions-1.c -O0 output pattern test
FAIL: gcc.dg/hwasan/nested-functions-1.c -O1 output pattern test
FAIL: gcc.dg/hwasan/nested-functions-1.c -O2 output pattern test
FAIL: gcc.dg/hwasan/nested-functions-1.c -O2 -flto -fno-use-linker-plugin -flto-partition=none output pattern test
FAIL: gcc.dg/hwasan/nested-functions-1.c -O2 -flto -fuse-linker-plugin -fno-fat-lto-objects output pattern test
FAIL: gcc.dg/hwasan/nested-functions-1.c -O3 -g output pattern test
FAIL: gcc.dg/hwasan/nested-functions-1.c -Os output pattern test
FAIL: gcc.dg/hwasan/nested-functions-2.c -O0 output pattern test
FAIL: gcc.dg/hwasan/nested-functions-2.c -O1 output pattern test
FAIL: gcc.dg/hwasan/nested-functions-2.c -O2 output pattern test
FAIL: gcc.dg/hwasan/nested-functions-2.c -O2 -flto -fno-use-linker-plugin -flto-partition=none output pattern test
FAIL: gcc.dg/hwasan/nested-functions-2.c -O2 -flto -fuse-linker-plugin -fno-fat-lto-objects output pattern test
FAIL: gcc.dg/hwasan/nested-functions-2.c -O3 -g output pattern test
FAIL: gcc.dg/hwasan/nested-functions-2.c -Os output pattern test
FAIL: gcc.dg/torture/pr83753.c -O0 (test for excess errors)
FAIL: gcc.dg/torture/pr83753.c -O1 (test for excess errors)
FAIL: gcc.dg/torture/pr83753.c -O2 (test for excess errors)
FAIL: gcc.dg/torture/pr83753.c -O2 -flto -fno-use-linker-plugin -flto-partition=none (test for excess errors)
FAIL: gcc.dg/torture/pr83753.c -O2 -flto -fuse-linker-plugin -fno-fat-lto-objects (test for excess errors)
FAIL: gcc.dg/torture/pr83753.c -O3 -fomit-frame-pointer -funroll-loops -fpeel-loops -ftracer -finline-functions (test for excess errors)
FAIL: gcc.dg/torture/pr83753.c -O3 -g (test for excess errors)
FAIL: gcc.dg/torture/pr83753.c -Os (test for excess errors)
FAIL: gcc.dg/tree-prof/val-prof-1.c scan-tree-dump optimized "if \\\\(n_[0-9]* != 257\\\\)"
FAIL: gcc.dg/tree-ssa/ivopts-lt-2.c scan-tree-dump-times ivopts "PHI <p_" 1
FAIL: gcc.dg/tree-ssa/ivopts-lt-2.c scan-tree-dump-times ivopts "PHI" 1
FAIL: gcc.dg/tree-ssa/ivopts-lt-2.c scan-tree-dump-times ivopts "p_[0-9]* <" 1
FAIL: gcc.dg/tree-ssa/loop-bound-1.c scan-tree-dump ivopts "bounded by 254"
FAIL: gcc.dg/tree-ssa/loop-bound-2.c scan-tree-dump ivopts "bounded by 254"
FAIL: gcc.dg/tree-ssa/pr32044.c scan-tree-dump-times optimized " / " 0
FAIL: gcc.dg/tree-ssa/predcom-2.c scan-tree-dump-times pcom "Unrolling 2 times." 2
FAIL: gcc.dg/tree-ssa/predcom-4.c scan-tree-dump-times pcom "Combination" 1
FAIL: gcc.dg/tree-ssa/predcom-4.c scan-tree-dump-times pcom "Unrolling 3 times." 1
FAIL: gcc.dg/tree-ssa/predcom-5.c scan-tree-dump-times pcom "Combination" 2
FAIL: gcc.dg/tree-ssa/predcom-5.c scan-tree-dump-times pcom "Unrolling 3 times." 1
FAIL: gcc.dg/tree-ssa/reassoc-46.c scan-tree-dump-times optimized "(?:vect_)?sum_[\\\\d._]+ = (?:(?:vect_)?_[\\\\d._]+ \\\\+ (?:vect_)?sum_[\\\\d._]+|(?:vect_)?sum_[\\\\d._]+ \\\\+ (?:vect_)?_[\\\\d._]+)" 1
FAIL: gcc.dg/tree-ssa/scev-10.c scan-tree-dump-times ivopts " Type:\\\\tREFERENCE ADDRESS\\n" 1
FAIL: gcc.dg/tree-ssa/scev-11.c scan-tree-dump-times ivopts " Type:\\\\tREFERENCE ADDRESS\\n" 2
FAIL: gcc.dg/tree-ssa/scev-12.c scan-tree-dump-times ivopts " Type:\\\\tREFERENCE ADDRESS\\n" 1
FAIL: gcc.dg/tree-ssa/scev-9.c scan-tree-dump-times ivopts " Type:\\\\tREFERENCE ADDRESS\\n" 1
FAIL: gcc.dg/tree-ssa/split-path-11.c scan-tree-dump-times split-paths "join point for if-convertable half-diamond" 1
FAIL: gcc.dg/tree-ssa/ssa-dom-thread-7.c scan-tree-dump thread2 "Jumps threaded: 18"
FAIL: c-c++-common/ubsan/null-1.c -O0 execution test
FAIL: c-c++-common/ubsan/null-1.c -O3 -g execution test
FAIL: c-c++-common/ubsan/null-10.c -O2 -flto -fno-use-linker-plugin -flto-partition=none execution test
FAIL: c-c++-common/ubsan/null-10.c -Os execution test
FAIL: c-c++-common/ubsan/null-11.c -O0 execution test
FAIL: c-c++-common/ubsan/null-11.c -O2 execution test
FAIL: c-c++-common/ubsan/null-11.c -O2 -flto -fno-use-linker-plugin -flto-partition=none execution test
FAIL: c-c++-common/ubsan/null-11.c -O2 -flto -fuse-linker-plugin -fno-fat-lto-objects execution test
FAIL: c-c++-common/ubsan/null-11.c -Os execution test
FAIL: c-c++-common/ubsan/null-2.c -O0 execution test
FAIL: c-c++-common/ubsan/null-2.c -O3 -g execution test
FAIL: c-c++-common/ubsan/null-2.c -Os execution test
FAIL: c-c++-common/ubsan/null-3.c -O3 -g execution test
FAIL: c-c++-common/ubsan/null-3.c -Os execution test
FAIL: c-c++-common/ubsan/null-4.c -O2 execution test
FAIL: c-c++-common/ubsan/null-5.c -O0 execution test
FAIL: c-c++-common/ubsan/null-5.c -O1 execution test
FAIL: c-c++-common/ubsan/null-5.c -O2 -flto -fuse-linker-plugin -fno-fat-lto-objects execution test
FAIL: c-c++-common/ubsan/null-5.c -Os execution test
FAIL: c-c++-common/ubsan/null-7.c -O1 execution test
FAIL: c-c++-common/ubsan/null-7.c -O2 execution test
FAIL: c-c++-common/ubsan/null-8.c -O0 execution test
FAIL: c-c++-common/ubsan/null-8.c -O1 execution test
FAIL: c-c++-common/ubsan/null-8.c -O2 -flto -fno-use-linker-plugin -flto-partition=none execution test
FAIL: c-c++-common/ubsan/null-8.c -O3 -g execution test
FAIL: c-c++-common/ubsan/null-8.c -Os execution test
FAIL: c-c++-common/ubsan/null-9.c -O1 execution test
FAIL: c-c++-common/ubsan/null-9.c -O2 execution test
FAIL: c-c++-common/ubsan/null-9.c -O2 -flto -fuse-linker-plugin -fno-fat-lto-objects execution test
FAIL: c-c++-common/ubsan/null-9.c -O3 -g execution test
XPASS: gcc.dg/vect/complex/fast-math-bb-slp-complex-add-pattern-half-float.c scan-tree-dump slp1 "Found COMPLEX_ADD_ROT270"
FAIL: gcc.dg/vect/fast-math-vect-call-1.c (internal compiler error: in duplicate_and_interleave, at tree-vect-slp.c:6188)
FAIL: gcc.dg/vect/fast-math-vect-call-1.c (test for excess errors)
UNRESOLVED: gcc.dg/vect/fast-math-vect-call-1.c compilation failed to produce executable
FAIL: gcc.dg/vect/fast-math-vect-call-1.c scan-tree-dump-times vect "vectorized 1 loops" 4
FAIL: gcc.dg/vect/pr97832-2.c -flto -ffat-lto-objects scan-tree-dump vect "vectorizing stmts using SLP"
FAIL: gcc.dg/vect/pr97832-2.c scan-tree-dump vect "vectorizing stmts using SLP"
FAIL: gcc.dg/vect/pr97832-3.c -flto -ffat-lto-objects scan-tree-dump vect "vectorizing stmts using SLP"
FAIL: gcc.dg/vect/pr97832-3.c scan-tree-dump vect "vectorizing stmts using SLP"
FAIL: gcc.dg/vect/pr97832-4.c -flto -ffat-lto-objects scan-tree-dump vect "vectorizing stmts using SLP"
FAIL: gcc.dg/vect/pr97832-4.c scan-tree-dump vect "vectorizing stmts using SLP"
XPASS: gcc.dg/vect/tsvc/vect-tsvc-s1115.c -flto -ffat-lto-objects scan-tree-dump vect "vectorized 1 loops"
XPASS: gcc.dg/vect/tsvc/vect-tsvc-s1115.c scan-tree-dump vect "vectorized 1 loops"
XPASS: gcc.dg/vect/tsvc/vect-tsvc-s114.c -flto -ffat-lto-objects scan-tree-dump vect "vectorized 1 loops"
XPASS: gcc.dg/vect/tsvc/vect-tsvc-s114.c scan-tree-dump vect "vectorized 1 loops"
XPASS: gcc.dg/vect/tsvc/vect-tsvc-s1161.c -flto -ffat-lto-objects scan-tree-dump vect "vectorized 1 loops"
XPASS: gcc.dg/vect/tsvc/vect-tsvc-s1161.c scan-tree-dump vect "vectorized 1 loops"
XPASS: gcc.dg/vect/tsvc/vect-tsvc-s1232.c -flto -ffat-lto-objects scan-tree-dump vect "vectorized 1 loops"
XPASS: gcc.dg/vect/tsvc/vect-tsvc-s1232.c scan-tree-dump vect "vectorized 1 loops"
XPASS: gcc.dg/vect/tsvc/vect-tsvc-s124.c -flto -ffat-lto-objects scan-tree-dump vect "vectorized 1 loops"
XPASS: gcc.dg/vect/tsvc/vect-tsvc-s124.c scan-tree-dump vect "vectorized 1 loops"
XPASS: gcc.dg/vect/tsvc/vect-tsvc-s1279.c -flto -ffat-lto-objects scan-tree-dump vect "vectorized 1 loops"
XPASS: gcc.dg/vect/tsvc/vect-tsvc-s1279.c scan-tree-dump vect "vectorized 1 loops"
XPASS: gcc.dg/vect/tsvc/vect-tsvc-s161.c -flto -ffat-lto-objects scan-tree-dump vect "vectorized 1 loops"
XPASS: gcc.dg/vect/tsvc/vect-tsvc-s161.c scan-tree-dump vect "vectorized 1 loops"
XPASS: gcc.dg/vect/tsvc/vect-tsvc-s253.c -flto -ffat-lto-objects scan-tree-dump vect "vectorized 1 loops"
XPASS: gcc.dg/vect/tsvc/vect-tsvc-s253.c scan-tree-dump vect "vectorized 1 loops"
XPASS: gcc.dg/vect/tsvc/vect-tsvc-s257.c -flto -ffat-lto-objects scan-tree-dump vect "vectorized 1 loops"
XPASS: gcc.dg/vect/tsvc/vect-tsvc-s257.c scan-tree-dump vect "vectorized 1 loops"
XPASS: gcc.dg/vect/tsvc/vect-tsvc-s271.c -flto -ffat-lto-objects scan-tree-dump vect "vectorized 1 loops"
XPASS: gcc.dg/vect/tsvc/vect-tsvc-s271.c scan-tree-dump vect "vectorized 1 loops"
XPASS: gcc.dg/vect/tsvc/vect-tsvc-s2711.c -flto -ffat-lto-objects scan-tree-dump vect "vectorized 1 loops"
XPASS: gcc.dg/vect/tsvc/vect-tsvc-s2711.c scan-tree-dump vect "vectorized 1 loops"
XPASS: gcc.dg/vect/tsvc/vect-tsvc-s2712.c -flto -ffat-lto-objects scan-tree-dump vect "vectorized 1 loops"
XPASS: gcc.dg/vect/tsvc/vect-tsvc-s2712.c scan-tree-dump vect "vectorized 1 loops"
XPASS: gcc.dg/vect/tsvc/vect-tsvc-s272.c -flto -ffat-lto-objects scan-tree-dump vect "vectorized 1 loops"
XPASS: gcc.dg/vect/tsvc/vect-tsvc-s272.c scan-tree-dump vect "vectorized 1 loops"
XPASS: gcc.dg/vect/tsvc/vect-tsvc-s273.c -flto -ffat-lto-objects scan-tree-dump vect "vectorized 1 loops"
XPASS: gcc.dg/vect/tsvc/vect-tsvc-s273.c scan-tree-dump vect "vectorized 1 loops"
XPASS: gcc.dg/vect/tsvc/vect-tsvc-s274.c -flto -ffat-lto-objects scan-tree-dump vect "vectorized 1 loops"
XPASS: gcc.dg/vect/tsvc/vect-tsvc-s274.c scan-tree-dump vect "vectorized 1 loops"
XPASS: gcc.dg/vect/tsvc/vect-tsvc-s276.c -flto -ffat-lto-objects scan-tree-dump vect "vectorized 1 loops"
XPASS: gcc.dg/vect/tsvc/vect-tsvc-s276.c scan-tree-dump vect "vectorized 1 loops"
XPASS: gcc.dg/vect/tsvc/vect-tsvc-s278.c -flto -ffat-lto-objects scan-tree-dump vect "vectorized 1 loops"
XPASS: gcc.dg/vect/tsvc/vect-tsvc-s278.c scan-tree-dump vect "vectorized 1 loops"
XPASS: gcc.dg/vect/tsvc/vect-tsvc-s279.c -flto -ffat-lto-objects scan-tree-dump vect "vectorized 1 loops"
XPASS: gcc.dg/vect/tsvc/vect-tsvc-s279.c scan-tree-dump vect "vectorized 1 loops"
XPASS: gcc.dg/vect/tsvc/vect-tsvc-s3111.c -flto -ffat-lto-objects scan-tree-dump vect "vectorized 1 loops"
XPASS: gcc.dg/vect/tsvc/vect-tsvc-s3111.c scan-tree-dump vect "vectorized 1 loops"
XPASS: gcc.dg/vect/tsvc/vect-tsvc-s4113.c -flto -ffat-lto-objects scan-tree-dump vect "vectorized 1 loops"
XPASS: gcc.dg/vect/tsvc/vect-tsvc-s4113.c scan-tree-dump vect "vectorized 1 loops"
XPASS: gcc.dg/vect/tsvc/vect-tsvc-s441.c -flto -ffat-lto-objects scan-tree-dump vect "vectorized 1 loops"
XPASS: gcc.dg/vect/tsvc/vect-tsvc-s441.c scan-tree-dump vect "vectorized 1 loops"
XPASS: gcc.dg/vect/tsvc/vect-tsvc-s443.c -flto -ffat-lto-objects scan-tree-dump vect "vectorized 1 loops"
XPASS: gcc.dg/vect/tsvc/vect-tsvc-s443.c scan-tree-dump vect "vectorized 1 loops"
XPASS: gcc.dg/vect/tsvc/vect-tsvc-s491.c -flto -ffat-lto-objects scan-tree-dump vect "vectorized 1 loops"
XPASS: gcc.dg/vect/tsvc/vect-tsvc-s491.c scan-tree-dump vect "vectorized 1 loops"
XPASS: gcc.dg/vect/tsvc/vect-tsvc-vas.c -flto -ffat-lto-objects scan-tree-dump vect "vectorized 1 loops"
XPASS: gcc.dg/vect/tsvc/vect-tsvc-vas.c scan-tree-dump vect "vectorized 1 loops"
XPASS: gcc.dg/vect/tsvc/vect-tsvc-vif.c -flto -ffat-lto-objects scan-tree-dump vect "vectorized 1 loops"
XPASS: gcc.dg/vect/tsvc/vect-tsvc-vif.c scan-tree-dump vect "vectorized 1 loops"
FAIL: gcc.target/aarch64/aes_xor_combine.c (test for excess errors)
UNRESOLVED: gcc.target/aarch64/aes_xor_combine.c scan-assembler-not eor
UNRESOLVED: gcc.target/aarch64/aes_xor_combine.c scan-assembler-not mov
XPASS: gcc.target/aarch64/bic-bitmask-1.c scan-assembler-not \\\\tbic\\\\t
FAIL: gcc.target/aarch64/bti-1.c scan-assembler-times hint\\t29 1
FAIL: gcc.target/aarch64/cpymem-q-reg_1.c scan-assembler ldp\\\\tq[0-9]*
FAIL: gcc.target/aarch64/cpymem-q-reg_1.c scan-assembler stp\\\\tq[0-9]*
FAIL: gcc.target/aarch64/fuse_adrp_add_1.c (test for excess errors)
FAIL: gcc.target/aarch64/ldp_stp_1.c (test for excess errors)
FAIL: gcc.target/aarch64/ldp_stp_1.c scan-assembler-times stp\\tw[0-9]+, w[0-9] 7
FAIL: gcc.target/aarch64/ldp_stp_4.c scan-assembler-times stp\\ts[0-9]+, s[0-9] 7
FAIL: gcc.target/aarch64/ldp_stp_5.c scan-assembler-times stp\\td[0-9]+, d[0-9] 7
FAIL: gcc.target/aarch64/mod_2.c (test for excess errors)
FAIL: gcc.target/aarch64/mod_256.c (test for excess errors)
FAIL: gcc.target/aarch64/mult-synth_1.c (test for excess errors)
FAIL: gcc.target/aarch64/mult-synth_2.c (test for excess errors)
FAIL: gcc.target/aarch64/mult-synth_3.c (test for excess errors)
FAIL: gcc.target/aarch64/mult-synth_4.c (test for excess errors)
FAIL: gcc.target/aarch64/mult-synth_5.c (test for excess errors)
FAIL: gcc.target/aarch64/mult-synth_6.c (test for excess errors)
FAIL: gcc.target/aarch64/neoverse_v1_1.c (test for excess errors)
FAIL: gcc.target/aarch64/pr100056.c scan-assembler-not \\\\t[us]bfiz\\\\tw[0-9]+, w[0-9]+, 11
FAIL: gcc.target/aarch64/pr68651_1.c (test for excess errors)
FAIL: gcc.target/aarch64/pr68674.c (test for excess errors)
FAIL: gcc.target/aarch64/pr81414.c (test for excess errors)
FAIL: gcc.target/aarch64/pr92424-1.c check-function-bodies f10_pac
FAIL: gcc.target/aarch64/pr92424-1.c check-function-bodies f11_pac
FAIL: gcc.target/aarch64/pr92424-1.c check-function-bodies f21_pac
FAIL: gcc.target/aarch64/pr92424-3.c scan-assembler f10_pac:\\n\\thint\\t34 // bti c\\n.*.LPFE1:\\n\\tnop\\n.*\\thint\\t25 // paciasp\\n.*\\thint\\t29 // autiasp\\n.*\\tret\\n
FAIL: gcc.target/aarch64/pr94530.c (test for excess errors)
FAIL: gcc.target/aarch64/shl-combine-2.c scan-assembler-times \\\\tcmlt\\\\t 1
FAIL: gcc.target/aarch64/shl-combine-3.c scan-assembler-times \\\\tcmlt\\\\t 1
FAIL: gcc.target/aarch64/shl-combine-4.c scan-assembler-times \\\\tcmlt\\\\t 1
FAIL: gcc.target/aarch64/shl-combine-5.c scan-assembler-times \\\\tcmlt\\\\t 1
FAIL: gcc.target/aarch64/store-pair-1.c (test for excess errors)
FAIL: gcc.target/aarch64/store_v2vec_lanes.c scan-assembler-times stp\\td[0-9]+, d[0-9]+ 2
FAIL: gcc.target/aarch64/store_v2vec_lanes.c scan-assembler-times stp\\tx[0-9]+, x[0-9]+ 2
FAIL: gcc.target/aarch64/subs_compare_2.c scan-assembler-not cmp\\\\tw[0-9]+, w[0-9]+
FAIL: gcc.target/aarch64/subs_compare_2.c scan-assembler-times subs\\\\tw[0-9]+, w[0-9]+, [#]?4 1
FAIL: gcc.target/aarch64/thunderxloadpair.c (test for excess errors)
FAIL: gcc.target/aarch64/thunderxnoloadpair.c (test for excess errors)
FAIL: gcc.target/aarch64/umaddl_combine_1.c (test for excess errors)
FAIL: gcc.target/aarch64/xtn-combine-1.c scan-assembler-times \\\\tuzp1\\\\t 1
FAIL: gcc.target/aarch64/xtn-combine-2.c scan-assembler-times \\\\tuzp1\\\\t 1
FAIL: gcc.target/aarch64/xtn-combine-3.c scan-assembler-times \\\\tuzp1\\\\t 1
FAIL: gcc.target/aarch64/xtn-combine-4.c scan-assembler-times \\\\tuzp1\\\\t 1
FAIL: gcc.target/aarch64/xtn-combine-5.c scan-assembler-times \\\\tuzp1\\\\t 1
FAIL: gcc.target/aarch64/xtn-combine-6.c scan-assembler-times \\\\tuzp1\\\\t 1
FAIL: gcc.target/aarch64/simd/vqdmlalh_laneq_s16_1.c scan-assembler-times sqdmlal[ \\t]+[sS][0-9]+, ?[hH][0-9]+, ?[vV][0-9]+.[hH]\\\\[7\\\\]\\n 1
FAIL: gcc.target/aarch64/simd/vqdmlals_laneq_s32_1.c scan-assembler-times sqdmlal[ \\t]+[dD][0-9]+, ?[sS][0-9]+, ?[vV][0-9]+.[sS]\\\\[3\\\\]\\n 1
FAIL: gcc.target/aarch64/simd/vqdmlslh_laneq_s16_1.c scan-assembler-times sqdmlsl[ \\t]+[sS][0-9]+, ?[hH][0-9]+, ?[vV][0-9]+.[hH]\\\\[4\\\\]\\n 1
FAIL: gcc.target/aarch64/simd/vqdmlsls_laneq_s32_1.c scan-assembler-times sqdmlsl[ \\t]+[dD][0-9]+, ?[sS][0-9]+, ?[vV][0-9]+.[sS]\\\\[3\\\\]\\n 1
FAIL: gcc.target/aarch64/sve/mask_struct_load_1.c scan-assembler-times \\\\tld2b\\\\t.z[0-9] 16
FAIL: gcc.target/aarch64/sve/mask_struct_load_1.c scan-assembler-times \\\\tld2d\\\\t.z[0-9] 98
FAIL: gcc.target/aarch64/sve/mask_struct_load_1.c scan-assembler-times \\\\tld2h\\\\t.z[0-9] 28
FAIL: gcc.target/aarch64/sve/mask_struct_load_1.c scan-assembler-times \\\\tld2w\\\\t.z[0-9] 50
FAIL: gcc.target/aarch64/sve/mask_struct_load_2.c scan-assembler-times \\\\tld3b\\\\t.z[0-9] 16
FAIL: gcc.target/aarch64/sve/mask_struct_load_2.c scan-assembler-times \\\\tld3d\\\\t.z[0-9] 98
FAIL: gcc.target/aarch64/sve/mask_struct_load_2.c scan-assembler-times \\\\tld3h\\\\t.z[0-9] 28
FAIL: gcc.target/aarch64/sve/mask_struct_load_2.c scan-assembler-times \\\\tld3w\\\\t.z[0-9] 50
FAIL: gcc.target/aarch64/sve/mask_struct_load_2_run.c execution test
FAIL: gcc.target/aarch64/sve/mask_struct_load_3.c scan-assembler-times \\\\tld4b\\\\t.z[0-9] 16
FAIL: gcc.target/aarch64/sve/mask_struct_load_3.c scan-assembler-times \\\\tld4d\\\\t.z[0-9] 98
FAIL: gcc.target/aarch64/sve/mask_struct_load_3.c scan-assembler-times \\\\tld4h\\\\t.z[0-9] 28
FAIL: gcc.target/aarch64/sve/mask_struct_load_3.c scan-assembler-times \\\\tld4w\\\\t.z[0-9] 50
FAIL: gcc.target/aarch64/sve/mask_struct_load_3_run.c execution test
FAIL: gcc.target/aarch64/sve/mask_struct_load_4.c scan-assembler-times \\\\tld3b\\\\t.z[0-9] 16
FAIL: gcc.target/aarch64/sve/mask_struct_load_4.c scan-assembler-times \\\\tld3d\\\\t.z[0-9] 98
FAIL: gcc.target/aarch64/sve/mask_struct_load_4.c scan-assembler-times \\\\tld3h\\\\t.z[0-9] 28
FAIL: gcc.target/aarch64/sve/mask_struct_load_4.c scan-assembler-times \\\\tld3w\\\\t.z[0-9] 50
FAIL: gcc.target/aarch64/sve/mask_struct_load_5.c scan-assembler-times \\\\tld4b\\\\t.z[0-9] 16
FAIL: gcc.target/aarch64/sve/mask_struct_load_5.c scan-assembler-times \\\\tld4d\\\\t.z[0-9] 98
FAIL: gcc.target/aarch64/sve/mask_struct_load_5.c scan-assembler-times \\\\tld4h\\\\t.z[0-9] 28
FAIL: gcc.target/aarch64/sve/mask_struct_load_5.c scan-assembler-times \\\\tld4w\\\\t.z[0-9] 50
FAIL: gcc.target/aarch64/sve/mask_struct_store_1.c scan-assembler-times \\\\tst2b\\\\t.z[0-9] 16
FAIL: gcc.target/aarch64/sve/mask_struct_store_1.c scan-assembler-times \\\\tst2d\\\\t.z[0-9] 98
FAIL: gcc.target/aarch64/sve/mask_struct_store_1.c scan-assembler-times \\\\tst2h\\\\t.z[0-9] 28
FAIL: gcc.target/aarch64/sve/mask_struct_store_1.c scan-assembler-times \\\\tst2w\\\\t.z[0-9] 50
FAIL: gcc.target/aarch64/sve/mask_struct_store_2.c scan-assembler-times \\\\tst3b\\\\t.z[0-9] 16
FAIL: gcc.target/aarch64/sve/mask_struct_store_2.c scan-assembler-times \\\\tst3d\\\\t.z[0-9] 98
FAIL: gcc.target/aarch64/sve/mask_struct_store_2.c scan-assembler-times \\\\tst3h\\\\t.z[0-9] 28
FAIL: gcc.target/aarch64/sve/mask_struct_store_2.c scan-assembler-times \\\\tst3w\\\\t.z[0-9] 50
FAIL: gcc.target/aarch64/sve/mask_struct_store_3.c scan-assembler-times \\\\tst4b\\\\t.z[0-9] 16
FAIL: gcc.target/aarch64/sve/mask_struct_store_3.c scan-assembler-times \\\\tst4d\\\\t.z[0-9] 98
FAIL: gcc.target/aarch64/sve/mask_struct_store_3.c scan-assembler-times \\\\tst4h\\\\t.z[0-9] 28
FAIL: gcc.target/aarch64/sve/mask_struct_store_3.c scan-assembler-times \\\\tst4w\\\\t.z[0-9] 50
FAIL: gcc.target/aarch64/sve/single_5.c scan-assembler-not \\\\tb
FAIL: gcc.target/aarch64/sve/single_5.c scan-assembler-not \\\\tcmp
XPASS: gcc.target/aarch64/sve/single_5.c scan-assembler-not \\\\tptrue\\\\t
XPASS: gcc.target/aarch64/sve/single_5.c scan-assembler-times \\\\tfmov\\\\tv[0-9]+\\\\.8h, 1\\\\.0e\\\\+0\\\\n 1
FAIL: gcc.target/aarch64/sve/single_5.c scan-assembler-times \\\\tstr\\\\tq[0-9]+, 10
XPASS: gcc.target/aarch64/sve/single_5.c scan-assembler-times \\\\tstr\\\\tq[0-9]+, 11
=== gcc Summary ===
# of expected passes 268945
# of unexpected failures 324
# of unexpected successes 55
# of expected failures 2469
# of unresolved testcases 3
# of unsupported tests 2635
/tmp/2003704_2.tmpdir/aci-gcc-fsf/builds/gcc-fsf-gccsrc/obj-aarch64-none-linux-gnu/gcc3/gcc/xgcc version 12.0.0 (DEFMODE=default DEFARCH=default DEFCPU=default DEFFPU=default TESTFLAGS=-march=armv8.3-a+sve) [r12-6389] (GCC)
Host is x86_64-pc-linux-gnu
=== gfortran tests ===
Running target qemu/-march=armv8.3-a+sve
WARNING: skipping asan tests due to ulimit -v
WARNING: skipping asan tests due to ulimit -v
WARNING: skipping asan tests due to ulimit -v
WARNING: skipping asan tests due to ulimit -v
WARNING: skipping asan tests due to ulimit -v
FAIL: gfortran.dg/inline_matmul_24.f90 -O3 -fomit-frame-pointer -funroll-loops -fpeel-loops -ftracer -finline-functions execution test
FAIL: gfortran.dg/inline_matmul_24.f90 -O3 -g execution test
FAIL: gfortran.dg/pr98974.F90 -O (test for excess errors)
FAIL: gfortran.dg/unlimited_polymorphic_3.f03 -Os execution test
FAIL: gfortran.dg/vector_subscript_1.f90 -O1 execution test
FAIL: gfortran.dg/vector_subscript_1.f90 -O2 execution test
FAIL: gfortran.dg/vector_subscript_1.f90 -O3 -fomit-frame-pointer -funroll-loops -fpeel-loops -ftracer -finline-functions execution test
FAIL: gfortran.dg/vector_subscript_1.f90 -O3 -g execution test
FAIL: gfortran.dg/vector_subscript_1.f90 -Os execution test
=== gfortran Summary ===
# of expected passes 64320
# of unexpected failures 9
# of expected failures 233
# of unsupported tests 153
/tmp/2003704_2.tmpdir/aci-gcc-fsf/builds/gcc-fsf-gccsrc/obj-aarch64-none-linux-gnu/gcc3/gcc/gfortran version 12.0.0 (DEFMODE=default DEFARCH=default DEFCPU=default DEFFPU=default TESTFLAGS=-march=armv8.3-a+sve) [r12-6389] (GCC)
Host is x86_64-pc-linux-gnu
=== g++ tests ===
Running target qemu/-march=armv8.3-a+sve
WARNING: skipping asan tests due to ulimit -v
WARNING: skipping asan tests due to ulimit -v
WARNING: skipping asan tests due to ulimit -v
WARNING: skipping asan tests due to ulimit -v
FAIL: g++.dg/ext/sync-4.C -std=gnu++2a execution test
FAIL: g++.dg/ext/sync-4.C -std=gnu++98 execution test
FAIL: g++.dg/warn/Waddress-5.C -std=gnu++14 (test for excess errors)
FAIL: g++.dg/warn/Waddress-5.C -std=gnu++17 (test for excess errors)
FAIL: g++.dg/warn/Waddress-5.C -std=gnu++2a (test for excess errors)
FAIL: g++.dg/warn/Waddress-5.C -std=gnu++98 (test for excess errors)
FAIL: g++.dg/gomp/attrs-10.C -std=gnu++14 at line 127 (test for warnings, line 125)
FAIL: g++.dg/gomp/attrs-10.C -std=gnu++14 at line 58 (test for warnings, line 57)
FAIL: g++.dg/gomp/attrs-10.C -std=gnu++14 at line 81 (test for warnings, line 79)
FAIL: g++.dg/gomp/attrs-10.C -std=gnu++14 (test for excess errors)
FAIL: g++.dg/gomp/attrs-10.C -std=gnu++17 at line 127 (test for warnings, line 125)
FAIL: g++.dg/gomp/attrs-10.C -std=gnu++17 at line 58 (test for warnings, line 57)
FAIL: g++.dg/gomp/attrs-10.C -std=gnu++17 at line 81 (test for warnings, line 79)
FAIL: g++.dg/gomp/attrs-10.C -std=gnu++17 (test for excess errors)
FAIL: g++.dg/gomp/attrs-10.C -std=gnu++2a at line 127 (test for warnings, line 125)
FAIL: g++.dg/gomp/attrs-10.C -std=gnu++2a at line 58 (test for warnings, line 57)
FAIL: g++.dg/gomp/attrs-10.C -std=gnu++2a at line 81 (test for warnings, line 79)
FAIL: g++.dg/gomp/attrs-10.C -std=gnu++2a (test for excess errors)
FAIL: g++.dg/gomp/declare-simd-8.C -std=c++14 (test for excess errors)
FAIL: g++.dg/gomp/declare-simd-8.C -std=c++17 (test for excess errors)
FAIL: g++.dg/gomp/declare-simd-8.C -std=c++2a (test for excess errors)
FAIL: g++.dg/gomp/declare-simd-8.C -std=c++98 (test for excess errors)
FAIL: c-c++-common/hwasan/alloca-gets-different-tag.c -O2 -flto -fuse-linker-plugin -fno-fat-lto-objects execution test
FAIL: c-c++-common/hwasan/alloca-outside-caught.c -O0 output pattern test
FAIL: c-c++-common/hwasan/alloca-outside-caught.c -O1 output pattern test
FAIL: c-c++-common/hwasan/alloca-outside-caught.c -O2 output pattern test
FAIL: c-c++-common/hwasan/alloca-outside-caught.c -O2 -flto -fno-use-linker-plugin -flto-partition=none output pattern test
FAIL: c-c++-common/hwasan/alloca-outside-caught.c -O2 -flto -fuse-linker-plugin -fno-fat-lto-objects output pattern test
FAIL: c-c++-common/hwasan/alloca-outside-caught.c -O3 -g output pattern test
FAIL: c-c++-common/hwasan/alloca-outside-caught.c -Os output pattern test
FAIL: c-c++-common/hwasan/asan-pr70541.c -O0 output pattern test
FAIL: c-c++-common/hwasan/bitfield-2.c -O0 output pattern test
FAIL: c-c++-common/hwasan/bitfield-2.c -O1 output pattern test
FAIL: c-c++-common/hwasan/bitfield-2.c -O2 output pattern test
FAIL: c-c++-common/hwasan/bitfield-2.c -O2 -flto -fno-use-linker-plugin -flto-partition=none output pattern test
FAIL: c-c++-common/hwasan/bitfield-2.c -O2 -flto -fuse-linker-plugin -fno-fat-lto-objects output pattern test
FAIL: c-c++-common/hwasan/bitfield-2.c -O3 -g output pattern test
FAIL: c-c++-common/hwasan/bitfield-2.c -Os output pattern test
FAIL: c-c++-common/hwasan/halt_on_error-1.c -O0 output pattern test
FAIL: c-c++-common/hwasan/halt_on_error-1.c -O1 output pattern test
FAIL: c-c++-common/hwasan/halt_on_error-1.c -O2 output pattern test
FAIL: c-c++-common/hwasan/halt_on_error-1.c -O2 -flto -fno-use-linker-plugin -flto-partition=none output pattern test
FAIL: c-c++-common/hwasan/halt_on_error-1.c -O2 -flto -fuse-linker-plugin -fno-fat-lto-objects output pattern test
FAIL: c-c++-common/hwasan/halt_on_error-1.c -O3 -g output pattern test
FAIL: c-c++-common/hwasan/halt_on_error-1.c -Os output pattern test
FAIL: c-c++-common/hwasan/heap-overflow.c -O0 output pattern test
FAIL: c-c++-common/hwasan/heap-overflow.c -O1 output pattern test
FAIL: c-c++-common/hwasan/heap-overflow.c -O2 output pattern test
FAIL: c-c++-common/hwasan/heap-overflow.c -O2 -flto -fno-use-linker-plugin -flto-partition=none output pattern test
FAIL: c-c++-common/hwasan/heap-overflow.c -O2 -flto -fuse-linker-plugin -fno-fat-lto-objects output pattern test
FAIL: c-c++-common/hwasan/heap-overflow.c -O3 -g output pattern test
FAIL: c-c++-common/hwasan/heap-overflow.c -Os output pattern test
FAIL: c-c++-common/hwasan/hwasan-thread-access-parent.c -O0 output pattern test
FAIL: c-c++-common/hwasan/hwasan-thread-access-parent.c -O1 output pattern test
FAIL: c-c++-common/hwasan/hwasan-thread-access-parent.c -O2 output pattern test
FAIL: c-c++-common/hwasan/hwasan-thread-access-parent.c -O2 -flto -fno-use-linker-plugin -flto-partition=none output pattern test
FAIL: c-c++-common/hwasan/hwasan-thread-access-parent.c -O2 -flto -fuse-linker-plugin -fno-fat-lto-objects output pattern test
FAIL: c-c++-common/hwasan/hwasan-thread-access-parent.c -O3 -g output pattern test
FAIL: c-c++-common/hwasan/hwasan-thread-access-parent.c -Os output pattern test
FAIL: c-c++-common/hwasan/hwasan-thread-basic-failure.c -O0 output pattern test
FAIL: c-c++-common/hwasan/hwasan-thread-basic-failure.c -O1 output pattern test
FAIL: c-c++-common/hwasan/hwasan-thread-basic-failure.c -O2 output pattern test
FAIL: c-c++-common/hwasan/hwasan-thread-basic-failure.c -O2 -flto -fno-use-linker-plugin -flto-partition=none output pattern test
FAIL: c-c++-common/hwasan/hwasan-thread-basic-failure.c -O2 -flto -fuse-linker-plugin -fno-fat-lto-objects output pattern test
FAIL: c-c++-common/hwasan/hwasan-thread-basic-failure.c -O3 -g output pattern test
FAIL: c-c++-common/hwasan/hwasan-thread-basic-failure.c -Os output pattern test
FAIL: c-c++-common/hwasan/hwasan-thread-clears-stack.c -O0 output pattern test
FAIL: c-c++-common/hwasan/hwasan-thread-clears-stack.c -O1 output pattern test
FAIL: c-c++-common/hwasan/hwasan-thread-clears-stack.c -O2 output pattern test
FAIL: c-c++-common/hwasan/hwasan-thread-clears-stack.c -O2 -flto -fno-use-linker-plugin -flto-partition=none output pattern test
FAIL: c-c++-common/hwasan/hwasan-thread-clears-stack.c -O2 -flto -fuse-linker-plugin -fno-fat-lto-objects output pattern test
FAIL: c-c++-common/hwasan/hwasan-thread-clears-stack.c -O3 -g output pattern test
FAIL: c-c++-common/hwasan/hwasan-thread-clears-stack.c -Os output pattern test
FAIL: c-c++-common/hwasan/large-aligned-1.c -O0 output pattern test
FAIL: c-c++-common/hwasan/large-aligned-1.c -O1 output pattern test
FAIL: c-c++-common/hwasan/large-aligned-1.c -O2 output pattern test
FAIL: c-c++-common/hwasan/large-aligned-1.c -O2 -flto -fno-use-linker-plugin -flto-partition=none output pattern test
FAIL: c-c++-common/hwasan/large-aligned-1.c -O2 -flto -fuse-linker-plugin -fno-fat-lto-objects output pattern test
FAIL: c-c++-common/hwasan/large-aligned-1.c -O3 -g output pattern test
FAIL: c-c++-common/hwasan/large-aligned-1.c -Os output pattern test
FAIL: c-c++-common/hwasan/large-aligned-untagging-0.c -O0 output pattern test
FAIL: c-c++-common/hwasan/large-aligned-untagging-0.c -O1 output pattern test
FAIL: c-c++-common/hwasan/large-aligned-untagging-0.c -O2 output pattern test
FAIL: c-c++-common/hwasan/large-aligned-untagging-0.c -O2 -flto -fno-use-linker-plugin -flto-partition=none output pattern test
FAIL: c-c++-common/hwasan/large-aligned-untagging-0.c -O2 -flto -fuse-linker-plugin -fno-fat-lto-objects output pattern test
FAIL: c-c++-common/hwasan/large-aligned-untagging-0.c -O3 -g output pattern test
FAIL: c-c++-common/hwasan/large-aligned-untagging-0.c -Os output pattern test
FAIL: c-c++-common/hwasan/large-aligned-untagging-1.c -O0 output pattern test
FAIL: c-c++-common/hwasan/large-aligned-untagging-1.c -O1 output pattern test
FAIL: c-c++-common/hwasan/large-aligned-untagging-1.c -O2 output pattern test
FAIL: c-c++-common/hwasan/large-aligned-untagging-1.c -O2 -flto -fno-use-linker-plugin -flto-partition=none output pattern test
FAIL: c-c++-common/hwasan/large-aligned-untagging-1.c -O2 -flto -fuse-linker-plugin -fno-fat-lto-objects output pattern test
FAIL: c-c++-common/hwasan/large-aligned-untagging-1.c -O3 -g output pattern test
FAIL: c-c++-common/hwasan/large-aligned-untagging-1.c -Os output pattern test
FAIL: c-c++-common/hwasan/large-aligned-untagging-2.c -O0 output pattern test
FAIL: c-c++-common/hwasan/large-aligned-untagging-2.c -O1 output pattern test
FAIL: c-c++-common/hwasan/large-aligned-untagging-2.c -O2 output pattern test
FAIL: c-c++-common/hwasan/large-aligned-untagging-2.c -O2 -flto -fno-use-linker-plugin -flto-partition=none output pattern test
FAIL: c-c++-common/hwasan/large-aligned-untagging-2.c -O2 -flto -fuse-linker-plugin -fno-fat-lto-objects output pattern test
FAIL: c-c++-common/hwasan/large-aligned-untagging-2.c -O3 -g output pattern test
FAIL: c-c++-common/hwasan/large-aligned-untagging-2.c -Os output pattern test
FAIL: c-c++-common/hwasan/large-aligned-untagging-3.c -O0 output pattern test
FAIL: c-c++-common/hwasan/large-aligned-untagging-3.c -O1 output pattern test
FAIL: c-c++-common/hwasan/large-aligned-untagging-3.c -O2 output pattern test
FAIL: c-c++-common/hwasan/large-aligned-untagging-3.c -O2 -flto -fno-use-linker-plugin -flto-partition=none output pattern test
FAIL: c-c++-common/hwasan/large-aligned-untagging-3.c -O2 -flto -fuse-linker-plugin -fno-fat-lto-objects output pattern test
FAIL: c-c++-common/hwasan/large-aligned-untagging-3.c -O3 -g output pattern test
FAIL: c-c++-common/hwasan/large-aligned-untagging-3.c -Os output pattern test
FAIL: c-c++-common/hwasan/large-aligned-untagging-4.c -O0 output pattern test
FAIL: c-c++-common/hwasan/large-aligned-untagging-4.c -O1 output pattern test
FAIL: c-c++-common/hwasan/large-aligned-untagging-4.c -O2 output pattern test
FAIL: c-c++-common/hwasan/large-aligned-untagging-4.c -O2 -flto -fno-use-linker-plugin -flto-partition=none output pattern test
FAIL: c-c++-common/hwasan/large-aligned-untagging-4.c -O2 -flto -fuse-linker-plugin -fno-fat-lto-objects output pattern test
FAIL: c-c++-common/hwasan/large-aligned-untagging-4.c -O3 -g output pattern test
FAIL: c-c++-common/hwasan/large-aligned-untagging-4.c -Os output pattern test
FAIL: c-c++-common/hwasan/large-aligned-untagging-5.c -O0 output pattern test
FAIL: c-c++-common/hwasan/large-aligned-untagging-5.c -O1 output pattern test
FAIL: c-c++-common/hwasan/large-aligned-untagging-5.c -O2 output pattern test
FAIL: c-c++-common/hwasan/large-aligned-untagging-5.c -O2 -flto -fno-use-linker-plugin -flto-partition=none output pattern test
FAIL: c-c++-common/hwasan/large-aligned-untagging-5.c -O2 -flto -fuse-linker-plugin -fno-fat-lto-objects output pattern test
FAIL: c-c++-common/hwasan/large-aligned-untagging-5.c -O3 -g output pattern test
FAIL: c-c++-common/hwasan/large-aligned-untagging-5.c -Os output pattern test
FAIL: c-c++-common/hwasan/large-aligned-untagging-6.c -O0 output pattern test
FAIL: c-c++-common/hwasan/large-aligned-untagging-6.c -O1 output pattern test
FAIL: c-c++-common/hwasan/large-aligned-untagging-6.c -O2 output pattern test
FAIL: c-c++-common/hwasan/large-aligned-untagging-6.c -O2 -flto -fno-use-linker-plugin -flto-partition=none output pattern test
FAIL: c-c++-common/hwasan/large-aligned-untagging-6.c -O2 -flto -fuse-linker-plugin -fno-fat-lto-objects output pattern test
FAIL: c-c++-common/hwasan/large-aligned-untagging-6.c -O3 -g output pattern test
FAIL: c-c++-common/hwasan/large-aligned-untagging-6.c -Os output pattern test
FAIL: c-c++-common/hwasan/large-aligned-untagging-7.c -O0 output pattern test
FAIL: c-c++-common/hwasan/large-aligned-untagging-7.c -O1 output pattern test
FAIL: c-c++-common/hwasan/large-aligned-untagging-7.c -O2 output pattern test
FAIL: c-c++-common/hwasan/large-aligned-untagging-7.c -O2 -flto -fno-use-linker-plugin -flto-partition=none output pattern test
FAIL: c-c++-common/hwasan/large-aligned-untagging-7.c -O2 -flto -fuse-linker-plugin -fno-fat-lto-objects output pattern test
FAIL: c-c++-common/hwasan/large-aligned-untagging-7.c -O3 -g output pattern test
FAIL: c-c++-common/hwasan/large-aligned-untagging-7.c -Os output pattern test
FAIL: c-c++-common/hwasan/sanity-check-pure-c.c -O0 output pattern test
FAIL: c-c++-common/hwasan/sanity-check-pure-c.c -O1 output pattern test
FAIL: c-c++-common/hwasan/sanity-check-pure-c.c -O2 output pattern test
FAIL: c-c++-common/hwasan/sanity-check-pure-c.c -O2 -flto -fno-use-linker-plugin -flto-partition=none output pattern test
FAIL: c-c++-common/hwasan/sanity-check-pure-c.c -O2 -flto -fuse-linker-plugin -fno-fat-lto-objects output pattern test
FAIL: c-c++-common/hwasan/sanity-check-pure-c.c -O3 -g output pattern test
FAIL: c-c++-common/hwasan/sanity-check-pure-c.c -Os output pattern test
FAIL: c-c++-common/hwasan/setjmp-longjmp-1.c -O0 output pattern test
FAIL: c-c++-common/hwasan/setjmp-longjmp-1.c -O1 output pattern test
FAIL: c-c++-common/hwasan/setjmp-longjmp-1.c -O2 output pattern test
FAIL: c-c++-common/hwasan/setjmp-longjmp-1.c -O2 -flto -fno-use-linker-plugin -flto-partition=none output pattern test
FAIL: c-c++-common/hwasan/setjmp-longjmp-1.c -O2 -flto -fuse-linker-plugin -fno-fat-lto-objects output pattern test
FAIL: c-c++-common/hwasan/setjmp-longjmp-1.c -O3 -g output pattern test
FAIL: c-c++-common/hwasan/setjmp-longjmp-1.c -Os output pattern test
FAIL: c-c++-common/hwasan/stack-tagging-basic-1.c -O0 output pattern test
FAIL: c-c++-common/hwasan/stack-tagging-basic-1.c -O1 output pattern test
FAIL: c-c++-common/hwasan/stack-tagging-basic-1.c -O2 output pattern test
FAIL: c-c++-common/hwasan/stack-tagging-basic-1.c -O2 -flto -fno-use-linker-plugin -flto-partition=none output pattern test
FAIL: c-c++-common/hwasan/stack-tagging-basic-1.c -O2 -flto -fuse-linker-plugin -fno-fat-lto-objects output pattern test
FAIL: c-c++-common/hwasan/stack-tagging-basic-1.c -O3 -g output pattern test
FAIL: c-c++-common/hwasan/stack-tagging-basic-1.c -Os output pattern test
FAIL: c-c++-common/hwasan/use-after-free.c -O0 output pattern test
FAIL: c-c++-common/hwasan/use-after-free.c -O1 output pattern test
FAIL: c-c++-common/hwasan/use-after-free.c -O2 output pattern test
FAIL: c-c++-common/hwasan/use-after-free.c -O2 -flto -fno-use-linker-plugin -flto-partition=none output pattern test
FAIL: c-c++-common/hwasan/use-after-free.c -O2 -flto -fuse-linker-plugin -fno-fat-lto-objects output pattern test
FAIL: c-c++-common/hwasan/use-after-free.c -O3 -g output pattern test
FAIL: c-c++-common/hwasan/use-after-free.c -Os output pattern test
FAIL: c-c++-common/hwasan/vararray-outside-caught.c -O0 output pattern test
FAIL: c-c++-common/hwasan/vararray-outside-caught.c -O1 output pattern test
FAIL: c-c++-common/hwasan/vararray-outside-caught.c -O2 output pattern test
FAIL: c-c++-common/hwasan/vararray-outside-caught.c -O2 -flto -fno-use-linker-plugin -flto-partition=none output pattern test
FAIL: c-c++-common/hwasan/vararray-outside-caught.c -O2 -flto -fuse-linker-plugin -fno-fat-lto-objects output pattern test
FAIL: c-c++-common/hwasan/vararray-outside-caught.c -O3 -g output pattern test
FAIL: c-c++-common/hwasan/vararray-outside-caught.c -Os output pattern test
FAIL: g++.dg/modules/bad-mapper-3.C -std=c++17 at line 3 (test for errors, line )
FAIL: g++.dg/modules/bad-mapper-3.C -std=c++17 (test for excess errors)
FAIL: g++.dg/modules/bad-mapper-3.C -std=c++2a at line 3 (test for errors, line )
FAIL: g++.dg/modules/bad-mapper-3.C -std=c++2a (test for excess errors)
FAIL: g++.dg/modules/bad-mapper-3.C -std=c++2b at line 3 (test for errors, line )
FAIL: g++.dg/modules/bad-mapper-3.C -std=c++2b (test for excess errors)
FAIL: g++.dg/torture/aarch64-vect-init-1.C -O0 (test for excess errors)
FAIL: g++.dg/torture/aarch64-vect-init-1.C -O1 (test for excess errors)
FAIL: g++.dg/torture/aarch64-vect-init-1.C -O2 (test for excess errors)
FAIL: g++.dg/torture/aarch64-vect-init-1.C -O2 -flto -fno-use-linker-plugin -flto-partition=none (test for excess errors)
FAIL: g++.dg/torture/aarch64-vect-init-1.C -O2 -flto -fuse-linker-plugin -fno-fat-lto-objects (test for excess errors)
FAIL: g++.dg/torture/aarch64-vect-init-1.C -O3 -fomit-frame-pointer -funroll-loops -fpeel-loops -ftracer -finline-functions (test for excess errors)
FAIL: g++.dg/torture/aarch64-vect-init-1.C -O3 -g (test for excess errors)
FAIL: g++.dg/torture/aarch64-vect-init-1.C -Os (test for excess errors)
XPASS: g++.dg/torture/pr101373.C -O0 execution test
XPASS: g++.dg/torture/pr101373.C -O2 -flto -fno-use-linker-plugin -flto-partition=none execution test
XPASS: g++.dg/torture/pr101373.C -O3 -g execution test
XPASS: g++.dg/torture/pr101373.C -Os execution test
FAIL: g++.dg/tsan/pthread_cond_clockwait.C -O0 (test for excess errors)
UNRESOLVED: g++.dg/tsan/pthread_cond_clockwait.C -O0 compilation failed to produce executable
FAIL: g++.dg/tsan/pthread_cond_clockwait.C -O2 (test for excess errors)
UNRESOLVED: g++.dg/tsan/pthread_cond_clockwait.C -O2 compilation failed to produce executable
FAIL: c-c++-common/ubsan/null-1.c -std=gnu++17 execution test
FAIL: c-c++-common/ubsan/null-1.c -std=gnu++2a execution test
FAIL: c-c++-common/ubsan/null-1.c -std=gnu++98 execution test
FAIL: c-c++-common/ubsan/null-10.c -std=gnu++14 execution test
FAIL: c-c++-common/ubsan/null-10.c -std=gnu++2a execution test
FAIL: c-c++-common/ubsan/null-10.c -std=gnu++98 execution test
FAIL: c-c++-common/ubsan/null-2.c -std=gnu++14 execution test
FAIL: c-c++-common/ubsan/null-3.c -std=gnu++14 execution test
FAIL: c-c++-common/ubsan/null-3.c -std=gnu++2a execution test
FAIL: c-c++-common/ubsan/null-3.c -std=gnu++98 execution test
FAIL: c-c++-common/ubsan/null-4.c -std=gnu++14 execution test
FAIL: c-c++-common/ubsan/null-4.c -std=gnu++2a execution test
FAIL: c-c++-common/ubsan/null-4.c -std=gnu++98 execution test
FAIL: c-c++-common/ubsan/null-5.c -std=gnu++14 execution test
FAIL: c-c++-common/ubsan/null-5.c -std=gnu++17 execution test
FAIL: c-c++-common/ubsan/null-5.c -std=gnu++2a execution test
FAIL: c-c++-common/ubsan/null-7.c -std=gnu++14 execution test
FAIL: c-c++-common/ubsan/null-7.c -std=gnu++2a execution test
FAIL: c-c++-common/ubsan/null-8.c -std=gnu++17 execution test
FAIL: c-c++-common/ubsan/null-8.c -std=gnu++98 execution test
FAIL: c-c++-common/ubsan/null-9.c -std=gnu++17 execution test
FAIL: c-c++-common/ubsan/null-9.c -std=gnu++98 execution test
FAIL: g++.target/aarch64/no_unique_address_1.C check-function-bodies _Z8caller_pR1P
FAIL: g++.target/aarch64/no_unique_address_2.C (test for warnings, line 169)
FAIL: g++.target/aarch64/no_unique_address_2.C check-function-bodies _Z8caller_pR1P
FAIL: g++.target/aarch64/pr94515-1.C scan-assembler-times \\\\t\\\\.cfi_window_save\\\\n 4
=== g++ Summary ===
# of expected passes 330905
# of unexpected failures 213
# of unexpected successes 4
# of expected failures 2565
# of unresolved testcases 2
# of unsupported tests 10100
/tmp/2003704_2.tmpdir/aci-gcc-fsf/builds/gcc-fsf-gccsrc/obj-aarch64-none-linux-gnu/gcc3/gcc/xg++ version 12.0.0 (DEFMODE=default DEFARCH=default DEFCPU=default DEFFPU=default TESTFLAGS=-march=armv8.3-a+sve) [r12-6389] (GCC)
Compiler version: 12.0.0 (DEFMODE=default DEFARCH=default DEFCPU=default DEFFPU=default TESTFLAGS=-march=armv8.3-a+sve) [r12-6389] (GCC)
Platform: aarch64-none-linux-gnu
configure flags: --target=aarch64-none-linux-gnu --prefix=/tmp/2003704_2.tmpdir/aci-gcc-fsf/builds/gcc-fsf-gccsrc/tools --with-sysroot=/tmp/2003704_2.tmpdir/aci-gcc-fsf/builds/gcc-fsf-gccsrc/sysroot-aarch64-none-linux-gnu --disable-nls --disable-libgomp --disable-libmudflap --disable-libcilkrts --enable-checking --enable-languages=c,c++,fortran
More information about the Gcc-testresults
mailing list