Results for 12.0.0 20220109 (experimental) [master r12-6385-g57fe1f6ad36] (GCC) testsuite on alpha-unknown-linux-gnu
Serge Belyshev
belyshev@depni.sinp.msu.ru
Sun Jan 9 14:01:04 GMT 2022
LAST_UPDATED: Sun Jan 9 08:01:46 UTC 2022 (revision r12-6385-g57fe1f6ad36)
Native configuration is alpha-unknown-linux-gnu
=== libatomic tests ===
Running target unix
=== libatomic Summary ===
# of expected passes 54
=== libgomp tests ===
Running target unix
FAIL: libgomp.c/scan-14.c execution test
FAIL: libgomp.c/scan-4.c execution test
FAIL: libgomp.c/scan-8.c execution test
FAIL: libgomp.c++/loop-8.C (test for excess errors)
FAIL: libgomp.oacc-fortran/pr96628-part1.f90 -DACC_DEVICE_TYPE_host=1 -DACC_MEM_SHARED=1 -foffload=disable -O1 execution test
FAIL: libgomp.oacc-fortran/pr96628-part1.f90 -DACC_DEVICE_TYPE_host=1 -DACC_MEM_SHARED=1 -foffload=disable -O2 execution test
FAIL: libgomp.oacc-fortran/pr96628-part1.f90 -DACC_DEVICE_TYPE_host=1 -DACC_MEM_SHARED=1 -foffload=disable -O3 -fomit-frame-pointer -funroll-loops -fpeel-loops -ftracer -finline-functions execution test
FAIL: libgomp.oacc-fortran/pr96628-part1.f90 -DACC_DEVICE_TYPE_host=1 -DACC_MEM_SHARED=1 -foffload=disable -O3 -g execution test
FAIL: libgomp.oacc-fortran/pr96628-part1.f90 -DACC_DEVICE_TYPE_host=1 -DACC_MEM_SHARED=1 -foffload=disable -Os execution test
=== libgomp Summary ===
# of expected passes 11759
# of unexpected failures 9
# of expected failures 103
# of unsupported tests 616
=== libitm tests ===
Running target unix
=== libitm Summary ===
# of expected passes 44
# of expected failures 3
# of unsupported tests 1
=== libstdc++ tests ===
Running target unix
FAIL: libstdc++-abi/abi_check
FAIL: 22_locale/global_templates/user_facet_hierarchies.cc (test for excess errors)
FAIL: 22_locale/locale/cons/12658_thread-1.cc (test for excess errors)
FAIL: 22_locale/locale/cons/29217.cc (test for excess errors)
=== libstdc++ Summary ===
# of expected passes 14892
# of unexpected failures 4
# of expected failures 95
# of unsupported tests 439
=== g++ tests ===
Running target unix
FAIL: c-c++-common/attr-retain-2.c -std=gnu++98 scan-assembler .data.*,"awR"
FAIL: c-c++-common/attr-retain-2.c -std=gnu++14 scan-assembler .data.*,"awR"
FAIL: c-c++-common/attr-retain-2.c -std=gnu++17 scan-assembler .data.*,"awR"
FAIL: c-c++-common/attr-retain-2.c -std=gnu++2a scan-assembler .data.*,"awR"
FAIL: c-c++-common/attr-retain-3.c -std=gnu++98 scan-assembler ,"awR"
FAIL: c-c++-common/attr-retain-3.c -std=gnu++14 scan-assembler ,"awR"
FAIL: c-c++-common/attr-retain-3.c -std=gnu++17 scan-assembler ,"awR"
FAIL: c-c++-common/attr-retain-3.c -std=gnu++2a scan-assembler ,"awR"
FAIL: c-c++-common/attr-retain-4.c -std=gnu++98 scan-assembler ,"awR"
FAIL: c-c++-common/attr-retain-4.c -std=gnu++14 scan-assembler ,"awR"
FAIL: c-c++-common/attr-retain-4.c -std=gnu++17 scan-assembler ,"awR"
FAIL: c-c++-common/attr-retain-4.c -std=gnu++2a scan-assembler ,"awR"
FAIL: c-c++-common/pr69669.c -std=gnu++98 scan-rtl-dump-times final "mem:QI" 1
FAIL: c-c++-common/pr69669.c -std=gnu++14 scan-rtl-dump-times final "mem:QI" 1
FAIL: c-c++-common/pr69669.c -std=gnu++17 scan-rtl-dump-times final "mem:QI" 1
FAIL: c-c++-common/pr69669.c -std=gnu++2a scan-rtl-dump-times final "mem:QI" 1
FAIL: c-c++-common/spec-barrier-1.c -std=gnu++98 (test for excess errors)
FAIL: c-c++-common/spec-barrier-1.c -std=gnu++14 (test for excess errors)
FAIL: c-c++-common/spec-barrier-1.c -std=gnu++17 (test for excess errors)
FAIL: c-c++-common/spec-barrier-1.c -std=gnu++2a (test for excess errors)
FAIL: g++.dg/ext/cleanup-11.C -std=gnu++98 execution test
FAIL: g++.dg/ext/cleanup-11.C -std=gnu++14 execution test
FAIL: g++.dg/ext/cleanup-11.C -std=gnu++17 execution test
FAIL: g++.dg/ext/cleanup-11.C -std=gnu++2a execution test
FAIL: g++.dg/ext/cleanup-9.C -std=gnu++98 execution test
FAIL: g++.dg/ext/cleanup-9.C -std=gnu++14 execution test
FAIL: g++.dg/ext/cleanup-9.C -std=gnu++17 execution test
FAIL: g++.dg/ext/cleanup-9.C -std=gnu++2a execution test
FAIL: g++.dg/no-stack-protector-attr-3.C -std=gnu++98 (test for excess errors)
FAIL: g++.dg/no-stack-protector-attr-3.C -std=gnu++98 scan-assembler-times stack_chk_fail 1
FAIL: g++.dg/no-stack-protector-attr-3.C -std=gnu++14 (test for excess errors)
FAIL: g++.dg/no-stack-protector-attr-3.C -std=gnu++14 scan-assembler-times stack_chk_fail 1
FAIL: g++.dg/no-stack-protector-attr-3.C -std=gnu++17 (test for excess errors)
FAIL: g++.dg/no-stack-protector-attr-3.C -std=gnu++17 scan-assembler-times stack_chk_fail 1
FAIL: g++.dg/no-stack-protector-attr-3.C -std=gnu++2a (test for excess errors)
FAIL: g++.dg/no-stack-protector-attr-3.C -std=gnu++2a scan-assembler-times stack_chk_fail 1
FAIL: g++.dg/no-stack-protector-attr.C -std=gnu++98 (test for excess errors)
FAIL: g++.dg/no-stack-protector-attr.C -std=gnu++14 (test for excess errors)
FAIL: g++.dg/no-stack-protector-attr.C -std=gnu++17 (test for excess errors)
FAIL: g++.dg/no-stack-protector-attr.C -std=gnu++2a (test for excess errors)
FAIL: g++.dg/parse/stack1.C -std=c++98 (internal compiler error: Segmentation fault signal terminated program cc1plus)
FAIL: g++.dg/parse/stack1.C -std=c++98 (test for excess errors)
FAIL: g++.dg/parse/stack1.C -std=c++14 (internal compiler error: Segmentation fault signal terminated program cc1plus)
FAIL: g++.dg/parse/stack1.C -std=c++14 (test for excess errors)
FAIL: g++.dg/parse/stack1.C -std=c++17 (internal compiler error: Segmentation fault signal terminated program cc1plus)
FAIL: g++.dg/parse/stack1.C -std=c++17 (test for excess errors)
FAIL: g++.dg/parse/stack1.C -std=c++2a (internal compiler error: Segmentation fault signal terminated program cc1plus)
FAIL: g++.dg/parse/stack1.C -std=c++2a (test for excess errors)
FAIL: g++.dg/modules/xtreme-header-5_b.C -std=c++2b (internal compiler error: in add_mergeable_specialization, at cp/pt.c:30468)
FAIL: g++.dg/modules/xtreme-header-5_b.C -std=c++2b (test for excess errors)
FAIL: g++.dg/modules/xtreme-tr1_a.H -std=c++2b (test for excess errors)
FAIL: g++.dg/tls/thread_local4.C -std=gnu++14 execution test
FAIL: g++.dg/tls/thread_local4.C -std=gnu++17 execution test
FAIL: g++.dg/tls/thread_local4.C -std=gnu++2a execution test
FAIL: g++.dg/tls/thread_local4g.C -std=gnu++14 execution test
FAIL: g++.dg/tls/thread_local4g.C -std=gnu++17 execution test
FAIL: g++.dg/tls/thread_local4g.C -std=gnu++2a execution test
FAIL: g++.dg/torture/pr46149.C -Os (test for excess errors)
FAIL: g++.dg/torture/pr47313.C -O1 (test for excess errors)
FAIL: g++.dg/torture/pr47313.C -O2 (test for excess errors)
FAIL: g++.dg/torture/pr47313.C -O3 -g (test for excess errors)
FAIL: g++.dg/torture/pr47313.C -Os (test for excess errors)
FAIL: g++.dg/torture/pr47313.C -O2 -flto -fno-use-linker-plugin -flto-partition=none (test for excess errors)
FAIL: g++.dg/torture/pr48695.C -Os execution test
FAIL: g++.dg/torture/pr48695.C -O2 -flto -fno-use-linker-plugin -flto-partition=none (test for excess errors)
FAIL: g++.dg/torture/pr49644.C -O1 (test for excess errors)
FAIL: g++.dg/torture/pr51903.C -Os (test for excess errors)
FAIL: g++.dg/torture/pr53085.C -Os (test for excess errors)
UNRESOLVED: g++.dg/torture/pr53085.C -Os scan-tree-dump-times optimized "a ={v} 1;" 2
FAIL: g++.dg/torture/pr53085.C -O2 -flto -fno-use-linker-plugin -flto-partition=none (test for excess errors)
FAIL: g++.dg/torture/pr55740.C -O3 -g (test for excess errors)
=== g++ Summary ===
# of expected passes 213427
# of unexpected failures 70
# of expected failures 1412
# of unresolved testcases 1
# of unsupported tests 9908
/tmp/b/gcc/xg++ version 12.0.0 20220109 (experimental) [master r12-6385-g57fe1f6ad36] (GCC)
=== gcc tests ===
Running target unix
FAIL: gcc.c-torture/compile/asmgoto-2.c -O0 (test for excess errors)
FAIL: gcc.c-torture/compile/asmgoto-2.c -O1 (test for excess errors)
FAIL: gcc.c-torture/compile/asmgoto-2.c -O2 (test for excess errors)
FAIL: gcc.c-torture/compile/asmgoto-2.c -O3 -g (test for excess errors)
FAIL: gcc.c-torture/compile/asmgoto-2.c -Os (test for excess errors)
FAIL: gcc.c-torture/compile/asmgoto-2.c -O2 -flto -fno-use-linker-plugin -flto-partition=none (test for excess errors)
FAIL: gcc.c-torture/compile/asmgoto-5.c -O0 (test for excess errors)
FAIL: gcc.c-torture/compile/asmgoto-5.c -O1 (test for excess errors)
FAIL: gcc.c-torture/compile/asmgoto-5.c -O2 (test for excess errors)
FAIL: gcc.c-torture/compile/asmgoto-5.c -O3 -g (test for excess errors)
FAIL: gcc.c-torture/compile/asmgoto-5.c -O2 -flto -fno-use-linker-plugin -flto-partition=none (test for excess errors)
FAIL: gcc.c-torture/compile/attr-retain-1.c -O0 scan-assembler .rodata.*,"aR"
FAIL: gcc.c-torture/compile/attr-retain-1.c -O1 scan-assembler .bss.*,"awR"
FAIL: gcc.c-torture/compile/attr-retain-1.c -O1 scan-assembler .rodata.*,"aR"
FAIL: gcc.c-torture/compile/attr-retain-1.c -O2 scan-assembler .bss.*,"awR"
FAIL: gcc.c-torture/compile/attr-retain-1.c -O2 scan-assembler .rodata.*,"aR"
FAIL: gcc.c-torture/compile/attr-retain-1.c -O3 -g scan-assembler .bss.*,"awR"
FAIL: gcc.c-torture/compile/attr-retain-1.c -O3 -g scan-assembler .rodata.*,"aR"
FAIL: gcc.c-torture/compile/attr-retain-1.c -Os scan-assembler .bss.*,"awR"
FAIL: gcc.c-torture/compile/attr-retain-1.c -Os scan-assembler .rodata.*,"aR"
FAIL: gcc.c-torture/compile/attr-retain-1.c -O2 -flto -fno-use-linker-plugin -flto-partition=none scan-assembler .rodata.*,"aR"
FAIL: gcc.c-torture/compile/attr-retain-1.c -O2 -flto -fuse-linker-plugin -fno-fat-lto-objects scan-assembler .rodata.*,"aR"
FAIL: gcc.c-torture/compile/attr-retain-2.c -O0 scan-assembler .bss.used_bss,"awR"
FAIL: gcc.c-torture/compile/attr-retain-2.c -O0 scan-assembler .bss.used_bss2,"awR"
FAIL: gcc.c-torture/compile/attr-retain-2.c -O0 scan-assembler .data.used_data,"awR"
FAIL: gcc.c-torture/compile/attr-retain-2.c -O0 scan-assembler .data.used_data2,"awR"
FAIL: gcc.c-torture/compile/attr-retain-2.c -O0 scan-assembler .rodata.used_rodata,"aR"
FAIL: gcc.c-torture/compile/attr-retain-2.c -O0 scan-assembler .rodata.used_rodata2,"aR"
FAIL: gcc.c-torture/compile/attr-retain-2.c -O1 scan-assembler .bss.used_bss,"awR"
FAIL: gcc.c-torture/compile/attr-retain-2.c -O1 scan-assembler .bss.used_bss2,"awR"
FAIL: gcc.c-torture/compile/attr-retain-2.c -O1 scan-assembler .data.used_data,"awR"
FAIL: gcc.c-torture/compile/attr-retain-2.c -O1 scan-assembler .data.used_data2,"awR"
FAIL: gcc.c-torture/compile/attr-retain-2.c -O1 scan-assembler .rodata.used_rodata,"aR"
FAIL: gcc.c-torture/compile/attr-retain-2.c -O1 scan-assembler .rodata.used_rodata2,"aR"
FAIL: gcc.c-torture/compile/attr-retain-2.c -O2 scan-assembler .bss.used_bss,"awR"
FAIL: gcc.c-torture/compile/attr-retain-2.c -O2 scan-assembler .bss.used_bss2,"awR"
FAIL: gcc.c-torture/compile/attr-retain-2.c -O2 scan-assembler .data.used_data,"awR"
FAIL: gcc.c-torture/compile/attr-retain-2.c -O2 scan-assembler .data.used_data2,"awR"
FAIL: gcc.c-torture/compile/attr-retain-2.c -O2 scan-assembler .rodata.used_rodata,"aR"
FAIL: gcc.c-torture/compile/attr-retain-2.c -O2 scan-assembler .rodata.used_rodata2,"aR"
FAIL: gcc.c-torture/compile/attr-retain-2.c -O3 -g scan-assembler .bss.used_bss,"awR"
FAIL: gcc.c-torture/compile/attr-retain-2.c -O3 -g scan-assembler .bss.used_bss2,"awR"
FAIL: gcc.c-torture/compile/attr-retain-2.c -O3 -g scan-assembler .data.used_data,"awR"
FAIL: gcc.c-torture/compile/attr-retain-2.c -O3 -g scan-assembler .data.used_data2,"awR"
FAIL: gcc.c-torture/compile/attr-retain-2.c -O3 -g scan-assembler .rodata.used_rodata,"aR"
FAIL: gcc.c-torture/compile/attr-retain-2.c -O3 -g scan-assembler .rodata.used_rodata2,"aR"
FAIL: gcc.c-torture/compile/attr-retain-2.c -Os scan-assembler .bss.used_bss,"awR"
FAIL: gcc.c-torture/compile/attr-retain-2.c -Os scan-assembler .bss.used_bss2,"awR"
FAIL: gcc.c-torture/compile/attr-retain-2.c -Os scan-assembler .data.used_data,"awR"
FAIL: gcc.c-torture/compile/attr-retain-2.c -Os scan-assembler .data.used_data2,"awR"
FAIL: gcc.c-torture/compile/attr-retain-2.c -Os scan-assembler .rodata.used_rodata,"aR"
FAIL: gcc.c-torture/compile/attr-retain-2.c -Os scan-assembler .rodata.used_rodata2,"aR"
FAIL: gcc.c-torture/compile/attr-retain-2.c -O2 -flto -fno-use-linker-plugin -flto-partition=none scan-assembler .bss.used_bss,"awR"
FAIL: gcc.c-torture/compile/attr-retain-2.c -O2 -flto -fno-use-linker-plugin -flto-partition=none scan-assembler .bss.used_bss2,"awR"
FAIL: gcc.c-torture/compile/attr-retain-2.c -O2 -flto -fno-use-linker-plugin -flto-partition=none scan-assembler .data.used_data,"awR"
FAIL: gcc.c-torture/compile/attr-retain-2.c -O2 -flto -fno-use-linker-plugin -flto-partition=none scan-assembler .data.used_data2,"awR"
FAIL: gcc.c-torture/compile/attr-retain-2.c -O2 -flto -fno-use-linker-plugin -flto-partition=none scan-assembler .rodata.used_rodata,"aR"
FAIL: gcc.c-torture/compile/attr-retain-2.c -O2 -flto -fno-use-linker-plugin -flto-partition=none scan-assembler .rodata.used_rodata2,"aR"
FAIL: gcc.c-torture/compile/attr-retain-2.c -O2 -flto -fuse-linker-plugin -fno-fat-lto-objects scan-assembler .bss.used_bss,"awR"
FAIL: gcc.c-torture/compile/attr-retain-2.c -O2 -flto -fuse-linker-plugin -fno-fat-lto-objects scan-assembler .bss.used_bss2,"awR"
FAIL: gcc.c-torture/compile/attr-retain-2.c -O2 -flto -fuse-linker-plugin -fno-fat-lto-objects scan-assembler .data.used_data,"awR"
FAIL: gcc.c-torture/compile/attr-retain-2.c -O2 -flto -fuse-linker-plugin -fno-fat-lto-objects scan-assembler .data.used_data2,"awR"
FAIL: gcc.c-torture/compile/attr-retain-2.c -O2 -flto -fuse-linker-plugin -fno-fat-lto-objects scan-assembler .rodata.used_rodata,"aR"
FAIL: gcc.c-torture/compile/attr-retain-2.c -O2 -flto -fuse-linker-plugin -fno-fat-lto-objects scan-assembler .rodata.used_rodata2,"aR"
FAIL: gcc.c-torture/compile/limits-exprparen.c -O0 (internal compiler error: Segmentation fault signal terminated program cc1)
FAIL: gcc.c-torture/compile/limits-exprparen.c -O0 (test for excess errors)
FAIL: gcc.c-torture/compile/limits-exprparen.c -O1 (internal compiler error: Segmentation fault signal terminated program cc1)
FAIL: gcc.c-torture/compile/limits-exprparen.c -O1 (test for excess errors)
FAIL: gcc.c-torture/compile/limits-exprparen.c -O2 (internal compiler error: Segmentation fault signal terminated program cc1)
FAIL: gcc.c-torture/compile/limits-exprparen.c -O2 (test for excess errors)
FAIL: gcc.c-torture/compile/limits-exprparen.c -O3 -g (internal compiler error: Segmentation fault signal terminated program cc1)
FAIL: gcc.c-torture/compile/limits-exprparen.c -O3 -g (test for excess errors)
FAIL: gcc.c-torture/compile/limits-exprparen.c -Os (internal compiler error: Segmentation fault signal terminated program cc1)
FAIL: gcc.c-torture/compile/limits-exprparen.c -Os (test for excess errors)
FAIL: gcc.c-torture/compile/limits-exprparen.c -O2 -flto -fno-use-linker-plugin -flto-partition=none (internal compiler error: Segmentation fault signal terminated program cc1)
FAIL: gcc.c-torture/compile/limits-exprparen.c -O2 -flto -fno-use-linker-plugin -flto-partition=none (test for excess errors)
FAIL: gcc.c-torture/compile/limits-exprparen.c -O2 -flto -fuse-linker-plugin -fno-fat-lto-objects (internal compiler error: Segmentation fault signal terminated program cc1)
FAIL: gcc.c-torture/compile/limits-exprparen.c -O2 -flto -fuse-linker-plugin -fno-fat-lto-objects (test for excess errors)
FAIL: gcc.c-torture/compile/pr98096.c -O0 (test for excess errors)
FAIL: gcc.c-torture/compile/pr98096.c -O1 (test for excess errors)
FAIL: gcc.c-torture/compile/pr98096.c -O2 (test for excess errors)
FAIL: gcc.c-torture/compile/pr98096.c -O3 -g (test for excess errors)
FAIL: gcc.c-torture/compile/pr98096.c -Os (test for excess errors)
FAIL: gcc.c-torture/compile/pr98096.c -O2 -flto -fno-use-linker-plugin -flto-partition=none (test for excess errors)
FAIL: gcc.c-torture/execute/20190901-1.c -O0 execution test
FAIL: gcc.c-torture/execute/20190901-1.c -O1 execution test
FAIL: gcc.c-torture/execute/20190901-1.c -O2 execution test
FAIL: gcc.c-torture/execute/20190901-1.c -O3 -g execution test
FAIL: gcc.c-torture/execute/20190901-1.c -Os execution test
FAIL: gcc.c-torture/execute/20190901-1.c -O2 -flto -fno-use-linker-plugin -flto-partition=none execution test
FAIL: gcc.c-torture/execute/20190901-1.c -O2 -flto -fuse-linker-plugin -fno-fat-lto-objects execution test
FAIL: gcc.c-torture/execute/pr64242.c -O0 execution test
FAIL: gcc.c-torture/execute/pr64242.c -O1 execution test
FAIL: gcc.c-torture/execute/pr64242.c -O2 execution test
FAIL: gcc.c-torture/execute/pr64242.c -O3 -g execution test
FAIL: gcc.c-torture/execute/pr64242.c -Os execution test
FAIL: gcc.c-torture/execute/pr64242.c -O2 -flto -fno-use-linker-plugin -flto-partition=none execution test
FAIL: gcc.c-torture/execute/pr64242.c -O2 -flto -fuse-linker-plugin -fno-fat-lto-objects execution test
FAIL: gcc.dg/analyzer/analyzer-verbosity-2a.c (test for excess errors)
FAIL: gcc.dg/analyzer/analyzer-verbosity-3a.c (test for excess errors)
FAIL: gcc.dg/analyzer/edges-1.c (test for excess errors)
FAIL: gcc.dg/analyzer/file-1.c (test for excess errors)
FAIL: gcc.dg/analyzer/file-2.c (test for excess errors)
FAIL: gcc.dg/analyzer/file-paths-1.c (test for excess errors)
FAIL: gcc.dg/analyzer/file-pr58237.c (test for excess errors)
FAIL: gcc.dg/analyzer/pr103526.c (test for bogus messages, line 31)
FAIL: gcc.dg/analyzer/pr99716-1.c (test for excess errors)
FAIL: gcc.dg/debug/btf/btf-datasec-1.c scan-assembler-times 0xf000003[\\t ]+[^\\n]*btt_info 2
FAIL: gcc.dg/debug/btf/btf-datasec-1.c scan-assembler-times 0xf000001[\\t ]+[^\\n]*btt_info 1
FAIL: gcc.dg/debug/btf/btf-datasec-1.c scan-assembler-times 0[\\t ]+[^\\n]*bts_offset 7
FAIL: gcc.dg/debug/btf/btf-datasec-1.c scan-assembler-times ascii ".data.0"[\\t ]+[^\\n]*btf_aux_string 1
FAIL: c-c++-common/attr-retain-2.c -Wc++-compat scan-assembler .data.*,"awR"
FAIL: c-c++-common/attr-retain-3.c -Wc++-compat scan-assembler ,"awR"
FAIL: c-c++-common/pr69669.c -Wc++-compat scan-rtl-dump-times final "mem:QI" 1
FAIL: c-c++-common/spec-barrier-1.c -Wc++-compat (test for excess errors)
FAIL: gcc.dg/20021029-1.c scan-assembler-symbol-section symbol ^_?ar (found ar.0) has section ^\\\\.(const|rodata)|\\\\[RO\\\\] (found .sdata)
FAIL: gcc.dg/20141029-1.c scan-rtl-dump-times final "mem/v(/.)*:HI" 4
FAIL: gcc.dg/Wzero-length-array-bounds-2.c (test for excess errors)
FAIL: gcc.dg/align-3.c scan-rtl-dump expand "MEM[^\\n\\r]*A8\\\\]"
FAIL: gcc.dg/cdce3.c scan-tree-dump cdce "cdce3.c:11: [^\\n\\r]* function call is shrink-wrapped into error conditions."
FAIL: gcc.dg/cleanup-11.c execution test
FAIL: gcc.dg/cleanup-9.c execution test
FAIL: gcc.dg/gcov-info-to-gcda.c (test for excess errors)
UNRESOLVED: gcc.dg/gcov-info-to-gcda.c compilation failed to produce executable
FAIL: gcc.dg/pr100590.c (test for excess errors)
FAIL: gcc.dg/pr102892-1.c (test for excess errors)
FAIL: gcc.dg/pr86617.c scan-rtl-dump-times final "mem/v" 6
FAIL: gcc.dg/pr97954.c (test for excess errors)
FAIL: gcc.dg/signbit-2.c scan-tree-dump optimized "\\\\s+>\\\\s+{ 0(, 0)+ }"
FAIL: gcc.dg/torture/fp-double-convert-float-1.c -O0 execution test
FAIL: gcc.dg/torture/fp-double-convert-float-1.c -O1 execution test
FAIL: gcc.dg/torture/fp-double-convert-float-1.c -O2 execution test
FAIL: gcc.dg/torture/fp-double-convert-float-1.c -O3 -g execution test
FAIL: gcc.dg/torture/fp-double-convert-float-1.c -Os execution test
FAIL: gcc.dg/torture/fp-double-convert-float-1.c -O2 -flto -fno-use-linker-plugin -flto-partition=none execution test
FAIL: gcc.dg/torture/fp-double-convert-float-1.c -O2 -flto -fuse-linker-plugin -fno-fat-lto-objects execution test
FAIL: gcc.dg/torture/fp-uint64-convert-double-1.c -O0 execution test
FAIL: gcc.dg/torture/fp-uint64-convert-double-1.c -O1 execution test
FAIL: gcc.dg/torture/fp-uint64-convert-double-1.c -O2 execution test
FAIL: gcc.dg/torture/fp-uint64-convert-double-1.c -O3 -g execution test
FAIL: gcc.dg/torture/fp-uint64-convert-double-1.c -Os execution test
FAIL: gcc.dg/torture/fp-uint64-convert-double-1.c -O2 -flto -fno-use-linker-plugin -flto-partition=none execution test
FAIL: gcc.dg/torture/fp-uint64-convert-double-1.c -O2 -flto -fuse-linker-plugin -fno-fat-lto-objects execution test
FAIL: gcc.dg/torture/fp-uint64-convert-double-2.c -O0 execution test
FAIL: gcc.dg/torture/fp-uint64-convert-double-2.c -O1 execution test
FAIL: gcc.dg/torture/fp-uint64-convert-double-2.c -O2 execution test
FAIL: gcc.dg/torture/fp-uint64-convert-double-2.c -O3 -g execution test
FAIL: gcc.dg/torture/fp-uint64-convert-double-2.c -Os execution test
FAIL: gcc.dg/torture/fp-uint64-convert-double-2.c -O2 -flto -fno-use-linker-plugin -flto-partition=none execution test
FAIL: gcc.dg/torture/fp-uint64-convert-double-2.c -O2 -flto -fuse-linker-plugin -fno-fat-lto-objects execution test
FAIL: gcc.dg/torture/ftrapv-2.c -O2 (internal compiler error: in store_data_bypass_p_1, at recog.c:4211)
FAIL: gcc.dg/torture/ftrapv-2.c -O2 (test for excess errors)
UNRESOLVED: gcc.dg/torture/ftrapv-2.c -O2 compilation failed to produce executable
FAIL: gcc.dg/torture/ftrapv-2.c -O3 -fomit-frame-pointer -funroll-loops -fpeel-loops -ftracer -finline-functions (internal compiler error: in store_data_bypass_p_1, at recog.c:4211)
FAIL: gcc.dg/torture/ftrapv-2.c -O3 -fomit-frame-pointer -funroll-loops -fpeel-loops -ftracer -finline-functions (test for excess errors)
UNRESOLVED: gcc.dg/torture/ftrapv-2.c -O3 -fomit-frame-pointer -funroll-loops -fpeel-loops -ftracer -finline-functions compilation failed to produce executable
FAIL: gcc.dg/torture/ftrapv-2.c -O3 -g (internal compiler error: in store_data_bypass_p_1, at recog.c:4211)
FAIL: gcc.dg/torture/ftrapv-2.c -O3 -g (test for excess errors)
UNRESOLVED: gcc.dg/torture/ftrapv-2.c -O3 -g compilation failed to produce executable
FAIL: gcc.dg/torture/ftrapv-2.c -Os (internal compiler error: in store_data_bypass_p_1, at recog.c:4211)
FAIL: gcc.dg/torture/ftrapv-2.c -Os (test for excess errors)
UNRESOLVED: gcc.dg/torture/ftrapv-2.c -Os compilation failed to produce executable
FAIL: gcc.dg/torture/pr100329.c -O0 (test for excess errors)
FAIL: gcc.dg/torture/pr100329.c -O1 (test for excess errors)
FAIL: gcc.dg/torture/pr100329.c -O2 (test for excess errors)
FAIL: gcc.dg/torture/pr100329.c -O3 -g (test for excess errors)
FAIL: gcc.dg/torture/pr100329.c -Os (test for excess errors)
FAIL: gcc.dg/torture/pr100329.c -O2 -flto -fno-use-linker-plugin -flto-partition=none (test for excess errors)
FAIL: gcc.dg/torture/pr100398.c -O0 (test for excess errors)
FAIL: gcc.dg/torture/pr100519.c -O0 (test for excess errors)
FAIL: gcc.dg/torture/pr100519.c -O1 (test for excess errors)
FAIL: gcc.dg/torture/pr100519.c -O2 (test for excess errors)
FAIL: gcc.dg/torture/pr100519.c -O3 -g (test for excess errors)
FAIL: gcc.dg/torture/pr100519.c -Os (test for excess errors)
FAIL: gcc.dg/torture/pr100519.c -O2 -flto -fno-use-linker-plugin -flto-partition=none (test for excess errors)
FAIL: gcc.dg/tree-ssa/ssa-sink-18.c scan-tree-dump-times sink2 "Sunk statements: 4" 1
=== gcc Summary ===
# of expected passes 128914
# of unexpected failures 171
# of expected failures 958
# of unresolved testcases 5
# of unsupported tests 2249
/tmp/b/gcc/xgcc version 12.0.0 20220109 (experimental) [master r12-6385-g57fe1f6ad36] (GCC)
=== gfortran tests ===
Running target unix
FAIL: gfortran.dg/dec_math.f90 -O0 execution test
FAIL: gfortran.dg/dec_math.f90 -O1 execution test
FAIL: gfortran.dg/dec_math.f90 -O2 execution test
FAIL: gfortran.dg/dec_math.f90 -O3 -fomit-frame-pointer -funroll-loops -fpeel-loops -ftracer -finline-functions execution test
FAIL: gfortran.dg/dec_math.f90 -O3 -g execution test
FAIL: gfortran.dg/dec_math.f90 -Os execution test
FAIL: gfortran.dg/pr45636.f90 -O scan-tree-dump-times forwprop2 "memset" 0
FAIL: gfortran.dg/pr95690.f90 -O (test for errors, line 6)
FAIL: gfortran.dg/pr95690.f90 -O (test for excess errors)
FAIL: gfortran.dg/proc_ptr_10.f90 -O0 (test for excess errors)
FAIL: gfortran.dg/proc_ptr_19.f90 -O3 -g (test for excess errors)
FAIL: gfortran.dg/proc_ptr_22.f90 -O3 -g (test for excess errors)
FAIL: gfortran.dg/proc_ptr_5.f90 -O1 (test for excess errors)
FAIL: gfortran.dg/unlimited_polymorphic_3.f03 -Os execution test
FAIL: gfortran.dg/vector_subscript_1.f90 -O1 execution test
FAIL: gfortran.dg/vector_subscript_1.f90 -O2 execution test
FAIL: gfortran.dg/vector_subscript_1.f90 -O3 -fomit-frame-pointer -funroll-loops -fpeel-loops -ftracer -finline-functions execution test
FAIL: gfortran.dg/vector_subscript_1.f90 -O3 -g execution test
FAIL: gfortran.dg/vector_subscript_1.f90 -Os execution test
=== gfortran Summary ===
# of expected passes 64829
# of unexpected failures 19
# of expected failures 241
# of unsupported tests 163
/tmp/b/gcc/gfortran version 12.0.0 20220109 (experimental) [master r12-6385-g57fe1f6ad36] (GCC)
=== objc tests ===
Running target unix
=== objc Summary ===
# of expected passes 2846
# of unsupported tests 71
/tmp/b/gcc/xgcc version 12.0.0 20220109 (experimental) [master r12-6385-g57fe1f6ad36] (GCC)
Compiler version: 12.0.0 20220109 (experimental) [master r12-6385-g57fe1f6ad36] (GCC)
Platform: alpha-unknown-linux-gnu
configure flags: none
More information about the Gcc-testresults
mailing list