Results for 12.0.0 20220107 (experimental) [master revision add37d3bf4f375bb202abdc7cf7768f27fc968d7] (GCC) testsuite on sparc-sun-solaris2.11
Rainer Orth
ro@CeBiTec.Uni-Bielefeld.DE
Sat Jan 8 18:18:01 GMT 2022
LAST_UPDATED: Fri Jan 7 10:20:17 UTC 2022 (revision add37d3bf4f375bb202abdc7cf7768f27fc968d7)
=== acats tests ===
=== acats Summary ===
# of expected passes 2328
# of unexpected failures 0
Native configuration is sparc-sun-solaris2.11
=== g++ tests ===
Running target unix
FAIL: g++.dg/asan/default-options-1.C -O0 execution test
FAIL: g++.dg/asan/default-options-1.C -O1 execution test
FAIL: g++.dg/asan/default-options-1.C -O2 execution test
FAIL: g++.dg/asan/default-options-1.C -O2 -flto execution test
FAIL: g++.dg/asan/default-options-1.C -O2 -flto -flto-partition=none execution test
FAIL: g++.dg/asan/default-options-1.C -O3 -g execution test
FAIL: g++.dg/asan/default-options-1.C -Os execution test
FAIL: g++.dg/gcov/pr16855-priority.C -std=gnu++14 gcov: 12 failures in line counts, 0 in branch percentages, 0 in return percentages, 0 in intermediate format
FAIL: g++.dg/gcov/pr16855-priority.C -std=gnu++14 line 14: is 2:should be 1
FAIL: g++.dg/gcov/pr16855-priority.C -std=gnu++14 line 21: is 2:should be 1
FAIL: g++.dg/gcov/pr16855-priority.C -std=gnu++14 line 22: is #####:should be 1
FAIL: g++.dg/gcov/pr16855-priority.C -std=gnu++14 line 35: is 2:should be 1
FAIL: g++.dg/gcov/pr16855-priority.C -std=gnu++14 line 41: is 2:should be 1
FAIL: g++.dg/gcov/pr16855-priority.C -std=gnu++14 line 46: is 2:should be 1
FAIL: g++.dg/gcov/pr16855-priority.C -std=gnu++14 line 51: is 2:should be 1
FAIL: g++.dg/gcov/pr16855-priority.C -std=gnu++14 line 56: is 2:should be 1
FAIL: g++.dg/gcov/pr16855-priority.C -std=gnu++14 line 61: is 2:should be 1
FAIL: g++.dg/gcov/pr16855-priority.C -std=gnu++14 line 66: is 2:should be 1
FAIL: g++.dg/gcov/pr16855-priority.C -std=gnu++14 line 71: is 2:should be 1
FAIL: g++.dg/gcov/pr16855-priority.C -std=gnu++14 line 76: is 2:should be 1
FAIL: g++.dg/gcov/pr16855-priority.C -std=gnu++17 gcov: 12 failures in line counts, 0 in branch percentages, 0 in return percentages, 0 in intermediate format
FAIL: g++.dg/gcov/pr16855-priority.C -std=gnu++17 line 14: is 3:should be 1
FAIL: g++.dg/gcov/pr16855-priority.C -std=gnu++17 line 21: is 3:should be 1
FAIL: g++.dg/gcov/pr16855-priority.C -std=gnu++17 line 22: is #####:should be 1
FAIL: g++.dg/gcov/pr16855-priority.C -std=gnu++17 line 35: is 3:should be 1
FAIL: g++.dg/gcov/pr16855-priority.C -std=gnu++17 line 41: is 3:should be 1
FAIL: g++.dg/gcov/pr16855-priority.C -std=gnu++17 line 46: is 3:should be 1
FAIL: g++.dg/gcov/pr16855-priority.C -std=gnu++17 line 51: is 3:should be 1
FAIL: g++.dg/gcov/pr16855-priority.C -std=gnu++17 line 56: is 3:should be 1
FAIL: g++.dg/gcov/pr16855-priority.C -std=gnu++17 line 61: is 3:should be 1
FAIL: g++.dg/gcov/pr16855-priority.C -std=gnu++17 line 66: is 3:should be 1
FAIL: g++.dg/gcov/pr16855-priority.C -std=gnu++17 line 71: is 3:should be 1
FAIL: g++.dg/gcov/pr16855-priority.C -std=gnu++17 line 76: is 3:should be 1
FAIL: g++.dg/gcov/pr16855-priority.C -std=gnu++2a gcov: 12 failures in line counts, 0 in branch percentages, 0 in return percentages, 0 in intermediate format
FAIL: g++.dg/gcov/pr16855-priority.C -std=gnu++2a line 14: is 4:should be 1
FAIL: g++.dg/gcov/pr16855-priority.C -std=gnu++2a line 21: is 4:should be 1
FAIL: g++.dg/gcov/pr16855-priority.C -std=gnu++2a line 22: is #####:should be 1
FAIL: g++.dg/gcov/pr16855-priority.C -std=gnu++2a line 35: is 4:should be 1
FAIL: g++.dg/gcov/pr16855-priority.C -std=gnu++2a line 41: is 4:should be 1
FAIL: g++.dg/gcov/pr16855-priority.C -std=gnu++2a line 46: is 4:should be 1
FAIL: g++.dg/gcov/pr16855-priority.C -std=gnu++2a line 51: is 4:should be 1
FAIL: g++.dg/gcov/pr16855-priority.C -std=gnu++2a line 56: is 4:should be 1
FAIL: g++.dg/gcov/pr16855-priority.C -std=gnu++2a line 61: is 4:should be 1
FAIL: g++.dg/gcov/pr16855-priority.C -std=gnu++2a line 66: is 4:should be 1
FAIL: g++.dg/gcov/pr16855-priority.C -std=gnu++2a line 71: is 4:should be 1
FAIL: g++.dg/gcov/pr16855-priority.C -std=gnu++2a line 76: is 4:should be 1
FAIL: g++.dg/gcov/pr16855-priority.C -std=gnu++98 gcov: 1 failures in line counts, 0 in branch percentages, 0 in return percentages, 0 in intermediate format
FAIL: g++.dg/gcov/pr16855-priority.C -std=gnu++98 line 22: is #####:should be 1
FAIL: g++.dg/gcov/pr16855.C -std=gnu++14 gcov: 6 failures in line counts, 0 in branch percentages, 0 in return percentages, 0 in intermediate format
FAIL: g++.dg/gcov/pr16855.C -std=gnu++14 line 15: is 2:should be 1
FAIL: g++.dg/gcov/pr16855.C -std=gnu++14 line 22: is 2:should be 1
FAIL: g++.dg/gcov/pr16855.C -std=gnu++14 line 24: is #####:should be 1
FAIL: g++.dg/gcov/pr16855.C -std=gnu++14 line 38: is 2:should be 1
FAIL: g++.dg/gcov/pr16855.C -std=gnu++14 line 44: is 2:should be 1
FAIL: g++.dg/gcov/pr16855.C -std=gnu++14 line 49: is 2:should be 1
FAIL: g++.dg/gcov/pr16855.C -std=gnu++17 gcov: 6 failures in line counts, 0 in branch percentages, 0 in return percentages, 0 in intermediate format
FAIL: g++.dg/gcov/pr16855.C -std=gnu++17 line 15: is 3:should be 1
FAIL: g++.dg/gcov/pr16855.C -std=gnu++17 line 22: is 3:should be 1
FAIL: g++.dg/gcov/pr16855.C -std=gnu++17 line 24: is #####:should be 1
FAIL: g++.dg/gcov/pr16855.C -std=gnu++17 line 38: is 3:should be 1
FAIL: g++.dg/gcov/pr16855.C -std=gnu++17 line 44: is 3:should be 1
FAIL: g++.dg/gcov/pr16855.C -std=gnu++17 line 49: is 3:should be 1
FAIL: g++.dg/gcov/pr16855.C -std=gnu++2a gcov: 6 failures in line counts, 0 in branch percentages, 0 in return percentages, 0 in intermediate format
FAIL: g++.dg/gcov/pr16855.C -std=gnu++2a line 15: is 4:should be 1
FAIL: g++.dg/gcov/pr16855.C -std=gnu++2a line 22: is 4:should be 1
FAIL: g++.dg/gcov/pr16855.C -std=gnu++2a line 24: is #####:should be 1
FAIL: g++.dg/gcov/pr16855.C -std=gnu++2a line 38: is 4:should be 1
FAIL: g++.dg/gcov/pr16855.C -std=gnu++2a line 44: is 4:should be 1
FAIL: g++.dg/gcov/pr16855.C -std=gnu++2a line 49: is 4:should be 1
FAIL: g++.dg/gcov/pr16855.C -std=gnu++98 gcov: 1 failures in line counts, 0 in branch percentages, 0 in return percentages, 0 in intermediate format
FAIL: g++.dg/gcov/pr16855.C -std=gnu++98 line 24: is #####:should be 1
FAIL: g++.dg/modules/stdio-1_a.H -std=c++17 scan-lang-dump module "Depset:0 decl entity:[0-9]* function_decl:'::printf'"
FAIL: g++.dg/modules/stdio-1_a.H -std=c++2a scan-lang-dump module "Depset:0 decl entity:[0-9]* function_decl:'::printf'"
FAIL: g++.dg/modules/stdio-1_a.H -std=c++2b scan-lang-dump module "Depset:0 decl entity:[0-9]* function_decl:'::printf'"
FAIL: g++.dg/vect/slp-pr98855.cc -std=c++14 scan-tree-dump slp1 "not vectorized: vectorization is not profitable"
FAIL: g++.dg/vect/slp-pr98855.cc -std=c++17 scan-tree-dump slp1 "not vectorized: vectorization is not profitable"
FAIL: g++.dg/vect/slp-pr98855.cc -std=c++2a scan-tree-dump slp1 "not vectorized: vectorization is not profitable"
FAIL: g++.dg/vect/slp-pr98855.cc -std=c++98 scan-tree-dump slp1 "not vectorized: vectorization is not profitable"
=== g++ Summary for unix ===
# of expected passes 216667
# of unexpected failures 78
# of expected failures 1415
# of unsupported tests 10548
Running target unix/-m64
FAIL: g++.dg/gcov/pr16855-priority.C -std=gnu++14 gcov: 12 failures in line counts, 0 in branch percentages, 0 in return percentages, 0 in intermediate format
FAIL: g++.dg/gcov/pr16855-priority.C -std=gnu++14 line 14: is 2:should be 1
FAIL: g++.dg/gcov/pr16855-priority.C -std=gnu++14 line 21: is 2:should be 1
FAIL: g++.dg/gcov/pr16855-priority.C -std=gnu++14 line 22: is #####:should be 1
FAIL: g++.dg/gcov/pr16855-priority.C -std=gnu++14 line 35: is 2:should be 1
FAIL: g++.dg/gcov/pr16855-priority.C -std=gnu++14 line 41: is 2:should be 1
FAIL: g++.dg/gcov/pr16855-priority.C -std=gnu++14 line 46: is 2:should be 1
FAIL: g++.dg/gcov/pr16855-priority.C -std=gnu++14 line 51: is 2:should be 1
FAIL: g++.dg/gcov/pr16855-priority.C -std=gnu++14 line 56: is 2:should be 1
FAIL: g++.dg/gcov/pr16855-priority.C -std=gnu++14 line 61: is 2:should be 1
FAIL: g++.dg/gcov/pr16855-priority.C -std=gnu++14 line 66: is 2:should be 1
FAIL: g++.dg/gcov/pr16855-priority.C -std=gnu++14 line 71: is 2:should be 1
FAIL: g++.dg/gcov/pr16855-priority.C -std=gnu++14 line 76: is 2:should be 1
FAIL: g++.dg/gcov/pr16855-priority.C -std=gnu++17 gcov: 12 failures in line counts, 0 in branch percentages, 0 in return percentages, 0 in intermediate format
FAIL: g++.dg/gcov/pr16855-priority.C -std=gnu++17 line 14: is 3:should be 1
FAIL: g++.dg/gcov/pr16855-priority.C -std=gnu++17 line 21: is 3:should be 1
FAIL: g++.dg/gcov/pr16855-priority.C -std=gnu++17 line 22: is #####:should be 1
FAIL: g++.dg/gcov/pr16855-priority.C -std=gnu++17 line 35: is 3:should be 1
FAIL: g++.dg/gcov/pr16855-priority.C -std=gnu++17 line 41: is 3:should be 1
FAIL: g++.dg/gcov/pr16855-priority.C -std=gnu++17 line 46: is 3:should be 1
FAIL: g++.dg/gcov/pr16855-priority.C -std=gnu++17 line 51: is 3:should be 1
FAIL: g++.dg/gcov/pr16855-priority.C -std=gnu++17 line 56: is 3:should be 1
FAIL: g++.dg/gcov/pr16855-priority.C -std=gnu++17 line 61: is 3:should be 1
FAIL: g++.dg/gcov/pr16855-priority.C -std=gnu++17 line 66: is 3:should be 1
FAIL: g++.dg/gcov/pr16855-priority.C -std=gnu++17 line 71: is 3:should be 1
FAIL: g++.dg/gcov/pr16855-priority.C -std=gnu++17 line 76: is 3:should be 1
FAIL: g++.dg/gcov/pr16855-priority.C -std=gnu++2a gcov: 12 failures in line counts, 0 in branch percentages, 0 in return percentages, 0 in intermediate format
FAIL: g++.dg/gcov/pr16855-priority.C -std=gnu++2a line 14: is 4:should be 1
FAIL: g++.dg/gcov/pr16855-priority.C -std=gnu++2a line 21: is 4:should be 1
FAIL: g++.dg/gcov/pr16855-priority.C -std=gnu++2a line 22: is #####:should be 1
FAIL: g++.dg/gcov/pr16855-priority.C -std=gnu++2a line 35: is 4:should be 1
FAIL: g++.dg/gcov/pr16855-priority.C -std=gnu++2a line 41: is 4:should be 1
FAIL: g++.dg/gcov/pr16855-priority.C -std=gnu++2a line 46: is 4:should be 1
FAIL: g++.dg/gcov/pr16855-priority.C -std=gnu++2a line 51: is 4:should be 1
FAIL: g++.dg/gcov/pr16855-priority.C -std=gnu++2a line 56: is 4:should be 1
FAIL: g++.dg/gcov/pr16855-priority.C -std=gnu++2a line 61: is 4:should be 1
FAIL: g++.dg/gcov/pr16855-priority.C -std=gnu++2a line 66: is 4:should be 1
FAIL: g++.dg/gcov/pr16855-priority.C -std=gnu++2a line 71: is 4:should be 1
FAIL: g++.dg/gcov/pr16855-priority.C -std=gnu++2a line 76: is 4:should be 1
FAIL: g++.dg/gcov/pr16855-priority.C -std=gnu++98 gcov: 1 failures in line counts, 0 in branch percentages, 0 in return percentages, 0 in intermediate format
FAIL: g++.dg/gcov/pr16855-priority.C -std=gnu++98 line 22: is #####:should be 1
FAIL: g++.dg/gcov/pr16855.C -std=gnu++14 gcov: 6 failures in line counts, 0 in branch percentages, 0 in return percentages, 0 in intermediate format
FAIL: g++.dg/gcov/pr16855.C -std=gnu++14 line 15: is 2:should be 1
FAIL: g++.dg/gcov/pr16855.C -std=gnu++14 line 22: is 2:should be 1
FAIL: g++.dg/gcov/pr16855.C -std=gnu++14 line 24: is #####:should be 1
FAIL: g++.dg/gcov/pr16855.C -std=gnu++14 line 38: is 2:should be 1
FAIL: g++.dg/gcov/pr16855.C -std=gnu++14 line 44: is 2:should be 1
FAIL: g++.dg/gcov/pr16855.C -std=gnu++14 line 49: is 2:should be 1
FAIL: g++.dg/gcov/pr16855.C -std=gnu++17 gcov: 6 failures in line counts, 0 in branch percentages, 0 in return percentages, 0 in intermediate format
FAIL: g++.dg/gcov/pr16855.C -std=gnu++17 line 15: is 3:should be 1
FAIL: g++.dg/gcov/pr16855.C -std=gnu++17 line 22: is 3:should be 1
FAIL: g++.dg/gcov/pr16855.C -std=gnu++17 line 24: is #####:should be 1
FAIL: g++.dg/gcov/pr16855.C -std=gnu++17 line 38: is 3:should be 1
FAIL: g++.dg/gcov/pr16855.C -std=gnu++17 line 44: is 3:should be 1
FAIL: g++.dg/gcov/pr16855.C -std=gnu++17 line 49: is 3:should be 1
FAIL: g++.dg/gcov/pr16855.C -std=gnu++2a gcov: 6 failures in line counts, 0 in branch percentages, 0 in return percentages, 0 in intermediate format
FAIL: g++.dg/gcov/pr16855.C -std=gnu++2a line 15: is 4:should be 1
FAIL: g++.dg/gcov/pr16855.C -std=gnu++2a line 22: is 4:should be 1
FAIL: g++.dg/gcov/pr16855.C -std=gnu++2a line 24: is #####:should be 1
FAIL: g++.dg/gcov/pr16855.C -std=gnu++2a line 38: is 4:should be 1
FAIL: g++.dg/gcov/pr16855.C -std=gnu++2a line 44: is 4:should be 1
FAIL: g++.dg/gcov/pr16855.C -std=gnu++2a line 49: is 4:should be 1
FAIL: g++.dg/gcov/pr16855.C -std=gnu++98 gcov: 1 failures in line counts, 0 in branch percentages, 0 in return percentages, 0 in intermediate format
FAIL: g++.dg/gcov/pr16855.C -std=gnu++98 line 24: is #####:should be 1
FAIL: g++.dg/modules/stdio-1_a.H -std=c++17 scan-lang-dump module "Depset:0 decl entity:[0-9]* function_decl:'::printf'"
FAIL: g++.dg/modules/stdio-1_a.H -std=c++2a scan-lang-dump module "Depset:0 decl entity:[0-9]* function_decl:'::printf'"
FAIL: g++.dg/modules/stdio-1_a.H -std=c++2b scan-lang-dump module "Depset:0 decl entity:[0-9]* function_decl:'::printf'"
FAIL: g++.dg/vect/slp-pr98855.cc -std=c++14 scan-tree-dump slp1 "not vectorized: vectorization is not profitable"
FAIL: g++.dg/vect/slp-pr98855.cc -std=c++17 scan-tree-dump slp1 "not vectorized: vectorization is not profitable"
FAIL: g++.dg/vect/slp-pr98855.cc -std=c++2a scan-tree-dump slp1 "not vectorized: vectorization is not profitable"
FAIL: g++.dg/vect/slp-pr98855.cc -std=c++98 scan-tree-dump slp1 "not vectorized: vectorization is not profitable"
=== g++ Summary for unix/-m64 ===
# of expected passes 217412
# of unexpected failures 71
# of expected failures 1423
# of unsupported tests 10236
=== g++ Summary ===
# of expected passes 434079
# of unexpected failures 149
# of expected failures 2838
# of unsupported tests 20784
/var/gcc/regression/master/11.4-gcc-gas/build/gcc/xg++ version 12.0.0 20220107 (experimental) [master revision add37d3bf4f375bb202abdc7cf7768f27fc968d7] (GCC)
=== gcc tests ===
Running target unix
FAIL: gcc.dg/analyzer/pr103526.c (test for bogus messages, line 31)
FAIL: gcc.dg/pr102892-1.c (test for excess errors)
XPASS: gcc.dg/pr84877.c execution test
FAIL: gcc.dg/signbit-2.c scan-tree-dump optimized "\\\\s+>\\\\s+{ 0(, 0)+ }"
FAIL: gcc.dg/ipa/iinline-attr.c scan-ipa-dump inline "hooray[^\\\\n]*inline copy in test"
FAIL: gcc.dg/ipa/ipa-icf-38.c scan-ltrans-tree-dump-not optimized "Function bar"
FAIL: gcc-dg-lto-modref-3-01.exe scan-wpa-ipa-dump modref "parm 1 flags: no_direct_clobber no_direct_escape"
FAIL: gcc-dg-lto-modref-4-01.exe scan-wpa-ipa-dump modref "parm 1 flags: no_direct_clobber no_direct_escape"
FAIL: gcc.dg/lto/modref-3 c_lto_modref-3_0.o-c_lto_modref-3_1.o execute -O2 -flto-partition=max -fdump-ipa-modref -fno-ipa-sra -fno-ipa-cp -flto
FAIL: gcc.dg/lto/modref-4 c_lto_modref-4_0.o-c_lto_modref-4_1.o execute -O2 -flto-partition=max -fdump-ipa-modref -fno-ipa-sra -flto
FAIL: gcc.dg/simulate-thread/atomic-other-int.c -O2 -g thread simulation test
FAIL: gcc.dg/simulate-thread/atomic-other-int.c -O3 -g thread simulation test
FAIL: gcc.dg/simulate-thread/speculative-store-4.c -O0 -g thread simulation test
FAIL: gcc.dg/simulate-thread/speculative-store-4.c -O2 -g thread simulation test
FAIL: gcc.dg/simulate-thread/speculative-store-4.c -O3 -g thread simulation test
FAIL: gcc.dg/simulate-thread/speculative-store.c -O0 -g thread simulation test
FAIL: gcc.dg/vect/bb-slp-21.c -flto -ffat-lto-objects scan-tree-dump-times slp2 "optimized: basic block" 1
FAIL: gcc.dg/vect/bb-slp-21.c scan-tree-dump-times slp2 "optimized: basic block" 1
FAIL: gcc.dg/vect/bb-slp-22.c -flto -ffat-lto-objects scan-tree-dump-times slp2 "optimized: basic block" 1
FAIL: gcc.dg/vect/bb-slp-22.c scan-tree-dump-times slp2 "optimized: basic block" 1
XPASS: gcc.dg/vect/bb-slp-32.c -flto -ffat-lto-objects scan-tree-dump slp2 "vectorization is not profitable"
XPASS: gcc.dg/vect/bb-slp-32.c scan-tree-dump slp2 "vectorization is not profitable"
FAIL: gcc.dg/vect/pr97428.c -flto -ffat-lto-objects scan-tree-dump vect "Detected interleaving load of size 8"
FAIL: gcc.dg/vect/pr97428.c -flto -ffat-lto-objects scan-tree-dump vect "Detected interleaving store of size 16"
FAIL: gcc.dg/vect/pr97428.c scan-tree-dump vect "Detected interleaving load of size 8"
FAIL: gcc.dg/vect/pr97428.c scan-tree-dump vect "Detected interleaving store of size 16"
FAIL: gcc.dg/vect/slp-47.c -flto -ffat-lto-objects scan-tree-dump-times vect "vectorizing stmts using SLP" 2
FAIL: gcc.dg/vect/slp-47.c scan-tree-dump-times vect "vectorizing stmts using SLP" 2
FAIL: gcc.dg/vect/slp-48.c -flto -ffat-lto-objects scan-tree-dump-times vect "vectorizing stmts using SLP" 2
FAIL: gcc.dg/vect/slp-48.c scan-tree-dump-times vect "vectorizing stmts using SLP" 2
XPASS: gcc.dg/vect/vect-alias-check-1.c -flto -ffat-lto-objects scan-tree-dump vect "using an address-based overlap test"
XPASS: gcc.dg/vect/vect-alias-check-1.c scan-tree-dump vect "using an address-based overlap test"
FAIL: gcc.dg/vect/vect-bic-bitmask-10.c -flto -ffat-lto-objects scan-tree-dump dce7 "<=\\\\s*.+{ 255,.+}"
FAIL: gcc.dg/vect/vect-bic-bitmask-10.c scan-tree-dump dce7 "<=\\\\s*.+{ 255,.+}"
FAIL: gcc.dg/vect/vect-bic-bitmask-11.c -flto -ffat-lto-objects scan-tree-dump dce7 ">\\\\s*.+{ 255,.+}"
FAIL: gcc.dg/vect/vect-bic-bitmask-11.c scan-tree-dump dce7 ">\\\\s*.+{ 255,.+}"
FAIL: gcc.dg/vect/vect-bic-bitmask-12.c -flto -ffat-lto-objects scan-tree-dump dce7 "<=\\\\s*.+{ 255,.+}"
FAIL: gcc.dg/vect/vect-bic-bitmask-12.c scan-tree-dump dce7 "<=\\\\s*.+{ 255,.+}"
FAIL: gcc.dg/vect/vect-bic-bitmask-2.c -flto -ffat-lto-objects scan-tree-dump-times dce7 "<=\\\\s*.+{ 255,.+}" 1
FAIL: gcc.dg/vect/vect-bic-bitmask-2.c scan-tree-dump-times dce7 "<=\\\\s*.+{ 255,.+}" 1
FAIL: gcc.dg/vect/vect-bic-bitmask-23.c -flto -ffat-lto-objects scan-tree-dump dce7 "<=\\\\s*.+{ 255, 15, 1, 65535 }"
FAIL: gcc.dg/vect/vect-bic-bitmask-23.c scan-tree-dump dce7 "<=\\\\s*.+{ 255, 15, 1, 65535 }"
FAIL: gcc.dg/vect/vect-bic-bitmask-3.c -flto -ffat-lto-objects scan-tree-dump-times dce7 "<=\\\\s*.+{ 255,.+}" 1
FAIL: gcc.dg/vect/vect-bic-bitmask-3.c scan-tree-dump-times dce7 "<=\\\\s*.+{ 255,.+}" 1
FAIL: gcc.dg/vect/vect-bic-bitmask-5.c -flto -ffat-lto-objects scan-tree-dump-times dce7 ">\\\\s*.+{ 255,.+}" 1
FAIL: gcc.dg/vect/vect-bic-bitmask-5.c scan-tree-dump-times dce7 ">\\\\s*.+{ 255,.+}" 1
FAIL: gcc.dg/vect/vect-bic-bitmask-6.c -flto -ffat-lto-objects scan-tree-dump-times dce7 "<=\\\\s*.+{ 255,.+}" 1
FAIL: gcc.dg/vect/vect-bic-bitmask-6.c scan-tree-dump-times dce7 "<=\\\\s*.+{ 255,.+}" 1
FAIL: gcc.dg/vect/vect-bic-bitmask-8.c -flto -ffat-lto-objects scan-tree-dump-times dce7 ">\\\\s*.+{ 1,.+}" 1
FAIL: gcc.dg/vect/vect-bic-bitmask-8.c scan-tree-dump-times dce7 ">\\\\s*.+{ 1,.+}" 1
FAIL: gcc.dg/vect/vect-bic-bitmask-9.c -flto -ffat-lto-objects scan-tree-dump dce7 "&\\\\s*.+{ 4294967290,.+}"
FAIL: gcc.dg/vect/vect-bic-bitmask-9.c scan-tree-dump dce7 "&\\\\s*.+{ 4294967290,.+}"
FAIL: gcc.dg/vect/vect-cost-model-1.c -flto -ffat-lto-objects scan-tree-dump vect "LOOP VECTORIZED"
FAIL: gcc.dg/vect/vect-cost-model-1.c scan-tree-dump vect "LOOP VECTORIZED"
FAIL: gcc.dg/vect/vect-cost-model-3.c -flto -ffat-lto-objects scan-tree-dump vect "LOOP VECTORIZED"
FAIL: gcc.dg/vect/vect-cost-model-3.c scan-tree-dump vect "LOOP VECTORIZED"
FAIL: gcc.dg/vect/vect-cost-model-5.c -flto -ffat-lto-objects scan-tree-dump vect "LOOP VECTORIZED"
FAIL: gcc.dg/vect/vect-cost-model-5.c scan-tree-dump vect "LOOP VECTORIZED"
FAIL: gcc.dg/vect/vect-fmax-1.c -flto -ffat-lto-objects scan-tree-dump vect "Detected reduction"
FAIL: gcc.dg/vect/vect-fmax-1.c scan-tree-dump vect "Detected reduction"
FAIL: gcc.dg/vect/vect-fmax-2.c -flto -ffat-lto-objects scan-tree-dump vect "Detected reduction"
FAIL: gcc.dg/vect/vect-fmax-2.c scan-tree-dump vect "Detected reduction"
FAIL: gcc.dg/vect/vect-fmax-3.c -flto -ffat-lto-objects scan-tree-dump vect "Detected reduction"
FAIL: gcc.dg/vect/vect-fmax-3.c scan-tree-dump vect "Detected reduction"
FAIL: gcc.dg/vect/vect-fmin-1.c -flto -ffat-lto-objects scan-tree-dump vect "Detected reduction"
FAIL: gcc.dg/vect/vect-fmin-1.c -flto -ffat-lto-objects scan-tree-dump vect "Detected reduction"
FAIL: gcc.dg/vect/vect-fmin-1.c scan-tree-dump vect "Detected reduction"
FAIL: gcc.dg/vect/vect-fmin-1.c scan-tree-dump vect "Detected reduction"
FAIL: gcc.dg/vect/vect-fmin-2.c -flto -ffat-lto-objects scan-tree-dump vect "Detected reduction"
FAIL: gcc.dg/vect/vect-fmin-2.c scan-tree-dump vect "Detected reduction"
FAIL: gcc.dg/vect/vect-fmin-3.c -flto -ffat-lto-objects scan-tree-dump vect "Detected reduction"
FAIL: gcc.dg/vect/vect-fmin-3.c scan-tree-dump vect "Detected reduction"
FAIL: gcc.dg/vect/vect-multitypes-12.c -flto -ffat-lto-objects scan-tree-dump-times vect "vectorized 1 loops" 1
FAIL: gcc.dg/vect/vect-multitypes-12.c scan-tree-dump-times vect "vectorized 1 loops" 1
=== gcc Summary for unix ===
# of expected passes 138842
# of unexpected failures 69
# of unexpected successes 5
# of expected failures 1162
# of unsupported tests 4340
Running target unix/-m64
FAIL: gcc.dg/analyzer/pr103526.c (test for bogus messages, line 31)
FAIL: gcc.dg/Warray-bounds-48.c pr102706 (test for warnings, line 133)
FAIL: gcc.dg/Warray-bounds-48.c pr102706 (test for warnings, line 33)
FAIL: gcc.dg/Wzero-length-array-bounds-2.c (test for excess errors)
FAIL: gcc.dg/pr102892-1.c (test for excess errors)
XPASS: gcc.dg/pr84877.c execution test
FAIL: gcc.dg/signbit-2.c scan-tree-dump optimized "\\\\s+>\\\\s+{ 0(, 0)+ }"
FAIL: gcc.dg/ipa/ipa-icf-38.c scan-ltrans-tree-dump-not optimized "Function bar"
FAIL: gcc-dg-lto-modref-3-01.exe scan-wpa-ipa-dump modref "parm 1 flags: no_direct_clobber no_direct_escape"
FAIL: gcc-dg-lto-modref-4-01.exe scan-wpa-ipa-dump modref "parm 1 flags: no_direct_clobber no_direct_escape"
FAIL: gcc.dg/lto/modref-3 c_lto_modref-3_0.o-c_lto_modref-3_1.o execute -O2 -flto-partition=max -fdump-ipa-modref -fno-ipa-sra -fno-ipa-cp -flto
FAIL: gcc.dg/lto/modref-4 c_lto_modref-4_0.o-c_lto_modref-4_1.o execute -O2 -flto-partition=max -fdump-ipa-modref -fno-ipa-sra -flto
FAIL: gcc.dg/vect/bb-slp-21.c -flto -ffat-lto-objects scan-tree-dump-times slp2 "optimized: basic block" 1
FAIL: gcc.dg/vect/bb-slp-21.c scan-tree-dump-times slp2 "optimized: basic block" 1
FAIL: gcc.dg/vect/bb-slp-22.c -flto -ffat-lto-objects scan-tree-dump-times slp2 "optimized: basic block" 1
FAIL: gcc.dg/vect/bb-slp-22.c scan-tree-dump-times slp2 "optimized: basic block" 1
XPASS: gcc.dg/vect/bb-slp-32.c -flto -ffat-lto-objects scan-tree-dump slp2 "vectorization is not profitable"
XPASS: gcc.dg/vect/bb-slp-32.c scan-tree-dump slp2 "vectorization is not profitable"
XPASS: gcc.dg/vect/pr33804.c -flto -ffat-lto-objects scan-tree-dump-times vect "vectorized 1 loops" 1
XPASS: gcc.dg/vect/pr33804.c -flto -ffat-lto-objects scan-tree-dump-times vect "vectorizing stmts using SLP" 1
XPASS: gcc.dg/vect/pr33804.c scan-tree-dump-times vect "vectorized 1 loops" 1
XPASS: gcc.dg/vect/pr33804.c scan-tree-dump-times vect "vectorizing stmts using SLP" 1
FAIL: gcc.dg/vect/pr97428.c -flto -ffat-lto-objects scan-tree-dump vect "Detected interleaving load of size 8"
FAIL: gcc.dg/vect/pr97428.c -flto -ffat-lto-objects scan-tree-dump vect "Detected interleaving store of size 16"
FAIL: gcc.dg/vect/pr97428.c scan-tree-dump vect "Detected interleaving load of size 8"
FAIL: gcc.dg/vect/pr97428.c scan-tree-dump vect "Detected interleaving store of size 16"
FAIL: gcc.dg/vect/slp-47.c -flto -ffat-lto-objects scan-tree-dump-times vect "vectorizing stmts using SLP" 2
FAIL: gcc.dg/vect/slp-47.c scan-tree-dump-times vect "vectorizing stmts using SLP" 2
FAIL: gcc.dg/vect/slp-48.c -flto -ffat-lto-objects scan-tree-dump-times vect "vectorizing stmts using SLP" 2
FAIL: gcc.dg/vect/slp-48.c scan-tree-dump-times vect "vectorizing stmts using SLP" 2
XPASS: gcc.dg/vect/slp-multitypes-3.c -flto -ffat-lto-objects scan-tree-dump-times vect "vectorized 1 loops" 1
XPASS: gcc.dg/vect/slp-multitypes-3.c -flto -ffat-lto-objects scan-tree-dump-times vect "vectorizing stmts using SLP" 2
XPASS: gcc.dg/vect/slp-multitypes-3.c scan-tree-dump-times vect "vectorized 1 loops" 1
XPASS: gcc.dg/vect/slp-multitypes-3.c scan-tree-dump-times vect "vectorizing stmts using SLP" 2
XPASS: gcc.dg/vect/vect-alias-check-1.c -flto -ffat-lto-objects scan-tree-dump vect "using an address-based overlap test"
XPASS: gcc.dg/vect/vect-alias-check-1.c scan-tree-dump vect "using an address-based overlap test"
FAIL: gcc.dg/vect/vect-bic-bitmask-10.c -flto -ffat-lto-objects scan-tree-dump dce7 "<=\\\\s*.+{ 255,.+}"
FAIL: gcc.dg/vect/vect-bic-bitmask-10.c scan-tree-dump dce7 "<=\\\\s*.+{ 255,.+}"
FAIL: gcc.dg/vect/vect-bic-bitmask-11.c -flto -ffat-lto-objects scan-tree-dump dce7 ">\\\\s*.+{ 255,.+}"
FAIL: gcc.dg/vect/vect-bic-bitmask-11.c scan-tree-dump dce7 ">\\\\s*.+{ 255,.+}"
FAIL: gcc.dg/vect/vect-bic-bitmask-12.c -flto -ffat-lto-objects scan-tree-dump dce7 "<=\\\\s*.+{ 255,.+}"
FAIL: gcc.dg/vect/vect-bic-bitmask-12.c scan-tree-dump dce7 "<=\\\\s*.+{ 255,.+}"
FAIL: gcc.dg/vect/vect-bic-bitmask-2.c -flto -ffat-lto-objects scan-tree-dump-times dce7 "<=\\\\s*.+{ 255,.+}" 1
FAIL: gcc.dg/vect/vect-bic-bitmask-2.c scan-tree-dump-times dce7 "<=\\\\s*.+{ 255,.+}" 1
FAIL: gcc.dg/vect/vect-bic-bitmask-23.c -flto -ffat-lto-objects scan-tree-dump dce7 "<=\\\\s*.+{ 255, 15, 1, 65535 }"
FAIL: gcc.dg/vect/vect-bic-bitmask-23.c scan-tree-dump dce7 "<=\\\\s*.+{ 255, 15, 1, 65535 }"
FAIL: gcc.dg/vect/vect-bic-bitmask-3.c -flto -ffat-lto-objects scan-tree-dump-times dce7 "<=\\\\s*.+{ 255,.+}" 1
FAIL: gcc.dg/vect/vect-bic-bitmask-3.c scan-tree-dump-times dce7 "<=\\\\s*.+{ 255,.+}" 1
FAIL: gcc.dg/vect/vect-bic-bitmask-5.c -flto -ffat-lto-objects scan-tree-dump-times dce7 ">\\\\s*.+{ 255,.+}" 1
FAIL: gcc.dg/vect/vect-bic-bitmask-5.c scan-tree-dump-times dce7 ">\\\\s*.+{ 255,.+}" 1
FAIL: gcc.dg/vect/vect-bic-bitmask-6.c -flto -ffat-lto-objects scan-tree-dump-times dce7 "<=\\\\s*.+{ 255,.+}" 1
FAIL: gcc.dg/vect/vect-bic-bitmask-6.c scan-tree-dump-times dce7 "<=\\\\s*.+{ 255,.+}" 1
FAIL: gcc.dg/vect/vect-bic-bitmask-8.c -flto -ffat-lto-objects scan-tree-dump-times dce7 ">\\\\s*.+{ 1,.+}" 1
FAIL: gcc.dg/vect/vect-bic-bitmask-8.c scan-tree-dump-times dce7 ">\\\\s*.+{ 1,.+}" 1
FAIL: gcc.dg/vect/vect-bic-bitmask-9.c -flto -ffat-lto-objects scan-tree-dump dce7 "&\\\\s*.+{ 4294967290,.+}"
FAIL: gcc.dg/vect/vect-bic-bitmask-9.c scan-tree-dump dce7 "&\\\\s*.+{ 4294967290,.+}"
FAIL: gcc.dg/vect/vect-cost-model-1.c -flto -ffat-lto-objects scan-tree-dump vect "LOOP VECTORIZED"
FAIL: gcc.dg/vect/vect-cost-model-1.c scan-tree-dump vect "LOOP VECTORIZED"
FAIL: gcc.dg/vect/vect-cost-model-3.c -flto -ffat-lto-objects scan-tree-dump vect "LOOP VECTORIZED"
FAIL: gcc.dg/vect/vect-cost-model-3.c scan-tree-dump vect "LOOP VECTORIZED"
FAIL: gcc.dg/vect/vect-cost-model-5.c -flto -ffat-lto-objects scan-tree-dump vect "LOOP VECTORIZED"
FAIL: gcc.dg/vect/vect-cost-model-5.c scan-tree-dump vect "LOOP VECTORIZED"
FAIL: gcc.dg/vect/vect-fmax-1.c -flto -ffat-lto-objects scan-tree-dump vect "Detected reduction"
FAIL: gcc.dg/vect/vect-fmax-1.c scan-tree-dump vect "Detected reduction"
FAIL: gcc.dg/vect/vect-fmax-2.c -flto -ffat-lto-objects scan-tree-dump vect "Detected reduction"
FAIL: gcc.dg/vect/vect-fmax-2.c scan-tree-dump vect "Detected reduction"
FAIL: gcc.dg/vect/vect-fmax-3.c -flto -ffat-lto-objects scan-tree-dump vect "Detected reduction"
FAIL: gcc.dg/vect/vect-fmax-3.c scan-tree-dump vect "Detected reduction"
FAIL: gcc.dg/vect/vect-fmin-1.c -flto -ffat-lto-objects scan-tree-dump vect "Detected reduction"
FAIL: gcc.dg/vect/vect-fmin-1.c -flto -ffat-lto-objects scan-tree-dump vect "Detected reduction"
FAIL: gcc.dg/vect/vect-fmin-1.c scan-tree-dump vect "Detected reduction"
FAIL: gcc.dg/vect/vect-fmin-1.c scan-tree-dump vect "Detected reduction"
FAIL: gcc.dg/vect/vect-fmin-2.c -flto -ffat-lto-objects scan-tree-dump vect "Detected reduction"
FAIL: gcc.dg/vect/vect-fmin-2.c scan-tree-dump vect "Detected reduction"
FAIL: gcc.dg/vect/vect-fmin-3.c -flto -ffat-lto-objects scan-tree-dump vect "Detected reduction"
FAIL: gcc.dg/vect/vect-fmin-3.c scan-tree-dump vect "Detected reduction"
FAIL: gcc.dg/vect/vect-multitypes-12.c -flto -ffat-lto-objects scan-tree-dump-times vect "vectorized 1 loops" 1
FAIL: gcc.dg/vect/vect-multitypes-12.c scan-tree-dump-times vect "vectorized 1 loops" 1
=== gcc Summary for unix/-m64 ===
# of expected passes 138454
# of unexpected failures 65
# of unexpected successes 13
# of expected failures 1145
# of unsupported tests 3645
=== gcc Summary ===
# of expected passes 277296
# of unexpected failures 134
# of unexpected successes 18
# of expected failures 2307
# of unsupported tests 7985
/var/gcc/regression/master/11.4-gcc-gas/build/gcc/xgcc version 12.0.0 20220107 (experimental) [master revision add37d3bf4f375bb202abdc7cf7768f27fc968d7] (GCC)
=== gdc tests ===
Running target unix
FAIL: gdc.dg/simd_ctfe.d (test for excess errors)
FAIL: gdc.test/compilable/b18489.d output-exists b18489.s
UNRESOLVED: gdc.test/runnable/complex.d compilation failed to produce executable
UNRESOLVED: gdc.test/runnable/complex.d -shared-libphobos compilation failed to produce executable
UNRESOLVED: gdc.test/runnable/constfold.d compilation failed to produce executable
UNRESOLVED: gdc.test/runnable/constfold.d -shared-libphobos compilation failed to produce executable
UNRESOLVED: gdc.test/runnable/dhry.d compilation failed to produce executable
UNRESOLVED: gdc.test/runnable/dhry.d -shared-libphobos compilation failed to produce executable
UNRESOLVED: gdc.test/runnable/ice21727.d compilation failed to produce executable
UNRESOLVED: gdc.test/runnable/ice21727.d -shared-libphobos compilation failed to produce executable
UNRESOLVED: gdc.test/runnable/previewin.d compilation failed to produce executable
UNRESOLVED: gdc.test/runnable/previewin.d -shared-libphobos compilation failed to produce executable
FAIL: gdc.test/runnable/sdtor.d execution test
FAIL: gdc.test/runnable/sdtor.d -O2 execution test
FAIL: gdc.test/runnable/sdtor.d -O2 -fPIC execution test
FAIL: gdc.test/runnable/sdtor.d -O2 -fPIC -finline-functions execution test
FAIL: gdc.test/runnable/sdtor.d -O2 -fPIC -finline-functions -frelease execution test
FAIL: gdc.test/runnable/sdtor.d -O2 -fPIC -finline-functions -frelease -funittest execution test
FAIL: gdc.test/runnable/sdtor.d -O2 -fPIC -finline-functions -frelease -funittest -g execution test
FAIL: gdc.test/runnable/sdtor.d -O2 -fPIC -finline-functions -frelease -funittest -g -shared-libphobos execution test
FAIL: gdc.test/runnable/sdtor.d -O2 -fPIC -finline-functions -frelease -funittest -shared-libphobos execution test
FAIL: gdc.test/runnable/sdtor.d -O2 -fPIC -finline-functions -frelease -g execution test
FAIL: gdc.test/runnable/sdtor.d -O2 -fPIC -finline-functions -frelease -g -shared-libphobos execution test
FAIL: gdc.test/runnable/sdtor.d -O2 -fPIC -finline-functions -frelease -shared-libphobos execution test
FAIL: gdc.test/runnable/sdtor.d -O2 -fPIC -finline-functions -funittest execution test
FAIL: gdc.test/runnable/sdtor.d -O2 -fPIC -finline-functions -funittest -g execution test
FAIL: gdc.test/runnable/sdtor.d -O2 -fPIC -finline-functions -funittest -g -shared-libphobos execution test
FAIL: gdc.test/runnable/sdtor.d -O2 -fPIC -finline-functions -funittest -shared-libphobos execution test
FAIL: gdc.test/runnable/sdtor.d -O2 -fPIC -finline-functions -g execution test
FAIL: gdc.test/runnable/sdtor.d -O2 -fPIC -finline-functions -g -shared-libphobos execution test
FAIL: gdc.test/runnable/sdtor.d -O2 -fPIC -finline-functions -shared-libphobos execution test
FAIL: gdc.test/runnable/sdtor.d -O2 -fPIC -frelease execution test
FAIL: gdc.test/runnable/sdtor.d -O2 -fPIC -frelease -funittest execution test
FAIL: gdc.test/runnable/sdtor.d -O2 -fPIC -frelease -funittest -g execution test
FAIL: gdc.test/runnable/sdtor.d -O2 -fPIC -frelease -funittest -g -shared-libphobos execution test
FAIL: gdc.test/runnable/sdtor.d -O2 -fPIC -frelease -funittest -shared-libphobos execution test
FAIL: gdc.test/runnable/sdtor.d -O2 -fPIC -frelease -g execution test
FAIL: gdc.test/runnable/sdtor.d -O2 -fPIC -frelease -g -shared-libphobos execution test
FAIL: gdc.test/runnable/sdtor.d -O2 -fPIC -frelease -shared-libphobos execution test
FAIL: gdc.test/runnable/sdtor.d -O2 -fPIC -funittest execution test
FAIL: gdc.test/runnable/sdtor.d -O2 -fPIC -funittest -g execution test
FAIL: gdc.test/runnable/sdtor.d -O2 -fPIC -funittest -g -shared-libphobos execution test
FAIL: gdc.test/runnable/sdtor.d -O2 -fPIC -funittest -shared-libphobos execution test
FAIL: gdc.test/runnable/sdtor.d -O2 -fPIC -g execution test
FAIL: gdc.test/runnable/sdtor.d -O2 -fPIC -g -shared-libphobos execution test
FAIL: gdc.test/runnable/sdtor.d -O2 -fPIC -shared-libphobos execution test
FAIL: gdc.test/runnable/sdtor.d -O2 -finline-functions execution test
FAIL: gdc.test/runnable/sdtor.d -O2 -finline-functions -frelease execution test
FAIL: gdc.test/runnable/sdtor.d -O2 -finline-functions -frelease -funittest execution test
FAIL: gdc.test/runnable/sdtor.d -O2 -finline-functions -frelease -funittest -g execution test
FAIL: gdc.test/runnable/sdtor.d -O2 -finline-functions -frelease -funittest -g -shared-libphobos execution test
FAIL: gdc.test/runnable/sdtor.d -O2 -finline-functions -frelease -funittest -shared-libphobos execution test
FAIL: gdc.test/runnable/sdtor.d -O2 -finline-functions -frelease -g execution test
FAIL: gdc.test/runnable/sdtor.d -O2 -finline-functions -frelease -g -shared-libphobos execution test
FAIL: gdc.test/runnable/sdtor.d -O2 -finline-functions -frelease -shared-libphobos execution test
FAIL: gdc.test/runnable/sdtor.d -O2 -finline-functions -funittest execution test
FAIL: gdc.test/runnable/sdtor.d -O2 -finline-functions -funittest -g execution test
FAIL: gdc.test/runnable/sdtor.d -O2 -finline-functions -funittest -g -shared-libphobos execution test
FAIL: gdc.test/runnable/sdtor.d -O2 -finline-functions -funittest -shared-libphobos execution test
FAIL: gdc.test/runnable/sdtor.d -O2 -finline-functions -g execution test
FAIL: gdc.test/runnable/sdtor.d -O2 -finline-functions -g -shared-libphobos execution test
FAIL: gdc.test/runnable/sdtor.d -O2 -finline-functions -shared-libphobos execution test
FAIL: gdc.test/runnable/sdtor.d -O2 -frelease execution test
FAIL: gdc.test/runnable/sdtor.d -O2 -frelease -funittest execution test
FAIL: gdc.test/runnable/sdtor.d -O2 -frelease -funittest -g execution test
FAIL: gdc.test/runnable/sdtor.d -O2 -frelease -funittest -g -shared-libphobos execution test
FAIL: gdc.test/runnable/sdtor.d -O2 -frelease -funittest -shared-libphobos execution test
FAIL: gdc.test/runnable/sdtor.d -O2 -frelease -g execution test
FAIL: gdc.test/runnable/sdtor.d -O2 -frelease -g -shared-libphobos execution test
FAIL: gdc.test/runnable/sdtor.d -O2 -frelease -shared-libphobos execution test
FAIL: gdc.test/runnable/sdtor.d -O2 -funittest execution test
FAIL: gdc.test/runnable/sdtor.d -O2 -funittest -g execution test
FAIL: gdc.test/runnable/sdtor.d -O2 -funittest -g -shared-libphobos execution test
FAIL: gdc.test/runnable/sdtor.d -O2 -funittest -shared-libphobos execution test
FAIL: gdc.test/runnable/sdtor.d -O2 -g execution test
FAIL: gdc.test/runnable/sdtor.d -O2 -g -shared-libphobos execution test
FAIL: gdc.test/runnable/sdtor.d -O2 -shared-libphobos execution test
FAIL: gdc.test/runnable/sdtor.d -fPIC execution test
FAIL: gdc.test/runnable/sdtor.d -fPIC -finline-functions execution test
FAIL: gdc.test/runnable/sdtor.d -fPIC -finline-functions -frelease execution test
FAIL: gdc.test/runnable/sdtor.d -fPIC -finline-functions -frelease -funittest execution test
FAIL: gdc.test/runnable/sdtor.d -fPIC -finline-functions -frelease -funittest -g execution test
FAIL: gdc.test/runnable/sdtor.d -fPIC -finline-functions -frelease -funittest -g -shared-libphobos execution test
FAIL: gdc.test/runnable/sdtor.d -fPIC -finline-functions -frelease -funittest -shared-libphobos execution test
FAIL: gdc.test/runnable/sdtor.d -fPIC -finline-functions -frelease -g execution test
FAIL: gdc.test/runnable/sdtor.d -fPIC -finline-functions -frelease -g -shared-libphobos execution test
FAIL: gdc.test/runnable/sdtor.d -fPIC -finline-functions -frelease -shared-libphobos execution test
FAIL: gdc.test/runnable/sdtor.d -fPIC -finline-functions -funittest execution test
FAIL: gdc.test/runnable/sdtor.d -fPIC -finline-functions -funittest -g execution test
FAIL: gdc.test/runnable/sdtor.d -fPIC -finline-functions -funittest -g -shared-libphobos execution test
FAIL: gdc.test/runnable/sdtor.d -fPIC -finline-functions -funittest -shared-libphobos execution test
FAIL: gdc.test/runnable/sdtor.d -fPIC -finline-functions -g execution test
FAIL: gdc.test/runnable/sdtor.d -fPIC -finline-functions -g -shared-libphobos execution test
FAIL: gdc.test/runnable/sdtor.d -fPIC -finline-functions -shared-libphobos execution test
FAIL: gdc.test/runnable/sdtor.d -fPIC -frelease execution test
FAIL: gdc.test/runnable/sdtor.d -fPIC -frelease -funittest execution test
FAIL: gdc.test/runnable/sdtor.d -fPIC -frelease -funittest -g execution test
FAIL: gdc.test/runnable/sdtor.d -fPIC -frelease -funittest -g -shared-libphobos execution test
FAIL: gdc.test/runnable/sdtor.d -fPIC -frelease -funittest -shared-libphobos execution test
FAIL: gdc.test/runnable/sdtor.d -fPIC -frelease -g execution test
FAIL: gdc.test/runnable/sdtor.d -fPIC -frelease -g -shared-libphobos execution test
FAIL: gdc.test/runnable/sdtor.d -fPIC -frelease -shared-libphobos execution test
FAIL: gdc.test/runnable/sdtor.d -fPIC -funittest execution test
FAIL: gdc.test/runnable/sdtor.d -fPIC -funittest -g execution test
FAIL: gdc.test/runnable/sdtor.d -fPIC -funittest -g -shared-libphobos execution test
FAIL: gdc.test/runnable/sdtor.d -fPIC -funittest -shared-libphobos execution test
FAIL: gdc.test/runnable/sdtor.d -fPIC -g execution test
FAIL: gdc.test/runnable/sdtor.d -fPIC -g -shared-libphobos execution test
FAIL: gdc.test/runnable/sdtor.d -fPIC -shared-libphobos execution test
FAIL: gdc.test/runnable/sdtor.d -finline-functions execution test
FAIL: gdc.test/runnable/sdtor.d -finline-functions -frelease execution test
FAIL: gdc.test/runnable/sdtor.d -finline-functions -frelease -funittest execution test
FAIL: gdc.test/runnable/sdtor.d -finline-functions -frelease -funittest -g execution test
FAIL: gdc.test/runnable/sdtor.d -finline-functions -frelease -funittest -g -shared-libphobos execution test
FAIL: gdc.test/runnable/sdtor.d -finline-functions -frelease -funittest -shared-libphobos execution test
FAIL: gdc.test/runnable/sdtor.d -finline-functions -frelease -g execution test
FAIL: gdc.test/runnable/sdtor.d -finline-functions -frelease -g -shared-libphobos execution test
FAIL: gdc.test/runnable/sdtor.d -finline-functions -frelease -shared-libphobos execution test
FAIL: gdc.test/runnable/sdtor.d -finline-functions -funittest execution test
FAIL: gdc.test/runnable/sdtor.d -finline-functions -funittest -g execution test
FAIL: gdc.test/runnable/sdtor.d -finline-functions -funittest -g -shared-libphobos execution test
FAIL: gdc.test/runnable/sdtor.d -finline-functions -funittest -shared-libphobos execution test
FAIL: gdc.test/runnable/sdtor.d -finline-functions -g execution test
FAIL: gdc.test/runnable/sdtor.d -finline-functions -g -shared-libphobos execution test
FAIL: gdc.test/runnable/sdtor.d -finline-functions -shared-libphobos execution test
FAIL: gdc.test/runnable/sdtor.d -frelease execution test
FAIL: gdc.test/runnable/sdtor.d -frelease -funittest execution test
FAIL: gdc.test/runnable/sdtor.d -frelease -funittest -g execution test
FAIL: gdc.test/runnable/sdtor.d -frelease -funittest -g -shared-libphobos execution test
FAIL: gdc.test/runnable/sdtor.d -frelease -funittest -shared-libphobos execution test
FAIL: gdc.test/runnable/sdtor.d -frelease -g execution test
FAIL: gdc.test/runnable/sdtor.d -frelease -g -shared-libphobos execution test
FAIL: gdc.test/runnable/sdtor.d -frelease -shared-libphobos execution test
FAIL: gdc.test/runnable/sdtor.d -funittest execution test
FAIL: gdc.test/runnable/sdtor.d -funittest -g execution test
FAIL: gdc.test/runnable/sdtor.d -funittest -g -shared-libphobos execution test
FAIL: gdc.test/runnable/sdtor.d -funittest -shared-libphobos execution test
FAIL: gdc.test/runnable/sdtor.d -g execution test
FAIL: gdc.test/runnable/sdtor.d -g -shared-libphobos execution test
FAIL: gdc.test/runnable/sdtor.d -shared-libphobos execution test
FAIL: gdc.test/runnable/test15.d execution test
FAIL: gdc.test/runnable/test15.d -shared-libphobos execution test
FAIL: gdc.test/runnable/testaa.d execution test
FAIL: gdc.test/runnable/testaa.d -fPIC execution test
FAIL: gdc.test/runnable/testaa.d -fPIC -shared-libphobos execution test
FAIL: gdc.test/runnable/testaa.d -shared-libphobos execution test
UNRESOLVED: gdc.test/runnable_cxx/cppa.d compilation failed to produce executable
UNRESOLVED: gdc.test/runnable_cxx/cppa.d -g compilation failed to produce executable
UNRESOLVED: gdc.test/runnable_cxx/cppa.d -g -shared-libphobos compilation failed to produce executable
UNRESOLVED: gdc.test/runnable_cxx/cppa.d -shared-libphobos compilation failed to produce executable
UNRESOLVED: gdc.test/runnable_cxx/stdint.d compilation failed to produce executable
UNRESOLVED: gdc.test/runnable_cxx/stdint.d -shared-libphobos compilation failed to produce executable
=== gdc Summary for unix ===
# of expected passes 10717
# of unexpected failures 136
# of unresolved testcases 16
# of unsupported tests 417
Running target unix/-m64
FAIL: gdc.dg/simd_ctfe.d (test for excess errors)
FAIL: gdc.dg/torture/pr96152.d -O0 execution test
FAIL: gdc.dg/torture/pr96152.d -O0 -frelease execution test
FAIL: gdc.dg/torture/pr96152.d -O0 -frelease -g execution test
FAIL: gdc.dg/torture/pr96152.d -O0 -g execution test
FAIL: gdc.dg/torture/pr96152.d -O1 execution test
FAIL: gdc.dg/torture/pr96152.d -O1 -frelease execution test
FAIL: gdc.dg/torture/pr96152.d -O1 -frelease -g execution test
FAIL: gdc.dg/torture/pr96152.d -O1 -g execution test
FAIL: gdc.dg/torture/pr96152.d -O2 execution test
FAIL: gdc.dg/torture/pr96152.d -O2 -frelease execution test
FAIL: gdc.dg/torture/pr96152.d -O2 -frelease -g execution test
FAIL: gdc.dg/torture/pr96152.d -O2 -g execution test
FAIL: gdc.dg/torture/pr96152.d -O3 execution test
FAIL: gdc.dg/torture/pr96152.d -O3 -frelease execution test
FAIL: gdc.dg/torture/pr96152.d -O3 -frelease -g execution test
FAIL: gdc.dg/torture/pr96152.d -O3 -g execution test
FAIL: gdc.dg/torture/pr96152.d -Os execution test
FAIL: gdc.dg/torture/pr96152.d -Os -frelease execution test
FAIL: gdc.dg/torture/pr96152.d -Os -frelease -g execution test
FAIL: gdc.dg/torture/pr96152.d -Os -g execution test
FAIL: gdc.test/compilable/b18489.d output-exists b18489.s
UNRESOLVED: gdc.test/runnable/complex.d compilation failed to produce executable
UNRESOLVED: gdc.test/runnable/complex.d -shared-libphobos compilation failed to produce executable
UNRESOLVED: gdc.test/runnable/constfold.d compilation failed to produce executable
UNRESOLVED: gdc.test/runnable/constfold.d -shared-libphobos compilation failed to produce executable
UNRESOLVED: gdc.test/runnable/dhry.d compilation failed to produce executable
UNRESOLVED: gdc.test/runnable/dhry.d -shared-libphobos compilation failed to produce executable
UNRESOLVED: gdc.test/runnable/ice21727.d compilation failed to produce executable
UNRESOLVED: gdc.test/runnable/ice21727.d -shared-libphobos compilation failed to produce executable
FAIL: gdc.test/runnable/inline.d execution test
FAIL: gdc.test/runnable/inline.d -shared-libphobos execution test
FAIL: gdc.test/runnable/sdtor.d execution test
FAIL: gdc.test/runnable/sdtor.d -O2 execution test
FAIL: gdc.test/runnable/sdtor.d -O2 -fPIC execution test
FAIL: gdc.test/runnable/sdtor.d -O2 -fPIC -finline-functions execution test
FAIL: gdc.test/runnable/sdtor.d -O2 -fPIC -finline-functions -frelease execution test
FAIL: gdc.test/runnable/sdtor.d -O2 -fPIC -finline-functions -frelease -funittest execution test
FAIL: gdc.test/runnable/sdtor.d -O2 -fPIC -finline-functions -frelease -funittest -g execution test
FAIL: gdc.test/runnable/sdtor.d -O2 -fPIC -finline-functions -frelease -funittest -g -shared-libphobos execution test
FAIL: gdc.test/runnable/sdtor.d -O2 -fPIC -finline-functions -frelease -funittest -shared-libphobos execution test
FAIL: gdc.test/runnable/sdtor.d -O2 -fPIC -finline-functions -frelease -g execution test
FAIL: gdc.test/runnable/sdtor.d -O2 -fPIC -finline-functions -frelease -g -shared-libphobos execution test
FAIL: gdc.test/runnable/sdtor.d -O2 -fPIC -finline-functions -frelease -shared-libphobos execution test
FAIL: gdc.test/runnable/sdtor.d -O2 -fPIC -finline-functions -funittest execution test
FAIL: gdc.test/runnable/sdtor.d -O2 -fPIC -finline-functions -funittest -g execution test
FAIL: gdc.test/runnable/sdtor.d -O2 -fPIC -finline-functions -funittest -g -shared-libphobos execution test
FAIL: gdc.test/runnable/sdtor.d -O2 -fPIC -finline-functions -funittest -shared-libphobos execution test
FAIL: gdc.test/runnable/sdtor.d -O2 -fPIC -finline-functions -g execution test
FAIL: gdc.test/runnable/sdtor.d -O2 -fPIC -finline-functions -g -shared-libphobos execution test
FAIL: gdc.test/runnable/sdtor.d -O2 -fPIC -finline-functions -shared-libphobos execution test
FAIL: gdc.test/runnable/sdtor.d -O2 -fPIC -frelease execution test
FAIL: gdc.test/runnable/sdtor.d -O2 -fPIC -frelease -funittest execution test
FAIL: gdc.test/runnable/sdtor.d -O2 -fPIC -frelease -funittest -g execution test
FAIL: gdc.test/runnable/sdtor.d -O2 -fPIC -frelease -funittest -g -shared-libphobos execution test
FAIL: gdc.test/runnable/sdtor.d -O2 -fPIC -frelease -funittest -shared-libphobos execution test
FAIL: gdc.test/runnable/sdtor.d -O2 -fPIC -frelease -g execution test
FAIL: gdc.test/runnable/sdtor.d -O2 -fPIC -frelease -g -shared-libphobos execution test
FAIL: gdc.test/runnable/sdtor.d -O2 -fPIC -frelease -shared-libphobos execution test
FAIL: gdc.test/runnable/sdtor.d -O2 -fPIC -funittest execution test
FAIL: gdc.test/runnable/sdtor.d -O2 -fPIC -funittest -g execution test
FAIL: gdc.test/runnable/sdtor.d -O2 -fPIC -funittest -g -shared-libphobos execution test
FAIL: gdc.test/runnable/sdtor.d -O2 -fPIC -funittest -shared-libphobos execution test
FAIL: gdc.test/runnable/sdtor.d -O2 -fPIC -g execution test
FAIL: gdc.test/runnable/sdtor.d -O2 -fPIC -g -shared-libphobos execution test
FAIL: gdc.test/runnable/sdtor.d -O2 -fPIC -shared-libphobos execution test
FAIL: gdc.test/runnable/sdtor.d -O2 -finline-functions execution test
FAIL: gdc.test/runnable/sdtor.d -O2 -finline-functions -frelease execution test
FAIL: gdc.test/runnable/sdtor.d -O2 -finline-functions -frelease -funittest execution test
FAIL: gdc.test/runnable/sdtor.d -O2 -finline-functions -frelease -funittest -g execution test
FAIL: gdc.test/runnable/sdtor.d -O2 -finline-functions -frelease -funittest -g -shared-libphobos execution test
FAIL: gdc.test/runnable/sdtor.d -O2 -finline-functions -frelease -funittest -shared-libphobos execution test
FAIL: gdc.test/runnable/sdtor.d -O2 -finline-functions -frelease -g execution test
FAIL: gdc.test/runnable/sdtor.d -O2 -finline-functions -frelease -g -shared-libphobos execution test
FAIL: gdc.test/runnable/sdtor.d -O2 -finline-functions -frelease -shared-libphobos execution test
FAIL: gdc.test/runnable/sdtor.d -O2 -finline-functions -funittest execution test
FAIL: gdc.test/runnable/sdtor.d -O2 -finline-functions -funittest -g execution test
FAIL: gdc.test/runnable/sdtor.d -O2 -finline-functions -funittest -g -shared-libphobos execution test
FAIL: gdc.test/runnable/sdtor.d -O2 -finline-functions -funittest -shared-libphobos execution test
FAIL: gdc.test/runnable/sdtor.d -O2 -finline-functions -g execution test
FAIL: gdc.test/runnable/sdtor.d -O2 -finline-functions -g -shared-libphobos execution test
FAIL: gdc.test/runnable/sdtor.d -O2 -finline-functions -shared-libphobos execution test
FAIL: gdc.test/runnable/sdtor.d -O2 -frelease execution test
FAIL: gdc.test/runnable/sdtor.d -O2 -frelease -funittest execution test
FAIL: gdc.test/runnable/sdtor.d -O2 -frelease -funittest -g execution test
FAIL: gdc.test/runnable/sdtor.d -O2 -frelease -funittest -g -shared-libphobos execution test
FAIL: gdc.test/runnable/sdtor.d -O2 -frelease -funittest -shared-libphobos execution test
FAIL: gdc.test/runnable/sdtor.d -O2 -frelease -g execution test
FAIL: gdc.test/runnable/sdtor.d -O2 -frelease -g -shared-libphobos execution test
FAIL: gdc.test/runnable/sdtor.d -O2 -frelease -shared-libphobos execution test
FAIL: gdc.test/runnable/sdtor.d -O2 -funittest execution test
FAIL: gdc.test/runnable/sdtor.d -O2 -funittest -g execution test
FAIL: gdc.test/runnable/sdtor.d -O2 -funittest -g -shared-libphobos execution test
FAIL: gdc.test/runnable/sdtor.d -O2 -funittest -shared-libphobos execution test
FAIL: gdc.test/runnable/sdtor.d -O2 -g execution test
FAIL: gdc.test/runnable/sdtor.d -O2 -g -shared-libphobos execution test
FAIL: gdc.test/runnable/sdtor.d -O2 -shared-libphobos execution test
FAIL: gdc.test/runnable/sdtor.d -fPIC execution test
FAIL: gdc.test/runnable/sdtor.d -fPIC -finline-functions execution test
FAIL: gdc.test/runnable/sdtor.d -fPIC -finline-functions -frelease execution test
FAIL: gdc.test/runnable/sdtor.d -fPIC -finline-functions -frelease -funittest execution test
FAIL: gdc.test/runnable/sdtor.d -fPIC -finline-functions -frelease -funittest -g execution test
FAIL: gdc.test/runnable/sdtor.d -fPIC -finline-functions -frelease -funittest -g -shared-libphobos execution test
FAIL: gdc.test/runnable/sdtor.d -fPIC -finline-functions -frelease -funittest -shared-libphobos execution test
FAIL: gdc.test/runnable/sdtor.d -fPIC -finline-functions -frelease -g execution test
FAIL: gdc.test/runnable/sdtor.d -fPIC -finline-functions -frelease -g -shared-libphobos execution test
FAIL: gdc.test/runnable/sdtor.d -fPIC -finline-functions -frelease -shared-libphobos execution test
FAIL: gdc.test/runnable/sdtor.d -fPIC -finline-functions -funittest execution test
FAIL: gdc.test/runnable/sdtor.d -fPIC -finline-functions -funittest -g execution test
FAIL: gdc.test/runnable/sdtor.d -fPIC -finline-functions -funittest -g -shared-libphobos execution test
FAIL: gdc.test/runnable/sdtor.d -fPIC -finline-functions -funittest -shared-libphobos execution test
FAIL: gdc.test/runnable/sdtor.d -fPIC -finline-functions -g execution test
FAIL: gdc.test/runnable/sdtor.d -fPIC -finline-functions -g -shared-libphobos execution test
FAIL: gdc.test/runnable/sdtor.d -fPIC -finline-functions -shared-libphobos execution test
FAIL: gdc.test/runnable/sdtor.d -fPIC -frelease execution test
FAIL: gdc.test/runnable/sdtor.d -fPIC -frelease -funittest execution test
FAIL: gdc.test/runnable/sdtor.d -fPIC -frelease -funittest -g execution test
FAIL: gdc.test/runnable/sdtor.d -fPIC -frelease -funittest -g -shared-libphobos execution test
FAIL: gdc.test/runnable/sdtor.d -fPIC -frelease -funittest -shared-libphobos execution test
FAIL: gdc.test/runnable/sdtor.d -fPIC -frelease -g execution test
FAIL: gdc.test/runnable/sdtor.d -fPIC -frelease -g -shared-libphobos execution test
FAIL: gdc.test/runnable/sdtor.d -fPIC -frelease -shared-libphobos execution test
FAIL: gdc.test/runnable/sdtor.d -fPIC -funittest execution test
FAIL: gdc.test/runnable/sdtor.d -fPIC -funittest -g execution test
FAIL: gdc.test/runnable/sdtor.d -fPIC -funittest -g -shared-libphobos execution test
FAIL: gdc.test/runnable/sdtor.d -fPIC -funittest -shared-libphobos execution test
FAIL: gdc.test/runnable/sdtor.d -fPIC -g execution test
FAIL: gdc.test/runnable/sdtor.d -fPIC -g -shared-libphobos execution test
FAIL: gdc.test/runnable/sdtor.d -fPIC -shared-libphobos execution test
FAIL: gdc.test/runnable/sdtor.d -finline-functions execution test
FAIL: gdc.test/runnable/sdtor.d -finline-functions -frelease execution test
FAIL: gdc.test/runnable/sdtor.d -finline-functions -frelease -funittest execution test
FAIL: gdc.test/runnable/sdtor.d -finline-functions -frelease -funittest -g execution test
FAIL: gdc.test/runnable/sdtor.d -finline-functions -frelease -funittest -g -shared-libphobos execution test
FAIL: gdc.test/runnable/sdtor.d -finline-functions -frelease -funittest -shared-libphobos execution test
FAIL: gdc.test/runnable/sdtor.d -finline-functions -frelease -g execution test
FAIL: gdc.test/runnable/sdtor.d -finline-functions -frelease -g -shared-libphobos execution test
FAIL: gdc.test/runnable/sdtor.d -finline-functions -frelease -shared-libphobos execution test
FAIL: gdc.test/runnable/sdtor.d -finline-functions -funittest execution test
FAIL: gdc.test/runnable/sdtor.d -finline-functions -funittest -g execution test
FAIL: gdc.test/runnable/sdtor.d -finline-functions -funittest -g -shared-libphobos execution test
FAIL: gdc.test/runnable/sdtor.d -finline-functions -funittest -shared-libphobos execution test
FAIL: gdc.test/runnable/sdtor.d -finline-functions -g execution test
FAIL: gdc.test/runnable/sdtor.d -finline-functions -g -shared-libphobos execution test
FAIL: gdc.test/runnable/sdtor.d -finline-functions -shared-libphobos execution test
FAIL: gdc.test/runnable/sdtor.d -frelease execution test
FAIL: gdc.test/runnable/sdtor.d -frelease -funittest execution test
FAIL: gdc.test/runnable/sdtor.d -frelease -funittest -g execution test
FAIL: gdc.test/runnable/sdtor.d -frelease -funittest -g -shared-libphobos execution test
FAIL: gdc.test/runnable/sdtor.d -frelease -funittest -shared-libphobos execution test
FAIL: gdc.test/runnable/sdtor.d -frelease -g execution test
FAIL: gdc.test/runnable/sdtor.d -frelease -g -shared-libphobos execution test
FAIL: gdc.test/runnable/sdtor.d -frelease -shared-libphobos execution test
FAIL: gdc.test/runnable/sdtor.d -funittest execution test
FAIL: gdc.test/runnable/sdtor.d -funittest -g execution test
FAIL: gdc.test/runnable/sdtor.d -funittest -g -shared-libphobos execution test
FAIL: gdc.test/runnable/sdtor.d -funittest -shared-libphobos execution test
FAIL: gdc.test/runnable/sdtor.d -g execution test
FAIL: gdc.test/runnable/sdtor.d -g -shared-libphobos execution test
FAIL: gdc.test/runnable/sdtor.d -shared-libphobos execution test
FAIL: gdc.test/runnable/test15.d execution test
FAIL: gdc.test/runnable/test15.d -shared-libphobos execution test
FAIL: gdc.test/runnable/test42.d execution test
FAIL: gdc.test/runnable/test42.d -shared-libphobos execution test
FAIL: gdc.test/runnable/testaa.d execution test
FAIL: gdc.test/runnable/testaa.d -fPIC execution test
FAIL: gdc.test/runnable/testaa.d -fPIC -shared-libphobos execution test
FAIL: gdc.test/runnable/testaa.d -shared-libphobos execution test
UNRESOLVED: gdc.test/runnable/traits_getPointerBitmap.d compilation failed to produce executable
UNRESOLVED: gdc.test/runnable/traits_getPointerBitmap.d -shared-libphobos compilation failed to produce executable
UNRESOLVED: gdc.test/runnable_cxx/cppa.d compilation failed to produce executable
UNRESOLVED: gdc.test/runnable_cxx/cppa.d -g compilation failed to produce executable
UNRESOLVED: gdc.test/runnable_cxx/cppa.d -g -shared-libphobos compilation failed to produce executable
UNRESOLVED: gdc.test/runnable_cxx/cppa.d -shared-libphobos compilation failed to produce executable
UNRESOLVED: gdc.test/runnable_cxx/stdint.d compilation failed to produce executable
UNRESOLVED: gdc.test/runnable_cxx/stdint.d -shared-libphobos compilation failed to produce executable
=== gdc Summary for unix/-m64 ===
# of expected passes 10692
# of unexpected failures 160
# of unresolved testcases 16
# of unsupported tests 417
=== gdc Summary ===
# of expected passes 21409
# of unexpected failures 296
# of unresolved testcases 32
# of unsupported tests 834
/var/gcc/regression/master/11.4-gcc-gas/build/gcc/gdc version 12.0.0 20220107 (experimental) [master revision add37d3bf4f375bb202abdc7cf7768f27fc968d7] (GCC)
=== gfortran tests ===
Running target unix
FAIL: gfortran.dg/unlimited_polymorphic_3.f03 -Os execution test
FAIL: gfortran.dg/vector_subscript_1.f90 -O1 execution test
FAIL: gfortran.dg/vector_subscript_1.f90 -O2 execution test
FAIL: gfortran.dg/vector_subscript_1.f90 -O3 -fomit-frame-pointer -funroll-loops -fpeel-loops -ftracer -finline-functions execution test
FAIL: gfortran.dg/vector_subscript_1.f90 -O3 -g execution test
FAIL: gfortran.dg/vector_subscript_1.f90 -Os execution test
=== gfortran Summary for unix ===
# of expected passes 64648
# of unexpected failures 6
# of expected failures 243
# of unsupported tests 360
Running target unix/-m64
FAIL: gfortran.dg/unlimited_polymorphic_3.f03 -Os execution test
FAIL: gfortran.dg/vector_subscript_1.f90 -O1 execution test
FAIL: gfortran.dg/vector_subscript_1.f90 -O2 execution test
FAIL: gfortran.dg/vector_subscript_1.f90 -O3 -fomit-frame-pointer -funroll-loops -fpeel-loops -ftracer -finline-functions execution test
FAIL: gfortran.dg/vector_subscript_1.f90 -O3 -g execution test
FAIL: gfortran.dg/vector_subscript_1.f90 -Os execution test
=== gfortran Summary for unix/-m64 ===
# of expected passes 64951
# of unexpected failures 6
# of expected failures 241
# of unsupported tests 209
=== gfortran Summary ===
# of expected passes 129599
# of unexpected failures 12
# of expected failures 484
# of unsupported tests 569
/var/gcc/regression/master/11.4-gcc-gas/build/gcc/gfortran version 12.0.0 20220107 (experimental) [master revision add37d3bf4f375bb202abdc7cf7768f27fc968d7] (GCC)
=== gnat tests ===
Running target unix
=== gnat Summary for unix ===
# of expected passes 3319
# of expected failures 23
# of unsupported tests 34
Running target unix/-m64
=== gnat Summary for unix/-m64 ===
# of expected passes 3320
# of expected failures 23
# of unsupported tests 32
=== gnat Summary ===
# of expected passes 6639
# of expected failures 46
# of unsupported tests 66
/var/gcc/regression/master/11.4-gcc-gas/build/gcc/gnatmake version 12.0.0 20220107 (experimental) [master revision add37d3bf4f375bb202abdc7cf7768f27fc968d7]
=== go tests ===
Running target unix
FAIL: ./index0-out.go execution, -O0 -g -fno-var-tracking-assignments
WARNING: go.test/test/cmplxdivide.go program timed out.
FAIL: go.test/test/cmplxdivide.go
FAIL: go.test/test/fixedbugs/issue10441.go -O (test for excess errors)
FAIL: go.test/test/fixedbugs/issue22881.go execution, -O2 -g
FAIL: go.test/test/fixedbugs/issue27836.dir/Ãfoo.go -O -I. (test for excess errors)
FAIL: go.test/test/fixedbugs/issue27836.dir/Ãmain.go -O -I. (test for excess errors)
FAIL: go.test/test/fixedbugs/issue32288.go execution, -O2 -g
FAIL: go.test/test/fixedbugs/issue34123.go execution, -O2 -g
FAIL: go.test/test/fixedbugs/issue4562.go execution, -O2 -g
FAIL: go.test/test/nil.go execution, -O2 -g
=== go Summary for unix ===
# of expected passes 8990
# of unexpected failures 10
# of untested testcases 11
# of unsupported tests 34
Running target unix/-m64
FAIL: ./index0-out.go execution, -O0 -g -fno-var-tracking-assignments
WARNING: go.test/test/cmplxdivide.go program timed out.
FAIL: go.test/test/cmplxdivide.go
FAIL: go.test/test/fixedbugs/issue10441.go -O (test for excess errors)
FAIL: go.test/test/fixedbugs/issue13160.go execution, -O2 -g
FAIL: go.test/test/fixedbugs/issue27836.dir/Ãfoo.go -O -I. (test for excess errors)
FAIL: go.test/test/fixedbugs/issue27836.dir/Ãmain.go -O -I. (test for excess errors)
=== go Summary for unix/-m64 ===
# of expected passes 8876
# of unexpected failures 6
# of untested testcases 11
# of unsupported tests 32
=== go Summary ===
# of expected passes 17866
# of unexpected failures 16
# of untested testcases 22
# of unsupported tests 66
=== obj-c++ tests ===
Running target unix
=== obj-c++ Summary for unix ===
# of expected passes 1510
# of expected failures 2
# of unsupported tests 79
Running target unix/-m64
=== obj-c++ Summary for unix/-m64 ===
# of expected passes 1502
# of expected failures 10
# of unsupported tests 79
=== obj-c++ Summary ===
# of expected passes 3012
# of expected failures 12
# of unsupported tests 158
/var/gcc/regression/master/11.4-gcc-gas/build/gcc/xg++ version 12.0.0 20220107 (experimental) [master revision add37d3bf4f375bb202abdc7cf7768f27fc968d7] (GCC)
=== objc tests ===
Running target unix
=== objc Summary for unix ===
# of expected passes 2846
# of unsupported tests 71
Running target unix/-m64
=== objc Summary for unix/-m64 ===
# of expected passes 2846
# of unsupported tests 71
=== objc Summary ===
# of expected passes 5692
# of unsupported tests 142
/var/gcc/regression/master/11.4-gcc-gas/build/gcc/xgcc version 12.0.0 20220107 (experimental) [master revision add37d3bf4f375bb202abdc7cf7768f27fc968d7] (GCC)
=== gotools tests ===
FAIL: TestScript
FAIL: go test cmd/go
FAIL: TestBreakpoint
FAIL: TestCgoSignalDeadlock
FAIL: TestGccgoCrashTracebackNodebug
FAIL: TestNeedmDeadlock
FAIL: TestPanicInlined
FAIL: TestSegv
FAIL: TestSpuriousWakeupsNeverHangSemasleep
FAIL: go test runtime
FAIL: go test misc/cgo/test
FAIL: TestCompileWithoutShared
FAIL: TestEarlySignalHandler
FAIL: TestOsSignal
FAIL: TestSigaltstack
FAIL: TestSignalForwarding
FAIL: TestSignalForwardingExternal
FAIL: go test misc/cgo/testcarchive
FAIL: TestVet
FAIL: go test cmd/vet
=== gotools Summary ===
# of expected passes 238
# of unexpected failures 20
# of untested testcases 105
/var/gcc/regression/master/11.4-gcc-gas/build/./gcc/gccgo version 12.0.0 20220107 (experimental) [master revision add37d3bf4f375bb202abdc7cf7768f27fc968d7] (GCC)
=== libatomic tests ===
Running target unix
=== libatomic Summary for unix ===
# of expected passes 44
# of unsupported tests 5
Running target unix/-m64
=== libatomic Summary for unix/-m64 ===
# of expected passes 54
=== libatomic Summary ===
# of expected passes 98
# of unsupported tests 5
=== libffi tests ===
Running target unix
FAIL: libffi.closures/single_entry_structs2.c -W -Wall -Wno-psabi -O0 execution test
=== libffi Summary for unix ===
# of expected passes 1572
# of unexpected failures 1
Running target unix/-m64
=== libffi Summary for unix/-m64 ===
# of expected passes 1574
=== libffi Summary ===
# of expected passes 3146
# of unexpected failures 1
=== libgo tests ===
Running target unix
FAIL: cmd/go/internal/load
FAIL: encoding/json
FAIL: go/types
FAIL: math/big
FAIL: net
FAIL: net/http/pprof
FAIL: os/signal
FAIL: runtime
FAIL: runtime/pprof
FAIL: sync/atomic
=== libgo Summary for unix ===
# of expected passes 180
# of unexpected failures 10
Running target unix/-m64
FAIL: encoding/json
FAIL: math/big
FAIL: net
FAIL: runtime
FAIL: runtime/pprof
FAIL: sync/atomic
=== libgo Summary for unix/-m64 ===
# of expected passes 184
# of unexpected failures 6
=== libgo Summary ===
# of expected passes 364
# of unexpected failures 16
/var/gcc/regression/master/11.4-gcc-gas/build/./gcc/gccgo version 12.0.0 20220107 (experimental) [master revision add37d3bf4f375bb202abdc7cf7768f27fc968d7] (GCC)
=== libgomp tests ===
Running target unix
WARNING: libgomp.c++/task-reduction-10.C execution test program timed out.
FAIL: libgomp.c++/task-reduction-10.C execution test
WARNING: libgomp.c++/task-reduction-13.C execution test program timed out.
FAIL: libgomp.c++/task-reduction-13.C execution test
WARNING: libgomp.c++/task-reduction-8.C execution test program timed out.
FAIL: libgomp.c++/task-reduction-8.C execution test
FAIL: libgomp.oacc-c++/../libgomp.oacc-c-c++-common/host_data-7.c -DACC_DEVICE_TYPE_host=1 -DACC_MEM_SHARED=1 -foffload=disable -O2 (test for excess errors)
FAIL: libgomp.oacc-c/../libgomp.oacc-c-c++-common/host_data-7.c -DACC_DEVICE_TYPE_host=1 -DACC_MEM_SHARED=1 -foffload=disable -O2 (test for excess errors)
=== libgomp Summary for unix ===
# of expected passes 11755
# of unexpected failures 5
# of expected failures 103
# of unsupported tests 620
Running target unix/-m64
WARNING: libgomp.c++/task-reduction-10.C execution test program timed out.
FAIL: libgomp.c++/task-reduction-10.C execution test
WARNING: libgomp.c++/task-reduction-11.C execution test program timed out.
FAIL: libgomp.c++/task-reduction-11.C execution test
WARNING: libgomp.c++/task-reduction-8.C execution test program timed out.
FAIL: libgomp.c++/task-reduction-8.C execution test
FAIL: libgomp.oacc-c++/../libgomp.oacc-c-c++-common/host_data-7.c -DACC_DEVICE_TYPE_host=1 -DACC_MEM_SHARED=1 -foffload=disable -O2 (test for excess errors)
FAIL: libgomp.oacc-c/../libgomp.oacc-c-c++-common/host_data-7.c -DACC_DEVICE_TYPE_host=1 -DACC_MEM_SHARED=1 -foffload=disable -O2 (test for excess errors)
=== libgomp Summary for unix/-m64 ===
# of expected passes 11755
# of unexpected failures 5
# of expected failures 103
# of unsupported tests 620
=== libgomp Summary ===
# of expected passes 23510
# of unexpected failures 10
# of expected failures 206
# of unsupported tests 1240
=== libitm tests ===
Running target unix
=== libitm Summary for unix ===
# of expected passes 44
# of expected failures 3
# of unsupported tests 1
Running target unix/-m64
=== libitm Summary for unix/-m64 ===
# of expected passes 44
# of expected failures 3
# of unsupported tests 1
=== libitm Summary ===
# of expected passes 88
# of expected failures 6
# of unsupported tests 2
=== libphobos tests ===
Running target unix
FAIL: libphobos.druntime/rt/aaA.d execution test
FAIL: libphobos.druntime_shared/rt/aaA.d execution test
FAIL: libphobos.exceptions/invalid_memory_operation.d output pattern test
FAIL: libphobos.phobos/std/complex.d execution test
FAIL: libphobos.phobos/std/datetime/date.d execution test
FAIL: libphobos.phobos/std/datetime/systime.d execution test
FAIL: libphobos.phobos/std/datetime/timezone.d execution test
FAIL: libphobos.phobos/std/digest/murmurhash.d execution test
FAIL: libphobos.phobos/std/experimental/allocator/building_blocks/region.d execution test
FAIL: libphobos.phobos/std/experimental/logger/core.d execution test
FAIL: libphobos.phobos/std/experimental/logger/filelogger.d execution test
FAIL: libphobos.phobos/std/experimental/logger/multilogger.d execution test
FAIL: libphobos.phobos/std/format/internal/floats.d (test for excess errors)
FAIL: libphobos.phobos/std/internal/math/gammafunction.d execution test
FAIL: libphobos.phobos/std/math/algebraic.d execution test
FAIL: libphobos.phobos/std/math/trigonometry.d execution test
FAIL: libphobos.phobos/std/mmfile.d execution test
WARNING: libphobos.phobos/std/net/curl.d execution test program timed out.
FAIL: libphobos.phobos/std/net/curl.d execution test
FAIL: libphobos.phobos/std/numeric.d execution test
FAIL: libphobos.phobos/std/parallelism.d execution test
FAIL: libphobos.phobos/std/regex/internal/kickstart.d execution test
FAIL: libphobos.phobos/std/regex/internal/tests.d execution test
FAIL: libphobos.phobos/std/regex/internal/tests2.d execution test
FAIL: libphobos.phobos/std/regex/package.d execution test
FAIL: libphobos.phobos/std/stdio.d execution test
FAIL: libphobos.phobos_shared/std/complex.d execution test
FAIL: libphobos.phobos_shared/std/datetime/date.d execution test
FAIL: libphobos.phobos_shared/std/datetime/systime.d execution test
FAIL: libphobos.phobos_shared/std/datetime/timezone.d execution test
FAIL: libphobos.phobos_shared/std/digest/murmurhash.d execution test
FAIL: libphobos.phobos_shared/std/experimental/allocator/building_blocks/region.d execution test
FAIL: libphobos.phobos_shared/std/experimental/logger/core.d execution test
FAIL: libphobos.phobos_shared/std/experimental/logger/filelogger.d execution test
FAIL: libphobos.phobos_shared/std/experimental/logger/multilogger.d execution test
FAIL: libphobos.phobos_shared/std/format/internal/floats.d (test for excess errors)
FAIL: libphobos.phobos_shared/std/internal/math/gammafunction.d execution test
FAIL: libphobos.phobos_shared/std/math/algebraic.d execution test
FAIL: libphobos.phobos_shared/std/math/trigonometry.d execution test
FAIL: libphobos.phobos_shared/std/mmfile.d execution test
WARNING: libphobos.phobos_shared/std/net/curl.d execution test program timed out.
FAIL: libphobos.phobos_shared/std/net/curl.d execution test
FAIL: libphobos.phobos_shared/std/numeric.d execution test
FAIL: libphobos.phobos_shared/std/parallelism.d execution test
FAIL: libphobos.phobos_shared/std/regex/internal/kickstart.d execution test
FAIL: libphobos.phobos_shared/std/regex/internal/tests.d execution test
FAIL: libphobos.phobos_shared/std/regex/internal/tests2.d execution test
FAIL: libphobos.phobos_shared/std/regex/package.d execution test
FAIL: libphobos.phobos_shared/std/stdio.d execution test
FAIL: libphobos.shared/finalize.d -shared-libphobos -ldl execution test
FAIL: libphobos.shared/load.d -shared-libphobos -ldl execution test
FAIL: libphobos.shared/load_13414.d -shared-libphobos -ldl execution test
=== libphobos Summary for unix ===
# of expected passes 1046
# of unexpected failures 50
Running target unix/-m64
FAIL: libphobos.druntime/rt/aaA.d execution test
FAIL: libphobos.druntime/rt/lifetime.d execution test
FAIL: libphobos.druntime_shared/rt/aaA.d execution test
FAIL: libphobos.druntime_shared/rt/lifetime.d execution test
FAIL: libphobos.exceptions/assert_fail.d execution test
FAIL: libphobos.exceptions/invalid_memory_operation.d output pattern test
WARNING: libphobos.phobos/std/array.d (test for excess errors) program timed out.
FAIL: libphobos.phobos/std/array.d (test for excess errors)
UNRESOLVED: libphobos.phobos/std/array.d compilation failed to produce executable
FAIL: libphobos.phobos/std/complex.d execution test
FAIL: libphobos.phobos/std/datetime/date.d execution test
FAIL: libphobos.phobos/std/datetime/systime.d execution test
FAIL: libphobos.phobos/std/datetime/timezone.d execution test
FAIL: libphobos.phobos/std/digest/murmurhash.d execution test
FAIL: libphobos.phobos/std/experimental/allocator/building_blocks/region.d execution test
FAIL: libphobos.phobos/std/format/internal/floats.d (test for excess errors)
FAIL: libphobos.phobos/std/internal/math/gammafunction.d execution test
FAIL: libphobos.phobos/std/math/algebraic.d execution test
FAIL: libphobos.phobos/std/math/trigonometry.d execution test
FAIL: libphobos.phobos/std/numeric.d execution test
FAIL: libphobos.phobos/std/parallelism.d execution test
FAIL: libphobos.phobos/std/regex/internal/kickstart.d execution test
FAIL: libphobos.phobos/std/regex/internal/tests.d execution test
FAIL: libphobos.phobos/std/regex/internal/tests2.d execution test
FAIL: libphobos.phobos/std/regex/package.d execution test
FAIL: libphobos.phobos/std/variant.d execution test
WARNING: libphobos.phobos_shared/std/array.d (test for excess errors) program timed out.
FAIL: libphobos.phobos_shared/std/array.d (test for excess errors)
UNRESOLVED: libphobos.phobos_shared/std/array.d compilation failed to produce executable
FAIL: libphobos.phobos_shared/std/complex.d execution test
FAIL: libphobos.phobos_shared/std/datetime/systime.d execution test
FAIL: libphobos.phobos_shared/std/datetime/timezone.d execution test
FAIL: libphobos.phobos_shared/std/digest/murmurhash.d execution test
FAIL: libphobos.phobos_shared/std/experimental/allocator/building_blocks/region.d execution test
FAIL: libphobos.phobos_shared/std/format/internal/floats.d (test for excess errors)
FAIL: libphobos.phobos_shared/std/internal/math/gammafunction.d execution test
FAIL: libphobos.phobos_shared/std/math/algebraic.d execution test
FAIL: libphobos.phobos_shared/std/math/trigonometry.d execution test
FAIL: libphobos.phobos_shared/std/numeric.d execution test
FAIL: libphobos.phobos_shared/std/parallelism.d execution test
FAIL: libphobos.phobos_shared/std/regex/internal/kickstart.d execution test
FAIL: libphobos.phobos_shared/std/regex/internal/tests.d execution test
FAIL: libphobos.phobos_shared/std/regex/internal/tests2.d execution test
FAIL: libphobos.phobos_shared/std/regex/package.d execution test
FAIL: libphobos.phobos_shared/std/variant.d execution test
FAIL: libphobos.shared/finalize.d -shared-libphobos -ldl execution test
FAIL: libphobos.shared/load.d -shared-libphobos -ldl execution test
FAIL: libphobos.shared/load_13414.d -shared-libphobos -ldl execution test
=== libphobos Summary for unix/-m64 ===
# of expected passes 1050
# of unexpected failures 44
# of unresolved testcases 2
=== libphobos Summary ===
# of expected passes 2096
# of unexpected failures 94
# of unresolved testcases 2
=== libstdc++ tests ===
Running target unix
FAIL: libstdc++-abi/abi_check
=== libstdc++ Summary for unix ===
# of expected passes 14962
# of unexpected failures 1
# of expected failures 96
# of unsupported tests 753
Running target unix/-m64
FAIL: libstdc++-abi/abi_check
FAIL: 30_threads/condition_variable/members/68519.cc execution test
=== libstdc++ Summary for unix/-m64 ===
# of expected passes 14957
# of unexpected failures 2
# of expected failures 96
# of unsupported tests 755
=== libstdc++ Summary ===
# of expected passes 29919
# of unexpected failures 3
# of expected failures 192
# of unsupported tests 1508
Compiler version: 12.0.0 20220107 (experimental) [master revision add37d3bf4f375bb202abdc7cf7768f27fc968d7] (GCC)
Platform: sparc-sun-solaris2.11
configure flags: --prefix=/vol/gcc --target=sparc-sun-solaris2.11 --enable-objc-gc --with-target-bdw-gc-include=/vol/gcc/include --with-target-bdw-gc-lib=/vol/gcc/lib,sparcv9=/vol/gcc/lib/sparcv9 --with-as=/vol/gcc/bin/gas-2.37 --with-gnu-as --with-gmp-include=/vol/gcc/include --with-gmp-lib=/vol/gcc/lib --with-mpfr-include=/vol/gcc/include --with-mpfr-lib=/vol/gcc/lib --with-mpc-include=/vol/gcc/include --with-mpc-lib=/vol/gcc/lib --enable-languages=all,ada,obj-c++,go --with-isl-include=/vol/gcc/include --with-isl-lib=/vol/gcc/lib --with-zstd-include=/vol/gcc/include --with-zstd-lib=/vol/gcc/lib --build=sparc-sun-solaris2.11 --host=sparc-sun-solaris2.11
BOOT_CFLAGS=-g -O2
More information about the Gcc-testresults
mailing list