Results for 12.0.0 20220106 (experimental) [src r12-6280-gdb33b1059bc] (GCC) testsuite on powerpc-ibm-aix7.2.3.0
David Edelsohn
edelsohn@p980aix1.watson.ibm.com
Thu Jan 6 17:44:38 GMT 2022
LAST_UPDATED: Thu Jan 6 14:47:00 UTC 2022 (revision r12-6280-gdb33b1059bc)
Native configuration is powerpc-ibm-aix7.2.3.0
=== g++ tests ===
Running target unix
FAIL: g++.dg/compat/eh/new1 cp_compat_x_tst.o-cp_compat_y_tst.o execute
XPASS: g++.dg/debug/pr56294.C -gdwarf-2 (test for excess errors)
XPASS: g++.dg/debug/pr56294.C -gdwarf-2 -g1 (test for excess errors)
XPASS: g++.dg/debug/pr56294.C -gdwarf-2 -g3 (test for excess errors)
XPASS: g++.dg/debug/pr56294.C -gxcoff (test for excess errors)
XPASS: g++.dg/debug/pr56294.C -gxcoff+ (test for excess errors)
XPASS: g++.dg/debug/pr56294.C -gxcoff+1 (test for excess errors)
XPASS: g++.dg/debug/pr56294.C -gxcoff+3 (test for excess errors)
XPASS: g++.dg/debug/pr56294.C -gxcoff1 (test for excess errors)
XPASS: g++.dg/debug/pr56294.C -gxcoff3 (test for excess errors)
XPASS: g++.dg/debug/pr56819.C -gdwarf-2 (test for excess errors)
XPASS: g++.dg/debug/pr56819.C -gdwarf-2 -g1 (test for excess errors)
XPASS: g++.dg/debug/pr56819.C -gdwarf-2 -g3 (test for excess errors)
XPASS: g++.dg/debug/pr56819.C -gxcoff (test for excess errors)
XPASS: g++.dg/debug/pr56819.C -gxcoff+ (test for excess errors)
XPASS: g++.dg/debug/pr56819.C -gxcoff+1 (test for excess errors)
XPASS: g++.dg/debug/pr56819.C -gxcoff+3 (test for excess errors)
XPASS: g++.dg/debug/pr56819.C -gxcoff1 (test for excess errors)
XPASS: g++.dg/debug/pr56819.C -gxcoff3 (test for excess errors)
XPASS: g++.dg/debug/dwarf2/constexpr-var-1.C scan-assembler-times DW_AT_const_expr 2
XPASS: g++.dg/debug/dwarf2/deleted-member-function.C scan-assembler-times DW_AT_deleted 2
FAIL: g++.dg/cpp2a/nontype-float1.C -std=c++2a (test for excess errors)
XPASS: g++.dg/eh/new1.C -std=c++98 execution test
XPASS: g++.dg/template/linkage1.C -std=c++98 scan-assembler-not (weak|glob)[^\\n]*_Z3fooIXadL_ZL11static_funcvEEEvv
FAIL: g++.dg/modules/sym-subst-3_a.C scan-assembler .globa?l[ \\\\t]*_?S\\\\n
XPASS: g++.dg/tls/thread_local1.C -std=c++14 scan-assembler-not .comm
XPASS: g++.dg/tls/thread_local1.C -std=c++17 scan-assembler-not .comm
XPASS: g++.dg/tls/thread_local1.C -std=c++2a scan-assembler-not .comm
XPASS: g++.dg/torture/pr101373.C -O0 execution test
XPASS: g++.dg/torture/pr101373.C -O1 execution test
XPASS: g++.dg/torture/pr101373.C -O2 execution test
XPASS: g++.dg/torture/pr101373.C -O3 -g execution test
XPASS: g++.dg/torture/pr101373.C -Os execution test
XPASS: g++.old-deja/g++.eh/new2.C -std=gnu++98 execution test
XPASS: g++.old-deja/g++.mike/p755a.C -std=c++98 execution test
=== g++ Summary ===
# of expected passes 206584
# of unexpected failures 3
# of unexpected successes 32
# of expected failures 1722
# of unsupported tests 10165
/tmp/GCC/gcc/testsuite/g++/../../xg++ version 12.0.0 20220106 (experimental) [src r12-6280-gdb33b1059bc] (GCC)
=== gcc tests ===
Running target unix
FAIL: gcc.dg/analyzer/getchar-1.c (test for excess errors)
FAIL: gcc.dg/analyzer/pr93032-mztools.c (test for excess errors)
FAIL: gcc.dg/analyzer/pr93032-mztools.c leak of fpOut at line 329 (test for warnings, line 328)
FAIL: gcc.dg/analyzer/pr93032-mztools.c leak of fpOutCD at line 330 (test for warnings, line 328)
FAIL: gcc.dg/analyzer/pr93032-mztools.c leak of fpZip (test for warnings, line 328)
FAIL: gcc.dg/analyzer/pr94851-1.c (test for excess errors)
FAIL: gcc.dg/analyzer/pragma-2.c (test for excess errors)
XPASS: gcc.dg/autopar/pr46799.c (test for excess errors)
XPASS: gcc.dg/debug/dwarf2/inline5.c scan-assembler-not \\\\(DIE \\\\(0x([0-9a-f]*)\\\\) DW_TAG_lexical_block\\\\)[^#/!@;\\\\|]*[#/!@;\\\\|]+ +DW_AT.*DW_TAG_lexical_block\\\\)[^#/!@;\\\\|x]*x\\\\1[^#/!@;\\\\|]*[#/!@;\\\\|] +DW_AT_abstract_origin
FAIL: gcc.dg/Wstringop-overflow-69.c (test for excess errors)
FAIL: gcc.dg/asm-names.c scan-assembler-not ____frob14
FAIL: gcc.dg/nextafter-2.c execution test
FAIL: gcc.dg/signbit-2.c scan-tree-dump optimized "\\\\s+>\\\\s+{ 0(, 0)+ }"
FAIL: gcc.dg/strlenopt-58.c scan-tree-dump-times optimized "call_in_true_branch_not_eliminated" 0
XPASS: gcc.dg/uninit-pred-7_a.c bogus warning (test for bogus messages, line 26)
FAIL: gcc.dg/uninit-pred-9_b.c bogus warning (test for bogus messages, line 20)
FAIL: c-c++-common/goacc/firstprivate-mappings-1.c scan-tree-dump omplower "(?n)#pragma omp target oacc_parallel map\\\\(from:array_so \\\\[len: 4\\\\]\\\\) firstprivate\\\\(array_li.[0-9]+\\\\) map\\\\(tofrom:\\\\(\\\\*array.[0-9]+\\\\) \\\\[len: D\\\\.[0-9]+\\\\]\\\\) map\\\\(firstprivate:array \\\\[pointer assign, bias: 0\\\\]\\\\) \\\\["
XPASS: gcc.dg/graphite/pr42729.c (test for excess errors)
XPASS: gcc.dg/graphite/pr42917.c (test for excess errors)
FAIL: gcc.dg/tls/alias-1.c (test for excess errors)
XPASS: gcc.dg/torture/pr59166.c -O0 (test for excess errors)
XPASS: gcc.dg/torture/pr59166.c -O1 (test for excess errors)
XPASS: gcc.dg/torture/pr59166.c -O2 (test for excess errors)
XPASS: gcc.dg/torture/pr59166.c -O3 -fomit-frame-pointer -funroll-loops -fpeel-loops -ftracer -finline-functions (test for excess errors)
XPASS: gcc.dg/torture/pr59166.c -Os (test for excess errors)
XPASS: gcc.dg/tree-ssa/cunroll-15.c scan-tree-dump optimized "return 1;"
FAIL: gcc.dg/tree-ssa/gen-vect-11c.c scan-tree-dump-times vect "vectorized 0 loops" 1
FAIL: gcc.dg/tree-ssa/recip-3.c scan-tree-dump-times recip " / " 5
XPASS: gcc.dg/vect/costmodel/ppc/costmodel-fast-math-vect-pr29925.c scan-tree-dump-times vect "vectorization not profitable" 1
FAIL: gcc.dg/vect/slp-21.c scan-tree-dump-times vect "vectorizing stmts using SLP" 2
XPASS: gcc.dg/vect/slp-24-big-array.c scan-tree-dump-times vect "vectorized 1 loops" 1
XPASS: gcc.dg/vect/slp-24-big-array.c scan-tree-dump-times vect "vectorizing stmts using SLP" 2
XPASS: gcc.dg/vect/slp-24.c scan-tree-dump-times vect "vectorized 1 loops" 1
XPASS: gcc.dg/vect/slp-24.c scan-tree-dump-times vect "vectorizing stmts using SLP" 2
FAIL: gcc.target/powerpc/stack-limit.c (internal compiler error: in df_ref_record, at df-scan.c:2609)
FAIL: gcc.target/powerpc/stack-limit.c (test for excess errors)
XPASS: gcc.target/powerpc/vsx-vectorize-4.c scan-tree-dump-times vect "Alignment of access forced using peeling" 0
XPASS: gcc.target/powerpc/vsx-vectorize-6.c scan-tree-dump-times vect "Alignment of access forced using peeling" 0
=== gcc Summary ===
# of expected passes 116341
# of unexpected failures 20
# of unexpected successes 18
# of expected failures 1125
# of unsupported tests 3227
/tmp/GCC/gcc/xgcc version 12.0.0 20220106 (experimental) [src r12-6280-gdb33b1059bc] (GCC)
=== gfortran tests ===
Running target unix
FAIL: gfortran.dg/include_6.f90 -O at line 3 (test for warnings, line )
FAIL: gfortran.dg/include_6.f90 -O (test for excess errors)
FAIL: gfortran.dg/unlimited_polymorphic_3.f03 -Os execution test
FAIL: gfortran.dg/vector_subscript_1.f90 -O1 execution test
FAIL: gfortran.dg/vector_subscript_1.f90 -O2 execution test
FAIL: gfortran.dg/vector_subscript_1.f90 -O3 -fomit-frame-pointer -funroll-loops -fpeel-loops -ftracer -finline-functions execution test
FAIL: gfortran.dg/vector_subscript_1.f90 -O3 -g execution test
FAIL: gfortran.dg/vector_subscript_1.f90 -Os execution test
FAIL: gfortran.dg/graphite/vect-pr40979.f90 -O scan-tree-dump-times vect "vectorized 1 loops" 1
FAIL: gfortran.dg/vect/fast-math-mgrid-resid.f -O scan-tree-dump pcom "vectp_u.*__lsm.* = PHI <.*vectp_u.*__lsm"
=== gfortran Summary ===
# of expected passes 63721
# of unexpected failures 10
# of expected failures 244
# of unsupported tests 522
/tmp/GCC/gcc/testsuite/gfortran/../../gfortran version 12.0.0 20220106 (experimental) [src r12-6280-gdb33b1059bc] (GCC)
=== libatomic tests ===
Running target unix
=== libatomic Summary ===
# of expected passes 44
# of unsupported tests 5
=== libgomp tests ===
Running target unix
FAIL: libgomp.c/../libgomp.c-c++-common/for-12.c execution test
FAIL: libgomp.fortran/appendix-a/a.28.1.f90 -Os execution test
FAIL: libgomp.fortran/appendix-a/a.28.2.f90 -O0 execution test
FAIL: libgomp.fortran/async_io_2.f90 -O execution test
FAIL: libgomp.fortran/async_io_3.f90 -O0 execution test
FAIL: libgomp.fortran/async_io_3.f90 -O1 execution test
FAIL: libgomp.fortran/async_io_3.f90 -O2 execution test
FAIL: libgomp.fortran/async_io_3.f90 -O3 -fomit-frame-pointer -funroll-loops -fpeel-loops -ftracer -finline-functions execution test
FAIL: libgomp.fortran/async_io_3.f90 -O3 -g execution test
FAIL: libgomp.fortran/async_io_3.f90 -Os execution test
FAIL: libgomp.fortran/async_io_9.f90 -O0 execution test
FAIL: libgomp.fortran/async_io_9.f90 -O1 execution test
FAIL: libgomp.fortran/async_io_9.f90 -O2 execution test
FAIL: libgomp.fortran/async_io_9.f90 -O3 -fomit-frame-pointer -funroll-loops -fpeel-loops -ftracer -finline-functions execution test
FAIL: libgomp.fortran/async_io_9.f90 -O3 -g execution test
FAIL: libgomp.fortran/async_io_9.f90 -Os execution test
FAIL: libgomp.fortran/omp_workshare1.f -O execution test
FAIL: libgomp.fortran/omp_workshare2.f -O execution test
FAIL: libgomp.fortran/recursion1.f90 -O1 execution test
FAIL: libgomp.fortran/recursion1.f90 -O3 -fomit-frame-pointer -funroll-loops -fpeel-loops -ftracer -finline-functions execution test
FAIL: libgomp.fortran/recursion1.f90 -O3 -g execution test
FAIL: libgomp.fortran/recursion1.f90 -Os execution test
FAIL: libgomp.fortran/strassen.f90 -O execution test
FAIL: libgomp.graphite/force-parallel-7.c execution test
=== libgomp Summary ===
# of expected passes 11711
# of unexpected failures 24
# of expected failures 103
# of unsupported tests 630
=== libstdc++ tests ===
Running target unix
FAIL: 23_containers/unordered_map/96088.cc execution test
FAIL: 23_containers/unordered_multimap/96088.cc execution test
FAIL: 23_containers/unordered_multiset/96088.cc execution test
FAIL: 23_containers/unordered_set/96088.cc execution test
=== libstdc++ Summary ===
# of expected passes 13055
# of unexpected failures 4
# of expected failures 101
# of unsupported tests 923
Compiler version: 12.0.0 20220106 (experimental) [src r12-6280-gdb33b1059bc] (GCC)
Platform: powerpc-ibm-aix7.2.3.0
configure flags: --disable-werror --enable-languages=c,c++,fortran --with-gmp=/nasfarm/edelsohn/install --with-isl=/nasfarm/edelsohn/install --with-libiconv-prefix=/nasfarm/edelsohn/install --disable-libstdcxx-pch --with-included-gettext --prefix=/nasfarm/edelsohn/install/GCC
More information about the Gcc-testresults
mailing list