Results for 12.0.0 (DEFMODE=arm DEFARCH=armv7-a DEFCPU=default DEFFPU=default TESTFLAGS=-march=armv5t) [r12-6174] (GCC) testsuite on arm-none-linux-gnueabi
Christophe LYON
christophe.lyon@foss.st.com
Wed Jan 5 03:19:30 GMT 2022
LAST_UPDATED: Tue Jan 4 23:33:30 UTC 2022 (revision r12-6174-g5da23a13bdf452c6f74ebbb095c6959bc95b3f95) TARGET=arm-none-linux-gnueabi ARCH=armv7-a CPU=default FPU=default MODE=arm
Target is arm-none-linux-gnueabi
Host is arm-none-linux-gnueabi
=== libatomic tests ===
Running target qemu/-march=armv5t
=== libatomic Summary ===
# of expected passes 44
# of unsupported tests 5
Host is arm-none-linux-gnueabi
=== libitm tests ===
Running target qemu/-march=armv5t
=== libitm Summary ===
# of expected passes 44
# of expected failures 3
# of unsupported tests 1
Host is arm-none-linux-gnueabi
=== libstdc++ tests ===
Running target qemu/-march=armv5t
FAIL: 29_atomics/atomic_float/wait_notify.cc (test for excess errors)
UNRESOLVED: 29_atomics/atomic_float/wait_notify.cc compilation failed to produce executable
FAIL: 29_atomics/atomic_integral/wait_notify.cc (test for excess errors)
UNRESOLVED: 29_atomics/atomic_integral/wait_notify.cc compilation failed to produce executable
FAIL: 30_threads/async/async.cc execution test
WARNING: 30_threads/condition_variable/54185.cc execution test (CHILDKILLED 16217 SIGINT interrupt) program timed out.
FAIL: 30_threads/jthread/95989.cc execution test
=== libstdc++ Summary ===
# of expected passes 14084
# of unexpected failures 4
# of expected failures 95
# of untested testcases 1
# of unresolved testcases 2
# of unsupported tests 762
Host is x86_64-pc-linux-gnu
=== gcc tests ===
Running target qemu/-march=armv5t
FAIL: gcc.dg/analyzer/pr103526.c (test for bogus messages, line 31)
FAIL: gcc.dg/analyzer/pr93032-mztools.c (test for excess errors)
FAIL: gcc.dg/analyzer/pr93032-mztools.c leak of fpOut at line 329 (test for warnings, line 328)
FAIL: gcc.dg/analyzer/pr93032-mztools.c leak of fpOutCD at line 330 (test for warnings, line 328)
FAIL: gcc.dg/analyzer/pr93032-mztools.c leak of fpZip (test for warnings, line 328)
WARNING: skipping asan tests due to ulimit -v
WARNING: skipping asan tests due to ulimit -v
WARNING: skipping asan tests due to ulimit -v
WARNING: skipping asan tests due to ulimit -v
WARNING: skipping asan tests due to ulimit -v
WARNING: skipping asan tests due to ulimit -v
WARNING: skipping asan tests due to ulimit -v
FAIL: gcc.dg/Wzero-length-array-bounds-2.c pr102706 (test for warnings, line 90)
FAIL: gcc.dg/ira-shrinkwrap-prep-1.c scan-rtl-dump pro_and_epilogue "Performing shrink-wrapping"
FAIL: gcc.dg/pr102892-1.c (test for excess errors)
FAIL: gcc.dg/pr96542.c scan-tree-dump-times evrp "254" 2
FAIL: gcc.dg/fixed-point/composite-type.c (test for excess errors)
FAIL: c-c++-common/gomp/atomic-29.c scan-tree-dump-times ompexp ".ATOMIC_COMPARE_EXCHANGE \\\\([^\\n\\r]*, 264, 5, 0\\\\);" 1
FAIL: c-c++-common/gomp/atomic-29.c scan-tree-dump-times ompexp ".ATOMIC_COMPARE_EXCHANGE \\\\([^\\n\\r]*, 8, 0, 0\\\\);" 1
FAIL: c-c++-common/gomp/atomic-29.c scan-tree-dump-times ompexp ".ATOMIC_COMPARE_EXCHANGE \\\\([^\\n\\r]*, 8, 4, 2\\\\);" 1
FAIL: c-c++-common/gomp/atomic-29.c scan-tree-dump-times ompexp ".ATOMIC_COMPARE_EXCHANGE \\\\([^\\n\\r]*, 8, 5, 5\\\\);" 1
WARNING: gcc.dg/lto/20101009-2 c_lto_20101009-2_0.o assemble, -O0 -flto -flto-partition=none -fuse-linker-plugin program timed out.
WARNING: gcc.dg/lto/c-compatible-types-1 c_lto_c-compatible-types-1_0.o assemble, -O3 -fcommon program timed out.
WARNING: gcc.dg/lto/noreturn-1 c_lto_noreturn-1_0.o assemble, -O2 -flto -flto-partition=1to1 program timed out.
WARNING: gcc.dg/lto/pr47188 c_lto_pr47188_0.o assemble, -O0 -flto -flto-partition=none -fuse-linker-plugin program timed out.
WARNING: gcc.dg/lto/pr54702 c_lto_pr54702_0.o assemble, -O2 -flto -w program timed out.
FAIL: gcc.dg/torture/fp-double-convert-float-1.c -O0 execution test
FAIL: gcc.dg/torture/fp-double-convert-float-1.c -O1 execution test
FAIL: gcc.dg/torture/fp-double-convert-float-1.c -O2 execution test
FAIL: gcc.dg/torture/fp-double-convert-float-1.c -O2 -flto -fno-use-linker-plugin -flto-partition=none execution test
FAIL: gcc.dg/torture/fp-double-convert-float-1.c -O2 -flto -fuse-linker-plugin -fno-fat-lto-objects execution test
FAIL: gcc.dg/torture/fp-double-convert-float-1.c -O3 -g execution test
FAIL: gcc.dg/torture/fp-double-convert-float-1.c -Os execution test
FAIL: gcc.dg/torture/fp-uint64-convert-double-1.c -O0 execution test
FAIL: gcc.dg/torture/fp-uint64-convert-double-1.c -O1 execution test
FAIL: gcc.dg/torture/fp-uint64-convert-double-1.c -O2 execution test
FAIL: gcc.dg/torture/fp-uint64-convert-double-1.c -O2 -flto -fno-use-linker-plugin -flto-partition=none execution test
FAIL: gcc.dg/torture/fp-uint64-convert-double-1.c -O2 -flto -fuse-linker-plugin -fno-fat-lto-objects execution test
FAIL: gcc.dg/torture/fp-uint64-convert-double-1.c -O3 -g execution test
FAIL: gcc.dg/torture/fp-uint64-convert-double-1.c -Os execution test
FAIL: gcc.dg/torture/fp-uint64-convert-double-2.c -O0 execution test
FAIL: gcc.dg/torture/fp-uint64-convert-double-2.c -O1 execution test
FAIL: gcc.dg/torture/fp-uint64-convert-double-2.c -O2 execution test
FAIL: gcc.dg/torture/fp-uint64-convert-double-2.c -O2 -flto -fno-use-linker-plugin -flto-partition=none execution test
FAIL: gcc.dg/torture/fp-uint64-convert-double-2.c -O2 -flto -fuse-linker-plugin -fno-fat-lto-objects execution test
FAIL: gcc.dg/torture/fp-uint64-convert-double-2.c -O3 -g execution test
FAIL: gcc.dg/torture/fp-uint64-convert-double-2.c -Os execution test
FAIL: gcc.dg/tree-ssa/recip-3.c scan-tree-dump-times recip " / " 5
XPASS: gcc.dg/vect/complex/fast-math-bb-slp-complex-add-pattern-half-float.c scan-tree-dump slp1 "Found COMPLEX_ADD_ROT270"
FAIL: gcc.dg/vect/pr97428.c -flto -ffat-lto-objects scan-tree-dump vect "Detected interleaving load of size 8"
FAIL: gcc.dg/vect/pr97428.c -flto -ffat-lto-objects scan-tree-dump vect "Detected interleaving store of size 16"
FAIL: gcc.dg/vect/pr97428.c scan-tree-dump vect "Detected interleaving load of size 8"
FAIL: gcc.dg/vect/pr97428.c scan-tree-dump vect "Detected interleaving store of size 16"
XPASS: gcc.dg/vect/vect-cond-1.c -flto -ffat-lto-objects scan-tree-dump-times vect "OUTER LOOP VECTORIZED" 1
XPASS: gcc.dg/vect/vect-cond-1.c scan-tree-dump-times vect "OUTER LOOP VECTORIZED" 1
XPASS: gcc.dg/vect/vect-cond-3.c -flto -ffat-lto-objects scan-tree-dump-times vect "OUTER LOOP VECTORIZED" 1
XPASS: gcc.dg/vect/vect-cond-3.c scan-tree-dump-times vect "OUTER LOOP VECTORIZED" 1
XPASS: gcc.dg/vect/vect-cond-4.c -flto -ffat-lto-objects scan-tree-dump-times vect "OUTER LOOP VECTORIZED" 1
XPASS: gcc.dg/vect/vect-cond-4.c scan-tree-dump-times vect "OUTER LOOP VECTORIZED" 1
FAIL: gcc.dg/vect/vect-fmax-2.c -flto -ffat-lto-objects scan-tree-dump vect "Detected reduction"
FAIL: gcc.dg/vect/vect-fmax-2.c scan-tree-dump vect "Detected reduction"
FAIL: gcc.dg/vect/vect-fmax-3.c -flto -ffat-lto-objects scan-tree-dump vect "Detected reduction"
FAIL: gcc.dg/vect/vect-fmax-3.c scan-tree-dump vect "Detected reduction"
FAIL: gcc.dg/vect/vect-fmin-2.c -flto -ffat-lto-objects scan-tree-dump vect "Detected reduction"
FAIL: gcc.dg/vect/vect-fmin-2.c scan-tree-dump vect "Detected reduction"
FAIL: gcc.dg/vect/vect-fmin-3.c -flto -ffat-lto-objects scan-tree-dump vect "Detected reduction"
FAIL: gcc.dg/vect/vect-fmin-3.c scan-tree-dump vect "Detected reduction"
UNRESOLVED: gcc.target/aarch64/advsimd-intrinsics/vld1x2.c -O0 compilation failed to produce executable
UNRESOLVED: gcc.target/aarch64/advsimd-intrinsics/vld1x2.c -O1 compilation failed to produce executable
UNRESOLVED: gcc.target/aarch64/advsimd-intrinsics/vld1x2.c -O2 compilation failed to produce executable
UNRESOLVED: gcc.target/aarch64/advsimd-intrinsics/vld1x2.c -O2 -flto -fno-use-linker-plugin -flto-partition=none compilation failed to produce executable
UNRESOLVED: gcc.target/aarch64/advsimd-intrinsics/vld1x2.c -O2 -flto -fuse-linker-plugin -fno-fat-lto-objects compilation failed to produce executable
UNRESOLVED: gcc.target/aarch64/advsimd-intrinsics/vld1x2.c -O3 -fomit-frame-pointer -funroll-loops -fpeel-loops -ftracer -finline-functions compilation failed to produce executable
UNRESOLVED: gcc.target/aarch64/advsimd-intrinsics/vld1x2.c -O3 -g compilation failed to produce executable
UNRESOLVED: gcc.target/aarch64/advsimd-intrinsics/vld1x2.c -Og -g compilation failed to produce executable
UNRESOLVED: gcc.target/aarch64/advsimd-intrinsics/vld1x2.c -Os compilation failed to produce executable
UNRESOLVED: gcc.target/aarch64/advsimd-intrinsics/vld1x3.c -O0 compilation failed to produce executable
UNRESOLVED: gcc.target/aarch64/advsimd-intrinsics/vld1x3.c -O1 compilation failed to produce executable
UNRESOLVED: gcc.target/aarch64/advsimd-intrinsics/vld1x3.c -O2 compilation failed to produce executable
UNRESOLVED: gcc.target/aarch64/advsimd-intrinsics/vld1x3.c -O2 -flto -fno-use-linker-plugin -flto-partition=none compilation failed to produce executable
UNRESOLVED: gcc.target/aarch64/advsimd-intrinsics/vld1x3.c -O2 -flto -fuse-linker-plugin -fno-fat-lto-objects compilation failed to produce executable
UNRESOLVED: gcc.target/aarch64/advsimd-intrinsics/vld1x3.c -O3 -fomit-frame-pointer -funroll-loops -fpeel-loops -ftracer -finline-functions compilation failed to produce executable
UNRESOLVED: gcc.target/aarch64/advsimd-intrinsics/vld1x3.c -O3 -g compilation failed to produce executable
UNRESOLVED: gcc.target/aarch64/advsimd-intrinsics/vld1x3.c -Og -g compilation failed to produce executable
UNRESOLVED: gcc.target/aarch64/advsimd-intrinsics/vld1x3.c -Os compilation failed to produce executable
UNRESOLVED: gcc.target/aarch64/advsimd-intrinsics/vld1x4.c -O0 compilation failed to produce executable
UNRESOLVED: gcc.target/aarch64/advsimd-intrinsics/vld1x4.c -O1 compilation failed to produce executable
UNRESOLVED: gcc.target/aarch64/advsimd-intrinsics/vld1x4.c -O2 compilation failed to produce executable
UNRESOLVED: gcc.target/aarch64/advsimd-intrinsics/vld1x4.c -O2 -flto -fno-use-linker-plugin -flto-partition=none compilation failed to produce executable
UNRESOLVED: gcc.target/aarch64/advsimd-intrinsics/vld1x4.c -O2 -flto -fuse-linker-plugin -fno-fat-lto-objects compilation failed to produce executable
UNRESOLVED: gcc.target/aarch64/advsimd-intrinsics/vld1x4.c -O3 -fomit-frame-pointer -funroll-loops -fpeel-loops -ftracer -finline-functions compilation failed to produce executable
UNRESOLVED: gcc.target/aarch64/advsimd-intrinsics/vld1x4.c -O3 -g compilation failed to produce executable
UNRESOLVED: gcc.target/aarch64/advsimd-intrinsics/vld1x4.c -Og -g compilation failed to produce executable
UNRESOLVED: gcc.target/aarch64/advsimd-intrinsics/vld1x4.c -Os compilation failed to produce executable
UNRESOLVED: gcc.target/aarch64/advsimd-intrinsics/vst1x2.c -O0 compilation failed to produce executable
UNRESOLVED: gcc.target/aarch64/advsimd-intrinsics/vst1x2.c -O1 compilation failed to produce executable
UNRESOLVED: gcc.target/aarch64/advsimd-intrinsics/vst1x2.c -O2 compilation failed to produce executable
UNRESOLVED: gcc.target/aarch64/advsimd-intrinsics/vst1x2.c -O2 -flto -fno-use-linker-plugin -flto-partition=none compilation failed to produce executable
UNRESOLVED: gcc.target/aarch64/advsimd-intrinsics/vst1x2.c -O2 -flto -fuse-linker-plugin -fno-fat-lto-objects compilation failed to produce executable
UNRESOLVED: gcc.target/aarch64/advsimd-intrinsics/vst1x2.c -O3 -fomit-frame-pointer -funroll-loops -fpeel-loops -ftracer -finline-functions compilation failed to produce executable
UNRESOLVED: gcc.target/aarch64/advsimd-intrinsics/vst1x2.c -O3 -g compilation failed to produce executable
UNRESOLVED: gcc.target/aarch64/advsimd-intrinsics/vst1x2.c -Og -g compilation failed to produce executable
UNRESOLVED: gcc.target/aarch64/advsimd-intrinsics/vst1x2.c -Os compilation failed to produce executable
UNRESOLVED: gcc.target/aarch64/advsimd-intrinsics/vst1x3.c -O0 compilation failed to produce executable
UNRESOLVED: gcc.target/aarch64/advsimd-intrinsics/vst1x3.c -O1 compilation failed to produce executable
UNRESOLVED: gcc.target/aarch64/advsimd-intrinsics/vst1x3.c -O2 compilation failed to produce executable
UNRESOLVED: gcc.target/aarch64/advsimd-intrinsics/vst1x3.c -O2 -flto -fno-use-linker-plugin -flto-partition=none compilation failed to produce executable
UNRESOLVED: gcc.target/aarch64/advsimd-intrinsics/vst1x3.c -O2 -flto -fuse-linker-plugin -fno-fat-lto-objects compilation failed to produce executable
UNRESOLVED: gcc.target/aarch64/advsimd-intrinsics/vst1x3.c -O3 -fomit-frame-pointer -funroll-loops -fpeel-loops -ftracer -finline-functions compilation failed to produce executable
UNRESOLVED: gcc.target/aarch64/advsimd-intrinsics/vst1x3.c -O3 -g compilation failed to produce executable
UNRESOLVED: gcc.target/aarch64/advsimd-intrinsics/vst1x3.c -Og -g compilation failed to produce executable
UNRESOLVED: gcc.target/aarch64/advsimd-intrinsics/vst1x3.c -Os compilation failed to produce executable
UNRESOLVED: gcc.target/aarch64/advsimd-intrinsics/vst1x4.c -O0 compilation failed to produce executable
UNRESOLVED: gcc.target/aarch64/advsimd-intrinsics/vst1x4.c -O1 compilation failed to produce executable
UNRESOLVED: gcc.target/aarch64/advsimd-intrinsics/vst1x4.c -O2 compilation failed to produce executable
UNRESOLVED: gcc.target/aarch64/advsimd-intrinsics/vst1x4.c -O2 -flto -fno-use-linker-plugin -flto-partition=none compilation failed to produce executable
UNRESOLVED: gcc.target/aarch64/advsimd-intrinsics/vst1x4.c -O2 -flto -fuse-linker-plugin -fno-fat-lto-objects compilation failed to produce executable
UNRESOLVED: gcc.target/aarch64/advsimd-intrinsics/vst1x4.c -O3 -fomit-frame-pointer -funroll-loops -fpeel-loops -ftracer -finline-functions compilation failed to produce executable
UNRESOLVED: gcc.target/aarch64/advsimd-intrinsics/vst1x4.c -O3 -g compilation failed to produce executable
UNRESOLVED: gcc.target/aarch64/advsimd-intrinsics/vst1x4.c -Og -g compilation failed to produce executable
UNRESOLVED: gcc.target/aarch64/advsimd-intrinsics/vst1x4.c -Os compilation failed to produce executable
FAIL: gcc.target/arm/addr-modes-float.c scan-assembler vst3.8\\t{d[02468], d[02468], d[02468]}, \\\\[r[0-9]+\\\\]!
UNRESOLVED: gcc.target/arm/cortex-m55-nodsp-flag-hard.c scan-assembler .arch_extension fp
UNRESOLVED: gcc.target/arm/cortex-m55-nodsp-flag-hard.c scan-assembler .arch_extension fp.dp
UNRESOLVED: gcc.target/arm/cortex-m55-nodsp-flag-hard.c scan-assembler .fpu fpv5-d16
UNRESOLVED: gcc.target/arm/cortex-m55-nodsp-flag-hard.c scan-assembler-not .arch_extension dsp
UNRESOLVED: gcc.target/arm/cortex-m55-nodsp-flag-hard.c scan-assembler-not .arch_extension mve
UNRESOLVED: gcc.target/arm/cortex-m55-nodsp-flag-hard.c scan-assembler-not .arch_extension mve.fp
FAIL: gcc.target/arm/cortex-m55-nodsp-flag-softfp.c scan-assembler .arch_extension fp
FAIL: gcc.target/arm/cortex-m55-nodsp-flag-softfp.c scan-assembler .arch_extension fp.dp
FAIL: gcc.target/arm/cortex-m55-nodsp-flag-softfp.c scan-assembler .fpu fpv5-d16
UNRESOLVED: gcc.target/arm/cortex-m55-nofp-flag-hard.c scan-assembler .arch_extension dsp
UNRESOLVED: gcc.target/arm/cortex-m55-nofp-flag-hard.c scan-assembler .arch_extension mve
UNRESOLVED: gcc.target/arm/cortex-m55-nofp-flag-hard.c scan-assembler .fpu softvfp
UNRESOLVED: gcc.target/arm/cortex-m55-nofp-flag-hard.c scan-assembler-not .arch_extension fp
UNRESOLVED: gcc.target/arm/cortex-m55-nofp-flag-hard.c scan-assembler-not .arch_extension fp.dp
UNRESOLVED: gcc.target/arm/cortex-m55-nofp-flag-hard.c scan-assembler-not .arch_extension mve.fp
FAIL: gcc.target/arm/cortex-m55-nofp-flag-softfp.c scan-assembler .arch_extension dsp
FAIL: gcc.target/arm/cortex-m55-nofp-flag-softfp.c scan-assembler .arch_extension mve
FAIL: gcc.target/arm/cortex-m55-nofp-nomve-flag-softfp.c scan-assembler .arch_extension dsp
UNRESOLVED: gcc.target/arm/cortex-m55-nomve-flag-hard.c scan-assembler .arch_extension dsp
UNRESOLVED: gcc.target/arm/cortex-m55-nomve-flag-hard.c scan-assembler .arch_extension fp
UNRESOLVED: gcc.target/arm/cortex-m55-nomve-flag-hard.c scan-assembler .arch_extension fp.dp
UNRESOLVED: gcc.target/arm/cortex-m55-nomve-flag-hard.c scan-assembler .fpu fpv5-d16
UNRESOLVED: gcc.target/arm/cortex-m55-nomve-flag-hard.c scan-assembler-not .arch_extension mve
UNRESOLVED: gcc.target/arm/cortex-m55-nomve-flag-hard.c scan-assembler-not .arch_extension mve.fp
FAIL: gcc.target/arm/cortex-m55-nomve-flag-softfp.c scan-assembler .arch_extension dsp
FAIL: gcc.target/arm/cortex-m55-nomve-flag-softfp.c scan-assembler .arch_extension fp
FAIL: gcc.target/arm/cortex-m55-nomve-flag-softfp.c scan-assembler .arch_extension fp.dp
FAIL: gcc.target/arm/cortex-m55-nomve-flag-softfp.c scan-assembler .fpu fpv5-d16
UNRESOLVED: gcc.target/arm/cortex-m55-nomve.fp-flag-hard.c scan-assembler .arch_extension dsp
UNRESOLVED: gcc.target/arm/cortex-m55-nomve.fp-flag-hard.c scan-assembler .arch_extension fp
UNRESOLVED: gcc.target/arm/cortex-m55-nomve.fp-flag-hard.c scan-assembler .arch_extension fp.dp
UNRESOLVED: gcc.target/arm/cortex-m55-nomve.fp-flag-hard.c scan-assembler .arch_extension mve
UNRESOLVED: gcc.target/arm/cortex-m55-nomve.fp-flag-hard.c scan-assembler .fpu fpv5-d16
UNRESOLVED: gcc.target/arm/cortex-m55-nomve.fp-flag-hard.c scan-assembler-not .arch_extension mve.fp
FAIL: gcc.target/arm/cortex-m55-nomve.fp-flag-softfp.c scan-assembler .arch_extension dsp
FAIL: gcc.target/arm/cortex-m55-nomve.fp-flag-softfp.c scan-assembler .arch_extension fp
FAIL: gcc.target/arm/cortex-m55-nomve.fp-flag-softfp.c scan-assembler .arch_extension fp.dp
FAIL: gcc.target/arm/cortex-m55-nomve.fp-flag-softfp.c scan-assembler .arch_extension mve
FAIL: gcc.target/arm/cortex-m55-nomve.fp-flag-softfp.c scan-assembler .fpu fpv5-d16
FAIL: gcc.target/arm/memcpy-aligned-1.c scan-assembler-not ldr\\t
FAIL: gcc.target/arm/memcpy-aligned-1.c scan-assembler-times str\\t 1
FAIL: gcc.target/arm/pr42575.c scan-assembler-not mov
FAIL: gcc.target/arm/pr45701-1.c scan-assembler push\\t{r3
FAIL: gcc.target/arm/pr51534.c scan-assembler-times mov[ \\t]+r[0-9]+, #-1 6
FAIL: gcc.target/arm/reg_equal_test.c scan-rtl-dump expand "expr_list:REG_EQUAL \\\\(const_int -942519458"
FAIL: gcc.target/arm/mve/intrinsics/pr97327.c (test for excess errors)
FAIL: gcc.target/arm/mve/mve_load_memory_modes.c check-function-bodies not_off_load16_0
FAIL: gcc.target/arm/mve/mve_load_memory_modes.c check-function-bodies not_off_load16_1
FAIL: gcc.target/arm/mve/mve_load_memory_modes.c check-function-bodies not_off_load8_0
FAIL: gcc.target/arm/mve/mve_load_memory_modes.c check-function-bodies off_load16_0
FAIL: gcc.target/arm/mve/mve_load_memory_modes.c check-function-bodies off_load16_1
FAIL: gcc.target/arm/mve/mve_load_memory_modes.c check-function-bodies off_load32_0
FAIL: gcc.target/arm/mve/mve_load_memory_modes.c check-function-bodies off_load32_1
FAIL: gcc.target/arm/mve/mve_load_memory_modes.c check-function-bodies off_load8_0
FAIL: gcc.target/arm/mve/mve_load_memory_modes.c check-function-bodies off_load8_1
FAIL: gcc.target/arm/mve/mve_load_memory_modes.c check-function-bodies off_load8_2
FAIL: gcc.target/arm/mve/mve_load_memory_modes.c check-function-bodies off_load8_3
FAIL: gcc.target/arm/mve/mve_load_memory_modes.c check-function-bodies off_loadfp16_0
FAIL: gcc.target/arm/mve/mve_load_memory_modes.c check-function-bodies off_loadfp32_0
FAIL: gcc.target/arm/mve/mve_store_memory_modes.c check-function-bodies not_off_store16_0
FAIL: gcc.target/arm/mve/mve_store_memory_modes.c check-function-bodies not_off_store16_1
FAIL: gcc.target/arm/mve/mve_store_memory_modes.c check-function-bodies not_off_store8_0
FAIL: gcc.target/arm/mve/mve_store_memory_modes.c check-function-bodies off_store16_0
FAIL: gcc.target/arm/mve/mve_store_memory_modes.c check-function-bodies off_store16_1
FAIL: gcc.target/arm/mve/mve_store_memory_modes.c check-function-bodies off_store32_0
FAIL: gcc.target/arm/mve/mve_store_memory_modes.c check-function-bodies off_store32_1
FAIL: gcc.target/arm/mve/mve_store_memory_modes.c check-function-bodies off_store8_0
FAIL: gcc.target/arm/mve/mve_store_memory_modes.c check-function-bodies off_store8_1
FAIL: gcc.target/arm/mve/mve_store_memory_modes.c check-function-bodies off_store8_2
FAIL: gcc.target/arm/mve/mve_store_memory_modes.c check-function-bodies off_store8_3
FAIL: gcc.target/arm/mve/mve_store_memory_modes.c check-function-bodies off_storefp16_0
FAIL: gcc.target/arm/mve/mve_store_memory_modes.c check-function-bodies off_storefp32_0
FAIL: gcc.target/arm/mve/mve_store_memory_modes.c check-function-bodies pre_storefp16_0
FAIL: gcc.target/arm/mve/mve_store_memory_modes.c check-function-bodies pre_storefp32_0
FAIL: gcc.target/arm/simd/vld1_bf16_1.c (test for excess errors)
UNRESOLVED: gcc.target/arm/simd/vld1_bf16_1.c check-function-bodies test_vld1_bf16
UNRESOLVED: gcc.target/arm/simd/vld1_bf16_1.c check-function-bodies test_vld1q_bf16
FAIL: gcc.target/arm/simd/vldn_lane_bf16_1.c (test for excess errors)
UNRESOLVED: gcc.target/arm/simd/vldn_lane_bf16_1.c check-function-bodies test_vld2_lane_bf16
UNRESOLVED: gcc.target/arm/simd/vldn_lane_bf16_1.c check-function-bodies test_vld2q_lane_bf16
UNRESOLVED: gcc.target/arm/simd/vldn_lane_bf16_1.c check-function-bodies test_vld3_lane_bf16
UNRESOLVED: gcc.target/arm/simd/vldn_lane_bf16_1.c check-function-bodies test_vld3q_lane_bf16
UNRESOLVED: gcc.target/arm/simd/vldn_lane_bf16_1.c check-function-bodies test_vld4_lane_bf16
UNRESOLVED: gcc.target/arm/simd/vldn_lane_bf16_1.c check-function-bodies test_vld4q_lane_bf16
FAIL: gcc.target/arm/simd/vst1_bf16_1.c (test for excess errors)
UNRESOLVED: gcc.target/arm/simd/vst1_bf16_1.c check-function-bodies test_vst1_bf16
UNRESOLVED: gcc.target/arm/simd/vst1_bf16_1.c check-function-bodies test_vst1q_bf16
FAIL: gcc.target/arm/simd/vstn_lane_bf16_1.c (test for excess errors)
UNRESOLVED: gcc.target/arm/simd/vstn_lane_bf16_1.c check-function-bodies test_vst2_lane_bf16
UNRESOLVED: gcc.target/arm/simd/vstn_lane_bf16_1.c check-function-bodies test_vst2q_lane_bf16
UNRESOLVED: gcc.target/arm/simd/vstn_lane_bf16_1.c check-function-bodies test_vst3_lane_bf16
UNRESOLVED: gcc.target/arm/simd/vstn_lane_bf16_1.c check-function-bodies test_vst3q_lane_bf16
UNRESOLVED: gcc.target/arm/simd/vstn_lane_bf16_1.c check-function-bodies test_vst4_lane_bf16
UNRESOLVED: gcc.target/arm/simd/vstn_lane_bf16_1.c check-function-bodies test_vst4q_lane_bf16
=== gcc Summary ===
# of expected passes 152545
# of unexpected failures 103
# of unexpected successes 7
# of expected failures 1067
# of unresolved testcases 94
# of unsupported tests 7916
/tmp/723857_7.tmpdir/aci-gcc-fsf/builds/gcc-fsf-gccsrc/obj-arm-none-linux-gnueabi/gcc3/gcc/xgcc version 12.0.0 (DEFMODE=arm DEFARCH=armv7-a DEFCPU=default DEFFPU=default TESTFLAGS=-march=armv5t) [r12-6174] (GCC)
Host is x86_64-pc-linux-gnu
=== gfortran tests ===
Running target qemu/-march=armv5t
WARNING: skipping asan tests due to ulimit -v
WARNING: skipping asan tests due to ulimit -v
WARNING: skipping asan tests due to ulimit -v
WARNING: skipping asan tests due to ulimit -v
WARNING: skipping asan tests due to ulimit -v
WARNING: skipping asan tests due to ulimit -v
WARNING: skipping asan tests due to ulimit -v
WARNING: skipping asan tests due to ulimit -v
WARNING: skipping asan tests due to ulimit -v
WARNING: skipping asan tests due to ulimit -v
FAIL: gfortran.dg/unlimited_polymorphic_3.f03 -Os execution test
FAIL: gfortran.dg/vector_subscript_1.f90 -O1 execution test
FAIL: gfortran.dg/vector_subscript_1.f90 -O2 execution test
FAIL: gfortran.dg/vector_subscript_1.f90 -O3 -fomit-frame-pointer -funroll-loops -fpeel-loops -ftracer -finline-functions execution test
FAIL: gfortran.dg/vector_subscript_1.f90 -O3 -g execution test
FAIL: gfortran.dg/vector_subscript_1.f90 -Os execution test
FAIL: gfortran.dg/ieee/ieee_1.F90 -O0 execution test
FAIL: gfortran.dg/ieee/ieee_1.F90 -O1 execution test
FAIL: gfortran.dg/ieee/ieee_1.F90 -O2 execution test
FAIL: gfortran.dg/ieee/ieee_1.F90 -O3 -fomit-frame-pointer -funroll-loops -fpeel-loops -ftracer -finline-functions execution test
FAIL: gfortran.dg/ieee/ieee_1.F90 -O3 -g execution test
FAIL: gfortran.dg/ieee/ieee_1.F90 -Os execution test
FAIL: gfortran.dg/ieee/ieee_2.f90 -O0 execution test
FAIL: gfortran.dg/ieee/ieee_2.f90 -O1 execution test
FAIL: gfortran.dg/ieee/ieee_2.f90 -O2 execution test
FAIL: gfortran.dg/ieee/ieee_2.f90 -O3 -fomit-frame-pointer -funroll-loops -fpeel-loops -ftracer -finline-functions execution test
FAIL: gfortran.dg/ieee/ieee_2.f90 -O3 -g execution test
FAIL: gfortran.dg/ieee/ieee_2.f90 -Os execution test
FAIL: gfortran.dg/ieee/large_2.f90 -O0 execution test
FAIL: gfortran.dg/ieee/large_2.f90 -O1 execution test
FAIL: gfortran.dg/ieee/large_2.f90 -O2 execution test
FAIL: gfortran.dg/ieee/large_2.f90 -O3 -fomit-frame-pointer -funroll-loops -fpeel-loops -ftracer -finline-functions execution test
FAIL: gfortran.dg/ieee/large_2.f90 -O3 -g execution test
FAIL: gfortran.dg/ieee/large_2.f90 -Os execution test
FAIL: gfortran.dg/ieee/large_3.F90 -O0 execution test
FAIL: gfortran.dg/ieee/large_3.F90 -O1 execution test
FAIL: gfortran.dg/ieee/large_3.F90 -O2 execution test
FAIL: gfortran.dg/ieee/large_3.F90 -O3 -fomit-frame-pointer -funroll-loops -fpeel-loops -ftracer -finline-functions execution test
FAIL: gfortran.dg/ieee/large_3.F90 -O3 -g execution test
FAIL: gfortran.dg/ieee/large_3.F90 -Os execution test
FAIL: gfortran.dg/ieee/rounding_1.f90 -O0 execution test
FAIL: gfortran.dg/ieee/rounding_1.f90 -O1 execution test
FAIL: gfortran.dg/ieee/rounding_1.f90 -O2 execution test
FAIL: gfortran.dg/ieee/rounding_1.f90 -O3 -fomit-frame-pointer -funroll-loops -fpeel-loops -ftracer -finline-functions execution test
FAIL: gfortran.dg/ieee/rounding_1.f90 -O3 -g execution test
FAIL: gfortran.dg/ieee/rounding_1.f90 -Os execution test
=== gfortran Summary ===
# of expected passes 63349
# of unexpected failures 36
# of expected failures 233
# of unsupported tests 543
/tmp/723857_7.tmpdir/aci-gcc-fsf/builds/gcc-fsf-gccsrc/obj-arm-none-linux-gnueabi/gcc3/gcc/gfortran version 12.0.0 (DEFMODE=arm DEFARCH=armv7-a DEFCPU=default DEFFPU=default TESTFLAGS=-march=armv5t) [r12-6174] (GCC)
Host is x86_64-pc-linux-gnu
=== g++ tests ===
Running target qemu/-march=armv5t
WARNING: skipping asan tests due to ulimit -v
WARNING: skipping asan tests due to ulimit -v
WARNING: skipping asan tests due to ulimit -v
FAIL: g++.dg/cpp0x/constexpr-diag5.C -std=c++14 (test for excess errors)
FAIL: g++.dg/cpp0x/constexpr-diag5.C -std=c++17 (test for excess errors)
FAIL: g++.dg/cpp0x/constexpr-diag5.C -std=c++2a (test for excess errors)
FAIL: g++.dg/cpp1y/constexpr-return3.C -std=c++14 (test for excess errors)
FAIL: g++.dg/cpp1y/constexpr-return3.C -std=c++17 (test for excess errors)
FAIL: g++.dg/cpp1y/constexpr-return3.C -std=c++2a (test for excess errors)
FAIL: g++.dg/cpp2a/constexpr-dtor3.C -std=c++2a (test for warnings, line 154)
FAIL: g++.dg/warn/Waddress-5.C -std=gnu++14 (test for excess errors)
FAIL: g++.dg/warn/Waddress-5.C -std=gnu++17 (test for excess errors)
FAIL: g++.dg/warn/Waddress-5.C -std=gnu++2a (test for excess errors)
FAIL: g++.dg/warn/Waddress-5.C -std=gnu++98 (test for excess errors)
FAIL: c-c++-common/gomp/atomic-29.c -std=c++14 scan-tree-dump-times ompexp ".ATOMIC_COMPARE_EXCHANGE \\\\([^\\n\\r]*, 264, 5, 0\\\\);" 1
FAIL: c-c++-common/gomp/atomic-29.c -std=c++14 scan-tree-dump-times ompexp ".ATOMIC_COMPARE_EXCHANGE \\\\([^\\n\\r]*, 8, 0, 0\\\\);" 1
FAIL: c-c++-common/gomp/atomic-29.c -std=c++14 scan-tree-dump-times ompexp ".ATOMIC_COMPARE_EXCHANGE \\\\([^\\n\\r]*, 8, 4, 2\\\\);" 1
FAIL: c-c++-common/gomp/atomic-29.c -std=c++14 scan-tree-dump-times ompexp ".ATOMIC_COMPARE_EXCHANGE \\\\([^\\n\\r]*, 8, 5, 5\\\\);" 1
FAIL: c-c++-common/gomp/atomic-29.c -std=c++17 scan-tree-dump-times ompexp ".ATOMIC_COMPARE_EXCHANGE \\\\([^\\n\\r]*, 264, 5, 0\\\\);" 1
FAIL: c-c++-common/gomp/atomic-29.c -std=c++17 scan-tree-dump-times ompexp ".ATOMIC_COMPARE_EXCHANGE \\\\([^\\n\\r]*, 8, 0, 0\\\\);" 1
FAIL: c-c++-common/gomp/atomic-29.c -std=c++17 scan-tree-dump-times ompexp ".ATOMIC_COMPARE_EXCHANGE \\\\([^\\n\\r]*, 8, 4, 2\\\\);" 1
FAIL: c-c++-common/gomp/atomic-29.c -std=c++17 scan-tree-dump-times ompexp ".ATOMIC_COMPARE_EXCHANGE \\\\([^\\n\\r]*, 8, 5, 5\\\\);" 1
FAIL: c-c++-common/gomp/atomic-29.c -std=c++2a scan-tree-dump-times ompexp ".ATOMIC_COMPARE_EXCHANGE \\\\([^\\n\\r]*, 264, 5, 0\\\\);" 1
FAIL: c-c++-common/gomp/atomic-29.c -std=c++2a scan-tree-dump-times ompexp ".ATOMIC_COMPARE_EXCHANGE \\\\([^\\n\\r]*, 8, 0, 0\\\\);" 1
FAIL: c-c++-common/gomp/atomic-29.c -std=c++2a scan-tree-dump-times ompexp ".ATOMIC_COMPARE_EXCHANGE \\\\([^\\n\\r]*, 8, 4, 2\\\\);" 1
FAIL: c-c++-common/gomp/atomic-29.c -std=c++2a scan-tree-dump-times ompexp ".ATOMIC_COMPARE_EXCHANGE \\\\([^\\n\\r]*, 8, 5, 5\\\\);" 1
FAIL: c-c++-common/gomp/atomic-29.c -std=c++98 scan-tree-dump-times ompexp ".ATOMIC_COMPARE_EXCHANGE \\\\([^\\n\\r]*, 264, 5, 0\\\\);" 1
FAIL: c-c++-common/gomp/atomic-29.c -std=c++98 scan-tree-dump-times ompexp ".ATOMIC_COMPARE_EXCHANGE \\\\([^\\n\\r]*, 8, 0, 0\\\\);" 1
FAIL: c-c++-common/gomp/atomic-29.c -std=c++98 scan-tree-dump-times ompexp ".ATOMIC_COMPARE_EXCHANGE \\\\([^\\n\\r]*, 8, 4, 2\\\\);" 1
FAIL: c-c++-common/gomp/atomic-29.c -std=c++98 scan-tree-dump-times ompexp ".ATOMIC_COMPARE_EXCHANGE \\\\([^\\n\\r]*, 8, 5, 5\\\\);" 1
FAIL: g++.dg/lto/pr65276 cp_lto_pr65276_0.o-cp_lto_pr65276_1.o link, -flto -O0 -std=c++11
FAIL: g++.dg/modules/bad-mapper-3.C -std=c++17 at line 3 (test for errors, line )
FAIL: g++.dg/modules/bad-mapper-3.C -std=c++17 (test for excess errors)
FAIL: g++.dg/modules/bad-mapper-3.C -std=c++2a at line 3 (test for errors, line )
FAIL: g++.dg/modules/bad-mapper-3.C -std=c++2a (test for excess errors)
FAIL: g++.dg/modules/bad-mapper-3.C -std=c++2b at line 3 (test for errors, line )
FAIL: g++.dg/modules/bad-mapper-3.C -std=c++2b (test for excess errors)
FAIL: g++.dg/modules/virt-2_a.C -std=c++17 scan-assembler _ZTI7Visitor:
FAIL: g++.dg/modules/virt-2_a.C -std=c++17 scan-assembler _ZTS7Visitor:
FAIL: g++.dg/modules/virt-2_a.C -std=c++17 scan-assembler _ZTV7Visitor:
FAIL: g++.dg/modules/virt-2_a.C -std=c++2a scan-assembler _ZTI7Visitor:
FAIL: g++.dg/modules/virt-2_a.C -std=c++2a scan-assembler _ZTS7Visitor:
FAIL: g++.dg/modules/virt-2_a.C -std=c++2a scan-assembler _ZTV7Visitor:
FAIL: g++.dg/modules/virt-2_a.C -std=c++2b scan-assembler _ZTI7Visitor:
FAIL: g++.dg/modules/virt-2_a.C -std=c++2b scan-assembler _ZTS7Visitor:
FAIL: g++.dg/modules/virt-2_a.C -std=c++2b scan-assembler _ZTV7Visitor:
XPASS: g++.dg/vect/slp-pr98855.cc -std=c++14 scan-tree-dump-times slp1 "not vectorized: vectorization is not profitable" 2
XPASS: g++.dg/vect/slp-pr98855.cc -std=c++17 scan-tree-dump-times slp1 "not vectorized: vectorization is not profitable" 2
XPASS: g++.dg/vect/slp-pr98855.cc -std=c++2a scan-tree-dump-times slp1 "not vectorized: vectorization is not profitable" 2
XPASS: g++.dg/vect/slp-pr98855.cc -std=c++98 scan-tree-dump-times slp1 "not vectorized: vectorization is not profitable" 2
XPASS: g++.target/arm/bfloat_cpp_typecheck.C (test for bogus messages, line 10)
XPASS: g++.target/arm/bfloat_cpp_typecheck.C (test for bogus messages, line 11)
FAIL: g++.target/arm/no_unique_address_1.C check-function-bodies _Z8caller_pR1P
FAIL: g++.target/arm/no_unique_address_2.C (test for warnings, line 163)
FAIL: g++.target/arm/no_unique_address_2.C check-function-bodies _Z8caller_pR1P
FAIL: g++.target/arm/../../gcc.target/arm/mve/intrinsics/pr97327.c (test for excess errors)
=== g++ Summary ===
# of expected passes 223502
# of unexpected failures 47
# of unexpected successes 6
# of expected failures 1408
# of unsupported tests 10197
/tmp/723857_7.tmpdir/aci-gcc-fsf/builds/gcc-fsf-gccsrc/obj-arm-none-linux-gnueabi/gcc3/gcc/xg++ version 12.0.0 (DEFMODE=arm DEFARCH=armv7-a DEFCPU=default DEFFPU=default TESTFLAGS=-march=armv5t) [r12-6174] (GCC)
Compiler version: 12.0.0 (DEFMODE=arm DEFARCH=armv7-a DEFCPU=default DEFFPU=default TESTFLAGS=-march=armv5t) [r12-6174] (GCC)
Platform: arm-none-linux-gnueabi
configure flags: --target=arm-none-linux-gnueabi --prefix=/tmp/723857_7.tmpdir/aci-gcc-fsf/builds/gcc-fsf-gccsrc/tools --with-sysroot=/tmp/723857_7.tmpdir/aci-gcc-fsf/builds/gcc-fsf-gccsrc/sysroot-arm-none-linux-gnueabi --disable-nls --disable-libgomp --disable-libmudflap --disable-libcilkrts --enable-checking --enable-languages=c,c++,fortran --with-float=soft --enable-build-with-cxx --with-mode=arm --with-arch=armv7-a
More information about the Gcc-testresults
mailing list