Results for 12.0.0 (DEFMODE=thumb DEFARCH=armv7-a DEFCPU=default DEFFPU=default TESTFLAGS=-march=armv5t) [r12-6161] (GCC) testsuite on arm-none-linux-gnueabi
Christophe LYON
christophe.lyon@foss.st.com
Tue Jan 4 18:20:23 GMT 2022
LAST_UPDATED: Tue Jan 4 16:03:52 UTC 2022 (revision r12-6161-gf17d2677bc2cbbc9021c81584000a2db1699d14e) TARGET=arm-none-linux-gnueabi ARCH=armv7-a CPU=default FPU=default MODE=thumb
Target is arm-none-linux-gnueabi
Host is arm-none-linux-gnueabi
=== libatomic tests ===
Running target qemu/-march=armv5t
=== libatomic Summary ===
# of expected passes 44
# of unsupported tests 5
Host is arm-none-linux-gnueabi
=== libitm tests ===
Running target qemu/-march=armv5t
=== libitm Summary ===
# of expected passes 44
# of expected failures 3
# of unsupported tests 1
Host is arm-none-linux-gnueabi
=== libstdc++ tests ===
Running target qemu/-march=armv5t
FAIL: 29_atomics/atomic_float/wait_notify.cc (test for excess errors)
UNRESOLVED: 29_atomics/atomic_float/wait_notify.cc compilation failed to produce executable
FAIL: 29_atomics/atomic_integral/wait_notify.cc (test for excess errors)
UNRESOLVED: 29_atomics/atomic_integral/wait_notify.cc compilation failed to produce executable
WARNING: 30_threads/condition_variable/54185.cc execution test (CHILDKILLED 73333 SIGINT interrupt) program timed out.
FAIL: 30_threads/jthread/95989.cc execution test
=== libstdc++ Summary ===
# of expected passes 14083
# of unexpected failures 3
# of expected failures 95
# of untested testcases 1
# of unresolved testcases 2
# of unsupported tests 762
Host is x86_64-pc-linux-gnu
=== gcc tests ===
Running target qemu/-march=armv5t
FAIL: gcc.dg/analyzer/pr103526.c (test for bogus messages, line 31)
FAIL: gcc.dg/analyzer/pr93032-mztools.c (test for excess errors)
FAIL: gcc.dg/analyzer/pr93032-mztools.c leak of fpOut at line 329 (test for warnings, line 328)
FAIL: gcc.dg/analyzer/pr93032-mztools.c leak of fpOutCD at line 330 (test for warnings, line 328)
FAIL: gcc.dg/analyzer/pr93032-mztools.c leak of fpZip (test for warnings, line 328)
WARNING: skipping asan tests due to ulimit -v
WARNING: skipping asan tests due to ulimit -v
WARNING: skipping asan tests due to ulimit -v
WARNING: skipping asan tests due to ulimit -v
WARNING: skipping asan tests due to ulimit -v
XPASS: gcc.dg/Wstringop-overflow-47.c pr97027 (test for warnings, line 72)
XPASS: gcc.dg/Wstringop-overflow-47.c pr97027 (test for warnings, line 77)
XPASS: gcc.dg/Wstringop-overflow-47.c pr97027 note (test for warnings, line 68)
FAIL: gcc.dg/Wzero-length-array-bounds-2.c pr102706 (test for warnings, line 90)
FAIL: gcc.dg/pr96542.c scan-tree-dump-times evrp "254" 2
FAIL: gcc.dg/fixed-point/composite-type.c (test for excess errors)
FAIL: c-c++-common/gomp/atomic-29.c scan-tree-dump-times ompexp ".ATOMIC_COMPARE_EXCHANGE \\\\([^\\n\\r]*, 264, 5, 0\\\\);" 1
FAIL: c-c++-common/gomp/atomic-29.c scan-tree-dump-times ompexp ".ATOMIC_COMPARE_EXCHANGE \\\\([^\\n\\r]*, 8, 0, 0\\\\);" 1
FAIL: c-c++-common/gomp/atomic-29.c scan-tree-dump-times ompexp ".ATOMIC_COMPARE_EXCHANGE \\\\([^\\n\\r]*, 8, 4, 2\\\\);" 1
FAIL: c-c++-common/gomp/atomic-29.c scan-tree-dump-times ompexp ".ATOMIC_COMPARE_EXCHANGE \\\\([^\\n\\r]*, 8, 5, 5\\\\);" 1
WARNING: gcc.dg/ipa/20040703-wpa.c (test for excess errors) program timed out.
FAIL: gcc.dg/ipa/iinline-attr.c scan-ipa-dump inline "hooray[^\\\\n]*inline copy in test"
WARNING: gcc.dg/lto/20090116 c_lto_20090116_0.o assemble, -O1 -flto -flto-partition=1to1 -fPIC program timed out.
FAIL: gcc.dg/torture/fp-double-convert-float-1.c -O0 execution test
FAIL: gcc.dg/torture/fp-double-convert-float-1.c -O1 execution test
FAIL: gcc.dg/torture/fp-double-convert-float-1.c -O2 execution test
FAIL: gcc.dg/torture/fp-double-convert-float-1.c -O2 -flto -fno-use-linker-plugin -flto-partition=none execution test
FAIL: gcc.dg/torture/fp-double-convert-float-1.c -O2 -flto -fuse-linker-plugin -fno-fat-lto-objects execution test
FAIL: gcc.dg/torture/fp-double-convert-float-1.c -O3 -g execution test
FAIL: gcc.dg/torture/fp-double-convert-float-1.c -Os execution test
FAIL: gcc.dg/torture/fp-uint64-convert-double-1.c -O0 execution test
FAIL: gcc.dg/torture/fp-uint64-convert-double-1.c -O1 execution test
FAIL: gcc.dg/torture/fp-uint64-convert-double-1.c -O2 execution test
FAIL: gcc.dg/torture/fp-uint64-convert-double-1.c -O2 -flto -fno-use-linker-plugin -flto-partition=none execution test
FAIL: gcc.dg/torture/fp-uint64-convert-double-1.c -O2 -flto -fuse-linker-plugin -fno-fat-lto-objects execution test
FAIL: gcc.dg/torture/fp-uint64-convert-double-1.c -O3 -g execution test
FAIL: gcc.dg/torture/fp-uint64-convert-double-1.c -Os execution test
FAIL: gcc.dg/torture/fp-uint64-convert-double-2.c -O0 execution test
FAIL: gcc.dg/torture/fp-uint64-convert-double-2.c -O1 execution test
FAIL: gcc.dg/torture/fp-uint64-convert-double-2.c -O2 execution test
FAIL: gcc.dg/torture/fp-uint64-convert-double-2.c -O2 -flto -fno-use-linker-plugin -flto-partition=none execution test
FAIL: gcc.dg/torture/fp-uint64-convert-double-2.c -O2 -flto -fuse-linker-plugin -fno-fat-lto-objects execution test
FAIL: gcc.dg/torture/fp-uint64-convert-double-2.c -O3 -g execution test
FAIL: gcc.dg/torture/fp-uint64-convert-double-2.c -Os execution test
WARNING: gcc.dg/torture/pr58326-2.c -O0 (test for excess errors) program timed out.
FAIL: gcc.dg/tree-ssa/recip-3.c scan-tree-dump-times recip " / " 5
FAIL: c-c++-common/ubsan/overflow-2.c -Os (test for excess errors)
UNRESOLVED: c-c++-common/ubsan/overflow-2.c -Os compilation failed to produce executable
FAIL: gcc.target/arm/20131120.c scan-rtl-dump-not expand "\\\\(set \\\\(reg:SI [0-9]*\\\\)[\\n\\r]+[ \\t]*\\\\(const_int 4000"
UNRESOLVED: gcc.target/arm/cortex-m55-nodsp-flag-hard.c scan-assembler .arch_extension fp
UNRESOLVED: gcc.target/arm/cortex-m55-nodsp-flag-hard.c scan-assembler .arch_extension fp.dp
UNRESOLVED: gcc.target/arm/cortex-m55-nodsp-flag-hard.c scan-assembler .fpu fpv5-d16
UNRESOLVED: gcc.target/arm/cortex-m55-nodsp-flag-hard.c scan-assembler-not .arch_extension dsp
UNRESOLVED: gcc.target/arm/cortex-m55-nodsp-flag-hard.c scan-assembler-not .arch_extension mve
UNRESOLVED: gcc.target/arm/cortex-m55-nodsp-flag-hard.c scan-assembler-not .arch_extension mve.fp
FAIL: gcc.target/arm/cortex-m55-nodsp-flag-softfp.c scan-assembler .arch_extension fp
FAIL: gcc.target/arm/cortex-m55-nodsp-flag-softfp.c scan-assembler .arch_extension fp.dp
FAIL: gcc.target/arm/cortex-m55-nodsp-flag-softfp.c scan-assembler .fpu fpv5-d16
UNRESOLVED: gcc.target/arm/cortex-m55-nofp-flag-hard.c scan-assembler .arch_extension dsp
UNRESOLVED: gcc.target/arm/cortex-m55-nofp-flag-hard.c scan-assembler .arch_extension mve
UNRESOLVED: gcc.target/arm/cortex-m55-nofp-flag-hard.c scan-assembler .fpu softvfp
UNRESOLVED: gcc.target/arm/cortex-m55-nofp-flag-hard.c scan-assembler-not .arch_extension fp
UNRESOLVED: gcc.target/arm/cortex-m55-nofp-flag-hard.c scan-assembler-not .arch_extension fp.dp
UNRESOLVED: gcc.target/arm/cortex-m55-nofp-flag-hard.c scan-assembler-not .arch_extension mve.fp
FAIL: gcc.target/arm/cortex-m55-nofp-flag-softfp.c scan-assembler .arch_extension dsp
FAIL: gcc.target/arm/cortex-m55-nofp-flag-softfp.c scan-assembler .arch_extension mve
FAIL: gcc.target/arm/cortex-m55-nofp-nomve-flag-softfp.c scan-assembler .arch_extension dsp
UNRESOLVED: gcc.target/arm/cortex-m55-nomve-flag-hard.c scan-assembler .arch_extension dsp
UNRESOLVED: gcc.target/arm/cortex-m55-nomve-flag-hard.c scan-assembler .arch_extension fp
UNRESOLVED: gcc.target/arm/cortex-m55-nomve-flag-hard.c scan-assembler .arch_extension fp.dp
UNRESOLVED: gcc.target/arm/cortex-m55-nomve-flag-hard.c scan-assembler .fpu fpv5-d16
UNRESOLVED: gcc.target/arm/cortex-m55-nomve-flag-hard.c scan-assembler-not .arch_extension mve
UNRESOLVED: gcc.target/arm/cortex-m55-nomve-flag-hard.c scan-assembler-not .arch_extension mve.fp
FAIL: gcc.target/arm/cortex-m55-nomve-flag-softfp.c scan-assembler .arch_extension dsp
FAIL: gcc.target/arm/cortex-m55-nomve-flag-softfp.c scan-assembler .arch_extension fp
FAIL: gcc.target/arm/cortex-m55-nomve-flag-softfp.c scan-assembler .arch_extension fp.dp
FAIL: gcc.target/arm/cortex-m55-nomve-flag-softfp.c scan-assembler .fpu fpv5-d16
UNRESOLVED: gcc.target/arm/cortex-m55-nomve.fp-flag-hard.c scan-assembler .arch_extension dsp
UNRESOLVED: gcc.target/arm/cortex-m55-nomve.fp-flag-hard.c scan-assembler .arch_extension fp
UNRESOLVED: gcc.target/arm/cortex-m55-nomve.fp-flag-hard.c scan-assembler .arch_extension fp.dp
UNRESOLVED: gcc.target/arm/cortex-m55-nomve.fp-flag-hard.c scan-assembler .arch_extension mve
UNRESOLVED: gcc.target/arm/cortex-m55-nomve.fp-flag-hard.c scan-assembler .fpu fpv5-d16
UNRESOLVED: gcc.target/arm/cortex-m55-nomve.fp-flag-hard.c scan-assembler-not .arch_extension mve.fp
FAIL: gcc.target/arm/cortex-m55-nomve.fp-flag-softfp.c scan-assembler .arch_extension dsp
FAIL: gcc.target/arm/cortex-m55-nomve.fp-flag-softfp.c scan-assembler .arch_extension fp
FAIL: gcc.target/arm/cortex-m55-nomve.fp-flag-softfp.c scan-assembler .arch_extension fp.dp
FAIL: gcc.target/arm/cortex-m55-nomve.fp-flag-softfp.c scan-assembler .arch_extension mve
FAIL: gcc.target/arm/cortex-m55-nomve.fp-flag-softfp.c scan-assembler .fpu fpv5-d16
FAIL: gcc.target/arm/empty_fiq_handler.c (test for excess errors)
FAIL: gcc.target/arm/fma.c (test for excess errors)
UNRESOLVED: gcc.target/arm/fma.c scan-assembler-times vfma.f32\\ts[0-9] 1
UNRESOLVED: gcc.target/arm/fma.c scan-assembler-times vfma.f64\\td[0-9] 1
UNRESOLVED: gcc.target/arm/fma.c scan-assembler-times vfms.f32\\ts[0-9] 1
UNRESOLVED: gcc.target/arm/fma.c scan-assembler-times vfms.f64\\td[0-9] 1
UNRESOLVED: gcc.target/arm/fma.c scan-assembler-times vfnma.f32\\ts[0-9] 1
UNRESOLVED: gcc.target/arm/fma.c scan-assembler-times vfnma.f64\\td[0-9] 1
UNRESOLVED: gcc.target/arm/fma.c scan-assembler-times vfnms.f32\\ts[0-9] 1
UNRESOLVED: gcc.target/arm/fma.c scan-assembler-times vfnms.f64\\td[0-9] 1
FAIL: gcc.target/arm/pr45701-1.c scan-assembler push\\t{r3
FAIL: gcc.target/arm/reg_equal_test.c scan-rtl-dump expand "expr_list:REG_EQUAL \\\\(const_int -942519458"
FAIL: gcc.target/arm/mve/intrinsics/pr97327.c (test for excess errors)
FAIL: gcc.target/arm/mve/mve_load_memory_modes.c check-function-bodies not_off_load16_0
FAIL: gcc.target/arm/mve/mve_load_memory_modes.c check-function-bodies not_off_load16_1
FAIL: gcc.target/arm/mve/mve_load_memory_modes.c check-function-bodies not_off_load8_0
FAIL: gcc.target/arm/mve/mve_load_memory_modes.c check-function-bodies off_load16_0
FAIL: gcc.target/arm/mve/mve_load_memory_modes.c check-function-bodies off_load16_1
FAIL: gcc.target/arm/mve/mve_load_memory_modes.c check-function-bodies off_load32_0
FAIL: gcc.target/arm/mve/mve_load_memory_modes.c check-function-bodies off_load32_1
FAIL: gcc.target/arm/mve/mve_load_memory_modes.c check-function-bodies off_load8_0
FAIL: gcc.target/arm/mve/mve_load_memory_modes.c check-function-bodies off_load8_1
FAIL: gcc.target/arm/mve/mve_load_memory_modes.c check-function-bodies off_load8_2
FAIL: gcc.target/arm/mve/mve_load_memory_modes.c check-function-bodies off_load8_3
FAIL: gcc.target/arm/mve/mve_load_memory_modes.c check-function-bodies off_loadfp16_0
FAIL: gcc.target/arm/mve/mve_load_memory_modes.c check-function-bodies off_loadfp32_0
FAIL: gcc.target/arm/mve/mve_store_memory_modes.c check-function-bodies not_off_store16_0
FAIL: gcc.target/arm/mve/mve_store_memory_modes.c check-function-bodies not_off_store16_1
FAIL: gcc.target/arm/mve/mve_store_memory_modes.c check-function-bodies not_off_store8_0
FAIL: gcc.target/arm/mve/mve_store_memory_modes.c check-function-bodies off_store16_0
FAIL: gcc.target/arm/mve/mve_store_memory_modes.c check-function-bodies off_store16_1
FAIL: gcc.target/arm/mve/mve_store_memory_modes.c check-function-bodies off_store32_0
FAIL: gcc.target/arm/mve/mve_store_memory_modes.c check-function-bodies off_store32_1
FAIL: gcc.target/arm/mve/mve_store_memory_modes.c check-function-bodies off_store8_0
FAIL: gcc.target/arm/mve/mve_store_memory_modes.c check-function-bodies off_store8_1
FAIL: gcc.target/arm/mve/mve_store_memory_modes.c check-function-bodies off_store8_2
FAIL: gcc.target/arm/mve/mve_store_memory_modes.c check-function-bodies off_store8_3
FAIL: gcc.target/arm/mve/mve_store_memory_modes.c check-function-bodies off_storefp16_0
FAIL: gcc.target/arm/mve/mve_store_memory_modes.c check-function-bodies off_storefp32_0
FAIL: gcc.target/arm/mve/mve_store_memory_modes.c check-function-bodies pre_storefp16_0
FAIL: gcc.target/arm/mve/mve_store_memory_modes.c check-function-bodies pre_storefp32_0
=== gcc Summary ===
# of expected passes 143708
# of unexpected failures 85
# of unexpected successes 3
# of expected failures 957
# of unresolved testcases 33
# of unsupported tests 3941
/tmp/589178_11.tmpdir/aci-gcc-fsf/builds/gcc-fsf-gccsrc-thumb/obj-arm-none-linux-gnueabi/gcc3/gcc/xgcc version 12.0.0 (DEFMODE=thumb DEFARCH=armv7-a DEFCPU=default DEFFPU=default TESTFLAGS=-march=armv5t) [r12-6161] (GCC)
Host is x86_64-pc-linux-gnu
=== gfortran tests ===
Running target qemu/-march=armv5t
WARNING: skipping asan tests due to ulimit -v
WARNING: skipping asan tests due to ulimit -v
FAIL: gfortran.dg/unlimited_polymorphic_3.f03 -Os execution test
FAIL: gfortran.dg/vector_subscript_1.f90 -O1 execution test
FAIL: gfortran.dg/vector_subscript_1.f90 -O2 execution test
FAIL: gfortran.dg/vector_subscript_1.f90 -O3 -fomit-frame-pointer -funroll-loops -fpeel-loops -ftracer -finline-functions execution test
FAIL: gfortran.dg/vector_subscript_1.f90 -O3 -g execution test
FAIL: gfortran.dg/vector_subscript_1.f90 -Os execution test
FAIL: gfortran.dg/ieee/ieee_1.F90 -O0 execution test
FAIL: gfortran.dg/ieee/ieee_1.F90 -O1 execution test
FAIL: gfortran.dg/ieee/ieee_1.F90 -O2 execution test
FAIL: gfortran.dg/ieee/ieee_1.F90 -O3 -fomit-frame-pointer -funroll-loops -fpeel-loops -ftracer -finline-functions execution test
FAIL: gfortran.dg/ieee/ieee_1.F90 -O3 -g execution test
FAIL: gfortran.dg/ieee/ieee_1.F90 -Os execution test
FAIL: gfortran.dg/ieee/ieee_2.f90 -O0 execution test
FAIL: gfortran.dg/ieee/ieee_2.f90 -O1 execution test
FAIL: gfortran.dg/ieee/ieee_2.f90 -O2 execution test
FAIL: gfortran.dg/ieee/ieee_2.f90 -O3 -fomit-frame-pointer -funroll-loops -fpeel-loops -ftracer -finline-functions execution test
FAIL: gfortran.dg/ieee/ieee_2.f90 -O3 -g execution test
FAIL: gfortran.dg/ieee/ieee_2.f90 -Os execution test
FAIL: gfortran.dg/ieee/large_2.f90 -O0 execution test
FAIL: gfortran.dg/ieee/large_2.f90 -O1 execution test
FAIL: gfortran.dg/ieee/large_2.f90 -O2 execution test
FAIL: gfortran.dg/ieee/large_2.f90 -O3 -fomit-frame-pointer -funroll-loops -fpeel-loops -ftracer -finline-functions execution test
FAIL: gfortran.dg/ieee/large_2.f90 -O3 -g execution test
FAIL: gfortran.dg/ieee/large_2.f90 -Os execution test
FAIL: gfortran.dg/ieee/large_3.F90 -O0 execution test
FAIL: gfortran.dg/ieee/large_3.F90 -O1 execution test
FAIL: gfortran.dg/ieee/large_3.F90 -O2 execution test
FAIL: gfortran.dg/ieee/large_3.F90 -O3 -fomit-frame-pointer -funroll-loops -fpeel-loops -ftracer -finline-functions execution test
FAIL: gfortran.dg/ieee/large_3.F90 -O3 -g execution test
FAIL: gfortran.dg/ieee/large_3.F90 -Os execution test
FAIL: gfortran.dg/ieee/rounding_1.f90 -O0 execution test
FAIL: gfortran.dg/ieee/rounding_1.f90 -O1 execution test
FAIL: gfortran.dg/ieee/rounding_1.f90 -O2 execution test
FAIL: gfortran.dg/ieee/rounding_1.f90 -O3 -fomit-frame-pointer -funroll-loops -fpeel-loops -ftracer -finline-functions execution test
FAIL: gfortran.dg/ieee/rounding_1.f90 -O3 -g execution test
FAIL: gfortran.dg/ieee/rounding_1.f90 -Os execution test
=== gfortran Summary ===
# of expected passes 63278
# of unexpected failures 36
# of expected failures 233
# of unsupported tests 507
/tmp/589178_11.tmpdir/aci-gcc-fsf/builds/gcc-fsf-gccsrc-thumb/obj-arm-none-linux-gnueabi/gcc3/gcc/gfortran version 12.0.0 (DEFMODE=thumb DEFARCH=armv7-a DEFCPU=default DEFFPU=default TESTFLAGS=-march=armv5t) [r12-6161] (GCC)
Host is x86_64-pc-linux-gnu
=== g++ tests ===
Running target qemu/-march=armv5t
WARNING: skipping asan tests due to ulimit -v
WARNING: skipping asan tests due to ulimit -v
WARNING: skipping asan tests due to ulimit -v
FAIL: g++.dg/cpp0x/constexpr-diag5.C -std=c++14 (test for excess errors)
FAIL: g++.dg/cpp0x/constexpr-diag5.C -std=c++17 (test for excess errors)
FAIL: g++.dg/cpp0x/constexpr-diag5.C -std=c++2a (test for excess errors)
FAIL: g++.dg/cpp1y/constexpr-return3.C -std=c++14 (test for excess errors)
FAIL: g++.dg/cpp1y/constexpr-return3.C -std=c++17 (test for excess errors)
FAIL: g++.dg/cpp1y/constexpr-return3.C -std=c++2a (test for excess errors)
FAIL: g++.dg/cpp2a/constexpr-dtor3.C -std=c++2a (test for warnings, line 154)
FAIL: g++.dg/warn/Waddress-5.C -std=gnu++14 (test for excess errors)
FAIL: g++.dg/warn/Waddress-5.C -std=gnu++17 (test for excess errors)
FAIL: g++.dg/warn/Waddress-5.C -std=gnu++2a (test for excess errors)
FAIL: g++.dg/warn/Waddress-5.C -std=gnu++98 (test for excess errors)
FAIL: c-c++-common/gomp/atomic-29.c -std=c++14 scan-tree-dump-times ompexp ".ATOMIC_COMPARE_EXCHANGE \\\\([^\\n\\r]*, 264, 5, 0\\\\);" 1
FAIL: c-c++-common/gomp/atomic-29.c -std=c++14 scan-tree-dump-times ompexp ".ATOMIC_COMPARE_EXCHANGE \\\\([^\\n\\r]*, 8, 0, 0\\\\);" 1
FAIL: c-c++-common/gomp/atomic-29.c -std=c++14 scan-tree-dump-times ompexp ".ATOMIC_COMPARE_EXCHANGE \\\\([^\\n\\r]*, 8, 4, 2\\\\);" 1
FAIL: c-c++-common/gomp/atomic-29.c -std=c++14 scan-tree-dump-times ompexp ".ATOMIC_COMPARE_EXCHANGE \\\\([^\\n\\r]*, 8, 5, 5\\\\);" 1
FAIL: c-c++-common/gomp/atomic-29.c -std=c++17 scan-tree-dump-times ompexp ".ATOMIC_COMPARE_EXCHANGE \\\\([^\\n\\r]*, 264, 5, 0\\\\);" 1
FAIL: c-c++-common/gomp/atomic-29.c -std=c++17 scan-tree-dump-times ompexp ".ATOMIC_COMPARE_EXCHANGE \\\\([^\\n\\r]*, 8, 0, 0\\\\);" 1
FAIL: c-c++-common/gomp/atomic-29.c -std=c++17 scan-tree-dump-times ompexp ".ATOMIC_COMPARE_EXCHANGE \\\\([^\\n\\r]*, 8, 4, 2\\\\);" 1
FAIL: c-c++-common/gomp/atomic-29.c -std=c++17 scan-tree-dump-times ompexp ".ATOMIC_COMPARE_EXCHANGE \\\\([^\\n\\r]*, 8, 5, 5\\\\);" 1
FAIL: c-c++-common/gomp/atomic-29.c -std=c++2a scan-tree-dump-times ompexp ".ATOMIC_COMPARE_EXCHANGE \\\\([^\\n\\r]*, 264, 5, 0\\\\);" 1
FAIL: c-c++-common/gomp/atomic-29.c -std=c++2a scan-tree-dump-times ompexp ".ATOMIC_COMPARE_EXCHANGE \\\\([^\\n\\r]*, 8, 0, 0\\\\);" 1
FAIL: c-c++-common/gomp/atomic-29.c -std=c++2a scan-tree-dump-times ompexp ".ATOMIC_COMPARE_EXCHANGE \\\\([^\\n\\r]*, 8, 4, 2\\\\);" 1
FAIL: c-c++-common/gomp/atomic-29.c -std=c++2a scan-tree-dump-times ompexp ".ATOMIC_COMPARE_EXCHANGE \\\\([^\\n\\r]*, 8, 5, 5\\\\);" 1
FAIL: c-c++-common/gomp/atomic-29.c -std=c++98 scan-tree-dump-times ompexp ".ATOMIC_COMPARE_EXCHANGE \\\\([^\\n\\r]*, 264, 5, 0\\\\);" 1
FAIL: c-c++-common/gomp/atomic-29.c -std=c++98 scan-tree-dump-times ompexp ".ATOMIC_COMPARE_EXCHANGE \\\\([^\\n\\r]*, 8, 0, 0\\\\);" 1
FAIL: c-c++-common/gomp/atomic-29.c -std=c++98 scan-tree-dump-times ompexp ".ATOMIC_COMPARE_EXCHANGE \\\\([^\\n\\r]*, 8, 4, 2\\\\);" 1
FAIL: c-c++-common/gomp/atomic-29.c -std=c++98 scan-tree-dump-times ompexp ".ATOMIC_COMPARE_EXCHANGE \\\\([^\\n\\r]*, 8, 5, 5\\\\);" 1
FAIL: g++.dg/lto/pr65276 cp_lto_pr65276_0.o-cp_lto_pr65276_1.o link, -flto -O0 -std=c++11
FAIL: g++.dg/modules/bad-mapper-3.C -std=c++17 at line 3 (test for errors, line )
FAIL: g++.dg/modules/bad-mapper-3.C -std=c++17 (test for excess errors)
FAIL: g++.dg/modules/bad-mapper-3.C -std=c++2a at line 3 (test for errors, line )
FAIL: g++.dg/modules/bad-mapper-3.C -std=c++2a (test for excess errors)
FAIL: g++.dg/modules/bad-mapper-3.C -std=c++2b at line 3 (test for errors, line )
FAIL: g++.dg/modules/bad-mapper-3.C -std=c++2b (test for excess errors)
FAIL: g++.dg/modules/virt-2_a.C -std=c++17 scan-assembler _ZTI7Visitor:
FAIL: g++.dg/modules/virt-2_a.C -std=c++17 scan-assembler _ZTS7Visitor:
FAIL: g++.dg/modules/virt-2_a.C -std=c++17 scan-assembler _ZTV7Visitor:
FAIL: g++.dg/modules/virt-2_a.C -std=c++2a scan-assembler _ZTI7Visitor:
FAIL: g++.dg/modules/virt-2_a.C -std=c++2a scan-assembler _ZTS7Visitor:
FAIL: g++.dg/modules/virt-2_a.C -std=c++2a scan-assembler _ZTV7Visitor:
FAIL: g++.dg/modules/virt-2_a.C -std=c++2b scan-assembler _ZTI7Visitor:
FAIL: g++.dg/modules/virt-2_a.C -std=c++2b scan-assembler _ZTS7Visitor:
FAIL: g++.dg/modules/virt-2_a.C -std=c++2b scan-assembler _ZTV7Visitor:
FAIL: g++.dg/torture/pr81812.C -O0 (test for excess errors)
FAIL: g++.dg/torture/pr81812.C -O1 (test for excess errors)
FAIL: g++.dg/torture/pr81812.C -O2 (test for excess errors)
FAIL: g++.dg/torture/pr81812.C -O2 -flto -fno-use-linker-plugin -flto-partition=none (test for excess errors)
FAIL: g++.dg/torture/pr81812.C -O2 -flto -fuse-linker-plugin -fno-fat-lto-objects (test for excess errors)
FAIL: g++.dg/torture/pr81812.C -O3 -g (test for excess errors)
FAIL: g++.dg/torture/pr81812.C -Os (test for excess errors)
XPASS: g++.target/arm/bfloat_cpp_typecheck.C (test for bogus messages, line 10)
XPASS: g++.target/arm/bfloat_cpp_typecheck.C (test for bogus messages, line 11)
FAIL: g++.target/arm/no_unique_address_1.C check-function-bodies _Z8caller_pR1P
FAIL: g++.target/arm/no_unique_address_2.C (test for warnings, line 163)
FAIL: g++.target/arm/no_unique_address_2.C check-function-bodies _Z8caller_pR1P
FAIL: g++.target/arm/../../gcc.target/arm/mve/intrinsics/pr97327.c (test for excess errors)
=== g++ Summary ===
# of expected passes 222933
# of unexpected failures 54
# of unexpected successes 2
# of expected failures 1400
# of unsupported tests 10134
/tmp/589178_11.tmpdir/aci-gcc-fsf/builds/gcc-fsf-gccsrc-thumb/obj-arm-none-linux-gnueabi/gcc3/gcc/xg++ version 12.0.0 (DEFMODE=thumb DEFARCH=armv7-a DEFCPU=default DEFFPU=default TESTFLAGS=-march=armv5t) [r12-6161] (GCC)
Compiler version: 12.0.0 (DEFMODE=thumb DEFARCH=armv7-a DEFCPU=default DEFFPU=default TESTFLAGS=-march=armv5t) [r12-6161] (GCC)
Platform: arm-none-linux-gnueabi
configure flags: --target=arm-none-linux-gnueabi --prefix=/tmp/589178_11.tmpdir/aci-gcc-fsf/builds/gcc-fsf-gccsrc-thumb/tools --with-sysroot=/tmp/589178_11.tmpdir/aci-gcc-fsf/builds/gcc-fsf-gccsrc-thumb/sysroot-arm-none-linux-gnueabi --disable-nls --disable-libgomp --disable-libmudflap --disable-libcilkrts --enable-checking --enable-languages=c,c++,fortran --with-float=soft --enable-build-with-cxx --with-mode=thumb --with-arch=armv7-a
More information about the Gcc-testresults
mailing list