Results for 12.0.0 20220104 (experimental) [remotes/origin/HEAD r12-6199-g05da968] (GCC) testsuite on powerpc64-unknown-linux-gnu

Bill Seurer (POWER8 BE) seurer@linux.ibm.com
Tue Jan 4 11:11:33 GMT 2022


git commit g:05da96886efa3ccdcc0e4e337ecd01b2827db213
gcc-descr r12-6199

Linux 3.10.0-1160.36.2.el7.ppc64 ppc64
GNU C Library (GNU libc) stable release version 2.17
GNU ld (GNU Binutils) 2.36.1
GNU assembler (GNU Binutils) 2.36.1
GNU Make 3.82

DejaGnu:
	Expect version is	5.45
	Tcl version is		8.5
	Framework version is	1.5.1

64-bit

LAST_UPDATED: Tue Jan  4 06:28:57 UTC 2022 (revision r12-6199-g05da968)

Native configuration is powerpc64-unknown-linux-gnu

		=== gcc tests ===


Running target unix/-m32
FAIL: gcc.c-torture/compile/attr-retain-1.c   -O0   scan-assembler .rodata.*,"aR"
FAIL: gcc.c-torture/compile/attr-retain-1.c   -O1   scan-assembler .rodata.*,"aR"
FAIL: gcc.c-torture/compile/attr-retain-1.c   -O2   scan-assembler .rodata.*,"aR"
FAIL: gcc.c-torture/compile/attr-retain-1.c   -O2 -flto -fno-use-linker-plugin -flto-partition=none   scan-assembler .rodata.*,"aR"
FAIL: gcc.c-torture/compile/attr-retain-1.c   -O2 -flto -fuse-linker-plugin -fno-fat-lto-objects   scan-assembler .rodata.*,"aR"
FAIL: gcc.c-torture/compile/attr-retain-1.c   -O3 -g   scan-assembler .rodata.*,"aR"
FAIL: gcc.c-torture/compile/attr-retain-1.c   -Os   scan-assembler .rodata.*,"aR"
FAIL: gcc.c-torture/compile/attr-retain-2.c   -O0   scan-assembler .rodata.used_rodata,"aR"
FAIL: gcc.c-torture/compile/attr-retain-2.c   -O0   scan-assembler .rodata.used_rodata2,"aR"
FAIL: gcc.c-torture/compile/attr-retain-2.c   -O1   scan-assembler .rodata.used_rodata,"aR"
FAIL: gcc.c-torture/compile/attr-retain-2.c   -O1   scan-assembler .rodata.used_rodata2,"aR"
FAIL: gcc.c-torture/compile/attr-retain-2.c   -O2   scan-assembler .rodata.used_rodata,"aR"
FAIL: gcc.c-torture/compile/attr-retain-2.c   -O2   scan-assembler .rodata.used_rodata2,"aR"
FAIL: gcc.c-torture/compile/attr-retain-2.c   -O2 -flto -fno-use-linker-plugin -flto-partition=none   scan-assembler .rodata.used_rodata,"aR"
FAIL: gcc.c-torture/compile/attr-retain-2.c   -O2 -flto -fno-use-linker-plugin -flto-partition=none   scan-assembler .rodata.used_rodata2,"aR"
FAIL: gcc.c-torture/compile/attr-retain-2.c   -O2 -flto -fuse-linker-plugin -fno-fat-lto-objects   scan-assembler .rodata.used_rodata,"aR"
FAIL: gcc.c-torture/compile/attr-retain-2.c   -O2 -flto -fuse-linker-plugin -fno-fat-lto-objects   scan-assembler .rodata.used_rodata2,"aR"
FAIL: gcc.c-torture/compile/attr-retain-2.c   -O3 -g   scan-assembler .rodata.used_rodata,"aR"
FAIL: gcc.c-torture/compile/attr-retain-2.c   -O3 -g   scan-assembler .rodata.used_rodata2,"aR"
FAIL: gcc.c-torture/compile/attr-retain-2.c   -Os   scan-assembler .rodata.used_rodata,"aR"
FAIL: gcc.c-torture/compile/attr-retain-2.c   -Os   scan-assembler .rodata.used_rodata2,"aR"
FAIL: gcc.dg/analyzer/pr93032-mztools.c (test for excess errors)
FAIL: gcc.dg/analyzer/pr93032-mztools.c leak of fpOut at line 329 (test for warnings, line 328)
FAIL: gcc.dg/analyzer/pr93032-mztools.c leak of fpOutCD at line 330 (test for warnings, line 328)
FAIL: gcc.dg/analyzer/pr93032-mztools.c leak of fpZip (test for warnings, line 328)
XPASS: gcc.dg/uninit-pred-7_a.c bogus warning (test for bogus messages, line 26)
FAIL: gcc.dg/torture/pr52451.c   -O0  execution test
FAIL: gcc.dg/torture/pr52451.c   -O1  execution test
FAIL: gcc.dg/torture/pr52451.c   -O2  execution test
FAIL: gcc.dg/torture/pr52451.c   -O2 -flto -fno-use-linker-plugin -flto-partition=none  execution test
FAIL: gcc.dg/torture/pr52451.c   -O2 -flto -fuse-linker-plugin -fno-fat-lto-objects  execution test
FAIL: gcc.dg/torture/pr52451.c   -O3 -g  execution test
FAIL: gcc.dg/torture/pr52451.c   -Os  execution test
FAIL: gcc.dg/torture/pr91323.c   -O0  execution test
FAIL: gcc.dg/torture/pr91323.c   -O1  execution test
FAIL: gcc.dg/torture/pr91323.c   -O2  execution test
FAIL: gcc.dg/torture/pr91323.c   -O2 -flto -fno-use-linker-plugin -flto-partition=none  execution test
FAIL: gcc.dg/torture/pr91323.c   -O2 -flto -fuse-linker-plugin -fno-fat-lto-objects  execution test
FAIL: gcc.dg/torture/pr91323.c   -O3 -g  execution test
FAIL: gcc.dg/torture/pr91323.c   -Os  execution test
FAIL: gcc.dg/tree-ssa/recip-3.c scan-tree-dump-times recip " / " 5
XPASS: gcc.dg/vect/slp-24-big-array.c -flto -ffat-lto-objects  scan-tree-dump-times vect "vectorized 1 loops" 1
XPASS: gcc.dg/vect/slp-24-big-array.c -flto -ffat-lto-objects  scan-tree-dump-times vect "vectorizing stmts using SLP" 2
XPASS: gcc.dg/vect/slp-24-big-array.c scan-tree-dump-times vect "vectorized 1 loops" 1
XPASS: gcc.dg/vect/slp-24-big-array.c scan-tree-dump-times vect "vectorizing stmts using SLP" 2
XPASS: gcc.dg/vect/slp-24.c -flto -ffat-lto-objects  scan-tree-dump-times vect "vectorized 1 loops" 1
XPASS: gcc.dg/vect/slp-24.c -flto -ffat-lto-objects  scan-tree-dump-times vect "vectorizing stmts using SLP" 2
XPASS: gcc.dg/vect/slp-24.c scan-tree-dump-times vect "vectorized 1 loops" 1
XPASS: gcc.dg/vect/slp-24.c scan-tree-dump-times vect "vectorizing stmts using SLP" 2
FAIL: gcc.target/powerpc/bswap64-4.c scan-assembler-times ldbrx 1
FAIL: gcc.target/powerpc/bswap64-4.c scan-assembler-times stdbrx 1
FAIL: gcc.target/powerpc/divkc3-1.c execution test
FAIL: gcc.target/powerpc/fold-vec-extract-char.p7.c scan-assembler-times \\\\maddi\\\\M 9
FAIL: gcc.target/powerpc/fold-vec-extract-double.p7.c scan-assembler-times \\\\maddi\\\\M|\\\\madd\\\\M 3
FAIL: gcc.target/powerpc/fold-vec-extract-float.p7.c scan-assembler-times \\\\maddi\\\\M|\\\\madd\\\\M 3
FAIL: gcc.target/powerpc/fold-vec-extract-float.p8.c scan-assembler-times \\\\maddi\\\\M 2
FAIL: gcc.target/powerpc/fold-vec-extract-int.p7.c scan-assembler-times \\\\maddi\\\\M|\\\\madd\\\\M 12
FAIL: gcc.target/powerpc/fold-vec-extract-int.p8.c scan-assembler-times \\\\maddi\\\\M 9
FAIL: gcc.target/powerpc/fold-vec-extract-short.p7.c scan-assembler-times \\\\maddi\\\\M|\\\\madd\\\\M 12
FAIL: gcc.target/powerpc/fold-vec-extract-short.p8.c scan-assembler-times \\\\maddi\\\\M 9
FAIL: gcc.target/powerpc/mulkc3-1.c execution test
FAIL: gcc.target/powerpc/pr48344-1.c (internal compiler error: in df_ref_record, at df-scan.c:2609)
FAIL: gcc.target/powerpc/pr48344-1.c (test for excess errors)
FAIL: gcc.target/powerpc/rs6000-fpint.c scan-assembler-not stfiwx
FAIL: gcc.target/powerpc/stack-limit.c (internal compiler error: in df_ref_record, at df-scan.c:2609)
FAIL: gcc.target/powerpc/stack-limit.c (test for excess errors)
XPASS: gcc.target/powerpc/ppc-fortran/ieee128-math.f90   -O  (test for excess errors)

		=== gcc Summary for unix/-m32 ===


Running target unix/-m64
FAIL: gcc.dg/analyzer/pr93032-mztools.c (test for excess errors)
FAIL: gcc.dg/analyzer/pr93032-mztools.c leak of fpOut at line 329 (test for warnings, line 328)
FAIL: gcc.dg/analyzer/pr93032-mztools.c leak of fpOutCD at line 330 (test for warnings, line 328)
FAIL: gcc.dg/analyzer/pr93032-mztools.c leak of fpZip (test for warnings, line 328)
FAIL: c-c++-common/asan/swapcontext-test-1.c   -O0  execution test
FAIL: c-c++-common/asan/swapcontext-test-1.c   -O1  execution test
FAIL: c-c++-common/asan/swapcontext-test-1.c   -O2  execution test
FAIL: c-c++-common/asan/swapcontext-test-1.c   -O2 -flto -fno-use-linker-plugin -flto-partition=none  execution test
FAIL: c-c++-common/asan/swapcontext-test-1.c   -O2 -flto -fuse-linker-plugin -fno-fat-lto-objects  execution test
FAIL: c-c++-common/asan/swapcontext-test-1.c   -O3 -fomit-frame-pointer -funroll-loops -fpeel-loops -ftracer -finline-functions  execution test
FAIL: c-c++-common/asan/swapcontext-test-1.c   -O3 -g  execution test
FAIL: c-c++-common/asan/swapcontext-test-1.c   -Os  execution test
XPASS: gcc.dg/uninit-pred-7_a.c bogus warning (test for bogus messages, line 26)
FAIL: gcc.dg/torture/pr52451.c   -O0  execution test
FAIL: gcc.dg/torture/pr52451.c   -O1  execution test
FAIL: gcc.dg/torture/pr52451.c   -O2  execution test
FAIL: gcc.dg/torture/pr52451.c   -O2 -flto -fno-use-linker-plugin -flto-partition=none  execution test
FAIL: gcc.dg/torture/pr52451.c   -O2 -flto -fuse-linker-plugin -fno-fat-lto-objects  execution test
FAIL: gcc.dg/torture/pr52451.c   -O3 -g  execution test
FAIL: gcc.dg/torture/pr52451.c   -Os  execution test
FAIL: gcc.dg/torture/pr91323.c   -O0  execution test
FAIL: gcc.dg/torture/pr91323.c   -O1  execution test
FAIL: gcc.dg/torture/pr91323.c   -O2  execution test
FAIL: gcc.dg/torture/pr91323.c   -O2 -flto -fno-use-linker-plugin -flto-partition=none  execution test
FAIL: gcc.dg/torture/pr91323.c   -O2 -flto -fuse-linker-plugin -fno-fat-lto-objects  execution test
FAIL: gcc.dg/torture/pr91323.c   -O3 -g  execution test
FAIL: gcc.dg/torture/pr91323.c   -Os  execution test
XPASS: gcc.dg/tree-ssa/ssa-dom-cse-2.c scan-tree-dump optimized "return 28;"
WARNING: ThreadSanitizer: data race (pid=23990)
WARNING: ThreadSanitizer: data race (pid=24094)
FAIL: c-c++-common/tsan/race_on_mutex.c   -O0  output pattern test, is ==================
FAIL: c-c++-common/tsan/race_on_mutex.c   -O2  output pattern test, is ==================
FAIL: gcc.target/powerpc/20050603-3.c scan-assembler-not \\\\mrldic
FAIL: gcc.target/powerpc/p9-vec-length-full-7.c scan-assembler-times \\\\mstxvl\\\\M 12
FAIL: gcc.target/powerpc/prefix-no-update.c scan-assembler-times \\\\mlwz\\\\M 2
FAIL: gcc.target/powerpc/prefix-no-update.c scan-assembler-times \\\\mplwz\\\\M 2
FAIL: gcc.target/powerpc/prefix-no-update.c scan-assembler-times \\\\mpstw\\\\M 2
FAIL: gcc.target/powerpc/prefix-no-update.c scan-assembler-times \\\\mstw\\\\M 2
FAIL: gcc.target/powerpc/rlwimi-2.c scan-assembler-times (?n)^\\\\s+[a-z] 20217
FAIL: gcc.target/powerpc/rs6000-fpint.c scan-assembler-not stfiwx
FAIL: gcc.target/powerpc/stack-limit.c (internal compiler error: in df_ref_record, at df-scan.c:2609)
FAIL: gcc.target/powerpc/stack-limit.c (test for excess errors)
XPASS: gcc.target/powerpc/ppc-fortran/ieee128-math.f90   -O  (test for excess errors)

		=== gcc Summary for unix/-m64 ===


		=== gcc Summary ===

/home/gccbuild/build/nightly/build-gcc-trunk/gcc/xgcc  version 12.0.0 20220104 (experimental) [remotes/origin/HEAD r12-6199-g05da968] (GCC) 

		=== gfortran tests ===


Running target unix/-m32
FAIL: gfortran.dg/unlimited_polymorphic_3.f03   -Os  execution test
FAIL: gfortran.dg/vector_subscript_1.f90   -O1  execution test
FAIL: gfortran.dg/vector_subscript_1.f90   -O2  execution test
FAIL: gfortran.dg/vector_subscript_1.f90   -O3 -fomit-frame-pointer -funroll-loops -fpeel-loops -ftracer -finline-functions  execution test
FAIL: gfortran.dg/vector_subscript_1.f90   -O3 -g  execution test
FAIL: gfortran.dg/vector_subscript_1.f90   -Os  execution test
FAIL: gfortran.dg/ieee/large_2.f90   -O0  execution test
FAIL: gfortran.dg/ieee/large_2.f90   -O1  execution test
FAIL: gfortran.dg/ieee/large_2.f90   -O2  execution test
FAIL: gfortran.dg/ieee/large_2.f90   -O3 -fomit-frame-pointer -funroll-loops -fpeel-loops -ftracer -finline-functions  execution test
FAIL: gfortran.dg/ieee/large_2.f90   -O3 -g  execution test
FAIL: gfortran.dg/ieee/large_2.f90   -Os  execution test

		=== gfortran Summary for unix/-m32 ===

# of expected passes		4050

Running target unix/-m64
FAIL: gfortran.dg/unlimited_polymorphic_3.f03   -Os  execution test
FAIL: gfortran.dg/vector_subscript_1.f90   -O1  execution test
FAIL: gfortran.dg/vector_subscript_1.f90   -O2  execution test
FAIL: gfortran.dg/vector_subscript_1.f90   -O3 -fomit-frame-pointer -funroll-loops -fpeel-loops -ftracer -finline-functions  execution test
FAIL: gfortran.dg/vector_subscript_1.f90   -O3 -g  execution test
FAIL: gfortran.dg/vector_subscript_1.f90   -Os  execution test
FAIL: gfortran.dg/ieee/large_2.f90   -O0  execution test
FAIL: gfortran.dg/ieee/large_2.f90   -O1  execution test
FAIL: gfortran.dg/ieee/large_2.f90   -O2  execution test
FAIL: gfortran.dg/ieee/large_2.f90   -O3 -fomit-frame-pointer -funroll-loops -fpeel-loops -ftracer -finline-functions  execution test
FAIL: gfortran.dg/ieee/large_2.f90   -O3 -g  execution test
FAIL: gfortran.dg/ieee/large_2.f90   -Os  execution test

		=== gfortran Summary for unix/-m64 ===

# of expected passes		4050

		=== gfortran Summary ===

# of expected passes		8100
/home/gccbuild/build/nightly/build-gcc-trunk/gcc/testsuite/gfortran/../../gfortran  version 12.0.0 20220104 (experimental) [remotes/origin/HEAD r12-6199-g05da968] (GCC) 

		=== g++ tests ===


Running target unix/-m32
FAIL: g++.dg/tls/thread_local-order2.C  -std=c++14 execution test
FAIL: g++.dg/tls/thread_local-order2.C  -std=c++17 execution test
FAIL: g++.dg/tls/thread_local-order2.C  -std=c++2a execution test

		=== g++ Summary for unix/-m32 ===


Running target unix/-m64
FAIL: c-c++-common/asan/swapcontext-test-1.c   -O0  execution test
FAIL: c-c++-common/asan/swapcontext-test-1.c   -O1  execution test
FAIL: c-c++-common/asan/swapcontext-test-1.c   -O2  execution test
FAIL: c-c++-common/asan/swapcontext-test-1.c   -O2 -flto -fno-use-linker-plugin -flto-partition=none  execution test
FAIL: c-c++-common/asan/swapcontext-test-1.c   -O2 -flto -fuse-linker-plugin -fno-fat-lto-objects  execution test
FAIL: c-c++-common/asan/swapcontext-test-1.c   -O3 -fomit-frame-pointer -funroll-loops -fpeel-loops -ftracer -finline-functions  execution test
FAIL: c-c++-common/asan/swapcontext-test-1.c   -O3 -g  execution test
FAIL: c-c++-common/asan/swapcontext-test-1.c   -Os  execution test
FAIL: g++.dg/tls/thread_local-order2.C  -std=c++14 execution test
FAIL: g++.dg/tls/thread_local-order2.C  -std=c++17 execution test
FAIL: g++.dg/tls/thread_local-order2.C  -std=c++2a execution test
WARNING: ThreadSanitizer: data race (pid=111344)
WARNING: ThreadSanitizer: data race (pid=111434)
FAIL: c-c++-common/tsan/race_on_mutex.c   -O0  output pattern test, is ==================
FAIL: c-c++-common/tsan/race_on_mutex.c   -O2  output pattern test, is ==================
FAIL: g++.dg/tsan/pthread_cond_clockwait.C   -O0  (test for excess errors)
UNRESOLVED: g++.dg/tsan/pthread_cond_clockwait.C   -O0  compilation failed to produce executable
FAIL: g++.dg/tsan/pthread_cond_clockwait.C   -O2  (test for excess errors)
UNRESOLVED: g++.dg/tsan/pthread_cond_clockwait.C   -O2  compilation failed to produce executable

		=== g++ Summary for unix/-m64 ===


		=== g++ Summary ===

/home/gccbuild/build/nightly/build-gcc-trunk/gcc/testsuite/g++/../../xg++  version 12.0.0 20220104 (experimental) [remotes/origin/HEAD r12-6199-g05da968] (GCC) 

		=== obj-c++ tests ===


Running target unix/-m32

		=== obj-c++ Summary for unix/-m32 ===

# of expected passes		56

Running target unix/-m64

		=== obj-c++ Summary for unix/-m64 ===

# of expected passes		56

		=== obj-c++ Summary ===

# of expected passes		3012
# of expected failures		12
# of unsupported tests		158
/home/gccbuild/build/nightly/build-gcc-trunk/gcc/testsuite/obj-c++/../../xg++  version 12.0.0 20220104 (experimental) [remotes/origin/HEAD r12-6199-g05da968] (GCC) 

		=== objc tests ===


Running target unix/-m32

		=== objc Summary for unix/-m32 ===

# of expected passes		56

Running target unix/-m64

		=== objc Summary for unix/-m64 ===

# of expected passes		56

		=== objc Summary ===

# of expected passes		112
/home/gccbuild/build/nightly/build-gcc-trunk/gcc/xgcc  version 12.0.0 20220104 (experimental) [remotes/origin/HEAD r12-6199-g05da968] (GCC) 

		=== libatomic tests ===


Running target unix/-m32

		=== libatomic Summary for unix/-m32 ===

# of expected passes		44
# of unsupported tests		5

Running target unix/-m64

		=== libatomic Summary for unix/-m64 ===

# of expected passes		54

		=== libatomic Summary ===

# of expected passes		98
# of unsupported tests		5
		=== libgomp tests ===


Running target unix/-m32

		=== libgomp Summary for unix/-m32 ===

# of expected passes		4194
# of expected failures		54
# of unsupported tests		146

Running target unix/-m64

		=== libgomp Summary for unix/-m64 ===

# of expected passes		4194
# of expected failures		54
# of unsupported tests		146

		=== libgomp Summary ===

# of expected passes		23542
# of expected failures		206
# of unsupported tests		1228
		=== libitm tests ===


Running target unix/-m32

		=== libitm Summary for unix/-m32 ===

# of expected passes		18
# of expected failures		1
# of unsupported tests		1

Running target unix/-m64

		=== libitm Summary for unix/-m64 ===

# of expected passes		18
# of expected failures		1
# of unsupported tests		1

		=== libitm Summary ===

# of expected passes		88
# of expected failures		6
# of unsupported tests		2
		=== libstdc++ tests ===


Running target unix/-m32

		=== libstdc++ Summary for unix/-m32 ===

# of unsupported tests		1

Running target unix/-m64

		=== libstdc++ Summary for unix/-m64 ===

# of unsupported tests		1

		=== libstdc++ Summary ===

# of unsupported tests		2

Compiler version: 12.0.0 20220104 (experimental) [remotes/origin/HEAD r12-6199-g05da968] (GCC) 
Platform: powerpc64-unknown-linux-gnu
configure flags: --prefix=/opt/gcc-nightly/trunk --with-as=/home/gccbuild/binutils/install/bin/as --with-ld=/home/gccbuild/binutils/install/bin/ld --enable-languages=c,c++,fortran,objc,obj-c++ --enable-multilib --with-cpu=power8
fail   WARNING: Could not generate test framework tests
fail   XPASS: gcc.test-framework/dg-bogus-exp-XF.c (test for excess errors)
fail   FAIL: gcc.test-framework/dg-do-assemble-exp-P.c (test for excess errors) (PRMS 42)
fail   FAIL: gcc.test-framework/dg-do-compile-exp-P.c (test for excess errors) (PRMS 42)
fail   FAIL: gcc.test-framework/dg-do-link-exp-P.c (test for excess errors) (PRMS 42)
fail   FAIL: gcc.test-framework/dg-do-run-exp-P.c (test for excess errors) (PRMS 42)
fail   FAIL: gcc.test-framework/dg-dot-run-exp-P.c (test for excess errors) (PRMS 42)
fail   FAIL: gcc.test-framework/dg-dox-run-exp-XF.c (test for excess errors) (PRMS 42)
fail   FAIL: gcc.test-framework/dg-output-exp-P.c (test for excess errors) (PRMS 42)
fail   FAIL: gcc.test-framework/dg-output-exp-XF.c (test for excess errors) (PRMS 42)
fail   ERROR: gcc.test-framework/dg-scan-symbol-section-1-exp-F.S: error executing dg-final: syntax error in target selector ""
fail   UNRESOLVED: gcc.test-framework/dg-scan-symbol-section-1-exp-F.S: error executing dg-final: syntax error in target selector "" (PRMS 42)
fail   ERROR: gcc.test-framework/dg-scan-symbol-section-2-exp-F.S: error executing dg-final: syntax error in target selector ""
fail   UNRESOLVED: gcc.test-framework/dg-scan-symbol-section-2-exp-F.S: error executing dg-final: syntax error in target selector "" (PRMS 42)
fail   ERROR: gcc.test-framework/dg-scan-symbol-section-3-exp-F.S: error executing dg-final: syntax error in target selector ""
fail   UNRESOLVED: gcc.test-framework/dg-scan-symbol-section-3-exp-F.S: error executing dg-final: syntax error in target selector "" (PRMS 42)
fail   ERROR: gcc.test-framework/dg-scan-symbol-section-exp-P.S: error executing dg-final: syntax error in target selector ""
fail   UNRESOLVED: gcc.test-framework/dg-scan-symbol-section-exp-P.S: error executing dg-final: syntax error in target selector "" (PRMS 42)
fail   FAIL: gcc.test-framework/dg-warning-exp-P.c warning test (test for warnings, line 9) (PRMS 42)

		=== Test Framework Summary ===

# of expected passes		68
# of unexpected failures	19



More information about the Gcc-testresults mailing list