Results for 11.2.1 (DEFMODE=arm DEFARCH=default DEFCPU=cortex-a5 DEFFPU=vfpv3-d16-fp16 TESTFLAGS=) [r11-9429] (GCC) testsuite on arm-none-linux-gnueabihf
Christophe LYON
christophe.lyon@foss.st.com
Tue Jan 4 08:28:36 GMT 2022
LAST_UPDATED: Tue Jan 4 06:33:35 UTC 2022 (revision r11-9429-gd4a1d3c4b377f1d4acb34fe1b55b5088a3f293f6) TARGET=arm-none-linux-gnueabihf ARCH=default CPU=cortex-a5 FPU=vfpv3-d16-fp16 MODE=arm
Target is arm-none-linux-gnueabihf
Host is arm-none-linux-gnueabihf
=== libatomic tests ===
Running target qemu
=== libatomic Summary ===
# of expected passes 44
# of unsupported tests 5
Host is arm-none-linux-gnueabihf
=== libitm tests ===
Running target qemu
=== libitm Summary ===
# of expected passes 44
# of expected failures 3
# of unsupported tests 1
Host is arm-none-linux-gnueabihf
=== libstdc++ tests ===
Running target qemu
WARNING: 30_threads/condition_variable/54185.cc execution test (CHILDKILLED 5490 SIGINT interrupt) program timed out.
=== libstdc++ Summary ===
# of expected passes 13964
# of expected failures 104
# of untested testcases 1
# of unsupported tests 732
Host is x86_64-pc-linux-gnu
=== gcc tests ===
Running target qemu
WARNING: skipping asan tests due to ulimit -v
WARNING: skipping asan tests due to ulimit -v
WARNING: skipping asan tests due to ulimit -v
WARNING: skipping asan tests due to ulimit -v
WARNING: skipping asan tests due to ulimit -v
WARNING: skipping asan tests due to ulimit -v
XPASS: gcc.dg/Wstringop-overflow-43.c pr????? (test for warnings, line 172)
FAIL: gcc.dg/ira-shrinkwrap-prep-1.c scan-rtl-dump pro_and_epilogue "Performing shrink-wrapping"
FAIL: gcc.dg/fixed-point/composite-type.c (test for excess errors)
WARNING: gcc.dg/ipa/20040703-wpa.c (test for excess errors) program timed out.
WARNING: gcc.dg/lto/20090914-1 c_lto_20090914-1_0.o assemble, -flto -g -fvar-tracking-assignments program timed out.
WARNING: gcc.dg/lto/20091017-1 c_lto_20091017-1_0.o assemble, -O0 -flto -flto-partition=none -fuse-linker-plugin program timed out.
WARNING: gcc.dg/lto/20100108 c_lto_20100108_0.o assemble, -O0 -flto -flto-partition=none -fuse-linker-plugin program timed out.
WARNING: gcc.dg/lto/20100709-1 c_lto_20100709-1_0.o assemble, -O0 -flto -flto-partition=none -fuse-linker-plugin program timed out.
FAIL: gcc.dg/tree-ssa/gen-vect-26.c scan-tree-dump-times vect "Alignment of access forced using peeling" 1
FAIL: gcc.dg/tree-ssa/gen-vect-26.c scan-tree-dump-times vect "Vectorizing an unaligned access" 0
FAIL: gcc.dg/tree-ssa/gen-vect-28.c scan-tree-dump-times vect "Alignment of access forced using peeling" 1
FAIL: gcc.dg/tree-ssa/gen-vect-28.c scan-tree-dump-times vect "Vectorizing an unaligned access" 0
FAIL: gcc.dg/tree-ssa/scev-3.c scan-tree-dump-times ivopts "&a" 1
FAIL: gcc.dg/tree-ssa/scev-5.c scan-tree-dump-times ivopts "&a" 1
FAIL: gcc.dg/vect/complex/bb-slp-complex-add-pattern-long.c -flto -ffat-lto-objects scan-tree-dump-times slp1 "stmt.*COMPLEX_ADD_ROT270" 1
FAIL: gcc.dg/vect/complex/bb-slp-complex-add-pattern-long.c -flto -ffat-lto-objects scan-tree-dump-times slp1 "stmt.*COMPLEX_ADD_ROT90" 1
FAIL: gcc.dg/vect/complex/bb-slp-complex-add-pattern-long.c scan-tree-dump-times slp1 "stmt.*COMPLEX_ADD_ROT270" 1
FAIL: gcc.dg/vect/complex/bb-slp-complex-add-pattern-long.c scan-tree-dump-times slp1 "stmt.*COMPLEX_ADD_ROT90" 1
FAIL: gcc.dg/vect/complex/bb-slp-complex-add-pattern-unsigned-long.c -flto -ffat-lto-objects scan-tree-dump-times slp1 "stmt.*COMPLEX_ADD_ROT270" 1
FAIL: gcc.dg/vect/complex/bb-slp-complex-add-pattern-unsigned-long.c -flto -ffat-lto-objects scan-tree-dump-times slp1 "stmt.*COMPLEX_ADD_ROT90" 1
FAIL: gcc.dg/vect/complex/bb-slp-complex-add-pattern-unsigned-long.c scan-tree-dump-times slp1 "stmt.*COMPLEX_ADD_ROT270" 1
FAIL: gcc.dg/vect/complex/bb-slp-complex-add-pattern-unsigned-long.c scan-tree-dump-times slp1 "stmt.*COMPLEX_ADD_ROT90" 1
FAIL: gcc.dg/vect/complex/vect-complex-add-pattern-long.c -flto -ffat-lto-objects scan-tree-dump-times vect "stmt.*COMPLEX_ADD_ROT270" 1
FAIL: gcc.dg/vect/complex/vect-complex-add-pattern-long.c -flto -ffat-lto-objects scan-tree-dump-times vect "stmt.*COMPLEX_ADD_ROT90" 1
FAIL: gcc.dg/vect/complex/vect-complex-add-pattern-long.c scan-tree-dump-times vect "stmt.*COMPLEX_ADD_ROT270" 1
FAIL: gcc.dg/vect/complex/vect-complex-add-pattern-long.c scan-tree-dump-times vect "stmt.*COMPLEX_ADD_ROT90" 1
FAIL: gcc.dg/vect/complex/vect-complex-add-pattern-unsigned-long.c -flto -ffat-lto-objects scan-tree-dump-times vect "stmt.*COMPLEX_ADD_ROT270" 1
FAIL: gcc.dg/vect/complex/vect-complex-add-pattern-unsigned-long.c -flto -ffat-lto-objects scan-tree-dump-times vect "stmt.*COMPLEX_ADD_ROT90" 1
FAIL: gcc.dg/vect/complex/vect-complex-add-pattern-unsigned-long.c scan-tree-dump-times vect "stmt.*COMPLEX_ADD_ROT270" 1
FAIL: gcc.dg/vect/complex/vect-complex-add-pattern-unsigned-long.c scan-tree-dump-times vect "stmt.*COMPLEX_ADD_ROT90" 1
FAIL: gcc.dg/vect/pr97428.c -flto -ffat-lto-objects scan-tree-dump vect "Detected interleaving load of size 8"
FAIL: gcc.dg/vect/pr97428.c -flto -ffat-lto-objects scan-tree-dump vect "Detected interleaving store of size 16"
FAIL: gcc.dg/vect/pr97428.c -flto -ffat-lto-objects scan-tree-dump-times vect "vectorizing stmts using SLP" 2
FAIL: gcc.dg/vect/pr97428.c scan-tree-dump vect "Detected interleaving load of size 8"
FAIL: gcc.dg/vect/pr97428.c scan-tree-dump vect "Detected interleaving store of size 16"
FAIL: gcc.dg/vect/pr97428.c scan-tree-dump-times vect "vectorizing stmts using SLP" 2
UNRESOLVED: gcc.target/aarch64/advsimd-intrinsics/vld1x2.c -O0 compilation failed to produce executable
UNRESOLVED: gcc.target/aarch64/advsimd-intrinsics/vld1x2.c -O1 compilation failed to produce executable
UNRESOLVED: gcc.target/aarch64/advsimd-intrinsics/vld1x2.c -O2 compilation failed to produce executable
UNRESOLVED: gcc.target/aarch64/advsimd-intrinsics/vld1x2.c -O2 -flto -fno-use-linker-plugin -flto-partition=none compilation failed to produce executable
UNRESOLVED: gcc.target/aarch64/advsimd-intrinsics/vld1x2.c -O2 -flto -fuse-linker-plugin -fno-fat-lto-objects compilation failed to produce executable
UNRESOLVED: gcc.target/aarch64/advsimd-intrinsics/vld1x2.c -O3 -fomit-frame-pointer -funroll-loops -fpeel-loops -ftracer -finline-functions compilation failed to produce executable
UNRESOLVED: gcc.target/aarch64/advsimd-intrinsics/vld1x2.c -O3 -g compilation failed to produce executable
UNRESOLVED: gcc.target/aarch64/advsimd-intrinsics/vld1x2.c -Og -g compilation failed to produce executable
UNRESOLVED: gcc.target/aarch64/advsimd-intrinsics/vld1x2.c -Os compilation failed to produce executable
UNRESOLVED: gcc.target/aarch64/advsimd-intrinsics/vld1x3.c -O0 compilation failed to produce executable
UNRESOLVED: gcc.target/aarch64/advsimd-intrinsics/vld1x3.c -O1 compilation failed to produce executable
UNRESOLVED: gcc.target/aarch64/advsimd-intrinsics/vld1x3.c -O2 compilation failed to produce executable
UNRESOLVED: gcc.target/aarch64/advsimd-intrinsics/vld1x3.c -O2 -flto -fno-use-linker-plugin -flto-partition=none compilation failed to produce executable
UNRESOLVED: gcc.target/aarch64/advsimd-intrinsics/vld1x3.c -O2 -flto -fuse-linker-plugin -fno-fat-lto-objects compilation failed to produce executable
UNRESOLVED: gcc.target/aarch64/advsimd-intrinsics/vld1x3.c -O3 -fomit-frame-pointer -funroll-loops -fpeel-loops -ftracer -finline-functions compilation failed to produce executable
UNRESOLVED: gcc.target/aarch64/advsimd-intrinsics/vld1x3.c -O3 -g compilation failed to produce executable
UNRESOLVED: gcc.target/aarch64/advsimd-intrinsics/vld1x3.c -Og -g compilation failed to produce executable
UNRESOLVED: gcc.target/aarch64/advsimd-intrinsics/vld1x3.c -Os compilation failed to produce executable
UNRESOLVED: gcc.target/aarch64/advsimd-intrinsics/vld1x4.c -O0 compilation failed to produce executable
UNRESOLVED: gcc.target/aarch64/advsimd-intrinsics/vld1x4.c -O1 compilation failed to produce executable
UNRESOLVED: gcc.target/aarch64/advsimd-intrinsics/vld1x4.c -O2 compilation failed to produce executable
UNRESOLVED: gcc.target/aarch64/advsimd-intrinsics/vld1x4.c -O2 -flto -fno-use-linker-plugin -flto-partition=none compilation failed to produce executable
UNRESOLVED: gcc.target/aarch64/advsimd-intrinsics/vld1x4.c -O2 -flto -fuse-linker-plugin -fno-fat-lto-objects compilation failed to produce executable
UNRESOLVED: gcc.target/aarch64/advsimd-intrinsics/vld1x4.c -O3 -fomit-frame-pointer -funroll-loops -fpeel-loops -ftracer -finline-functions compilation failed to produce executable
UNRESOLVED: gcc.target/aarch64/advsimd-intrinsics/vld1x4.c -O3 -g compilation failed to produce executable
UNRESOLVED: gcc.target/aarch64/advsimd-intrinsics/vld1x4.c -Og -g compilation failed to produce executable
UNRESOLVED: gcc.target/aarch64/advsimd-intrinsics/vld1x4.c -Os compilation failed to produce executable
UNRESOLVED: gcc.target/aarch64/advsimd-intrinsics/vst1x2.c -O0 compilation failed to produce executable
UNRESOLVED: gcc.target/aarch64/advsimd-intrinsics/vst1x2.c -O1 compilation failed to produce executable
UNRESOLVED: gcc.target/aarch64/advsimd-intrinsics/vst1x2.c -O2 compilation failed to produce executable
UNRESOLVED: gcc.target/aarch64/advsimd-intrinsics/vst1x2.c -O2 -flto -fno-use-linker-plugin -flto-partition=none compilation failed to produce executable
UNRESOLVED: gcc.target/aarch64/advsimd-intrinsics/vst1x2.c -O2 -flto -fuse-linker-plugin -fno-fat-lto-objects compilation failed to produce executable
UNRESOLVED: gcc.target/aarch64/advsimd-intrinsics/vst1x2.c -O3 -fomit-frame-pointer -funroll-loops -fpeel-loops -ftracer -finline-functions compilation failed to produce executable
UNRESOLVED: gcc.target/aarch64/advsimd-intrinsics/vst1x2.c -O3 -g compilation failed to produce executable
UNRESOLVED: gcc.target/aarch64/advsimd-intrinsics/vst1x2.c -Og -g compilation failed to produce executable
UNRESOLVED: gcc.target/aarch64/advsimd-intrinsics/vst1x2.c -Os compilation failed to produce executable
UNRESOLVED: gcc.target/aarch64/advsimd-intrinsics/vst1x3.c -O0 compilation failed to produce executable
UNRESOLVED: gcc.target/aarch64/advsimd-intrinsics/vst1x3.c -O1 compilation failed to produce executable
UNRESOLVED: gcc.target/aarch64/advsimd-intrinsics/vst1x3.c -O2 compilation failed to produce executable
UNRESOLVED: gcc.target/aarch64/advsimd-intrinsics/vst1x3.c -O2 -flto -fno-use-linker-plugin -flto-partition=none compilation failed to produce executable
UNRESOLVED: gcc.target/aarch64/advsimd-intrinsics/vst1x3.c -O2 -flto -fuse-linker-plugin -fno-fat-lto-objects compilation failed to produce executable
UNRESOLVED: gcc.target/aarch64/advsimd-intrinsics/vst1x3.c -O3 -fomit-frame-pointer -funroll-loops -fpeel-loops -ftracer -finline-functions compilation failed to produce executable
UNRESOLVED: gcc.target/aarch64/advsimd-intrinsics/vst1x3.c -O3 -g compilation failed to produce executable
UNRESOLVED: gcc.target/aarch64/advsimd-intrinsics/vst1x3.c -Og -g compilation failed to produce executable
UNRESOLVED: gcc.target/aarch64/advsimd-intrinsics/vst1x3.c -Os compilation failed to produce executable
UNRESOLVED: gcc.target/aarch64/advsimd-intrinsics/vst1x4.c -O0 compilation failed to produce executable
UNRESOLVED: gcc.target/aarch64/advsimd-intrinsics/vst1x4.c -O1 compilation failed to produce executable
UNRESOLVED: gcc.target/aarch64/advsimd-intrinsics/vst1x4.c -O2 compilation failed to produce executable
UNRESOLVED: gcc.target/aarch64/advsimd-intrinsics/vst1x4.c -O2 -flto -fno-use-linker-plugin -flto-partition=none compilation failed to produce executable
UNRESOLVED: gcc.target/aarch64/advsimd-intrinsics/vst1x4.c -O2 -flto -fuse-linker-plugin -fno-fat-lto-objects compilation failed to produce executable
UNRESOLVED: gcc.target/aarch64/advsimd-intrinsics/vst1x4.c -O3 -fomit-frame-pointer -funroll-loops -fpeel-loops -ftracer -finline-functions compilation failed to produce executable
UNRESOLVED: gcc.target/aarch64/advsimd-intrinsics/vst1x4.c -O3 -g compilation failed to produce executable
UNRESOLVED: gcc.target/aarch64/advsimd-intrinsics/vst1x4.c -Og -g compilation failed to produce executable
UNRESOLVED: gcc.target/aarch64/advsimd-intrinsics/vst1x4.c -Os compilation failed to produce executable
FAIL: gcc.target/arm/acle/pr100856.c -O0 (test for excess errors)
UNRESOLVED: gcc.target/arm/acle/pr100856.c -O0 compilation failed to produce executable
FAIL: gcc.target/arm/acle/pr100856.c -O1 (test for excess errors)
UNRESOLVED: gcc.target/arm/acle/pr100856.c -O1 compilation failed to produce executable
FAIL: gcc.target/arm/acle/pr100856.c -O2 (test for excess errors)
UNRESOLVED: gcc.target/arm/acle/pr100856.c -O2 compilation failed to produce executable
FAIL: gcc.target/arm/acle/pr100856.c -O3 -g (test for excess errors)
UNRESOLVED: gcc.target/arm/acle/pr100856.c -O3 -g compilation failed to produce executable
FAIL: gcc.target/arm/acle/pr100856.c -Os (test for excess errors)
UNRESOLVED: gcc.target/arm/acle/pr100856.c -Os compilation failed to produce executable
FAIL: gcc.target/arm/acle/pr100856.c -O2 -flto -fno-use-linker-plugin -flto-partition=none -ffat-lto-objects (test for excess errors)
UNRESOLVED: gcc.target/arm/acle/pr100856.c -O2 -flto -fno-use-linker-plugin -flto-partition=none -ffat-lto-objects compilation failed to produce executable
FAIL: gcc.target/arm/acle/pr100856.c -O2 -flto -fuse-linker-plugin -fno-fat-lto-objects -ffat-lto-objects (test for excess errors)
UNRESOLVED: gcc.target/arm/acle/pr100856.c -O2 -flto -fuse-linker-plugin -fno-fat-lto-objects -ffat-lto-objects compilation failed to produce executable
FAIL: gcc.target/arm/addr-modes-float.c scan-assembler vst3.8\\t{d[02468], d[02468], d[02468]}, \\\\[r[0-9]+\\\\]!
FAIL: gcc.target/arm/pr43920-2.c scan-assembler-times pop 2
FAIL: gcc.target/arm/pr45701-2.c scan-assembler push\\t{r3
FAIL: gcc.target/arm/pr45701-3.c scan-assembler push\\t.*r8
FAIL: gcc.target/arm/thumb-ifcvt.c scan-assembler asrne
FAIL: gcc.target/arm/thumb-ifcvt.c scan-assembler lslne
FAIL: gcc.target/arm/thumb2-cond-cmp-1.c scan-assembler cmpne
FAIL: gcc.target/arm/thumb2-cond-cmp-2.c scan-assembler cmpeq
FAIL: gcc.target/arm/thumb2-cond-cmp-3.c scan-assembler cmpgt
FAIL: gcc.target/arm/thumb2-cond-cmp-4.c scan-assembler cmpgt
=== gcc Summary ===
# of expected passes 151114
# of unexpected failures 47
# of unexpected successes 1
# of expected failures 806
# of unresolved testcases 61
# of unsupported tests 6854
/tmp/389167_21.tmpdir/aci-gcc-fsf/builds/gcc-fsf-gccsrc/obj-arm-none-linux-gnueabihf/gcc3/gcc/xgcc version 11.2.1 (DEFMODE=arm DEFARCH=default DEFCPU=cortex-a5 DEFFPU=vfpv3-d16-fp16 TESTFLAGS=) [r11-9429] (GCC)
Host is x86_64-pc-linux-gnu
=== gfortran tests ===
Running target qemu
WARNING: skipping asan tests due to ulimit -v
WARNING: skipping asan tests due to ulimit -v
WARNING: skipping asan tests due to ulimit -v
WARNING: skipping asan tests due to ulimit -v
FAIL: gfortran.dg/ieee/ieee_9.f90 -O0 (test for excess errors)
UNRESOLVED: gfortran.dg/ieee/ieee_9.f90 -O0 compilation failed to produce executable
FAIL: gfortran.dg/ieee/ieee_9.f90 -O1 (test for excess errors)
UNRESOLVED: gfortran.dg/ieee/ieee_9.f90 -O1 compilation failed to produce executable
FAIL: gfortran.dg/ieee/ieee_9.f90 -O2 (test for excess errors)
UNRESOLVED: gfortran.dg/ieee/ieee_9.f90 -O2 compilation failed to produce executable
FAIL: gfortran.dg/ieee/ieee_9.f90 -O3 -fomit-frame-pointer -funroll-loops -fpeel-loops -ftracer -finline-functions (test for excess errors)
UNRESOLVED: gfortran.dg/ieee/ieee_9.f90 -O3 -fomit-frame-pointer -funroll-loops -fpeel-loops -ftracer -finline-functions compilation failed to produce executable
FAIL: gfortran.dg/ieee/ieee_9.f90 -O3 -g (test for excess errors)
UNRESOLVED: gfortran.dg/ieee/ieee_9.f90 -O3 -g compilation failed to produce executable
FAIL: gfortran.dg/ieee/ieee_9.f90 -Os (test for excess errors)
UNRESOLVED: gfortran.dg/ieee/ieee_9.f90 -Os compilation failed to produce executable
=== gfortran Summary ===
# of expected passes 55526
# of unexpected failures 6
# of expected failures 224
# of unresolved testcases 6
# of unsupported tests 502
/tmp/389167_21.tmpdir/aci-gcc-fsf/builds/gcc-fsf-gccsrc/obj-arm-none-linux-gnueabihf/gcc3/gcc/gfortran version 11.2.1 (DEFMODE=arm DEFARCH=default DEFCPU=cortex-a5 DEFFPU=vfpv3-d16-fp16 TESTFLAGS=) [r11-9429] (GCC)
Host is x86_64-pc-linux-gnu
=== g++ tests ===
Running target qemu
WARNING: skipping asan tests due to ulimit -v
WARNING: skipping asan tests due to ulimit -v
WARNING: skipping asan tests due to ulimit -v
WARNING: skipping asan tests due to ulimit -v
WARNING: skipping asan tests due to ulimit -v
FAIL: g++.dg/cpp2a/constexpr-dtor3.C -std=c++2a (test for warnings, line 154)
XPASS: g++.dg/warn/Warray-bounds-16.C -std=gnu++14 pr102690 (test for bogus messages, line 22)
XPASS: g++.dg/warn/Warray-bounds-16.C -std=gnu++17 pr102690 (test for bogus messages, line 22)
XPASS: g++.dg/warn/Warray-bounds-16.C -std=gnu++2a pr102690 (test for bogus messages, line 22)
XPASS: g++.dg/warn/Warray-bounds-16.C -std=gnu++98 pr102690 (test for bogus messages, line 22)
XPASS: g++.dg/warn/Warray-bounds-20.C -std=gnu++14 assign (test for warnings, line 30)
XPASS: g++.dg/warn/Warray-bounds-20.C -std=gnu++17 assign (test for warnings, line 30)
XPASS: g++.dg/warn/Warray-bounds-20.C -std=gnu++2a assign (test for warnings, line 30)
XPASS: g++.dg/warn/Warray-bounds-20.C -std=gnu++98 assign (test for warnings, line 30)
WARNING: g++.dg/lto/20080709 cp_lto_20080709_0.o assemble, -O0 -flto -flto-partition=none -fuse-linker-plugin program timed out.
WARNING: g++.dg/lto/20080912 cp_lto_20080912_0.o assemble, -O0 -flto -flto-partition=none -fuse-linker-plugin program timed out.
FAIL: g++.dg/lto/pr65276 cp_lto_pr65276_0.o-cp_lto_pr65276_1.o link, -flto -O0 -std=c++11
FAIL: g++.dg/modules/bad-mapper-3.C -std=c++17 (test for errors, line )
FAIL: g++.dg/modules/bad-mapper-3.C -std=c++17 (test for excess errors)
FAIL: g++.dg/modules/bad-mapper-3.C -std=c++2a (test for errors, line )
FAIL: g++.dg/modules/bad-mapper-3.C -std=c++2a (test for excess errors)
FAIL: g++.dg/modules/bad-mapper-3.C -std=c++2b (test for errors, line )
FAIL: g++.dg/modules/bad-mapper-3.C -std=c++2b (test for excess errors)
WARNING: g++.dg/modules/lang-1_a.H -std=c++17 (test for excess errors) program timed out.
WARNING: g++.dg/modules/leg-merge-6_a.H -std=c++17 (test for excess errors) program timed out.
WARNING: g++.dg/modules/libfn-1_a.C -std=c++17 (test for excess errors) program timed out.
FAIL: g++.dg/modules/virt-2_a.C -std=c++17 scan-assembler _ZTI7Visitor:
FAIL: g++.dg/modules/virt-2_a.C -std=c++17 scan-assembler _ZTS7Visitor:
FAIL: g++.dg/modules/virt-2_a.C -std=c++17 scan-assembler _ZTV7Visitor:
FAIL: g++.dg/modules/virt-2_a.C -std=c++2a scan-assembler _ZTI7Visitor:
FAIL: g++.dg/modules/virt-2_a.C -std=c++2a scan-assembler _ZTS7Visitor:
FAIL: g++.dg/modules/virt-2_a.C -std=c++2a scan-assembler _ZTV7Visitor:
FAIL: g++.dg/modules/virt-2_a.C -std=c++2b scan-assembler _ZTI7Visitor:
FAIL: g++.dg/modules/virt-2_a.C -std=c++2b scan-assembler _ZTS7Visitor:
FAIL: g++.dg/modules/virt-2_a.C -std=c++2b scan-assembler _ZTV7Visitor:
XPASS: g++.target/arm/bfloat_cpp_typecheck.C (test for bogus messages, line 10)
XPASS: g++.target/arm/bfloat_cpp_typecheck.C (test for bogus messages, line 11)
=== g++ Summary ===
# of expected passes 207695
# of unexpected failures 17
# of unexpected successes 10
# of expected failures 1072
# of unsupported tests 9706
/tmp/389167_21.tmpdir/aci-gcc-fsf/builds/gcc-fsf-gccsrc/obj-arm-none-linux-gnueabihf/gcc3/gcc/xg++ version 11.2.1 (DEFMODE=arm DEFARCH=default DEFCPU=cortex-a5 DEFFPU=vfpv3-d16-fp16 TESTFLAGS=) [r11-9429] (GCC)
Compiler version: 11.2.1 (DEFMODE=arm DEFARCH=default DEFCPU=cortex-a5 DEFFPU=vfpv3-d16-fp16 TESTFLAGS=) [r11-9429] (GCC)
Platform: arm-none-linux-gnueabihf
configure flags: --target=arm-none-linux-gnueabihf --prefix=/tmp/389167_21.tmpdir/aci-gcc-fsf/builds/gcc-fsf-gccsrc/tools --with-sysroot=/tmp/389167_21.tmpdir/aci-gcc-fsf/builds/gcc-fsf-gccsrc/sysroot-arm-none-linux-gnueabihf --disable-nls --disable-libgomp --disable-libmudflap --disable-libcilkrts --enable-checking --enable-languages=c,c++,fortran --with-float=hard --enable-build-with-cxx --with-mode=arm --with-cpu=cortex-a5 --with-fpu=vfpv3-d16-fp16
More information about the Gcc-testresults
mailing list