Results for 9.4.1 (DEFMODE=thumb DEFARCH=default DEFCPU=cortex-a5 DEFFPU=vfpv3-d16-fp16 TESTFLAGS=) [r9-9891] (GCC) testsuite on arm-none-linux-gnueabihf
Christophe LYON
christophe.lyon@foss.st.com
Mon Jan 3 21:31:43 GMT 2022
LAST_UPDATED: Mon Jan 3 19:45:17 UTC 2022 (revision r9-9891-g3dc7f3cda57d7f905caf1471664e1064872597d9) TARGET=arm-none-linux-gnueabihf ARCH=default CPU=cortex-a5 FPU=vfpv3-d16-fp16 MODE=thumb
Target is arm-none-linux-gnueabihf
Host is arm-none-linux-gnueabihf
=== libatomic tests ===
Running target qemu
=== libatomic Summary ===
# of expected passes 44
# of unsupported tests 5
Host is arm-none-linux-gnueabihf
=== libitm tests ===
Running target qemu
=== libitm Summary ===
# of expected passes 44
# of expected failures 3
# of unsupported tests 1
Host is arm-none-linux-gnueabihf
=== libstdc++ tests ===
Running target qemu
=== libstdc++ Summary ===
# of expected passes 12261
# of expected failures 80
# of untested testcases 1
# of unsupported tests 711
Host is x86_64-pc-linux-gnu
=== gcc tests ===
Running target qemu
WARNING: skipping asan tests due to ulimit -v
WARNING: skipping asan tests due to ulimit -v
WARNING: skipping asan tests due to ulimit -v
WARNING: skipping asan tests due to ulimit -v
WARNING: skipping asan tests due to ulimit -v
WARNING: skipping asan tests due to ulimit -v
WARNING: skipping asan tests due to ulimit -v
WARNING: skipping asan tests due to ulimit -v
WARNING: skipping asan tests due to ulimit -v
WARNING: skipping asan tests due to ulimit -v
WARNING: gcc.dg/ipa/PR64550.c (test for excess errors) program timed out.
WARNING: gcc.dg/params/blocksort-part.c -O3 --param max-pow-sqrt-depth=32 (test for excess errors) program timed out.
FAIL: gcc.dg/tree-ssa/gen-vect-26.c scan-tree-dump-times vect "Alignment of access forced using peeling" 1
FAIL: gcc.dg/tree-ssa/gen-vect-26.c scan-tree-dump-times vect "Vectorizing an unaligned access" 0
FAIL: gcc.dg/tree-ssa/gen-vect-28.c scan-tree-dump-times vect "Alignment of access forced using peeling" 1
FAIL: gcc.dg/tree-ssa/gen-vect-28.c scan-tree-dump-times vect "Vectorizing an unaligned access" 0
WARNING: gcc.target/aarch64/advsimd-intrinsics/vcgt.c -O0 (test for excess errors) program timed out.
WARNING: gcc.target/aarch64/advsimd-intrinsics/vclth_f16_1.c -O0 program timed out.
WARNING: gcc.target/aarch64/advsimd-intrinsics/vfmash_lane_f16_1.c -O0 program timed out.
UNRESOLVED: gcc.target/aarch64/advsimd-intrinsics/vld1x2.c -O0 compilation failed to produce executable
UNRESOLVED: gcc.target/aarch64/advsimd-intrinsics/vld1x2.c -O1 compilation failed to produce executable
UNRESOLVED: gcc.target/aarch64/advsimd-intrinsics/vld1x2.c -O2 compilation failed to produce executable
UNRESOLVED: gcc.target/aarch64/advsimd-intrinsics/vld1x2.c -O2 -flto -fno-use-linker-plugin -flto-partition=none compilation failed to produce executable
UNRESOLVED: gcc.target/aarch64/advsimd-intrinsics/vld1x2.c -O2 -flto -fuse-linker-plugin -fno-fat-lto-objects compilation failed to produce executable
UNRESOLVED: gcc.target/aarch64/advsimd-intrinsics/vld1x2.c -O3 -fomit-frame-pointer -funroll-loops -fpeel-loops -ftracer -finline-functions compilation failed to produce executable
UNRESOLVED: gcc.target/aarch64/advsimd-intrinsics/vld1x2.c -O3 -g compilation failed to produce executable
UNRESOLVED: gcc.target/aarch64/advsimd-intrinsics/vld1x2.c -Og -g compilation failed to produce executable
UNRESOLVED: gcc.target/aarch64/advsimd-intrinsics/vld1x2.c -Os compilation failed to produce executable
UNRESOLVED: gcc.target/aarch64/advsimd-intrinsics/vld1x3.c -O0 compilation failed to produce executable
UNRESOLVED: gcc.target/aarch64/advsimd-intrinsics/vld1x3.c -O1 compilation failed to produce executable
UNRESOLVED: gcc.target/aarch64/advsimd-intrinsics/vld1x3.c -O2 compilation failed to produce executable
UNRESOLVED: gcc.target/aarch64/advsimd-intrinsics/vld1x3.c -O2 -flto -fno-use-linker-plugin -flto-partition=none compilation failed to produce executable
UNRESOLVED: gcc.target/aarch64/advsimd-intrinsics/vld1x3.c -O2 -flto -fuse-linker-plugin -fno-fat-lto-objects compilation failed to produce executable
UNRESOLVED: gcc.target/aarch64/advsimd-intrinsics/vld1x3.c -O3 -fomit-frame-pointer -funroll-loops -fpeel-loops -ftracer -finline-functions compilation failed to produce executable
UNRESOLVED: gcc.target/aarch64/advsimd-intrinsics/vld1x3.c -O3 -g compilation failed to produce executable
UNRESOLVED: gcc.target/aarch64/advsimd-intrinsics/vld1x3.c -Og -g compilation failed to produce executable
UNRESOLVED: gcc.target/aarch64/advsimd-intrinsics/vld1x3.c -Os compilation failed to produce executable
UNRESOLVED: gcc.target/aarch64/advsimd-intrinsics/vld1x4.c -O0 compilation failed to produce executable
UNRESOLVED: gcc.target/aarch64/advsimd-intrinsics/vld1x4.c -O1 compilation failed to produce executable
UNRESOLVED: gcc.target/aarch64/advsimd-intrinsics/vld1x4.c -O2 compilation failed to produce executable
UNRESOLVED: gcc.target/aarch64/advsimd-intrinsics/vld1x4.c -O2 -flto -fno-use-linker-plugin -flto-partition=none compilation failed to produce executable
UNRESOLVED: gcc.target/aarch64/advsimd-intrinsics/vld1x4.c -O2 -flto -fuse-linker-plugin -fno-fat-lto-objects compilation failed to produce executable
UNRESOLVED: gcc.target/aarch64/advsimd-intrinsics/vld1x4.c -O3 -fomit-frame-pointer -funroll-loops -fpeel-loops -ftracer -finline-functions compilation failed to produce executable
UNRESOLVED: gcc.target/aarch64/advsimd-intrinsics/vld1x4.c -O3 -g compilation failed to produce executable
UNRESOLVED: gcc.target/aarch64/advsimd-intrinsics/vld1x4.c -Og -g compilation failed to produce executable
UNRESOLVED: gcc.target/aarch64/advsimd-intrinsics/vld1x4.c -Os compilation failed to produce executable
UNRESOLVED: gcc.target/aarch64/advsimd-intrinsics/vst1x2.c -O0 compilation failed to produce executable
UNRESOLVED: gcc.target/aarch64/advsimd-intrinsics/vst1x2.c -O1 compilation failed to produce executable
UNRESOLVED: gcc.target/aarch64/advsimd-intrinsics/vst1x2.c -O2 compilation failed to produce executable
UNRESOLVED: gcc.target/aarch64/advsimd-intrinsics/vst1x2.c -O2 -flto -fno-use-linker-plugin -flto-partition=none compilation failed to produce executable
UNRESOLVED: gcc.target/aarch64/advsimd-intrinsics/vst1x2.c -O2 -flto -fuse-linker-plugin -fno-fat-lto-objects compilation failed to produce executable
UNRESOLVED: gcc.target/aarch64/advsimd-intrinsics/vst1x2.c -O3 -fomit-frame-pointer -funroll-loops -fpeel-loops -ftracer -finline-functions compilation failed to produce executable
UNRESOLVED: gcc.target/aarch64/advsimd-intrinsics/vst1x2.c -O3 -g compilation failed to produce executable
UNRESOLVED: gcc.target/aarch64/advsimd-intrinsics/vst1x2.c -Og -g compilation failed to produce executable
UNRESOLVED: gcc.target/aarch64/advsimd-intrinsics/vst1x2.c -Os compilation failed to produce executable
UNRESOLVED: gcc.target/aarch64/advsimd-intrinsics/vst1x3.c -O0 compilation failed to produce executable
UNRESOLVED: gcc.target/aarch64/advsimd-intrinsics/vst1x3.c -O1 compilation failed to produce executable
UNRESOLVED: gcc.target/aarch64/advsimd-intrinsics/vst1x3.c -O2 compilation failed to produce executable
UNRESOLVED: gcc.target/aarch64/advsimd-intrinsics/vst1x3.c -O2 -flto -fno-use-linker-plugin -flto-partition=none compilation failed to produce executable
UNRESOLVED: gcc.target/aarch64/advsimd-intrinsics/vst1x3.c -O2 -flto -fuse-linker-plugin -fno-fat-lto-objects compilation failed to produce executable
UNRESOLVED: gcc.target/aarch64/advsimd-intrinsics/vst1x3.c -O3 -fomit-frame-pointer -funroll-loops -fpeel-loops -ftracer -finline-functions compilation failed to produce executable
UNRESOLVED: gcc.target/aarch64/advsimd-intrinsics/vst1x3.c -O3 -g compilation failed to produce executable
UNRESOLVED: gcc.target/aarch64/advsimd-intrinsics/vst1x3.c -Og -g compilation failed to produce executable
UNRESOLVED: gcc.target/aarch64/advsimd-intrinsics/vst1x3.c -Os compilation failed to produce executable
UNRESOLVED: gcc.target/aarch64/advsimd-intrinsics/vst1x4.c -O0 compilation failed to produce executable
UNRESOLVED: gcc.target/aarch64/advsimd-intrinsics/vst1x4.c -O1 compilation failed to produce executable
UNRESOLVED: gcc.target/aarch64/advsimd-intrinsics/vst1x4.c -O2 compilation failed to produce executable
UNRESOLVED: gcc.target/aarch64/advsimd-intrinsics/vst1x4.c -O2 -flto -fno-use-linker-plugin -flto-partition=none compilation failed to produce executable
UNRESOLVED: gcc.target/aarch64/advsimd-intrinsics/vst1x4.c -O2 -flto -fuse-linker-plugin -fno-fat-lto-objects compilation failed to produce executable
UNRESOLVED: gcc.target/aarch64/advsimd-intrinsics/vst1x4.c -O3 -fomit-frame-pointer -funroll-loops -fpeel-loops -ftracer -finline-functions compilation failed to produce executable
UNRESOLVED: gcc.target/aarch64/advsimd-intrinsics/vst1x4.c -O3 -g compilation failed to produce executable
UNRESOLVED: gcc.target/aarch64/advsimd-intrinsics/vst1x4.c -Og -g compilation failed to produce executable
UNRESOLVED: gcc.target/aarch64/advsimd-intrinsics/vst1x4.c -Os compilation failed to produce executable
WARNING: gcc.target/aarch64/advsimd-intrinsics/vst2_lane_s16_indices_1.c -O0 (test for errors, line ) program timed out.
WARNING: gcc.target/aarch64/advsimd-intrinsics/vst3q_lane_u16_indices_1.c -O0 (test for errors, line ) program timed out.
FAIL: gcc.target/arm/addr-modes-float.c scan-assembler vst3.8\\t{d[02468], d[02468], d[02468]}, \\\\[r[0-9]+\\\\]!
FAIL: gcc.target/arm/lp1243022.c scan-rtl-dump subreg2 "REG_INC"
FAIL: gcc.target/arm/polytypes.c (test for warnings, line 31)
FAIL: gcc.target/arm/pr42575.c scan-assembler-not mov
FAIL: gcc.target/arm/pr43920-2.c scan-assembler-times pop 2
FAIL: gcc.target/arm/pr45701-2.c scan-assembler push\\t{r3
FAIL: gcc.target/arm/pr45701-3.c scan-assembler push\\t.*r8
FAIL: gcc.target/arm/pr51968.c (test for excess errors)
FAIL: gcc.target/arm/thumb-ifcvt.c scan-assembler asrne
FAIL: gcc.target/arm/thumb-ifcvt.c scan-assembler lslne
FAIL: gcc.target/arm/thumb2-cond-cmp-1.c scan-assembler cmpne
FAIL: gcc.target/arm/thumb2-cond-cmp-2.c scan-assembler cmpeq
FAIL: gcc.target/arm/thumb2-cond-cmp-3.c scan-assembler cmpgt
FAIL: gcc.target/arm/thumb2-cond-cmp-4.c scan-assembler cmpgt
=== gcc Summary ===
# of expected passes 119204
# of unexpected failures 18
# of expected failures 485
# of unresolved testcases 54
# of unsupported tests 5858
/tmp/302084_22.tmpdir/aci-gcc-fsf/builds/gcc-fsf-gccsrc-thumb/obj-arm-none-linux-gnueabihf/gcc3/gcc/xgcc version 9.4.1 (DEFMODE=thumb DEFARCH=default DEFCPU=cortex-a5 DEFFPU=vfpv3-d16-fp16 TESTFLAGS=) [r9-9891] (GCC)
Host is x86_64-pc-linux-gnu
=== gfortran tests ===
Running target qemu
FAIL: gfortran.dg/elemental_subroutine_3.f90 -O1 (test for excess errors)
FAIL: gfortran.dg/elemental_subroutine_3.f90 -O2 (test for excess errors)
FAIL: gfortran.dg/elemental_subroutine_3.f90 -O3 -fomit-frame-pointer -funroll-loops -fpeel-loops -ftracer -finline-functions (test for excess errors)
FAIL: gfortran.dg/elemental_subroutine_3.f90 -O3 -g (test for excess errors)
FAIL: gfortran.dg/elemental_subroutine_3.f90 -Os (test for excess errors)
FAIL: gfortran.dg/ieee/ieee_6.f90 -O0 execution test
FAIL: gfortran.dg/ieee/ieee_6.f90 -O1 execution test
FAIL: gfortran.dg/ieee/ieee_6.f90 -O2 execution test
FAIL: gfortran.dg/ieee/ieee_6.f90 -O3 -fomit-frame-pointer -funroll-loops -fpeel-loops -ftracer -finline-functions execution test
FAIL: gfortran.dg/ieee/ieee_6.f90 -O3 -g execution test
FAIL: gfortran.dg/ieee/ieee_6.f90 -Os execution test
XPASS: gfortran.dg/ieee/ieee_8.f90 -O0 execution test
XPASS: gfortran.dg/ieee/ieee_8.f90 -O1 execution test
XPASS: gfortran.dg/ieee/ieee_8.f90 -O2 execution test
XPASS: gfortran.dg/ieee/ieee_8.f90 -O3 -fomit-frame-pointer -funroll-loops -fpeel-loops -ftracer -finline-functions execution test
XPASS: gfortran.dg/ieee/ieee_8.f90 -O3 -g execution test
XPASS: gfortran.dg/ieee/ieee_8.f90 -Os execution test
FAIL: gfortran.dg/ieee/ieee_9.f90 -O0 (test for excess errors)
UNRESOLVED: gfortran.dg/ieee/ieee_9.f90 -O0 compilation failed to produce executable
FAIL: gfortran.dg/ieee/ieee_9.f90 -O1 (test for excess errors)
UNRESOLVED: gfortran.dg/ieee/ieee_9.f90 -O1 compilation failed to produce executable
FAIL: gfortran.dg/ieee/ieee_9.f90 -O2 (test for excess errors)
UNRESOLVED: gfortran.dg/ieee/ieee_9.f90 -O2 compilation failed to produce executable
FAIL: gfortran.dg/ieee/ieee_9.f90 -O3 -fomit-frame-pointer -funroll-loops -fpeel-loops -ftracer -finline-functions (test for excess errors)
UNRESOLVED: gfortran.dg/ieee/ieee_9.f90 -O3 -fomit-frame-pointer -funroll-loops -fpeel-loops -ftracer -finline-functions compilation failed to produce executable
FAIL: gfortran.dg/ieee/ieee_9.f90 -O3 -g (test for excess errors)
UNRESOLVED: gfortran.dg/ieee/ieee_9.f90 -O3 -g compilation failed to produce executable
FAIL: gfortran.dg/ieee/ieee_9.f90 -Os (test for excess errors)
UNRESOLVED: gfortran.dg/ieee/ieee_9.f90 -Os compilation failed to produce executable
=== gfortran Summary ===
# of expected passes 50233
# of unexpected failures 17
# of unexpected successes 6
# of expected failures 177
# of unresolved testcases 6
# of unsupported tests 397
/tmp/302084_22.tmpdir/aci-gcc-fsf/builds/gcc-fsf-gccsrc-thumb/obj-arm-none-linux-gnueabihf/gcc3/gcc/gfortran version 9.4.1 (DEFMODE=thumb DEFARCH=default DEFCPU=cortex-a5 DEFFPU=vfpv3-d16-fp16 TESTFLAGS=) [r9-9891] (GCC)
Host is x86_64-pc-linux-gnu
=== g++ tests ===
Running target qemu
WARNING: skipping asan tests due to ulimit -v
WARNING: skipping asan tests due to ulimit -v
WARNING: skipping asan tests due to ulimit -v
WARNING: g++.dg/lto/20090106 cp_lto_20090106_0.o assemble, -O0 -flto -flto-partition=none -fuse-linker-plugin program timed out.
FAIL: g++.dg/lto/pr65276 cp_lto_pr65276_0.o-cp_lto_pr65276_1.o link, -flto -O0 -std=c++11
=== g++ Summary ===
# of expected passes 128306
# of unexpected failures 1
# of expected failures 528
# of unsupported tests 6507
/tmp/302084_22.tmpdir/aci-gcc-fsf/builds/gcc-fsf-gccsrc-thumb/obj-arm-none-linux-gnueabihf/gcc3/gcc/xg++ version 9.4.1 (DEFMODE=thumb DEFARCH=default DEFCPU=cortex-a5 DEFFPU=vfpv3-d16-fp16 TESTFLAGS=) [r9-9891] (GCC)
Compiler version: 9.4.1 (DEFMODE=thumb DEFARCH=default DEFCPU=cortex-a5 DEFFPU=vfpv3-d16-fp16 TESTFLAGS=) [r9-9891] (GCC)
Platform: arm-none-linux-gnueabihf
configure flags: --target=arm-none-linux-gnueabihf --prefix=/tmp/302084_22.tmpdir/aci-gcc-fsf/builds/gcc-fsf-gccsrc-thumb/tools --with-sysroot=/tmp/302084_22.tmpdir/aci-gcc-fsf/builds/gcc-fsf-gccsrc-thumb/sysroot-arm-none-linux-gnueabihf --disable-nls --disable-libgomp --disable-libmudflap --disable-libcilkrts --enable-checking --enable-languages=c,c++,fortran --with-float=hard --enable-build-with-cxx --with-mode=thumb --with-cpu=cortex-a5 --with-fpu=vfpv3-d16-fp16
More information about the Gcc-testresults
mailing list