Results for 9.4.1 (DEFMODE=default DEFARCH=default DEFCPU=default DEFFPU=default TESTFLAGS=) [r9-9890] (GCC) testsuite on aarch64-none-elf
Christophe LYON
christophe.lyon@foss.st.com
Mon Jan 3 15:06:04 GMT 2022
LAST_UPDATED: Mon Jan 3 14:09:22 UTC 2022 (revision r9-9890-g0aea7f66af665c1ddccc36b140ecd3a657b0fa6e) TARGET=aarch64-none-elf ARCH=default CPU=default FPU=default MODE=default
Target is aarch64-none-elf
Host is aarch64-none-elf
=== libstdc++ tests ===
Running target aarch64-none-elf-foundation
XPASS: 21_strings/basic_string/numeric_conversions/char/stod.cc execution test
XPASS: 21_strings/basic_string/numeric_conversions/wchar_t/stod.cc execution test
FAIL: 22_locale/money_get/get/char/5.cc execution test
FAIL: 22_locale/money_get/get/wchar_t/5.cc execution test
FAIL: 22_locale/num_get/get/char/39168.cc execution test
FAIL: 22_locale/num_get/get/char/4.cc execution test
FAIL: 22_locale/num_get/get/wchar_t/39168.cc execution test
FAIL: 22_locale/num_get/get/wchar_t/4.cc execution test
FAIL: 26_numerics/complex/inserters_extractors/char/1.cc execution test
FAIL: 26_numerics/complex/inserters_extractors/wchar_t/1.cc execution test
FAIL: 26_numerics/complex/proj.cc execution test
FAIL: 27_io/basic_istream/extractors_arithmetic/char/01.cc execution test
FAIL: 27_io/basic_istream/extractors_arithmetic/char/12.cc execution test
FAIL: 27_io/basic_istream/extractors_arithmetic/wchar_t/01.cc execution test
FAIL: 27_io/basic_istream/extractors_arithmetic/wchar_t/12.cc execution test
=== libstdc++ Summary ===
# of expected passes 11193
# of unexpected failures 13
# of unexpected successes 2
# of expected failures 83
# of unsupported tests 899
Host is x86_64-pc-linux-gnu
=== gcc tests ===
Running target aarch64-none-elf-foundation
FAIL: gcc.target/aarch64/insv_1.c scan-assembler bfi\\tx[0-9]+, x[0-9]+, 0, 8
FAIL: gcc.target/aarch64/insv_1.c scan-assembler bfi\\tx[0-9]+, x[0-9]+, 16, 5
FAIL: gcc.target/aarch64/insv_1.c scan-assembler movk\\tx[0-9]+, 0x1d6b, lsl 32
FAIL: gcc.target/aarch64/lsl_asr_sbfiz.c scan-assembler sbfiz\\tw
FAIL: gcc.target/aarch64/sve/tls_preserve_1.c -march=armv8.2-a+sve scan-assembler-not \\\\tst[rp]\\\\t[dqv]
=== gcc Summary ===
# of expected passes 122132
# of unexpected failures 5
# of expected failures 533
# of unsupported tests 3429
/tmp/171225_33.tmpdir/aci-gcc-fsf/builds/gcc-fsf-gccsrc/obj-aarch64-none-elf/gcc3/gcc/xgcc version 9.4.1 (DEFMODE=default DEFARCH=default DEFCPU=default DEFFPU=default TESTFLAGS=) [r9-9890] (GCC)
Host is x86_64-pc-linux-gnu
=== g++ tests ===
Running target aarch64-none-elf-foundation
FAIL: g++.dg/lto/pr87906 cp_lto_pr87906_0.o-cp_lto_pr87906_1.o link, -O -fPIC -flto
=== g++ Summary ===
# of expected passes 111171
# of unexpected failures 1
# of expected failures 432
# of unsupported tests 6373
/tmp/171225_33.tmpdir/aci-gcc-fsf/builds/gcc-fsf-gccsrc/obj-aarch64-none-elf/gcc3/gcc/xg++ version 9.4.1 (DEFMODE=default DEFARCH=default DEFCPU=default DEFFPU=default TESTFLAGS=) [r9-9890] (GCC)
Compiler version: 9.4.1 (DEFMODE=default DEFARCH=default DEFCPU=default DEFFPU=default TESTFLAGS=) [r9-9890] (GCC)
Platform: aarch64-none-elf
configure flags: --target=aarch64-none-elf --prefix=/tmp/171225_33.tmpdir/aci-gcc-fsf/builds/gcc-fsf-gccsrc/tools --with-sysroot=/tmp/171225_33.tmpdir/aci-gcc-fsf/builds/gcc-fsf-gccsrc/sysroot-aarch64-none-elf --disable-nls --disable-libgomp --disable-libmudflap --disable-libcilkrts --enable-checking --enable-languages=c,c++ --with-newlib --disable-tls
More information about the Gcc-testresults
mailing list