Results for 12.0.0 (DEFMODE=thumb DEFARCH=armv7-a+mp+sec+vfpv3-d16-fp16 DEFCPU=default DEFFPU=default TESTFLAGS=) [r12-6127] (GCC) testsuite on arm-none-linux-gnueabihf
Christophe LYON
christophe.lyon@foss.st.com
Mon Jan 3 12:47:16 GMT 2022
LAST_UPDATED: Mon Jan 3 10:32:10 UTC 2022 (revision r12-6127-gd1e111daee511e9831e6f8c4253170c8b21885cd) TARGET=arm-none-linux-gnueabihf ARCH=armv7-a+mp+sec+vfpv3-d16-fp16 CPU=default FPU=default MODE=thumb
Target is arm-none-linux-gnueabihf
Host is arm-none-linux-gnueabihf
=== libatomic tests ===
Running target qemu
=== libatomic Summary ===
# of expected passes 44
# of unsupported tests 5
Host is arm-none-linux-gnueabihf
=== libitm tests ===
Running target qemu
=== libitm Summary ===
# of expected passes 44
# of expected failures 3
# of unsupported tests 1
Host is arm-none-linux-gnueabihf
=== libstdc++ tests ===
Running target qemu
WARNING: 30_threads/condition_variable/54185.cc execution test (CHILDKILLED 9698 SIGINT interrupt) program timed out.
FAIL: 30_threads/jthread/95989.cc execution test
=== libstdc++ Summary ===
# of expected passes 14143
# of unexpected failures 1
# of expected failures 95
# of untested testcases 1
# of unsupported tests 748
Host is x86_64-pc-linux-gnu
=== gcc tests ===
Running target qemu
FAIL: gcc.dg/analyzer/pr93032-mztools.c (test for excess errors)
FAIL: gcc.dg/analyzer/pr93032-mztools.c leak of fpOut at line 329 (test for warnings, line 328)
FAIL: gcc.dg/analyzer/pr93032-mztools.c leak of fpOutCD at line 330 (test for warnings, line 328)
FAIL: gcc.dg/analyzer/pr93032-mztools.c leak of fpZip (test for warnings, line 328)
WARNING: skipping asan tests due to ulimit -v
WARNING: skipping asan tests due to ulimit -v
WARNING: skipping asan tests due to ulimit -v
WARNING: skipping asan tests due to ulimit -v
WARNING: skipping asan tests due to ulimit -v
WARNING: skipping asan tests due to ulimit -v
WARNING: skipping asan tests due to ulimit -v
WARNING: skipping asan tests due to ulimit -v
WARNING: skipping asan tests due to ulimit -v
WARNING: skipping asan tests due to ulimit -v
FAIL: c-c++-common/Wstringop-overflow-2.c -Wc++-compat (test for warnings, line 103)
FAIL: c-c++-common/Wstringop-overflow-2.c -Wc++-compat (test for warnings, line 114)
FAIL: c-c++-common/Wstringop-overflow-2.c -Wc++-compat (test for warnings, line 125)
FAIL: c-c++-common/Wstringop-overflow-2.c -Wc++-compat (test for warnings, line 170)
FAIL: c-c++-common/Wstringop-overflow-2.c -Wc++-compat (test for warnings, line 175)
FAIL: c-c++-common/Wstringop-overflow-2.c -Wc++-compat (test for warnings, line 187)
FAIL: c-c++-common/Wstringop-overflow-2.c -Wc++-compat (test for warnings, line 204)
FAIL: c-c++-common/Wstringop-overflow-2.c -Wc++-compat (test for warnings, line 22)
FAIL: c-c++-common/Wstringop-overflow-2.c -Wc++-compat (test for warnings, line 221)
FAIL: c-c++-common/Wstringop-overflow-2.c -Wc++-compat (test for warnings, line 269)
FAIL: c-c++-common/Wstringop-overflow-2.c -Wc++-compat (test for warnings, line 274)
FAIL: c-c++-common/Wstringop-overflow-2.c -Wc++-compat (test for warnings, line 286)
FAIL: c-c++-common/Wstringop-overflow-2.c -Wc++-compat (test for warnings, line 303)
FAIL: c-c++-common/Wstringop-overflow-2.c -Wc++-compat (test for warnings, line 320)
FAIL: c-c++-common/Wstringop-overflow-2.c -Wc++-compat (test for warnings, line 33)
FAIL: c-c++-common/Wstringop-overflow-2.c -Wc++-compat (test for warnings, line 44)
FAIL: c-c++-common/Wstringop-overflow-2.c -Wc++-compat (test for warnings, line 55)
FAIL: c-c++-common/Wstringop-overflow-2.c -Wc++-compat (test for excess errors)
FAIL: gcc.dg/Warray-bounds-48.c (test for excess errors)
FAIL: gcc.dg/Wstringop-overflow-28.c (test for warnings, line 156)
FAIL: gcc.dg/Wstringop-overflow-28.c (test for warnings, line 179)
FAIL: gcc.dg/Wstringop-overflow-28.c (test for excess errors)
XPASS: gcc.dg/Wstringop-overflow-68.c pr101475 (test for warnings, line 60)
FAIL: gcc.dg/Wstringop-overflow-75.c (test for warnings, line 102)
FAIL: gcc.dg/Wstringop-overflow-75.c (test for warnings, line 117)
FAIL: gcc.dg/Wstringop-overflow-75.c (test for warnings, line 132)
FAIL: gcc.dg/Wstringop-overflow-75.c (test for warnings, line 24)
FAIL: gcc.dg/Wstringop-overflow-75.c (test for warnings, line 39)
FAIL: gcc.dg/Wstringop-overflow-75.c (test for warnings, line 53)
FAIL: gcc.dg/Wstringop-overflow-75.c (test for warnings, line 67)
FAIL: gcc.dg/Wstringop-overflow-75.c (test for excess errors)
FAIL: gcc.dg/Wstringop-overflow-75.c note (test for warnings, line 108)
FAIL: gcc.dg/Wstringop-overflow-75.c note (test for warnings, line 12)
FAIL: gcc.dg/Wstringop-overflow-75.c note (test for warnings, line 123)
FAIL: gcc.dg/Wstringop-overflow-75.c note (test for warnings, line 30)
FAIL: gcc.dg/Wstringop-overflow-75.c note (test for warnings, line 45)
FAIL: gcc.dg/Wstringop-overflow-75.c note (test for warnings, line 59)
FAIL: gcc.dg/Wstringop-overflow-75.c note (test for warnings, line 92)
FAIL: gcc.dg/Wstringop-overflow-76.c (test for warnings, line 134)
FAIL: gcc.dg/Wstringop-overflow-76.c (test for warnings, line 149)
FAIL: gcc.dg/Wstringop-overflow-76.c (test for warnings, line 64)
FAIL: gcc.dg/Wstringop-overflow-76.c (test for warnings, line 78)
FAIL: gcc.dg/Wstringop-overflow-76.c (test for excess errors)
FAIL: gcc.dg/Wstringop-overflow-76.c note (test for warnings, line 125)
FAIL: gcc.dg/Wstringop-overflow-76.c note (test for warnings, line 140)
FAIL: gcc.dg/Wstringop-overflow-76.c note (test for warnings, line 56)
FAIL: gcc.dg/Wstringop-overflow-76.c note (test for warnings, line 70)
FAIL: gcc.dg/Wzero-length-array-bounds-2.c pr102706 (test for warnings, line 90)
FAIL: gcc.dg/pr102892-1.c (test for excess errors)
FAIL: gcc.dg/fixed-point/composite-type.c (test for excess errors)
WARNING: gcc.dg/ipa/20040703-wpa.c (test for excess errors) program timed out.
WARNING: gcc.dg/lto/noreturn-1 c_lto_noreturn-1_0.o assemble, -O2 -flto -flto-partition=1to1 program timed out.
WARNING: gcc.dg/lto/pr54702 c_lto_pr54702_0.o assemble, -O2 -flto -w program timed out.
FAIL: gcc.dg/torture/fp-uint64-convert-double-1.c -O0 execution test
FAIL: gcc.dg/torture/fp-uint64-convert-double-1.c -O1 execution test
FAIL: gcc.dg/torture/fp-uint64-convert-double-1.c -O2 execution test
FAIL: gcc.dg/torture/fp-uint64-convert-double-1.c -O2 -flto -fno-use-linker-plugin -flto-partition=none execution test
FAIL: gcc.dg/torture/fp-uint64-convert-double-1.c -O2 -flto -fuse-linker-plugin -fno-fat-lto-objects execution test
FAIL: gcc.dg/torture/fp-uint64-convert-double-1.c -O3 -g execution test
FAIL: gcc.dg/torture/fp-uint64-convert-double-1.c -Os execution test
FAIL: gcc.dg/torture/fp-uint64-convert-double-2.c -O0 execution test
FAIL: gcc.dg/torture/fp-uint64-convert-double-2.c -O1 execution test
FAIL: gcc.dg/torture/fp-uint64-convert-double-2.c -O2 execution test
FAIL: gcc.dg/torture/fp-uint64-convert-double-2.c -O2 -flto -fno-use-linker-plugin -flto-partition=none execution test
FAIL: gcc.dg/torture/fp-uint64-convert-double-2.c -O2 -flto -fuse-linker-plugin -fno-fat-lto-objects execution test
FAIL: gcc.dg/torture/fp-uint64-convert-double-2.c -O3 -g execution test
FAIL: gcc.dg/torture/fp-uint64-convert-double-2.c -Os execution test
FAIL: gcc.dg/tree-prof/pr77698.c scan-rtl-dump-times alignments "internal loop alignment added" 1
FAIL: gcc.dg/tree-ssa/gen-vect-26.c scan-tree-dump-times vect "Alignment of access forced using peeling" 1
FAIL: gcc.dg/tree-ssa/gen-vect-26.c scan-tree-dump-times vect "Vectorizing an unaligned access" 0
FAIL: gcc.dg/tree-ssa/gen-vect-28.c scan-tree-dump-times vect "Alignment of access forced using peeling" 1
FAIL: gcc.dg/tree-ssa/gen-vect-28.c scan-tree-dump-times vect "Vectorizing an unaligned access" 0
FAIL: gcc.dg/tree-ssa/recip-3.c scan-tree-dump-times recip " / " 5
FAIL: gcc.dg/tree-ssa/scev-3.c scan-tree-dump-times ivopts "&a" 1
FAIL: gcc.dg/tree-ssa/scev-5.c scan-tree-dump-times ivopts "&a" 1
WARNING: gcc.dg/ubsan/c-shift-2.c -O0 (test for errors, line 11) program timed out.
WARNING: gcc.dg/ubsan/pr79757-1.c -O0 program timed out.
WARNING: gcc.dg/ubsan/pr81505.c -O0 (test for excess errors) program timed out.
XPASS: gcc.dg/vect/complex/fast-math-bb-slp-complex-add-pattern-half-float.c scan-tree-dump slp1 "Found COMPLEX_ADD_ROT270"
WARNING: gcc.dg/vect/complex/vect-complex-add-pattern-long.c (test for excess errors) program timed out.
FAIL: gcc.dg/vect/pr97428.c -flto -ffat-lto-objects scan-tree-dump vect "Detected interleaving load of size 8"
FAIL: gcc.dg/vect/pr97428.c -flto -ffat-lto-objects scan-tree-dump vect "Detected interleaving store of size 16"
FAIL: gcc.dg/vect/pr97428.c -flto -ffat-lto-objects scan-tree-dump-times vect "vectorizing stmts using SLP" 2
FAIL: gcc.dg/vect/pr97428.c scan-tree-dump vect "Detected interleaving load of size 8"
FAIL: gcc.dg/vect/pr97428.c scan-tree-dump vect "Detected interleaving store of size 16"
FAIL: gcc.dg/vect/pr97428.c scan-tree-dump-times vect "vectorizing stmts using SLP" 2
FAIL: gcc.dg/vect/vect-fmax-2.c -flto -ffat-lto-objects scan-tree-dump vect "Detected reduction"
FAIL: gcc.dg/vect/vect-fmax-2.c scan-tree-dump vect "Detected reduction"
FAIL: gcc.dg/vect/vect-fmax-3.c -flto -ffat-lto-objects scan-tree-dump vect "Detected reduction"
FAIL: gcc.dg/vect/vect-fmax-3.c scan-tree-dump vect "Detected reduction"
FAIL: gcc.dg/vect/vect-fmin-2.c -flto -ffat-lto-objects scan-tree-dump vect "Detected reduction"
FAIL: gcc.dg/vect/vect-fmin-2.c scan-tree-dump vect "Detected reduction"
FAIL: gcc.dg/vect/vect-fmin-3.c -flto -ffat-lto-objects scan-tree-dump vect "Detected reduction"
FAIL: gcc.dg/vect/vect-fmin-3.c scan-tree-dump vect "Detected reduction"
UNRESOLVED: gcc.target/aarch64/advsimd-intrinsics/vld1x2.c -O0 compilation failed to produce executable
UNRESOLVED: gcc.target/aarch64/advsimd-intrinsics/vld1x2.c -O1 compilation failed to produce executable
UNRESOLVED: gcc.target/aarch64/advsimd-intrinsics/vld1x2.c -O2 compilation failed to produce executable
UNRESOLVED: gcc.target/aarch64/advsimd-intrinsics/vld1x2.c -O2 -flto -fno-use-linker-plugin -flto-partition=none compilation failed to produce executable
UNRESOLVED: gcc.target/aarch64/advsimd-intrinsics/vld1x2.c -O2 -flto -fuse-linker-plugin -fno-fat-lto-objects compilation failed to produce executable
UNRESOLVED: gcc.target/aarch64/advsimd-intrinsics/vld1x2.c -O3 -fomit-frame-pointer -funroll-loops -fpeel-loops -ftracer -finline-functions compilation failed to produce executable
UNRESOLVED: gcc.target/aarch64/advsimd-intrinsics/vld1x2.c -O3 -g compilation failed to produce executable
UNRESOLVED: gcc.target/aarch64/advsimd-intrinsics/vld1x2.c -Og -g compilation failed to produce executable
UNRESOLVED: gcc.target/aarch64/advsimd-intrinsics/vld1x2.c -Os compilation failed to produce executable
UNRESOLVED: gcc.target/aarch64/advsimd-intrinsics/vld1x3.c -O0 compilation failed to produce executable
UNRESOLVED: gcc.target/aarch64/advsimd-intrinsics/vld1x3.c -O1 compilation failed to produce executable
UNRESOLVED: gcc.target/aarch64/advsimd-intrinsics/vld1x3.c -O2 compilation failed to produce executable
UNRESOLVED: gcc.target/aarch64/advsimd-intrinsics/vld1x3.c -O2 -flto -fno-use-linker-plugin -flto-partition=none compilation failed to produce executable
UNRESOLVED: gcc.target/aarch64/advsimd-intrinsics/vld1x3.c -O2 -flto -fuse-linker-plugin -fno-fat-lto-objects compilation failed to produce executable
UNRESOLVED: gcc.target/aarch64/advsimd-intrinsics/vld1x3.c -O3 -fomit-frame-pointer -funroll-loops -fpeel-loops -ftracer -finline-functions compilation failed to produce executable
UNRESOLVED: gcc.target/aarch64/advsimd-intrinsics/vld1x3.c -O3 -g compilation failed to produce executable
UNRESOLVED: gcc.target/aarch64/advsimd-intrinsics/vld1x3.c -Og -g compilation failed to produce executable
UNRESOLVED: gcc.target/aarch64/advsimd-intrinsics/vld1x3.c -Os compilation failed to produce executable
UNRESOLVED: gcc.target/aarch64/advsimd-intrinsics/vld1x4.c -O0 compilation failed to produce executable
UNRESOLVED: gcc.target/aarch64/advsimd-intrinsics/vld1x4.c -O1 compilation failed to produce executable
UNRESOLVED: gcc.target/aarch64/advsimd-intrinsics/vld1x4.c -O2 compilation failed to produce executable
UNRESOLVED: gcc.target/aarch64/advsimd-intrinsics/vld1x4.c -O2 -flto -fno-use-linker-plugin -flto-partition=none compilation failed to produce executable
UNRESOLVED: gcc.target/aarch64/advsimd-intrinsics/vld1x4.c -O2 -flto -fuse-linker-plugin -fno-fat-lto-objects compilation failed to produce executable
UNRESOLVED: gcc.target/aarch64/advsimd-intrinsics/vld1x4.c -O3 -fomit-frame-pointer -funroll-loops -fpeel-loops -ftracer -finline-functions compilation failed to produce executable
UNRESOLVED: gcc.target/aarch64/advsimd-intrinsics/vld1x4.c -O3 -g compilation failed to produce executable
UNRESOLVED: gcc.target/aarch64/advsimd-intrinsics/vld1x4.c -Og -g compilation failed to produce executable
UNRESOLVED: gcc.target/aarch64/advsimd-intrinsics/vld1x4.c -Os compilation failed to produce executable
FAIL: gcc.target/aarch64/advsimd-intrinsics/vld2q_lane_bf16_indices_1.c -O0 (test for excess errors)
FAIL: gcc.target/aarch64/advsimd-intrinsics/vld2q_lane_bf16_indices_1.c -O1 (test for excess errors)
FAIL: gcc.target/aarch64/advsimd-intrinsics/vld2q_lane_bf16_indices_1.c -O2 (test for excess errors)
FAIL: gcc.target/aarch64/advsimd-intrinsics/vld2q_lane_bf16_indices_1.c -O2 -flto -fno-use-linker-plugin -flto-partition=none (test for excess errors)
FAIL: gcc.target/aarch64/advsimd-intrinsics/vld2q_lane_bf16_indices_1.c -O3 -g (test for excess errors)
FAIL: gcc.target/aarch64/advsimd-intrinsics/vld2q_lane_bf16_indices_1.c -Og -g (test for excess errors)
FAIL: gcc.target/aarch64/advsimd-intrinsics/vld2q_lane_bf16_indices_1.c -Os (test for excess errors)
FAIL: gcc.target/aarch64/advsimd-intrinsics/vld3q_lane_bf16_indices_1.c -O0 (test for excess errors)
FAIL: gcc.target/aarch64/advsimd-intrinsics/vld3q_lane_bf16_indices_1.c -O1 (test for excess errors)
FAIL: gcc.target/aarch64/advsimd-intrinsics/vld3q_lane_bf16_indices_1.c -O2 (test for excess errors)
FAIL: gcc.target/aarch64/advsimd-intrinsics/vld3q_lane_bf16_indices_1.c -O2 -flto -fno-use-linker-plugin -flto-partition=none (test for excess errors)
FAIL: gcc.target/aarch64/advsimd-intrinsics/vld3q_lane_bf16_indices_1.c -O3 -g (test for excess errors)
FAIL: gcc.target/aarch64/advsimd-intrinsics/vld3q_lane_bf16_indices_1.c -Og -g (test for excess errors)
FAIL: gcc.target/aarch64/advsimd-intrinsics/vld3q_lane_bf16_indices_1.c -Os (test for excess errors)
FAIL: gcc.target/aarch64/advsimd-intrinsics/vld4q_lane_bf16_indices_1.c -O0 (test for excess errors)
FAIL: gcc.target/aarch64/advsimd-intrinsics/vld4q_lane_bf16_indices_1.c -O1 (test for excess errors)
FAIL: gcc.target/aarch64/advsimd-intrinsics/vld4q_lane_bf16_indices_1.c -O2 (test for excess errors)
FAIL: gcc.target/aarch64/advsimd-intrinsics/vld4q_lane_bf16_indices_1.c -O2 -flto -fno-use-linker-plugin -flto-partition=none (test for excess errors)
FAIL: gcc.target/aarch64/advsimd-intrinsics/vld4q_lane_bf16_indices_1.c -O3 -g (test for excess errors)
FAIL: gcc.target/aarch64/advsimd-intrinsics/vld4q_lane_bf16_indices_1.c -Og -g (test for excess errors)
FAIL: gcc.target/aarch64/advsimd-intrinsics/vld4q_lane_bf16_indices_1.c -Os (test for excess errors)
UNRESOLVED: gcc.target/aarch64/advsimd-intrinsics/vst1x2.c -O0 compilation failed to produce executable
UNRESOLVED: gcc.target/aarch64/advsimd-intrinsics/vst1x2.c -O1 compilation failed to produce executable
UNRESOLVED: gcc.target/aarch64/advsimd-intrinsics/vst1x2.c -O2 compilation failed to produce executable
UNRESOLVED: gcc.target/aarch64/advsimd-intrinsics/vst1x2.c -O2 -flto -fno-use-linker-plugin -flto-partition=none compilation failed to produce executable
UNRESOLVED: gcc.target/aarch64/advsimd-intrinsics/vst1x2.c -O2 -flto -fuse-linker-plugin -fno-fat-lto-objects compilation failed to produce executable
UNRESOLVED: gcc.target/aarch64/advsimd-intrinsics/vst1x2.c -O3 -fomit-frame-pointer -funroll-loops -fpeel-loops -ftracer -finline-functions compilation failed to produce executable
UNRESOLVED: gcc.target/aarch64/advsimd-intrinsics/vst1x2.c -O3 -g compilation failed to produce executable
UNRESOLVED: gcc.target/aarch64/advsimd-intrinsics/vst1x2.c -Og -g compilation failed to produce executable
UNRESOLVED: gcc.target/aarch64/advsimd-intrinsics/vst1x2.c -Os compilation failed to produce executable
UNRESOLVED: gcc.target/aarch64/advsimd-intrinsics/vst1x3.c -O0 compilation failed to produce executable
UNRESOLVED: gcc.target/aarch64/advsimd-intrinsics/vst1x3.c -O1 compilation failed to produce executable
UNRESOLVED: gcc.target/aarch64/advsimd-intrinsics/vst1x3.c -O2 compilation failed to produce executable
UNRESOLVED: gcc.target/aarch64/advsimd-intrinsics/vst1x3.c -O2 -flto -fno-use-linker-plugin -flto-partition=none compilation failed to produce executable
UNRESOLVED: gcc.target/aarch64/advsimd-intrinsics/vst1x3.c -O2 -flto -fuse-linker-plugin -fno-fat-lto-objects compilation failed to produce executable
UNRESOLVED: gcc.target/aarch64/advsimd-intrinsics/vst1x3.c -O3 -fomit-frame-pointer -funroll-loops -fpeel-loops -ftracer -finline-functions compilation failed to produce executable
UNRESOLVED: gcc.target/aarch64/advsimd-intrinsics/vst1x3.c -O3 -g compilation failed to produce executable
UNRESOLVED: gcc.target/aarch64/advsimd-intrinsics/vst1x3.c -Og -g compilation failed to produce executable
UNRESOLVED: gcc.target/aarch64/advsimd-intrinsics/vst1x3.c -Os compilation failed to produce executable
UNRESOLVED: gcc.target/aarch64/advsimd-intrinsics/vst1x4.c -O0 compilation failed to produce executable
UNRESOLVED: gcc.target/aarch64/advsimd-intrinsics/vst1x4.c -O1 compilation failed to produce executable
UNRESOLVED: gcc.target/aarch64/advsimd-intrinsics/vst1x4.c -O2 compilation failed to produce executable
UNRESOLVED: gcc.target/aarch64/advsimd-intrinsics/vst1x4.c -O2 -flto -fno-use-linker-plugin -flto-partition=none compilation failed to produce executable
UNRESOLVED: gcc.target/aarch64/advsimd-intrinsics/vst1x4.c -O2 -flto -fuse-linker-plugin -fno-fat-lto-objects compilation failed to produce executable
UNRESOLVED: gcc.target/aarch64/advsimd-intrinsics/vst1x4.c -O3 -fomit-frame-pointer -funroll-loops -fpeel-loops -ftracer -finline-functions compilation failed to produce executable
UNRESOLVED: gcc.target/aarch64/advsimd-intrinsics/vst1x4.c -O3 -g compilation failed to produce executable
UNRESOLVED: gcc.target/aarch64/advsimd-intrinsics/vst1x4.c -Og -g compilation failed to produce executable
UNRESOLVED: gcc.target/aarch64/advsimd-intrinsics/vst1x4.c -Os compilation failed to produce executable
FAIL: gcc.target/aarch64/advsimd-intrinsics/vst2q_lane_bf16_indices_1.c -O0 (test for excess errors)
FAIL: gcc.target/aarch64/advsimd-intrinsics/vst2q_lane_bf16_indices_1.c -O1 (test for excess errors)
FAIL: gcc.target/aarch64/advsimd-intrinsics/vst2q_lane_bf16_indices_1.c -O2 (test for excess errors)
FAIL: gcc.target/aarch64/advsimd-intrinsics/vst2q_lane_bf16_indices_1.c -O2 -flto -fno-use-linker-plugin -flto-partition=none (test for excess errors)
FAIL: gcc.target/aarch64/advsimd-intrinsics/vst2q_lane_bf16_indices_1.c -O3 -g (test for excess errors)
FAIL: gcc.target/aarch64/advsimd-intrinsics/vst2q_lane_bf16_indices_1.c -Og -g (test for excess errors)
FAIL: gcc.target/aarch64/advsimd-intrinsics/vst2q_lane_bf16_indices_1.c -Os (test for excess errors)
FAIL: gcc.target/aarch64/advsimd-intrinsics/vst3q_lane_bf16_indices_1.c -O0 (test for excess errors)
FAIL: gcc.target/aarch64/advsimd-intrinsics/vst3q_lane_bf16_indices_1.c -O1 (test for excess errors)
FAIL: gcc.target/aarch64/advsimd-intrinsics/vst3q_lane_bf16_indices_1.c -O2 (test for excess errors)
FAIL: gcc.target/aarch64/advsimd-intrinsics/vst3q_lane_bf16_indices_1.c -O2 -flto -fno-use-linker-plugin -flto-partition=none (test for excess errors)
FAIL: gcc.target/aarch64/advsimd-intrinsics/vst3q_lane_bf16_indices_1.c -O3 -g (test for excess errors)
FAIL: gcc.target/aarch64/advsimd-intrinsics/vst3q_lane_bf16_indices_1.c -Og -g (test for excess errors)
FAIL: gcc.target/aarch64/advsimd-intrinsics/vst3q_lane_bf16_indices_1.c -Os (test for excess errors)
FAIL: gcc.target/aarch64/advsimd-intrinsics/vst4q_lane_bf16_indices_1.c -O0 (test for excess errors)
FAIL: gcc.target/aarch64/advsimd-intrinsics/vst4q_lane_bf16_indices_1.c -O1 (test for excess errors)
FAIL: gcc.target/aarch64/advsimd-intrinsics/vst4q_lane_bf16_indices_1.c -O2 (test for excess errors)
FAIL: gcc.target/aarch64/advsimd-intrinsics/vst4q_lane_bf16_indices_1.c -O2 -flto -fno-use-linker-plugin -flto-partition=none (test for excess errors)
FAIL: gcc.target/aarch64/advsimd-intrinsics/vst4q_lane_bf16_indices_1.c -O3 -g (test for excess errors)
FAIL: gcc.target/aarch64/advsimd-intrinsics/vst4q_lane_bf16_indices_1.c -Og -g (test for excess errors)
FAIL: gcc.target/aarch64/advsimd-intrinsics/vst4q_lane_bf16_indices_1.c -Os (test for excess errors)
FAIL: gcc.target/arm/addr-modes-float.c scan-assembler vst3.8\\t{d[02468], d[02468], d[02468]}, \\\\[r[0-9]+\\\\]!
FAIL: gcc.target/arm/attr-crypto.c (test for excess errors)
UNRESOLVED: gcc.target/arm/attr-crypto.c scan-assembler sha256su0.32\\tq[0-9]+, q[0-9]+
FAIL: gcc.target/arm/ftest-armv7a-arm.c (test for excess errors)
FAIL: gcc.target/arm/ftest-armv7a-thumb.c (test for excess errors)
FAIL: gcc.target/arm/ftest-armv7em-thumb.c (test for excess errors)
FAIL: gcc.target/arm/ftest-armv7m-thumb.c (test for excess errors)
FAIL: gcc.target/arm/ftest-armv7r-arm.c (test for excess errors)
FAIL: gcc.target/arm/ftest-armv7r-thumb.c (test for excess errors)
FAIL: gcc.target/arm/ftest-armv7ve-arm.c (test for excess errors)
FAIL: gcc.target/arm/ftest-armv7ve-thumb.c (test for excess errors)
FAIL: gcc.target/arm/ftest-armv8a-arm.c (test for excess errors)
FAIL: gcc.target/arm/ftest-armv8a-thumb.c (test for excess errors)
UNRESOLVED: gcc.target/arm/lp1243022.c scan-rtl-dump subreg2 "REG_INC"
FAIL: gcc.target/arm/macro_defs1.c (test for excess errors)
FAIL: gcc.target/arm/pr19599.c (test for excess errors)
UNRESOLVED: gcc.target/arm/pr19599.c scan-assembler bx
FAIL: gcc.target/arm/pr40457-2.c scan-assembler strd|stm
FAIL: gcc.target/arm/pr42093.c scan-assembler-not tbb
FAIL: gcc.target/arm/pr43920-2.c object-size text <= 54
FAIL: gcc.target/arm/pr43920-2.c scan-assembler-times pop 2
FAIL: gcc.target/arm/pr59575.c (test for excess errors)
FAIL: gcc.target/arm/pr60650-2.c (test for excess errors)
FAIL: gcc.target/arm/pr60657.c (test for excess errors)
FAIL: gcc.target/arm/pr60663.c (test for excess errors)
FAIL: gcc.target/arm/pr65067.c (test for excess errors)
UNRESOLVED: gcc.target/arm/pr65067.c scan-assembler bfi
FAIL: gcc.target/arm/pr81863.c (test for excess errors)
UNRESOLVED: gcc.target/arm/pr81863.c scan-assembler-not [\\\\t ]+movw
FAIL: gcc.target/arm/pr98931.c (test for excess errors)
UNRESOLVED: gcc.target/arm/pr98931.c scan-assembler-not le\\\\slr,\\\\s\\\\S*
FAIL: gcc.target/arm/reg_equal_test.c scan-rtl-dump expand "expr_list:REG_EQUAL \\\\(const_int -942519458"
FAIL: gcc.target/arm/tail-long-call.c (test for excess errors)
UNRESOLVED: gcc.target/arm/tail-long-call.c scan-assembler bx
UNRESOLVED: gcc.target/arm/tail-long-call.c scan-assembler-not blx
=== gcc Summary ===
# of expected passes 157327
# of unexpected failures 158
# of unexpected successes 2
# of expected failures 1072
# of unresolved testcases 62
# of unsupported tests 7576
/tmp/170784_24.tmpdir/aci-gcc-fsf/builds/gcc-fsf-gccsrc-thumb/obj-arm-none-linux-gnueabihf/gcc3/gcc/xgcc version 12.0.0 (DEFMODE=thumb DEFARCH=armv7-a+mp+sec+vfpv3-d16-fp16 DEFCPU=default DEFFPU=default TESTFLAGS=) [r12-6127] (GCC)
Host is x86_64-pc-linux-gnu
=== gfortran tests ===
Running target qemu
WARNING: skipping asan tests due to ulimit -v
WARNING: skipping asan tests due to ulimit -v
WARNING: skipping asan tests due to ulimit -v
WARNING: skipping asan tests due to ulimit -v
WARNING: skipping asan tests due to ulimit -v
FAIL: gfortran.dg/unlimited_polymorphic_3.f03 -Os execution test
FAIL: gfortran.dg/vector_subscript_1.f90 -O1 execution test
FAIL: gfortran.dg/vector_subscript_1.f90 -O2 execution test
FAIL: gfortran.dg/vector_subscript_1.f90 -O3 -fomit-frame-pointer -funroll-loops -fpeel-loops -ftracer -finline-functions execution test
FAIL: gfortran.dg/vector_subscript_1.f90 -O3 -g execution test
FAIL: gfortran.dg/vector_subscript_1.f90 -Os execution test
FAIL: gfortran.dg/ieee/ieee_9.f90 -O0 (test for excess errors)
UNRESOLVED: gfortran.dg/ieee/ieee_9.f90 -O0 compilation failed to produce executable
FAIL: gfortran.dg/ieee/ieee_9.f90 -O1 (test for excess errors)
UNRESOLVED: gfortran.dg/ieee/ieee_9.f90 -O1 compilation failed to produce executable
FAIL: gfortran.dg/ieee/ieee_9.f90 -O2 (test for excess errors)
UNRESOLVED: gfortran.dg/ieee/ieee_9.f90 -O2 compilation failed to produce executable
FAIL: gfortran.dg/ieee/ieee_9.f90 -O3 -fomit-frame-pointer -funroll-loops -fpeel-loops -ftracer -finline-functions (test for excess errors)
UNRESOLVED: gfortran.dg/ieee/ieee_9.f90 -O3 -fomit-frame-pointer -funroll-loops -fpeel-loops -ftracer -finline-functions compilation failed to produce executable
FAIL: gfortran.dg/ieee/ieee_9.f90 -O3 -g (test for excess errors)
UNRESOLVED: gfortran.dg/ieee/ieee_9.f90 -O3 -g compilation failed to produce executable
FAIL: gfortran.dg/ieee/ieee_9.f90 -Os (test for excess errors)
UNRESOLVED: gfortran.dg/ieee/ieee_9.f90 -Os compilation failed to produce executable
=== gfortran Summary ===
# of expected passes 63328
# of unexpected failures 12
# of expected failures 233
# of unresolved testcases 6
# of unsupported tests 542
/tmp/170784_24.tmpdir/aci-gcc-fsf/builds/gcc-fsf-gccsrc-thumb/obj-arm-none-linux-gnueabihf/gcc3/gcc/gfortran version 12.0.0 (DEFMODE=thumb DEFARCH=armv7-a+mp+sec+vfpv3-d16-fp16 DEFCPU=default DEFFPU=default TESTFLAGS=) [r12-6127] (GCC)
Host is x86_64-pc-linux-gnu
=== g++ tests ===
Running target qemu
WARNING: skipping asan tests due to ulimit -v
WARNING: skipping asan tests due to ulimit -v
WARNING: skipping asan tests due to ulimit -v
WARNING: skipping asan tests due to ulimit -v
WARNING: skipping asan tests due to ulimit -v
WARNING: skipping asan tests due to ulimit -v
FAIL: c-c++-common/Wstringop-overflow-2.c -std=gnu++14 (test for warnings, line 103)
FAIL: c-c++-common/Wstringop-overflow-2.c -std=gnu++14 (test for warnings, line 114)
FAIL: c-c++-common/Wstringop-overflow-2.c -std=gnu++14 (test for warnings, line 125)
FAIL: c-c++-common/Wstringop-overflow-2.c -std=gnu++14 (test for warnings, line 170)
FAIL: c-c++-common/Wstringop-overflow-2.c -std=gnu++14 (test for warnings, line 175)
FAIL: c-c++-common/Wstringop-overflow-2.c -std=gnu++14 (test for warnings, line 187)
FAIL: c-c++-common/Wstringop-overflow-2.c -std=gnu++14 (test for warnings, line 204)
FAIL: c-c++-common/Wstringop-overflow-2.c -std=gnu++14 (test for warnings, line 22)
FAIL: c-c++-common/Wstringop-overflow-2.c -std=gnu++14 (test for warnings, line 221)
FAIL: c-c++-common/Wstringop-overflow-2.c -std=gnu++14 (test for warnings, line 269)
FAIL: c-c++-common/Wstringop-overflow-2.c -std=gnu++14 (test for warnings, line 274)
FAIL: c-c++-common/Wstringop-overflow-2.c -std=gnu++14 (test for warnings, line 286)
FAIL: c-c++-common/Wstringop-overflow-2.c -std=gnu++14 (test for warnings, line 303)
FAIL: c-c++-common/Wstringop-overflow-2.c -std=gnu++14 (test for warnings, line 320)
FAIL: c-c++-common/Wstringop-overflow-2.c -std=gnu++14 (test for warnings, line 33)
FAIL: c-c++-common/Wstringop-overflow-2.c -std=gnu++14 (test for warnings, line 44)
FAIL: c-c++-common/Wstringop-overflow-2.c -std=gnu++14 (test for warnings, line 55)
FAIL: c-c++-common/Wstringop-overflow-2.c -std=gnu++14 (test for excess errors)
FAIL: c-c++-common/Wstringop-overflow-2.c -std=gnu++17 (test for warnings, line 103)
FAIL: c-c++-common/Wstringop-overflow-2.c -std=gnu++17 (test for warnings, line 114)
FAIL: c-c++-common/Wstringop-overflow-2.c -std=gnu++17 (test for warnings, line 125)
FAIL: c-c++-common/Wstringop-overflow-2.c -std=gnu++17 (test for warnings, line 170)
FAIL: c-c++-common/Wstringop-overflow-2.c -std=gnu++17 (test for warnings, line 175)
FAIL: c-c++-common/Wstringop-overflow-2.c -std=gnu++17 (test for warnings, line 187)
FAIL: c-c++-common/Wstringop-overflow-2.c -std=gnu++17 (test for warnings, line 204)
FAIL: c-c++-common/Wstringop-overflow-2.c -std=gnu++17 (test for warnings, line 22)
FAIL: c-c++-common/Wstringop-overflow-2.c -std=gnu++17 (test for warnings, line 221)
FAIL: c-c++-common/Wstringop-overflow-2.c -std=gnu++17 (test for warnings, line 269)
FAIL: c-c++-common/Wstringop-overflow-2.c -std=gnu++17 (test for warnings, line 274)
FAIL: c-c++-common/Wstringop-overflow-2.c -std=gnu++17 (test for warnings, line 286)
FAIL: c-c++-common/Wstringop-overflow-2.c -std=gnu++17 (test for warnings, line 303)
FAIL: c-c++-common/Wstringop-overflow-2.c -std=gnu++17 (test for warnings, line 320)
FAIL: c-c++-common/Wstringop-overflow-2.c -std=gnu++17 (test for warnings, line 33)
FAIL: c-c++-common/Wstringop-overflow-2.c -std=gnu++17 (test for warnings, line 44)
FAIL: c-c++-common/Wstringop-overflow-2.c -std=gnu++17 (test for warnings, line 55)
FAIL: c-c++-common/Wstringop-overflow-2.c -std=gnu++17 (test for excess errors)
FAIL: c-c++-common/Wstringop-overflow-2.c -std=gnu++2a (test for warnings, line 103)
FAIL: c-c++-common/Wstringop-overflow-2.c -std=gnu++2a (test for warnings, line 114)
FAIL: c-c++-common/Wstringop-overflow-2.c -std=gnu++2a (test for warnings, line 125)
FAIL: c-c++-common/Wstringop-overflow-2.c -std=gnu++2a (test for warnings, line 170)
FAIL: c-c++-common/Wstringop-overflow-2.c -std=gnu++2a (test for warnings, line 175)
FAIL: c-c++-common/Wstringop-overflow-2.c -std=gnu++2a (test for warnings, line 187)
FAIL: c-c++-common/Wstringop-overflow-2.c -std=gnu++2a (test for warnings, line 204)
FAIL: c-c++-common/Wstringop-overflow-2.c -std=gnu++2a (test for warnings, line 22)
FAIL: c-c++-common/Wstringop-overflow-2.c -std=gnu++2a (test for warnings, line 221)
FAIL: c-c++-common/Wstringop-overflow-2.c -std=gnu++2a (test for warnings, line 269)
FAIL: c-c++-common/Wstringop-overflow-2.c -std=gnu++2a (test for warnings, line 274)
FAIL: c-c++-common/Wstringop-overflow-2.c -std=gnu++2a (test for warnings, line 286)
FAIL: c-c++-common/Wstringop-overflow-2.c -std=gnu++2a (test for warnings, line 303)
FAIL: c-c++-common/Wstringop-overflow-2.c -std=gnu++2a (test for warnings, line 320)
FAIL: c-c++-common/Wstringop-overflow-2.c -std=gnu++2a (test for warnings, line 33)
FAIL: c-c++-common/Wstringop-overflow-2.c -std=gnu++2a (test for warnings, line 44)
FAIL: c-c++-common/Wstringop-overflow-2.c -std=gnu++2a (test for warnings, line 55)
FAIL: c-c++-common/Wstringop-overflow-2.c -std=gnu++2a (test for excess errors)
FAIL: c-c++-common/Wstringop-overflow-2.c -std=gnu++98 (test for warnings, line 103)
FAIL: c-c++-common/Wstringop-overflow-2.c -std=gnu++98 (test for warnings, line 114)
FAIL: c-c++-common/Wstringop-overflow-2.c -std=gnu++98 (test for warnings, line 125)
FAIL: c-c++-common/Wstringop-overflow-2.c -std=gnu++98 (test for warnings, line 170)
FAIL: c-c++-common/Wstringop-overflow-2.c -std=gnu++98 (test for warnings, line 175)
FAIL: c-c++-common/Wstringop-overflow-2.c -std=gnu++98 (test for warnings, line 187)
FAIL: c-c++-common/Wstringop-overflow-2.c -std=gnu++98 (test for warnings, line 204)
FAIL: c-c++-common/Wstringop-overflow-2.c -std=gnu++98 (test for warnings, line 22)
FAIL: c-c++-common/Wstringop-overflow-2.c -std=gnu++98 (test for warnings, line 221)
FAIL: c-c++-common/Wstringop-overflow-2.c -std=gnu++98 (test for warnings, line 269)
FAIL: c-c++-common/Wstringop-overflow-2.c -std=gnu++98 (test for warnings, line 274)
FAIL: c-c++-common/Wstringop-overflow-2.c -std=gnu++98 (test for warnings, line 286)
FAIL: c-c++-common/Wstringop-overflow-2.c -std=gnu++98 (test for warnings, line 303)
FAIL: c-c++-common/Wstringop-overflow-2.c -std=gnu++98 (test for warnings, line 320)
FAIL: c-c++-common/Wstringop-overflow-2.c -std=gnu++98 (test for warnings, line 33)
FAIL: c-c++-common/Wstringop-overflow-2.c -std=gnu++98 (test for warnings, line 44)
FAIL: c-c++-common/Wstringop-overflow-2.c -std=gnu++98 (test for warnings, line 55)
FAIL: c-c++-common/Wstringop-overflow-2.c -std=gnu++98 (test for excess errors)
FAIL: g++.dg/cpp0x/constexpr-diag5.C -std=c++14 (test for excess errors)
FAIL: g++.dg/cpp0x/constexpr-diag5.C -std=c++17 (test for excess errors)
FAIL: g++.dg/cpp0x/constexpr-diag5.C -std=c++2a (test for excess errors)
FAIL: g++.dg/cpp1y/constexpr-return3.C -std=c++14 (test for excess errors)
FAIL: g++.dg/cpp1y/constexpr-return3.C -std=c++17 (test for excess errors)
FAIL: g++.dg/cpp1y/constexpr-return3.C -std=c++2a (test for excess errors)
FAIL: g++.dg/cpp2a/constexpr-dtor3.C -std=c++2a (test for warnings, line 154)
FAIL: g++.dg/warn/Waddress-5.C -std=gnu++14 (test for excess errors)
FAIL: g++.dg/warn/Waddress-5.C -std=gnu++17 (test for excess errors)
FAIL: g++.dg/warn/Waddress-5.C -std=gnu++2a (test for excess errors)
FAIL: g++.dg/warn/Waddress-5.C -std=gnu++98 (test for excess errors)
FAIL: g++.dg/warn/Wstringop-overflow-3.C -std=gnu++14 (test for warnings, line 105)
FAIL: g++.dg/warn/Wstringop-overflow-3.C -std=gnu++14 (test for warnings, line 116)
FAIL: g++.dg/warn/Wstringop-overflow-3.C -std=gnu++14 (test for warnings, line 127)
FAIL: g++.dg/warn/Wstringop-overflow-3.C -std=gnu++14 (test for warnings, line 172)
FAIL: g++.dg/warn/Wstringop-overflow-3.C -std=gnu++14 (test for warnings, line 183)
FAIL: g++.dg/warn/Wstringop-overflow-3.C -std=gnu++14 (test for warnings, line 194)
FAIL: g++.dg/warn/Wstringop-overflow-3.C -std=gnu++14 (test for warnings, line 205)
FAIL: g++.dg/warn/Wstringop-overflow-3.C -std=gnu++14 (test for warnings, line 24)
FAIL: g++.dg/warn/Wstringop-overflow-3.C -std=gnu++14 (test for warnings, line 247)
FAIL: g++.dg/warn/Wstringop-overflow-3.C -std=gnu++14 (test for warnings, line 258)
FAIL: g++.dg/warn/Wstringop-overflow-3.C -std=gnu++14 (test for warnings, line 269)
FAIL: g++.dg/warn/Wstringop-overflow-3.C -std=gnu++14 (test for warnings, line 280)
FAIL: g++.dg/warn/Wstringop-overflow-3.C -std=gnu++14 (test for warnings, line 35)
FAIL: g++.dg/warn/Wstringop-overflow-3.C -std=gnu++14 (test for warnings, line 46)
FAIL: g++.dg/warn/Wstringop-overflow-3.C -std=gnu++14 (test for warnings, line 57)
FAIL: g++.dg/warn/Wstringop-overflow-3.C -std=gnu++14 (test for excess errors)
FAIL: g++.dg/warn/Wstringop-overflow-3.C -std=gnu++17 (test for warnings, line 105)
FAIL: g++.dg/warn/Wstringop-overflow-3.C -std=gnu++17 (test for warnings, line 116)
FAIL: g++.dg/warn/Wstringop-overflow-3.C -std=gnu++17 (test for warnings, line 127)
FAIL: g++.dg/warn/Wstringop-overflow-3.C -std=gnu++17 (test for warnings, line 172)
FAIL: g++.dg/warn/Wstringop-overflow-3.C -std=gnu++17 (test for warnings, line 183)
FAIL: g++.dg/warn/Wstringop-overflow-3.C -std=gnu++17 (test for warnings, line 194)
FAIL: g++.dg/warn/Wstringop-overflow-3.C -std=gnu++17 (test for warnings, line 205)
FAIL: g++.dg/warn/Wstringop-overflow-3.C -std=gnu++17 (test for warnings, line 24)
FAIL: g++.dg/warn/Wstringop-overflow-3.C -std=gnu++17 (test for warnings, line 247)
FAIL: g++.dg/warn/Wstringop-overflow-3.C -std=gnu++17 (test for warnings, line 258)
FAIL: g++.dg/warn/Wstringop-overflow-3.C -std=gnu++17 (test for warnings, line 269)
FAIL: g++.dg/warn/Wstringop-overflow-3.C -std=gnu++17 (test for warnings, line 280)
FAIL: g++.dg/warn/Wstringop-overflow-3.C -std=gnu++17 (test for warnings, line 35)
FAIL: g++.dg/warn/Wstringop-overflow-3.C -std=gnu++17 (test for warnings, line 46)
FAIL: g++.dg/warn/Wstringop-overflow-3.C -std=gnu++17 (test for warnings, line 57)
FAIL: g++.dg/warn/Wstringop-overflow-3.C -std=gnu++17 (test for excess errors)
FAIL: g++.dg/warn/Wstringop-overflow-3.C -std=gnu++2a (test for warnings, line 105)
FAIL: g++.dg/warn/Wstringop-overflow-3.C -std=gnu++2a (test for warnings, line 116)
FAIL: g++.dg/warn/Wstringop-overflow-3.C -std=gnu++2a (test for warnings, line 127)
FAIL: g++.dg/warn/Wstringop-overflow-3.C -std=gnu++2a (test for warnings, line 172)
FAIL: g++.dg/warn/Wstringop-overflow-3.C -std=gnu++2a (test for warnings, line 183)
FAIL: g++.dg/warn/Wstringop-overflow-3.C -std=gnu++2a (test for warnings, line 194)
FAIL: g++.dg/warn/Wstringop-overflow-3.C -std=gnu++2a (test for warnings, line 205)
FAIL: g++.dg/warn/Wstringop-overflow-3.C -std=gnu++2a (test for warnings, line 24)
FAIL: g++.dg/warn/Wstringop-overflow-3.C -std=gnu++2a (test for warnings, line 247)
FAIL: g++.dg/warn/Wstringop-overflow-3.C -std=gnu++2a (test for warnings, line 258)
FAIL: g++.dg/warn/Wstringop-overflow-3.C -std=gnu++2a (test for warnings, line 269)
FAIL: g++.dg/warn/Wstringop-overflow-3.C -std=gnu++2a (test for warnings, line 280)
FAIL: g++.dg/warn/Wstringop-overflow-3.C -std=gnu++2a (test for warnings, line 35)
FAIL: g++.dg/warn/Wstringop-overflow-3.C -std=gnu++2a (test for warnings, line 46)
FAIL: g++.dg/warn/Wstringop-overflow-3.C -std=gnu++2a (test for warnings, line 57)
FAIL: g++.dg/warn/Wstringop-overflow-3.C -std=gnu++2a (test for excess errors)
FAIL: g++.dg/warn/Wstringop-overflow-3.C -std=gnu++98 (test for warnings, line 105)
FAIL: g++.dg/warn/Wstringop-overflow-3.C -std=gnu++98 (test for warnings, line 116)
FAIL: g++.dg/warn/Wstringop-overflow-3.C -std=gnu++98 (test for warnings, line 127)
FAIL: g++.dg/warn/Wstringop-overflow-3.C -std=gnu++98 (test for warnings, line 172)
FAIL: g++.dg/warn/Wstringop-overflow-3.C -std=gnu++98 (test for warnings, line 183)
FAIL: g++.dg/warn/Wstringop-overflow-3.C -std=gnu++98 (test for warnings, line 194)
FAIL: g++.dg/warn/Wstringop-overflow-3.C -std=gnu++98 (test for warnings, line 205)
FAIL: g++.dg/warn/Wstringop-overflow-3.C -std=gnu++98 (test for warnings, line 24)
FAIL: g++.dg/warn/Wstringop-overflow-3.C -std=gnu++98 (test for warnings, line 247)
FAIL: g++.dg/warn/Wstringop-overflow-3.C -std=gnu++98 (test for warnings, line 258)
FAIL: g++.dg/warn/Wstringop-overflow-3.C -std=gnu++98 (test for warnings, line 269)
FAIL: g++.dg/warn/Wstringop-overflow-3.C -std=gnu++98 (test for warnings, line 280)
FAIL: g++.dg/warn/Wstringop-overflow-3.C -std=gnu++98 (test for warnings, line 35)
FAIL: g++.dg/warn/Wstringop-overflow-3.C -std=gnu++98 (test for warnings, line 46)
FAIL: g++.dg/warn/Wstringop-overflow-3.C -std=gnu++98 (test for warnings, line 57)
FAIL: g++.dg/warn/Wstringop-overflow-3.C -std=gnu++98 (test for excess errors)
WARNING: g++.dg/lto/20080709 cp_lto_20080709_0.o assemble, -O0 -flto -flto-partition=none -fuse-linker-plugin program timed out.
WARNING: g++.dg/lto/20080908-2 cp_lto_20080908-2_0.o assemble, -O0 -flto -flto-partition=none -fuse-linker-plugin program timed out.
WARNING: g++.dg/lto/20080926 cp_lto_20080926_0.o assemble, -O2 -flto -fno-strict-aliasing program timed out.
WARNING: g++.dg/lto/20081119 cp_lto_20081119_0.o assemble, -O0 -flto -flto-partition=none -fuse-linker-plugin program timed out.
WARNING: g++.dg/lto/20081211-1 cp_lto_20081211-1_0.o assemble, -O0 -flto -flto-partition=none -fuse-linker-plugin program timed out.
WARNING: g++.dg/lto/20090311-1 cp_lto_20090311-1_0.o assemble, -O0 -flto -flto-partition=none -fuse-linker-plugin program timed out.
FAIL: g++.dg/lto/pr65276 cp_lto_pr65276_0.o-cp_lto_pr65276_1.o link, -flto -O0 -std=c++11
FAIL: g++.dg/modules/bad-mapper-3.C -std=c++17 at line 3 (test for errors, line )
FAIL: g++.dg/modules/bad-mapper-3.C -std=c++17 (test for excess errors)
FAIL: g++.dg/modules/bad-mapper-3.C -std=c++2a at line 3 (test for errors, line )
FAIL: g++.dg/modules/bad-mapper-3.C -std=c++2a (test for excess errors)
FAIL: g++.dg/modules/bad-mapper-3.C -std=c++2b at line 3 (test for errors, line )
FAIL: g++.dg/modules/bad-mapper-3.C -std=c++2b (test for excess errors)
FAIL: g++.dg/modules/virt-2_a.C -std=c++17 scan-assembler _ZTI7Visitor:
FAIL: g++.dg/modules/virt-2_a.C -std=c++17 scan-assembler _ZTS7Visitor:
FAIL: g++.dg/modules/virt-2_a.C -std=c++17 scan-assembler _ZTV7Visitor:
FAIL: g++.dg/modules/virt-2_a.C -std=c++2a scan-assembler _ZTI7Visitor:
FAIL: g++.dg/modules/virt-2_a.C -std=c++2a scan-assembler _ZTS7Visitor:
FAIL: g++.dg/modules/virt-2_a.C -std=c++2a scan-assembler _ZTV7Visitor:
FAIL: g++.dg/modules/virt-2_a.C -std=c++2b scan-assembler _ZTI7Visitor:
FAIL: g++.dg/modules/virt-2_a.C -std=c++2b scan-assembler _ZTS7Visitor:
FAIL: g++.dg/modules/virt-2_a.C -std=c++2b scan-assembler _ZTV7Visitor:
XPASS: g++.dg/vect/slp-pr98855.cc -std=c++14 scan-tree-dump-times slp1 "not vectorized: vectorization is not profitable" 2
XPASS: g++.dg/vect/slp-pr98855.cc -std=c++17 scan-tree-dump-times slp1 "not vectorized: vectorization is not profitable" 2
XPASS: g++.dg/vect/slp-pr98855.cc -std=c++2a scan-tree-dump-times slp1 "not vectorized: vectorization is not profitable" 2
XPASS: g++.dg/vect/slp-pr98855.cc -std=c++98 scan-tree-dump-times slp1 "not vectorized: vectorization is not profitable" 2
XPASS: g++.target/arm/bfloat_cpp_typecheck.C (test for bogus messages, line 10)
XPASS: g++.target/arm/bfloat_cpp_typecheck.C (test for bogus messages, line 11)
FAIL: g++.target/arm/no_unique_address_1.C check-function-bodies _Z8caller_pR1P
FAIL: g++.target/arm/no_unique_address_2.C (test for warnings, line 163)
FAIL: g++.target/arm/no_unique_address_2.C check-function-bodies _Z8caller_pR1P
=== g++ Summary ===
# of expected passes 223469
# of unexpected failures 166
# of unexpected successes 6
# of expected failures 1420
# of unsupported tests 10153
/tmp/170784_24.tmpdir/aci-gcc-fsf/builds/gcc-fsf-gccsrc-thumb/obj-arm-none-linux-gnueabihf/gcc3/gcc/xg++ version 12.0.0 (DEFMODE=thumb DEFARCH=armv7-a+mp+sec+vfpv3-d16-fp16 DEFCPU=default DEFFPU=default TESTFLAGS=) [r12-6127] (GCC)
Compiler version: 12.0.0 (DEFMODE=thumb DEFARCH=armv7-a+mp+sec+vfpv3-d16-fp16 DEFCPU=default DEFFPU=default TESTFLAGS=) [r12-6127] (GCC)
Platform: arm-none-linux-gnueabihf
configure flags: --target=arm-none-linux-gnueabihf --prefix=/tmp/170784_24.tmpdir/aci-gcc-fsf/builds/gcc-fsf-gccsrc-thumb/tools --with-sysroot=/tmp/170784_24.tmpdir/aci-gcc-fsf/builds/gcc-fsf-gccsrc-thumb/sysroot-arm-none-linux-gnueabihf --disable-nls --disable-libgomp --disable-libmudflap --disable-libcilkrts --enable-checking --enable-languages=c,c++,fortran --with-float=hard --enable-build-with-cxx --with-mode=thumb --with-arch=armv7-a+mp+sec+vfpv3-d16-fp16
More information about the Gcc-testresults
mailing list