Results for 11.2.1 (DEFMODE=thumb DEFARCH=default DEFCPU=cortex-a57 DEFFPU=crypto-neon-fp-armv8 TESTFLAGS=) [r11-9415] (GCC) testsuite on arm-none-linux-gnueabihf
Christophe LYON
christophe.lyon@foss.st.com
Mon Jan 3 09:44:03 GMT 2022
LAST_UPDATED: Mon Jan 3 07:23:31 UTC 2022 (revision r11-9415-g65cff53f37a0f70c14a2d029667534fe60084844) TARGET=arm-none-linux-gnueabihf ARCH=default CPU=cortex-a57 FPU=crypto-neon-fp-armv8 MODE=thumb
Target is arm-none-linux-gnueabihf
Host is arm-none-linux-gnueabihf
=== libatomic tests ===
Running target qemu
=== libatomic Summary ===
# of expected passes 44
# of unsupported tests 5
Host is arm-none-linux-gnueabihf
=== libitm tests ===
Running target qemu
=== libitm Summary ===
# of expected passes 44
# of expected failures 3
# of unsupported tests 1
Host is arm-none-linux-gnueabihf
=== libstdc++ tests ===
Running target qemu
WARNING: 30_threads/condition_variable/54185.cc execution test (CHILDKILLED 56734 SIGINT interrupt) program timed out.
FAIL: experimental/simd/standard_abi_usable.cc -ffast-math -O2 -Wno-psabi (test for excess errors)
FAIL: experimental/simd/standard_abi_usable_2.cc -ffast-math -O2 -Wno-psabi (test for excess errors)
=== libstdc++ Summary ===
# of expected passes 13962
# of unexpected failures 2
# of expected failures 104
# of untested testcases 1
# of unsupported tests 732
Host is x86_64-pc-linux-gnu
=== gcc tests ===
Running target qemu
WARNING: skipping asan tests due to ulimit -v
WARNING: skipping asan tests due to ulimit -v
WARNING: skipping asan tests due to ulimit -v
WARNING: skipping asan tests due to ulimit -v
WARNING: skipping asan tests due to ulimit -v
WARNING: skipping asan tests due to ulimit -v
WARNING: skipping asan tests due to ulimit -v
FAIL: c-c++-common/zero-scratch-regs-11.c -Wc++-compat (test for excess errors)
UNRESOLVED: c-c++-common/zero-scratch-regs-11.c -Wc++-compat compilation failed to produce executable
FAIL: c-c++-common/zero-scratch-regs-9.c -Wc++-compat (test for excess errors)
UNRESOLVED: c-c++-common/zero-scratch-regs-9.c -Wc++-compat compilation failed to produce executable
FAIL: gcc.dg/fixed-point/composite-type.c (test for excess errors)
WARNING: gcc.dg/ipa/20040703-wpa.c (test for excess errors) program timed out.
WARNING: gcc.dg/lto/pr81440 c_lto_pr81440_0.o assemble, -O0 -flto -flto-partition=none -fuse-linker-plugin program timed out.
WARNING: gcc.dg/lto/pr93015 c_lto_pr93015_0.o assemble, -O0 -fipa-vrp -flto program timed out.
FAIL: gcc.dg/tree-prof/pr77698.c scan-rtl-dump-times alignments "internal loop alignment added" 1
FAIL: gcc.dg/tree-ssa/scev-3.c scan-tree-dump-times ivopts "&a" 1
FAIL: gcc.dg/tree-ssa/scev-5.c scan-tree-dump-times ivopts "&a" 1
FAIL: gcc.dg/vect/complex/bb-slp-complex-add-pattern-long.c -flto -ffat-lto-objects scan-tree-dump-times slp1 "stmt.*COMPLEX_ADD_ROT270" 1
FAIL: gcc.dg/vect/complex/bb-slp-complex-add-pattern-long.c -flto -ffat-lto-objects scan-tree-dump-times slp1 "stmt.*COMPLEX_ADD_ROT90" 1
FAIL: gcc.dg/vect/complex/bb-slp-complex-add-pattern-long.c scan-tree-dump-times slp1 "stmt.*COMPLEX_ADD_ROT270" 1
FAIL: gcc.dg/vect/complex/bb-slp-complex-add-pattern-long.c scan-tree-dump-times slp1 "stmt.*COMPLEX_ADD_ROT90" 1
FAIL: gcc.dg/vect/complex/bb-slp-complex-add-pattern-unsigned-long.c -flto -ffat-lto-objects scan-tree-dump-times slp1 "stmt.*COMPLEX_ADD_ROT270" 1
FAIL: gcc.dg/vect/complex/bb-slp-complex-add-pattern-unsigned-long.c -flto -ffat-lto-objects scan-tree-dump-times slp1 "stmt.*COMPLEX_ADD_ROT90" 1
FAIL: gcc.dg/vect/complex/bb-slp-complex-add-pattern-unsigned-long.c scan-tree-dump-times slp1 "stmt.*COMPLEX_ADD_ROT270" 1
FAIL: gcc.dg/vect/complex/bb-slp-complex-add-pattern-unsigned-long.c scan-tree-dump-times slp1 "stmt.*COMPLEX_ADD_ROT90" 1
FAIL: gcc.dg/vect/complex/vect-complex-add-pattern-long.c -flto -ffat-lto-objects scan-tree-dump-times vect "stmt.*COMPLEX_ADD_ROT270" 1
FAIL: gcc.dg/vect/complex/vect-complex-add-pattern-long.c -flto -ffat-lto-objects scan-tree-dump-times vect "stmt.*COMPLEX_ADD_ROT90" 1
FAIL: gcc.dg/vect/complex/vect-complex-add-pattern-long.c scan-tree-dump-times vect "stmt.*COMPLEX_ADD_ROT270" 1
FAIL: gcc.dg/vect/complex/vect-complex-add-pattern-long.c scan-tree-dump-times vect "stmt.*COMPLEX_ADD_ROT90" 1
FAIL: gcc.dg/vect/complex/vect-complex-add-pattern-unsigned-long.c -flto -ffat-lto-objects scan-tree-dump-times vect "stmt.*COMPLEX_ADD_ROT270" 1
FAIL: gcc.dg/vect/complex/vect-complex-add-pattern-unsigned-long.c -flto -ffat-lto-objects scan-tree-dump-times vect "stmt.*COMPLEX_ADD_ROT90" 1
FAIL: gcc.dg/vect/complex/vect-complex-add-pattern-unsigned-long.c scan-tree-dump-times vect "stmt.*COMPLEX_ADD_ROT270" 1
FAIL: gcc.dg/vect/complex/vect-complex-add-pattern-unsigned-long.c scan-tree-dump-times vect "stmt.*COMPLEX_ADD_ROT90" 1
FAIL: gcc.dg/vect/pr97428.c -flto -ffat-lto-objects scan-tree-dump vect "Detected interleaving load of size 8"
FAIL: gcc.dg/vect/pr97428.c -flto -ffat-lto-objects scan-tree-dump vect "Detected interleaving store of size 16"
FAIL: gcc.dg/vect/pr97428.c -flto -ffat-lto-objects scan-tree-dump-times vect "vectorizing stmts using SLP" 2
FAIL: gcc.dg/vect/pr97428.c scan-tree-dump vect "Detected interleaving load of size 8"
FAIL: gcc.dg/vect/pr97428.c scan-tree-dump vect "Detected interleaving store of size 16"
FAIL: gcc.dg/vect/pr97428.c scan-tree-dump-times vect "vectorizing stmts using SLP" 2
FAIL: gcc.dg/vect/slp-47.c -flto -ffat-lto-objects scan-tree-dump-times vect "vectorizing stmts using SLP" 2
FAIL: gcc.dg/vect/slp-47.c scan-tree-dump-times vect "vectorizing stmts using SLP" 2
FAIL: gcc.dg/vect/slp-48.c -flto -ffat-lto-objects scan-tree-dump-times vect "vectorizing stmts using SLP" 2
FAIL: gcc.dg/vect/slp-48.c scan-tree-dump-times vect "vectorizing stmts using SLP" 2
UNRESOLVED: gcc.target/aarch64/advsimd-intrinsics/vld1x2.c -O0 compilation failed to produce executable
UNRESOLVED: gcc.target/aarch64/advsimd-intrinsics/vld1x2.c -O1 compilation failed to produce executable
UNRESOLVED: gcc.target/aarch64/advsimd-intrinsics/vld1x2.c -O2 compilation failed to produce executable
UNRESOLVED: gcc.target/aarch64/advsimd-intrinsics/vld1x2.c -O2 -flto -fno-use-linker-plugin -flto-partition=none compilation failed to produce executable
UNRESOLVED: gcc.target/aarch64/advsimd-intrinsics/vld1x2.c -O2 -flto -fuse-linker-plugin -fno-fat-lto-objects compilation failed to produce executable
UNRESOLVED: gcc.target/aarch64/advsimd-intrinsics/vld1x2.c -O3 -fomit-frame-pointer -funroll-loops -fpeel-loops -ftracer -finline-functions compilation failed to produce executable
UNRESOLVED: gcc.target/aarch64/advsimd-intrinsics/vld1x2.c -O3 -g compilation failed to produce executable
UNRESOLVED: gcc.target/aarch64/advsimd-intrinsics/vld1x2.c -Og -g compilation failed to produce executable
UNRESOLVED: gcc.target/aarch64/advsimd-intrinsics/vld1x2.c -Os compilation failed to produce executable
UNRESOLVED: gcc.target/aarch64/advsimd-intrinsics/vld1x3.c -O0 compilation failed to produce executable
UNRESOLVED: gcc.target/aarch64/advsimd-intrinsics/vld1x3.c -O1 compilation failed to produce executable
UNRESOLVED: gcc.target/aarch64/advsimd-intrinsics/vld1x3.c -O2 compilation failed to produce executable
UNRESOLVED: gcc.target/aarch64/advsimd-intrinsics/vld1x3.c -O2 -flto -fno-use-linker-plugin -flto-partition=none compilation failed to produce executable
UNRESOLVED: gcc.target/aarch64/advsimd-intrinsics/vld1x3.c -O2 -flto -fuse-linker-plugin -fno-fat-lto-objects compilation failed to produce executable
UNRESOLVED: gcc.target/aarch64/advsimd-intrinsics/vld1x3.c -O3 -fomit-frame-pointer -funroll-loops -fpeel-loops -ftracer -finline-functions compilation failed to produce executable
UNRESOLVED: gcc.target/aarch64/advsimd-intrinsics/vld1x3.c -O3 -g compilation failed to produce executable
UNRESOLVED: gcc.target/aarch64/advsimd-intrinsics/vld1x3.c -Og -g compilation failed to produce executable
UNRESOLVED: gcc.target/aarch64/advsimd-intrinsics/vld1x3.c -Os compilation failed to produce executable
UNRESOLVED: gcc.target/aarch64/advsimd-intrinsics/vld1x4.c -O0 compilation failed to produce executable
UNRESOLVED: gcc.target/aarch64/advsimd-intrinsics/vld1x4.c -O1 compilation failed to produce executable
UNRESOLVED: gcc.target/aarch64/advsimd-intrinsics/vld1x4.c -O2 compilation failed to produce executable
UNRESOLVED: gcc.target/aarch64/advsimd-intrinsics/vld1x4.c -O2 -flto -fno-use-linker-plugin -flto-partition=none compilation failed to produce executable
UNRESOLVED: gcc.target/aarch64/advsimd-intrinsics/vld1x4.c -O2 -flto -fuse-linker-plugin -fno-fat-lto-objects compilation failed to produce executable
UNRESOLVED: gcc.target/aarch64/advsimd-intrinsics/vld1x4.c -O3 -fomit-frame-pointer -funroll-loops -fpeel-loops -ftracer -finline-functions compilation failed to produce executable
UNRESOLVED: gcc.target/aarch64/advsimd-intrinsics/vld1x4.c -O3 -g compilation failed to produce executable
UNRESOLVED: gcc.target/aarch64/advsimd-intrinsics/vld1x4.c -Og -g compilation failed to produce executable
UNRESOLVED: gcc.target/aarch64/advsimd-intrinsics/vld1x4.c -Os compilation failed to produce executable
UNRESOLVED: gcc.target/aarch64/advsimd-intrinsics/vst1x2.c -O0 compilation failed to produce executable
UNRESOLVED: gcc.target/aarch64/advsimd-intrinsics/vst1x2.c -O1 compilation failed to produce executable
UNRESOLVED: gcc.target/aarch64/advsimd-intrinsics/vst1x2.c -O2 compilation failed to produce executable
UNRESOLVED: gcc.target/aarch64/advsimd-intrinsics/vst1x2.c -O2 -flto -fno-use-linker-plugin -flto-partition=none compilation failed to produce executable
UNRESOLVED: gcc.target/aarch64/advsimd-intrinsics/vst1x2.c -O2 -flto -fuse-linker-plugin -fno-fat-lto-objects compilation failed to produce executable
UNRESOLVED: gcc.target/aarch64/advsimd-intrinsics/vst1x2.c -O3 -fomit-frame-pointer -funroll-loops -fpeel-loops -ftracer -finline-functions compilation failed to produce executable
UNRESOLVED: gcc.target/aarch64/advsimd-intrinsics/vst1x2.c -O3 -g compilation failed to produce executable
UNRESOLVED: gcc.target/aarch64/advsimd-intrinsics/vst1x2.c -Og -g compilation failed to produce executable
UNRESOLVED: gcc.target/aarch64/advsimd-intrinsics/vst1x2.c -Os compilation failed to produce executable
UNRESOLVED: gcc.target/aarch64/advsimd-intrinsics/vst1x3.c -O0 compilation failed to produce executable
UNRESOLVED: gcc.target/aarch64/advsimd-intrinsics/vst1x3.c -O1 compilation failed to produce executable
UNRESOLVED: gcc.target/aarch64/advsimd-intrinsics/vst1x3.c -O2 compilation failed to produce executable
UNRESOLVED: gcc.target/aarch64/advsimd-intrinsics/vst1x3.c -O2 -flto -fno-use-linker-plugin -flto-partition=none compilation failed to produce executable
UNRESOLVED: gcc.target/aarch64/advsimd-intrinsics/vst1x3.c -O2 -flto -fuse-linker-plugin -fno-fat-lto-objects compilation failed to produce executable
UNRESOLVED: gcc.target/aarch64/advsimd-intrinsics/vst1x3.c -O3 -fomit-frame-pointer -funroll-loops -fpeel-loops -ftracer -finline-functions compilation failed to produce executable
UNRESOLVED: gcc.target/aarch64/advsimd-intrinsics/vst1x3.c -O3 -g compilation failed to produce executable
UNRESOLVED: gcc.target/aarch64/advsimd-intrinsics/vst1x3.c -Og -g compilation failed to produce executable
UNRESOLVED: gcc.target/aarch64/advsimd-intrinsics/vst1x3.c -Os compilation failed to produce executable
UNRESOLVED: gcc.target/aarch64/advsimd-intrinsics/vst1x4.c -O0 compilation failed to produce executable
UNRESOLVED: gcc.target/aarch64/advsimd-intrinsics/vst1x4.c -O1 compilation failed to produce executable
UNRESOLVED: gcc.target/aarch64/advsimd-intrinsics/vst1x4.c -O2 compilation failed to produce executable
UNRESOLVED: gcc.target/aarch64/advsimd-intrinsics/vst1x4.c -O2 -flto -fno-use-linker-plugin -flto-partition=none compilation failed to produce executable
UNRESOLVED: gcc.target/aarch64/advsimd-intrinsics/vst1x4.c -O2 -flto -fuse-linker-plugin -fno-fat-lto-objects compilation failed to produce executable
UNRESOLVED: gcc.target/aarch64/advsimd-intrinsics/vst1x4.c -O3 -fomit-frame-pointer -funroll-loops -fpeel-loops -ftracer -finline-functions compilation failed to produce executable
UNRESOLVED: gcc.target/aarch64/advsimd-intrinsics/vst1x4.c -O3 -g compilation failed to produce executable
UNRESOLVED: gcc.target/aarch64/advsimd-intrinsics/vst1x4.c -Og -g compilation failed to produce executable
UNRESOLVED: gcc.target/aarch64/advsimd-intrinsics/vst1x4.c -Os compilation failed to produce executable
FAIL: gcc.target/arm/acle/pr100856.c -O0 (test for excess errors)
UNRESOLVED: gcc.target/arm/acle/pr100856.c -O0 compilation failed to produce executable
FAIL: gcc.target/arm/acle/pr100856.c -O1 (test for excess errors)
UNRESOLVED: gcc.target/arm/acle/pr100856.c -O1 compilation failed to produce executable
FAIL: gcc.target/arm/acle/pr100856.c -O2 (test for excess errors)
UNRESOLVED: gcc.target/arm/acle/pr100856.c -O2 compilation failed to produce executable
FAIL: gcc.target/arm/acle/pr100856.c -O3 -g (test for excess errors)
UNRESOLVED: gcc.target/arm/acle/pr100856.c -O3 -g compilation failed to produce executable
FAIL: gcc.target/arm/acle/pr100856.c -Os (test for excess errors)
UNRESOLVED: gcc.target/arm/acle/pr100856.c -Os compilation failed to produce executable
FAIL: gcc.target/arm/acle/pr100856.c -O2 -flto -fno-use-linker-plugin -flto-partition=none -ffat-lto-objects (test for excess errors)
UNRESOLVED: gcc.target/arm/acle/pr100856.c -O2 -flto -fno-use-linker-plugin -flto-partition=none -ffat-lto-objects compilation failed to produce executable
FAIL: gcc.target/arm/acle/pr100856.c -O2 -flto -fuse-linker-plugin -fno-fat-lto-objects -ffat-lto-objects (test for excess errors)
UNRESOLVED: gcc.target/arm/acle/pr100856.c -O2 -flto -fuse-linker-plugin -fno-fat-lto-objects -ffat-lto-objects compilation failed to produce executable
FAIL: gcc.target/arm/addr-modes-float.c scan-assembler vst3.8\\t{d[02468], d[02468], d[02468]}, \\\\[r[0-9]+\\\\]!
FAIL: gcc.target/arm/memset-inline-8.c scan-assembler-not vstr
FAIL: gcc.target/arm/pr43920-2.c scan-assembler-times pop 2
FAIL: gcc.target/arm/pr91684.c scan-assembler-times strd 1
FAIL: gcc.target/arm/unaligned-memcpy-2.c scan-assembler-times ldrd 0
FAIL: gcc.target/arm/unaligned-memcpy-2.c scan-assembler-times strd 1
FAIL: gcc.target/arm/unaligned-memcpy-3.c scan-assembler-times ldrd 1
FAIL: gcc.target/arm/unaligned-memcpy-3.c scan-assembler-times strd 0
=== gcc Summary ===
# of expected passes 157301
# of unexpected failures 47
# of expected failures 887
# of unresolved testcases 63
# of unsupported tests 4937
/tmp/170045_24.tmpdir/aci-gcc-fsf/builds/gcc-fsf-gccsrc-thumb/obj-arm-none-linux-gnueabihf/gcc3/gcc/xgcc version 11.2.1 (DEFMODE=thumb DEFARCH=default DEFCPU=cortex-a57 DEFFPU=crypto-neon-fp-armv8 TESTFLAGS=) [r11-9415] (GCC)
Host is x86_64-pc-linux-gnu
=== gfortran tests ===
Running target qemu
WARNING: skipping asan tests due to ulimit -v
WARNING: skipping asan tests due to ulimit -v
WARNING: skipping asan tests due to ulimit -v
WARNING: skipping asan tests due to ulimit -v
FAIL: gfortran.dg/ieee/ieee_9.f90 -O0 (test for excess errors)
UNRESOLVED: gfortran.dg/ieee/ieee_9.f90 -O0 compilation failed to produce executable
FAIL: gfortran.dg/ieee/ieee_9.f90 -O1 (test for excess errors)
UNRESOLVED: gfortran.dg/ieee/ieee_9.f90 -O1 compilation failed to produce executable
FAIL: gfortran.dg/ieee/ieee_9.f90 -O2 (test for excess errors)
UNRESOLVED: gfortran.dg/ieee/ieee_9.f90 -O2 compilation failed to produce executable
FAIL: gfortran.dg/ieee/ieee_9.f90 -O3 -fomit-frame-pointer -funroll-loops -fpeel-loops -ftracer -finline-functions (test for excess errors)
UNRESOLVED: gfortran.dg/ieee/ieee_9.f90 -O3 -fomit-frame-pointer -funroll-loops -fpeel-loops -ftracer -finline-functions compilation failed to produce executable
FAIL: gfortran.dg/ieee/ieee_9.f90 -O3 -g (test for excess errors)
UNRESOLVED: gfortran.dg/ieee/ieee_9.f90 -O3 -g compilation failed to produce executable
FAIL: gfortran.dg/ieee/ieee_9.f90 -Os (test for excess errors)
UNRESOLVED: gfortran.dg/ieee/ieee_9.f90 -Os compilation failed to produce executable
=== gfortran Summary ===
# of expected passes 55535
# of unexpected failures 6
# of expected failures 224
# of unresolved testcases 6
# of unsupported tests 488
/tmp/170045_24.tmpdir/aci-gcc-fsf/builds/gcc-fsf-gccsrc-thumb/obj-arm-none-linux-gnueabihf/gcc3/gcc/gfortran version 11.2.1 (DEFMODE=thumb DEFARCH=default DEFCPU=cortex-a57 DEFFPU=crypto-neon-fp-armv8 TESTFLAGS=) [r11-9415] (GCC)
Host is x86_64-pc-linux-gnu
=== g++ tests ===
Running target qemu
WARNING: skipping asan tests due to ulimit -v
WARNING: skipping asan tests due to ulimit -v
WARNING: skipping asan tests due to ulimit -v
WARNING: skipping asan tests due to ulimit -v
WARNING: skipping asan tests due to ulimit -v
WARNING: skipping asan tests due to ulimit -v
WARNING: skipping asan tests due to ulimit -v
WARNING: skipping asan tests due to ulimit -v
WARNING: skipping asan tests due to ulimit -v
WARNING: skipping asan tests due to ulimit -v
FAIL: c-c++-common/zero-scratch-regs-11.c -std=gnu++14 (test for excess errors)
UNRESOLVED: c-c++-common/zero-scratch-regs-11.c -std=gnu++14 compilation failed to produce executable
FAIL: c-c++-common/zero-scratch-regs-11.c -std=gnu++17 (test for excess errors)
UNRESOLVED: c-c++-common/zero-scratch-regs-11.c -std=gnu++17 compilation failed to produce executable
FAIL: c-c++-common/zero-scratch-regs-11.c -std=gnu++2a (test for excess errors)
UNRESOLVED: c-c++-common/zero-scratch-regs-11.c -std=gnu++2a compilation failed to produce executable
FAIL: c-c++-common/zero-scratch-regs-11.c -std=gnu++98 (test for excess errors)
UNRESOLVED: c-c++-common/zero-scratch-regs-11.c -std=gnu++98 compilation failed to produce executable
FAIL: c-c++-common/zero-scratch-regs-9.c -std=gnu++14 (test for excess errors)
UNRESOLVED: c-c++-common/zero-scratch-regs-9.c -std=gnu++14 compilation failed to produce executable
FAIL: c-c++-common/zero-scratch-regs-9.c -std=gnu++17 (test for excess errors)
UNRESOLVED: c-c++-common/zero-scratch-regs-9.c -std=gnu++17 compilation failed to produce executable
FAIL: c-c++-common/zero-scratch-regs-9.c -std=gnu++2a (test for excess errors)
UNRESOLVED: c-c++-common/zero-scratch-regs-9.c -std=gnu++2a compilation failed to produce executable
FAIL: c-c++-common/zero-scratch-regs-9.c -std=gnu++98 (test for excess errors)
UNRESOLVED: c-c++-common/zero-scratch-regs-9.c -std=gnu++98 compilation failed to produce executable
FAIL: g++.dg/cpp2a/constexpr-dtor3.C -std=c++2a (test for warnings, line 154)
XPASS: g++.dg/warn/Warray-bounds-16.C -std=gnu++14 pr102690 (test for bogus messages, line 22)
XPASS: g++.dg/warn/Warray-bounds-16.C -std=gnu++17 pr102690 (test for bogus messages, line 22)
XPASS: g++.dg/warn/Warray-bounds-16.C -std=gnu++2a pr102690 (test for bogus messages, line 22)
XPASS: g++.dg/warn/Warray-bounds-16.C -std=gnu++98 pr102690 (test for bogus messages, line 22)
XPASS: g++.dg/warn/Warray-bounds-20.C -std=gnu++14 assign (test for warnings, line 30)
XPASS: g++.dg/warn/Warray-bounds-20.C -std=gnu++17 assign (test for warnings, line 30)
XPASS: g++.dg/warn/Warray-bounds-20.C -std=gnu++2a assign (test for warnings, line 30)
XPASS: g++.dg/warn/Warray-bounds-20.C -std=gnu++98 assign (test for warnings, line 30)
WARNING: g++.dg/lto/20080709 cp_lto_20080709_0.o assemble, -O0 -flto -flto-partition=none -fuse-linker-plugin program timed out.
WARNING: g++.dg/lto/20080912 cp_lto_20080912_0.o assemble, -O0 -flto -flto-partition=none -fuse-linker-plugin program timed out.
FAIL: g++.dg/lto/pr65276 cp_lto_pr65276_0.o-cp_lto_pr65276_1.o link, -flto -O0 -std=c++11
FAIL: g++.dg/modules/bad-mapper-3.C -std=c++17 (test for errors, line )
FAIL: g++.dg/modules/bad-mapper-3.C -std=c++17 (test for excess errors)
FAIL: g++.dg/modules/bad-mapper-3.C -std=c++2a (test for errors, line )
FAIL: g++.dg/modules/bad-mapper-3.C -std=c++2a (test for excess errors)
FAIL: g++.dg/modules/bad-mapper-3.C -std=c++2b (test for errors, line )
FAIL: g++.dg/modules/bad-mapper-3.C -std=c++2b (test for excess errors)
FAIL: g++.dg/modules/virt-2_a.C -std=c++17 scan-assembler _ZTI7Visitor:
FAIL: g++.dg/modules/virt-2_a.C -std=c++17 scan-assembler _ZTS7Visitor:
FAIL: g++.dg/modules/virt-2_a.C -std=c++17 scan-assembler _ZTV7Visitor:
FAIL: g++.dg/modules/virt-2_a.C -std=c++2a scan-assembler _ZTI7Visitor:
FAIL: g++.dg/modules/virt-2_a.C -std=c++2a scan-assembler _ZTS7Visitor:
FAIL: g++.dg/modules/virt-2_a.C -std=c++2a scan-assembler _ZTV7Visitor:
FAIL: g++.dg/modules/virt-2_a.C -std=c++2b scan-assembler _ZTI7Visitor:
FAIL: g++.dg/modules/virt-2_a.C -std=c++2b scan-assembler _ZTS7Visitor:
FAIL: g++.dg/modules/virt-2_a.C -std=c++2b scan-assembler _ZTV7Visitor:
WARNING: c-c++-common/ubsan/float-cast-overflow-11.c -std=gnu++98 (test for excess errors) program timed out.
WARNING: c-c++-common/ubsan/float-div-by-zero-2.c -std=gnu++98 (test for excess errors) program timed out.
WARNING: c-c++-common/ubsan/null-11.c -std=gnu++98 (test for excess errors) program timed out.
WARNING: c-c++-common/ubsan/overflow-add-3.c -std=gnu++98 (test for excess errors) program timed out.
WARNING: g++.old-deja/g++.benjamin/15756-2.C -std=gnu++98 (test for warnings, line 34) program timed out.
XPASS: g++.target/arm/bfloat_cpp_typecheck.C (test for bogus messages, line 10)
XPASS: g++.target/arm/bfloat_cpp_typecheck.C (test for bogus messages, line 11)
=== g++ Summary ===
# of expected passes 207799
# of unexpected failures 25
# of unexpected successes 10
# of expected failures 1072
# of unresolved testcases 8
# of unsupported tests 9660
/tmp/170045_24.tmpdir/aci-gcc-fsf/builds/gcc-fsf-gccsrc-thumb/obj-arm-none-linux-gnueabihf/gcc3/gcc/xg++ version 11.2.1 (DEFMODE=thumb DEFARCH=default DEFCPU=cortex-a57 DEFFPU=crypto-neon-fp-armv8 TESTFLAGS=) [r11-9415] (GCC)
Compiler version: 11.2.1 (DEFMODE=thumb DEFARCH=default DEFCPU=cortex-a57 DEFFPU=crypto-neon-fp-armv8 TESTFLAGS=) [r11-9415] (GCC)
Platform: arm-none-linux-gnueabihf
configure flags: --target=arm-none-linux-gnueabihf --prefix=/tmp/170045_24.tmpdir/aci-gcc-fsf/builds/gcc-fsf-gccsrc-thumb/tools --with-sysroot=/tmp/170045_24.tmpdir/aci-gcc-fsf/builds/gcc-fsf-gccsrc-thumb/sysroot-arm-none-linux-gnueabihf --disable-nls --disable-libgomp --disable-libmudflap --disable-libcilkrts --enable-checking --enable-languages=c,c++,fortran --with-float=hard --enable-build-with-cxx --with-mode=thumb --with-cpu=cortex-a57 --with-fpu=crypto-neon-fp-armv8
More information about the Gcc-testresults
mailing list