Results for 12.0.1 20220225 (experimental) [master eabf7bbe601f2c0d87bd0a1012d7a602df2037da] (GCC) testsuite on i386-pc-solaris2.11
Rainer Orth
ro@CeBiTec.Uni-Bielefeld.DE
Sat Feb 26 14:05:07 GMT 2022
LAST_UPDATED: Fri Feb 25 11:52:51 UTC 2022 (revision eabf7bbe601f2c0d87bd0a1012d7a602df2037da)
=== acats tests ===
=== acats Summary ===
# of expected passes 2328
# of unexpected failures 0
Native configuration is i386-pc-solaris2.11
=== g++ tests ===
Running target unix
FAIL: c-c++-common/asan/swapcontext-test-1.c -O0 execution test
FAIL: c-c++-common/asan/swapcontext-test-1.c -O1 execution test
FAIL: c-c++-common/asan/swapcontext-test-1.c -O2 execution test
FAIL: c-c++-common/asan/swapcontext-test-1.c -O2 -flto execution test
FAIL: c-c++-common/asan/swapcontext-test-1.c -O2 -flto -flto-partition=none execution test
FAIL: c-c++-common/asan/swapcontext-test-1.c -O3 -fomit-frame-pointer -funroll-loops -fpeel-loops -ftracer -finline-functions execution test
FAIL: c-c++-common/asan/swapcontext-test-1.c -O3 -g execution test
FAIL: c-c++-common/asan/swapcontext-test-1.c -Os execution test
FAIL: g++.dg/asan/default-options-1.C -O0 execution test
FAIL: g++.dg/asan/default-options-1.C -O1 execution test
FAIL: g++.dg/asan/default-options-1.C -O2 execution test
FAIL: g++.dg/asan/default-options-1.C -O2 -flto execution test
FAIL: g++.dg/asan/default-options-1.C -O2 -flto -flto-partition=none execution test
FAIL: g++.dg/asan/default-options-1.C -O3 -g execution test
FAIL: g++.dg/asan/default-options-1.C -Os execution test
FAIL: g++.dg/gcov/pr16855-priority.C -std=gnu++14 gcov: 12 failures in line counts, 0 in branch percentages, 0 in return percentages, 0 in intermediate format
FAIL: g++.dg/gcov/pr16855-priority.C -std=gnu++14 line 14: is 2:should be 1
FAIL: g++.dg/gcov/pr16855-priority.C -std=gnu++14 line 21: is 2:should be 1
FAIL: g++.dg/gcov/pr16855-priority.C -std=gnu++14 line 23: is #####:should be 1
FAIL: g++.dg/gcov/pr16855-priority.C -std=gnu++14 line 37: is 2:should be 1
FAIL: g++.dg/gcov/pr16855-priority.C -std=gnu++14 line 43: is 2:should be 1
FAIL: g++.dg/gcov/pr16855-priority.C -std=gnu++14 line 48: is 2:should be 1
FAIL: g++.dg/gcov/pr16855-priority.C -std=gnu++14 line 53: is 2:should be 1
FAIL: g++.dg/gcov/pr16855-priority.C -std=gnu++14 line 58: is 2:should be 1
FAIL: g++.dg/gcov/pr16855-priority.C -std=gnu++14 line 63: is 2:should be 1
FAIL: g++.dg/gcov/pr16855-priority.C -std=gnu++14 line 68: is 2:should be 1
FAIL: g++.dg/gcov/pr16855-priority.C -std=gnu++14 line 73: is 2:should be 1
FAIL: g++.dg/gcov/pr16855-priority.C -std=gnu++14 line 78: is 2:should be 1
FAIL: g++.dg/gcov/pr16855-priority.C -std=gnu++17 gcov: 12 failures in line counts, 0 in branch percentages, 0 in return percentages, 0 in intermediate format
FAIL: g++.dg/gcov/pr16855-priority.C -std=gnu++17 line 14: is 3:should be 1
FAIL: g++.dg/gcov/pr16855-priority.C -std=gnu++17 line 21: is 3:should be 1
FAIL: g++.dg/gcov/pr16855-priority.C -std=gnu++17 line 23: is #####:should be 1
FAIL: g++.dg/gcov/pr16855-priority.C -std=gnu++17 line 37: is 3:should be 1
FAIL: g++.dg/gcov/pr16855-priority.C -std=gnu++17 line 43: is 3:should be 1
FAIL: g++.dg/gcov/pr16855-priority.C -std=gnu++17 line 48: is 3:should be 1
FAIL: g++.dg/gcov/pr16855-priority.C -std=gnu++17 line 53: is 3:should be 1
FAIL: g++.dg/gcov/pr16855-priority.C -std=gnu++17 line 58: is 3:should be 1
FAIL: g++.dg/gcov/pr16855-priority.C -std=gnu++17 line 63: is 3:should be 1
FAIL: g++.dg/gcov/pr16855-priority.C -std=gnu++17 line 68: is 3:should be 1
FAIL: g++.dg/gcov/pr16855-priority.C -std=gnu++17 line 73: is 3:should be 1
FAIL: g++.dg/gcov/pr16855-priority.C -std=gnu++17 line 78: is 3:should be 1
FAIL: g++.dg/gcov/pr16855-priority.C -std=gnu++20 gcov: 12 failures in line counts, 0 in branch percentages, 0 in return percentages, 0 in intermediate format
FAIL: g++.dg/gcov/pr16855-priority.C -std=gnu++20 line 14: is 4:should be 1
FAIL: g++.dg/gcov/pr16855-priority.C -std=gnu++20 line 21: is 4:should be 1
FAIL: g++.dg/gcov/pr16855-priority.C -std=gnu++20 line 23: is #####:should be 1
FAIL: g++.dg/gcov/pr16855-priority.C -std=gnu++20 line 37: is 4:should be 1
FAIL: g++.dg/gcov/pr16855-priority.C -std=gnu++20 line 43: is 4:should be 1
FAIL: g++.dg/gcov/pr16855-priority.C -std=gnu++20 line 48: is 4:should be 1
FAIL: g++.dg/gcov/pr16855-priority.C -std=gnu++20 line 53: is 4:should be 1
FAIL: g++.dg/gcov/pr16855-priority.C -std=gnu++20 line 58: is 4:should be 1
FAIL: g++.dg/gcov/pr16855-priority.C -std=gnu++20 line 63: is 4:should be 1
FAIL: g++.dg/gcov/pr16855-priority.C -std=gnu++20 line 68: is 4:should be 1
FAIL: g++.dg/gcov/pr16855-priority.C -std=gnu++20 line 73: is 4:should be 1
FAIL: g++.dg/gcov/pr16855-priority.C -std=gnu++20 line 78: is 4:should be 1
FAIL: g++.dg/gcov/pr16855-priority.C -std=gnu++98 gcov: 1 failures in line counts, 0 in branch percentages, 0 in return percentages, 0 in intermediate format
FAIL: g++.dg/gcov/pr16855-priority.C -std=gnu++98 line 23: is #####:should be 1
FAIL: g++.dg/gcov/pr16855.C -std=gnu++14 gcov: 6 failures in line counts, 0 in branch percentages, 0 in return percentages, 0 in intermediate format
FAIL: g++.dg/gcov/pr16855.C -std=gnu++14 line 15: is 2:should be 1
FAIL: g++.dg/gcov/pr16855.C -std=gnu++14 line 22: is 2:should be 1
FAIL: g++.dg/gcov/pr16855.C -std=gnu++14 line 24: is #####:should be 1
FAIL: g++.dg/gcov/pr16855.C -std=gnu++14 line 38: is 2:should be 1
FAIL: g++.dg/gcov/pr16855.C -std=gnu++14 line 44: is 2:should be 1
FAIL: g++.dg/gcov/pr16855.C -std=gnu++14 line 49: is 2:should be 1
FAIL: g++.dg/gcov/pr16855.C -std=gnu++17 gcov: 6 failures in line counts, 0 in branch percentages, 0 in return percentages, 0 in intermediate format
FAIL: g++.dg/gcov/pr16855.C -std=gnu++17 line 15: is 3:should be 1
FAIL: g++.dg/gcov/pr16855.C -std=gnu++17 line 22: is 3:should be 1
FAIL: g++.dg/gcov/pr16855.C -std=gnu++17 line 24: is #####:should be 1
FAIL: g++.dg/gcov/pr16855.C -std=gnu++17 line 38: is 3:should be 1
FAIL: g++.dg/gcov/pr16855.C -std=gnu++17 line 44: is 3:should be 1
FAIL: g++.dg/gcov/pr16855.C -std=gnu++17 line 49: is 3:should be 1
FAIL: g++.dg/gcov/pr16855.C -std=gnu++20 gcov: 6 failures in line counts, 0 in branch percentages, 0 in return percentages, 0 in intermediate format
FAIL: g++.dg/gcov/pr16855.C -std=gnu++20 line 15: is 4:should be 1
FAIL: g++.dg/gcov/pr16855.C -std=gnu++20 line 22: is 4:should be 1
FAIL: g++.dg/gcov/pr16855.C -std=gnu++20 line 24: is #####:should be 1
FAIL: g++.dg/gcov/pr16855.C -std=gnu++20 line 38: is 4:should be 1
FAIL: g++.dg/gcov/pr16855.C -std=gnu++20 line 44: is 4:should be 1
FAIL: g++.dg/gcov/pr16855.C -std=gnu++20 line 49: is 4:should be 1
FAIL: g++.dg/gcov/pr16855.C -std=gnu++98 gcov: 1 failures in line counts, 0 in branch percentages, 0 in return percentages, 0 in intermediate format
FAIL: g++.dg/gcov/pr16855.C -std=gnu++98 line 24: is #####:should be 1
FAIL: g++.dg/modules/stdio-1_a.H -std=c++17 scan-lang-dump module "Depset:0 decl entity:[0-9]* function_decl:'::printf'"
FAIL: g++.dg/modules/stdio-1_a.H -std=c++2a scan-lang-dump module "Depset:0 decl entity:[0-9]* function_decl:'::printf'"
FAIL: g++.dg/modules/stdio-1_a.H -std=c++2b scan-lang-dump module "Depset:0 decl entity:[0-9]* function_decl:'::printf'"
FAIL: g++.dg/torture/pr80334.C -O0 execution test
FAIL: g++.dg/torture/pr80334.C -O1 execution test
FAIL: g++.dg/torture/pr80334.C -O2 execution test
FAIL: g++.dg/torture/pr80334.C -O2 -flto execution test
FAIL: g++.dg/torture/pr80334.C -O2 -flto -flto-partition=none execution test
FAIL: g++.dg/torture/pr80334.C -O3 -fomit-frame-pointer -funroll-loops -fpeel-loops -ftracer -finline-functions execution test
FAIL: g++.dg/torture/pr80334.C -O3 -g execution test
FAIL: g++.dg/torture/pr80334.C -Os execution test
FAIL: g++.target/i386/pr35513-1.C -std=gnu++14 execution test
FAIL: g++.target/i386/pr35513-1.C -std=gnu++17 execution test
FAIL: g++.target/i386/pr35513-1.C -std=gnu++20 execution test
FAIL: g++.target/i386/pr35513-1.C -std=gnu++98 execution test
FAIL: g++.target/i386/pr35513-2.C -std=gnu++14 execution test
FAIL: g++.target/i386/pr35513-2.C -std=gnu++17 execution test
FAIL: g++.target/i386/pr35513-2.C -std=gnu++20 execution test
FAIL: g++.target/i386/pr35513-2.C -std=gnu++98 execution test
=== g++ Summary for unix ===
# of expected passes 221742
# of unexpected failures 98
# of expected failures 1788
# of unsupported tests 10005
Running target unix/-m64
FAIL: g++.dg/gcov/pr16855-priority.C -std=gnu++14 gcov: 12 failures in line counts, 0 in branch percentages, 0 in return percentages, 0 in intermediate format
FAIL: g++.dg/gcov/pr16855-priority.C -std=gnu++14 line 14: is 2:should be 1
FAIL: g++.dg/gcov/pr16855-priority.C -std=gnu++14 line 21: is 2:should be 1
FAIL: g++.dg/gcov/pr16855-priority.C -std=gnu++14 line 23: is #####:should be 1
FAIL: g++.dg/gcov/pr16855-priority.C -std=gnu++14 line 37: is 2:should be 1
FAIL: g++.dg/gcov/pr16855-priority.C -std=gnu++14 line 43: is 2:should be 1
FAIL: g++.dg/gcov/pr16855-priority.C -std=gnu++14 line 48: is 2:should be 1
FAIL: g++.dg/gcov/pr16855-priority.C -std=gnu++14 line 53: is 2:should be 1
FAIL: g++.dg/gcov/pr16855-priority.C -std=gnu++14 line 58: is 2:should be 1
FAIL: g++.dg/gcov/pr16855-priority.C -std=gnu++14 line 63: is 2:should be 1
FAIL: g++.dg/gcov/pr16855-priority.C -std=gnu++14 line 68: is 2:should be 1
FAIL: g++.dg/gcov/pr16855-priority.C -std=gnu++14 line 73: is 2:should be 1
FAIL: g++.dg/gcov/pr16855-priority.C -std=gnu++14 line 78: is 2:should be 1
FAIL: g++.dg/gcov/pr16855-priority.C -std=gnu++17 gcov: 12 failures in line counts, 0 in branch percentages, 0 in return percentages, 0 in intermediate format
FAIL: g++.dg/gcov/pr16855-priority.C -std=gnu++17 line 14: is 3:should be 1
FAIL: g++.dg/gcov/pr16855-priority.C -std=gnu++17 line 21: is 3:should be 1
FAIL: g++.dg/gcov/pr16855-priority.C -std=gnu++17 line 23: is #####:should be 1
FAIL: g++.dg/gcov/pr16855-priority.C -std=gnu++17 line 37: is 3:should be 1
FAIL: g++.dg/gcov/pr16855-priority.C -std=gnu++17 line 43: is 3:should be 1
FAIL: g++.dg/gcov/pr16855-priority.C -std=gnu++17 line 48: is 3:should be 1
FAIL: g++.dg/gcov/pr16855-priority.C -std=gnu++17 line 53: is 3:should be 1
FAIL: g++.dg/gcov/pr16855-priority.C -std=gnu++17 line 58: is 3:should be 1
FAIL: g++.dg/gcov/pr16855-priority.C -std=gnu++17 line 63: is 3:should be 1
FAIL: g++.dg/gcov/pr16855-priority.C -std=gnu++17 line 68: is 3:should be 1
FAIL: g++.dg/gcov/pr16855-priority.C -std=gnu++17 line 73: is 3:should be 1
FAIL: g++.dg/gcov/pr16855-priority.C -std=gnu++17 line 78: is 3:should be 1
FAIL: g++.dg/gcov/pr16855-priority.C -std=gnu++20 gcov: 12 failures in line counts, 0 in branch percentages, 0 in return percentages, 0 in intermediate format
FAIL: g++.dg/gcov/pr16855-priority.C -std=gnu++20 line 14: is 4:should be 1
FAIL: g++.dg/gcov/pr16855-priority.C -std=gnu++20 line 21: is 4:should be 1
FAIL: g++.dg/gcov/pr16855-priority.C -std=gnu++20 line 23: is #####:should be 1
FAIL: g++.dg/gcov/pr16855-priority.C -std=gnu++20 line 37: is 4:should be 1
FAIL: g++.dg/gcov/pr16855-priority.C -std=gnu++20 line 43: is 4:should be 1
FAIL: g++.dg/gcov/pr16855-priority.C -std=gnu++20 line 48: is 4:should be 1
FAIL: g++.dg/gcov/pr16855-priority.C -std=gnu++20 line 53: is 4:should be 1
FAIL: g++.dg/gcov/pr16855-priority.C -std=gnu++20 line 58: is 4:should be 1
FAIL: g++.dg/gcov/pr16855-priority.C -std=gnu++20 line 63: is 4:should be 1
FAIL: g++.dg/gcov/pr16855-priority.C -std=gnu++20 line 68: is 4:should be 1
FAIL: g++.dg/gcov/pr16855-priority.C -std=gnu++20 line 73: is 4:should be 1
FAIL: g++.dg/gcov/pr16855-priority.C -std=gnu++20 line 78: is 4:should be 1
FAIL: g++.dg/gcov/pr16855-priority.C -std=gnu++98 gcov: 1 failures in line counts, 0 in branch percentages, 0 in return percentages, 0 in intermediate format
FAIL: g++.dg/gcov/pr16855-priority.C -std=gnu++98 line 23: is #####:should be 1
FAIL: g++.dg/gcov/pr16855.C -std=gnu++14 gcov: 6 failures in line counts, 0 in branch percentages, 0 in return percentages, 0 in intermediate format
FAIL: g++.dg/gcov/pr16855.C -std=gnu++14 line 15: is 2:should be 1
FAIL: g++.dg/gcov/pr16855.C -std=gnu++14 line 22: is 2:should be 1
FAIL: g++.dg/gcov/pr16855.C -std=gnu++14 line 24: is #####:should be 1
FAIL: g++.dg/gcov/pr16855.C -std=gnu++14 line 38: is 2:should be 1
FAIL: g++.dg/gcov/pr16855.C -std=gnu++14 line 44: is 2:should be 1
FAIL: g++.dg/gcov/pr16855.C -std=gnu++14 line 49: is 2:should be 1
FAIL: g++.dg/gcov/pr16855.C -std=gnu++17 gcov: 6 failures in line counts, 0 in branch percentages, 0 in return percentages, 0 in intermediate format
FAIL: g++.dg/gcov/pr16855.C -std=gnu++17 line 15: is 3:should be 1
FAIL: g++.dg/gcov/pr16855.C -std=gnu++17 line 22: is 3:should be 1
FAIL: g++.dg/gcov/pr16855.C -std=gnu++17 line 24: is #####:should be 1
FAIL: g++.dg/gcov/pr16855.C -std=gnu++17 line 38: is 3:should be 1
FAIL: g++.dg/gcov/pr16855.C -std=gnu++17 line 44: is 3:should be 1
FAIL: g++.dg/gcov/pr16855.C -std=gnu++17 line 49: is 3:should be 1
FAIL: g++.dg/gcov/pr16855.C -std=gnu++20 gcov: 6 failures in line counts, 0 in branch percentages, 0 in return percentages, 0 in intermediate format
FAIL: g++.dg/gcov/pr16855.C -std=gnu++20 line 15: is 4:should be 1
FAIL: g++.dg/gcov/pr16855.C -std=gnu++20 line 22: is 4:should be 1
FAIL: g++.dg/gcov/pr16855.C -std=gnu++20 line 24: is #####:should be 1
FAIL: g++.dg/gcov/pr16855.C -std=gnu++20 line 38: is 4:should be 1
FAIL: g++.dg/gcov/pr16855.C -std=gnu++20 line 44: is 4:should be 1
FAIL: g++.dg/gcov/pr16855.C -std=gnu++20 line 49: is 4:should be 1
FAIL: g++.dg/gcov/pr16855.C -std=gnu++98 gcov: 1 failures in line counts, 0 in branch percentages, 0 in return percentages, 0 in intermediate format
FAIL: g++.dg/gcov/pr16855.C -std=gnu++98 line 24: is #####:should be 1
FAIL: g++.dg/modules/stdio-1_a.H -std=c++17 scan-lang-dump module "Depset:0 decl entity:[0-9]* function_decl:'::printf'"
FAIL: g++.dg/modules/stdio-1_a.H -std=c++2a scan-lang-dump module "Depset:0 decl entity:[0-9]* function_decl:'::printf'"
FAIL: g++.dg/modules/stdio-1_a.H -std=c++2b scan-lang-dump module "Depset:0 decl entity:[0-9]* function_decl:'::printf'"
FAIL: g++.target/i386/pr97054.C -std=gnu++14 (test for excess errors)
UNRESOLVED: g++.target/i386/pr97054.C -std=gnu++14 compilation failed to produce executable
FAIL: g++.target/i386/pr97054.C -std=gnu++17 (test for excess errors)
UNRESOLVED: g++.target/i386/pr97054.C -std=gnu++17 compilation failed to produce executable
FAIL: g++.target/i386/pr97054.C -std=gnu++20 (test for excess errors)
UNRESOLVED: g++.target/i386/pr97054.C -std=gnu++20 compilation failed to produce executable
FAIL: g++.target/i386/pr97054.C -std=gnu++98 (test for excess errors)
UNRESOLVED: g++.target/i386/pr97054.C -std=gnu++98 compilation failed to produce executable
=== g++ Summary for unix/-m64 ===
# of expected passes 222108
# of unexpected failures 71
# of expected failures 1796
# of unresolved testcases 4
# of unsupported tests 9959
=== g++ Summary ===
# of expected passes 443850
# of unexpected failures 169
# of expected failures 3584
# of unresolved testcases 4
# of unsupported tests 19964
/var/gcc/regression/master/11.4-gcc-gas/build/gcc/xg++ version 12.0.1 20220225 (experimental) [master eabf7bbe601f2c0d87bd0a1012d7a602df2037da] (GCC)
=== gcc tests ===
Running target unix
FAIL: c-c++-common/asan/swapcontext-test-1.c -O0 execution test
FAIL: c-c++-common/asan/swapcontext-test-1.c -O1 execution test
FAIL: c-c++-common/asan/swapcontext-test-1.c -O2 execution test
FAIL: c-c++-common/asan/swapcontext-test-1.c -O2 -flto execution test
FAIL: c-c++-common/asan/swapcontext-test-1.c -O2 -flto -flto-partition=none execution test
FAIL: c-c++-common/asan/swapcontext-test-1.c -O3 -fomit-frame-pointer -funroll-loops -fpeel-loops -ftracer -finline-functions execution test
FAIL: c-c++-common/asan/swapcontext-test-1.c -O3 -g execution test
FAIL: c-c++-common/asan/swapcontext-test-1.c -Os execution test
FAIL: gcc.dg/deprecated.c (test for warnings, line 28)
FAIL: gcc.dg/deprecated.c (test for excess errors)
FAIL: gcc.dg/ipa/iinline-attr.c scan-ipa-dump inline "hooray[^\\\\n]*inline copy in test"
FAIL: gcc.dg/ipa/ipa-icf-38.c scan-ltrans-tree-dump-not optimized "Function bar"
FAIL: gcc-dg-lto-modref-3-01.exe scan-wpa-ipa-dump modref "parm 1 flags: no_direct_clobber no_direct_escape"
FAIL: gcc-dg-lto-modref-4-01.exe scan-wpa-ipa-dump modref "parm 1 flags: no_direct_clobber no_direct_escape"
FAIL: gcc.dg/lto/modref-3 c_lto_modref-3_0.o-c_lto_modref-3_1.o execute -O2 -flto-partition=max -fdump-ipa-modref -fno-ipa-sra -fno-ipa-cp -flto
FAIL: gcc.dg/lto/modref-4 c_lto_modref-4_0.o-c_lto_modref-4_1.o execute -O2 -flto-partition=max -fdump-ipa-modref -fno-ipa-sra -flto
FAIL: gcc.dg/tree-ssa/scev-3.c scan-tree-dump-times ivopts "&a" 1
FAIL: gcc.dg/tree-ssa/scev-4.c scan-tree-dump-times ivopts "&a" 1
FAIL: gcc.dg/tree-ssa/scev-5.c scan-tree-dump-times ivopts "&a" 1
FAIL: gcc.target/i386/avx512fp16-vcvtsi2sh-1b.c (test for excess errors)
UNRESOLVED: gcc.target/i386/avx512fp16-vcvtsi2sh-1b.c compilation failed to produce executable
FAIL: gcc.target/i386/avx512fp16-vcvtusi2sh-1b.c (test for excess errors)
UNRESOLVED: gcc.target/i386/avx512fp16-vcvtusi2sh-1b.c compilation failed to produce executable
FAIL: gcc.target/i386/pr100711-1.c scan-assembler-times pandn 2
FAIL: gcc.target/i386/pr104551.c execution test
XPASS: gcc.target/i386/pr84101.c scan-tree-dump-not slp2 "optimized: basic block"
=== gcc Summary for unix ===
# of expected passes 168430
# of unexpected failures 23
# of unexpected successes 1
# of expected failures 1340
# of unresolved testcases 2
# of unsupported tests 3556
Running target unix/-m64
FAIL: gcc.dg/deprecated.c (test for warnings, line 28)
FAIL: gcc.dg/deprecated.c (test for excess errors)
FAIL: gcc.dg/ipa/iinline-attr.c scan-ipa-dump inline "hooray[^\\\\n]*inline copy in test"
FAIL: gcc.dg/ipa/ipa-icf-38.c scan-ltrans-tree-dump-not optimized "Function bar"
FAIL: gcc-dg-lto-modref-3-01.exe scan-wpa-ipa-dump modref "parm 1 flags: no_direct_clobber no_direct_escape"
FAIL: gcc-dg-lto-modref-4-01.exe scan-wpa-ipa-dump modref "parm 1 flags: no_direct_clobber no_direct_escape"
FAIL: gcc.dg/lto/modref-3 c_lto_modref-3_0.o-c_lto_modref-3_1.o execute -O2 -flto-partition=max -fdump-ipa-modref -fno-ipa-sra -fno-ipa-cp -flto
FAIL: gcc.dg/lto/modref-4 c_lto_modref-4_0.o-c_lto_modref-4_1.o execute -O2 -flto-partition=max -fdump-ipa-modref -fno-ipa-sra -flto
XPASS: gcc.dg/tree-ssa/builtin-snprintf-6.c scan-tree-dump-times optimized "Function test_assign_aggregate" 1
FAIL: gcc.target/i386/auto-init-4.c scan-assembler-times long\\t-16843010 5
FAIL: gcc.target/i386/avx512fp16-vcvtsi2sh-1b.c (test for excess errors)
UNRESOLVED: gcc.target/i386/avx512fp16-vcvtsi2sh-1b.c compilation failed to produce executable
FAIL: gcc.target/i386/avx512fp16-vcvtsi2sh64-1b.c (test for excess errors)
UNRESOLVED: gcc.target/i386/avx512fp16-vcvtsi2sh64-1b.c compilation failed to produce executable
FAIL: gcc.target/i386/avx512fp16-vcvtusi2sh-1b.c (test for excess errors)
UNRESOLVED: gcc.target/i386/avx512fp16-vcvtusi2sh-1b.c compilation failed to produce executable
FAIL: gcc.target/i386/avx512fp16-vcvtusi2sh64-1b.c (test for excess errors)
UNRESOLVED: gcc.target/i386/avx512fp16-vcvtusi2sh64-1b.c compilation failed to produce executable
FAIL: gcc.target/i386/pr104551.c execution test
=== gcc Summary for unix/-m64 ===
# of expected passes 169863
# of unexpected failures 14
# of unexpected successes 1
# of expected failures 1324
# of unresolved testcases 4
# of unsupported tests 2749
=== gcc Summary ===
# of expected passes 338293
# of unexpected failures 37
# of unexpected successes 2
# of expected failures 2664
# of unresolved testcases 6
# of unsupported tests 6305
/var/gcc/regression/master/11.4-gcc-gas/build/gcc/xgcc version 12.0.1 20220225 (experimental) [master eabf7bbe601f2c0d87bd0a1012d7a602df2037da] (GCC)
=== gdc tests ===
Running target unix
UNRESOLVED: gdc.test/runnable/complex.d compilation failed to produce executable
UNRESOLVED: gdc.test/runnable/complex.d -shared-libphobos compilation failed to produce executable
UNRESOLVED: gdc.test/runnable/constfold.d compilation failed to produce executable
UNRESOLVED: gdc.test/runnable/constfold.d -shared-libphobos compilation failed to produce executable
UNRESOLVED: gdc.test/runnable/dhry.d compilation failed to produce executable
UNRESOLVED: gdc.test/runnable/dhry.d -shared-libphobos compilation failed to produce executable
UNRESOLVED: gdc.test/runnable_cxx/cppa.d compilation failed to produce executable
UNRESOLVED: gdc.test/runnable_cxx/cppa.d -g compilation failed to produce executable
UNRESOLVED: gdc.test/runnable_cxx/cppa.d -g -shared-libphobos compilation failed to produce executable
UNRESOLVED: gdc.test/runnable_cxx/cppa.d -shared-libphobos compilation failed to produce executable
UNRESOLVED: gdc.test/runnable_cxx/stdint.d compilation failed to produce executable
UNRESOLVED: gdc.test/runnable_cxx/stdint.d -shared-libphobos compilation failed to produce executable
=== gdc Summary for unix ===
# of expected passes 10965
# of unresolved testcases 12
# of unsupported tests 413
Running target unix/-m64
UNRESOLVED: gdc.test/runnable/complex.d compilation failed to produce executable
UNRESOLVED: gdc.test/runnable/complex.d -shared-libphobos compilation failed to produce executable
UNRESOLVED: gdc.test/runnable/constfold.d compilation failed to produce executable
UNRESOLVED: gdc.test/runnable/constfold.d -shared-libphobos compilation failed to produce executable
UNRESOLVED: gdc.test/runnable/dhry.d compilation failed to produce executable
UNRESOLVED: gdc.test/runnable/dhry.d -shared-libphobos compilation failed to produce executable
UNRESOLVED: gdc.test/runnable_cxx/cppa.d compilation failed to produce executable
UNRESOLVED: gdc.test/runnable_cxx/cppa.d -g compilation failed to produce executable
UNRESOLVED: gdc.test/runnable_cxx/cppa.d -g -shared-libphobos compilation failed to produce executable
UNRESOLVED: gdc.test/runnable_cxx/cppa.d -shared-libphobos compilation failed to produce executable
UNRESOLVED: gdc.test/runnable_cxx/stdint.d compilation failed to produce executable
UNRESOLVED: gdc.test/runnable_cxx/stdint.d -shared-libphobos compilation failed to produce executable
=== gdc Summary for unix/-m64 ===
# of expected passes 10964
# of unresolved testcases 12
# of unsupported tests 413
=== gdc Summary ===
# of expected passes 21929
# of unresolved testcases 24
# of unsupported tests 826
/var/gcc/regression/master/11.4-gcc-gas/build/gcc/gdc version 12.0.1 20220225 (experimental) [master eabf7bbe601f2c0d87bd0a1012d7a602df2037da] (GCC)
=== gfortran tests ===
Running target unix
FAIL: gfortran.dg/default_format_1.f90 -O0 execution test
FAIL: gfortran.dg/default_format_1.f90 -O1 execution test
FAIL: gfortran.dg/default_format_1.f90 -O2 execution test
FAIL: gfortran.dg/default_format_1.f90 -O3 -fomit-frame-pointer -funroll-loops -fpeel-loops -ftracer -finline-functions execution test
FAIL: gfortran.dg/default_format_1.f90 -O3 -g execution test
FAIL: gfortran.dg/default_format_1.f90 -Os execution test
FAIL: gfortran.dg/fmt_g0_1.f08 -O0 execution test
FAIL: gfortran.dg/fmt_g0_1.f08 -O1 execution test
FAIL: gfortran.dg/fmt_g0_1.f08 -O2 execution test
FAIL: gfortran.dg/fmt_g0_1.f08 -O3 -fomit-frame-pointer -funroll-loops -fpeel-loops -ftracer -finline-functions execution test
FAIL: gfortran.dg/fmt_g0_1.f08 -O3 -g execution test
FAIL: gfortran.dg/fmt_g0_1.f08 -Os execution test
FAIL: gfortran.dg/round_4.f90 -O0 execution test
FAIL: gfortran.dg/round_4.f90 -O1 execution test
FAIL: gfortran.dg/round_4.f90 -O2 execution test
FAIL: gfortran.dg/round_4.f90 -O3 -fomit-frame-pointer -funroll-loops -fpeel-loops -ftracer -finline-functions execution test
FAIL: gfortran.dg/round_4.f90 -O3 -g execution test
FAIL: gfortran.dg/round_4.f90 -Os execution test
FAIL: gfortran.dg/unlimited_polymorphic_3.f03 -Os execution test
FAIL: gfortran.dg/vector_subscript_1.f90 -O1 execution test
FAIL: gfortran.dg/vector_subscript_1.f90 -O2 execution test
FAIL: gfortran.dg/vector_subscript_1.f90 -O3 -fomit-frame-pointer -funroll-loops -fpeel-loops -ftracer -finline-functions execution test
FAIL: gfortran.dg/vector_subscript_1.f90 -O3 -g execution test
FAIL: gfortran.dg/vector_subscript_1.f90 -Os execution test
=== gfortran Summary for unix ===
# of expected passes 65371
# of unexpected failures 24
# of expected failures 274
# of unsupported tests 251
Running target unix/-m64
FAIL: gfortran.dg/unlimited_polymorphic_3.f03 -Os execution test
FAIL: gfortran.dg/vector_subscript_1.f90 -O1 execution test
FAIL: gfortran.dg/vector_subscript_1.f90 -O2 execution test
FAIL: gfortran.dg/vector_subscript_1.f90 -O3 -fomit-frame-pointer -funroll-loops -fpeel-loops -ftracer -finline-functions execution test
FAIL: gfortran.dg/vector_subscript_1.f90 -O3 -g execution test
FAIL: gfortran.dg/vector_subscript_1.f90 -Os execution test
=== gfortran Summary for unix/-m64 ===
# of expected passes 65685
# of unexpected failures 6
# of expected failures 272
# of unsupported tests 105
=== gfortran Summary ===
# of expected passes 131056
# of unexpected failures 30
# of expected failures 546
# of unsupported tests 356
/var/gcc/regression/master/11.4-gcc-gas/build/gcc/gfortran version 12.0.1 20220225 (experimental) [master eabf7bbe601f2c0d87bd0a1012d7a602df2037da] (GCC)
=== gnat tests ===
Running target unix
=== gnat Summary for unix ===
# of expected passes 3373
# of expected failures 23
# of unsupported tests 12
Running target unix/-m64
=== gnat Summary for unix/-m64 ===
# of expected passes 3374
# of expected failures 23
# of unsupported tests 10
=== gnat Summary ===
# of expected passes 6747
# of expected failures 46
# of unsupported tests 22
/var/gcc/regression/master/11.4-gcc-gas/build/gcc/gnatmake version 12.0.1 20220225 (experimental) [master eabf7bbe601f2c0d87bd0a1012d7a602df2037da]
=== go tests ===
Running target unix
FAIL: ./index0-out.go execution, -O0 -g -fno-var-tracking-assignments
FAIL: go.test/test/fixedbugs/issue10441.go -O (test for excess errors)
FAIL: go.test/test/fixedbugs/issue27836.dir/Ãfoo.go -O -I. (test for excess errors)
FAIL: go.test/test/fixedbugs/issue27836.dir/Ãmain.go -O -I. (test for excess errors)
FAIL: issue4458.go -O (test for errors, line 19)
FAIL: issue4458.go -O (test for excess errors)
=== go Summary for unix ===
# of expected passes 8994
# of unexpected failures 6
# of untested testcases 10
# of unsupported tests 34
Running target unix/-m64
FAIL: ./index0-out.go execution, -O0 -g -fno-var-tracking-assignments
FAIL: go.test/test/fixedbugs/issue10441.go -O (test for excess errors)
FAIL: go.test/test/fixedbugs/issue23781.go -O (test for excess errors)
FAIL: go.test/test/fixedbugs/issue27836.dir/Ãfoo.go -O -I. (test for excess errors)
FAIL: go.test/test/fixedbugs/issue27836.dir/Ãmain.go -O -I. (test for excess errors)
FAIL: issue4458.go -O (test for errors, line 19)
FAIL: issue4458.go -O (test for excess errors)
=== go Summary for unix/-m64 ===
# of expected passes 8881
# of unexpected failures 7
# of untested testcases 10
# of unsupported tests 28
=== go Summary ===
# of expected passes 17875
# of unexpected failures 13
# of untested testcases 20
# of unsupported tests 62
=== obj-c++ tests ===
Running target unix
=== obj-c++ Summary for unix ===
# of expected passes 1510
# of expected failures 2
# of unsupported tests 79
Running target unix/-m64
=== obj-c++ Summary for unix/-m64 ===
# of expected passes 1502
# of expected failures 10
# of unsupported tests 79
=== obj-c++ Summary ===
# of expected passes 3012
# of expected failures 12
# of unsupported tests 158
/var/gcc/regression/master/11.4-gcc-gas/build/gcc/xg++ version 12.0.1 20220225 (experimental) [master eabf7bbe601f2c0d87bd0a1012d7a602df2037da] (GCC)
=== objc tests ===
Running target unix
=== objc Summary for unix ===
# of expected passes 2840
# of expected failures 6
# of unsupported tests 71
Running target unix/-m64
=== objc Summary for unix/-m64 ===
# of expected passes 2840
# of expected failures 6
# of unsupported tests 71
=== objc Summary ===
# of expected passes 5680
# of expected failures 12
# of unsupported tests 142
/var/gcc/regression/master/11.4-gcc-gas/build/gcc/xgcc version 12.0.1 20220225 (experimental) [master eabf7bbe601f2c0d87bd0a1012d7a602df2037da] (GCC)
=== gotools tests ===
FAIL: TestScript
FAIL: go test cmd/go
FAIL: TestMemmoveAtomicity
FAIL: go test runtime
=== gotools Summary ===
# of expected passes 403
# of unexpected failures 4
# of untested testcases 132
/var/gcc/regression/master/11.4-gcc-gas/build/./gcc/gccgo version 12.0.1 20220225 (experimental) [master eabf7bbe601f2c0d87bd0a1012d7a602df2037da] (GCC)
=== libatomic tests ===
Running target unix
=== libatomic Summary for unix ===
# of expected passes 44
# of unsupported tests 5
Running target unix/-m64
=== libatomic Summary for unix/-m64 ===
# of expected passes 54
=== libatomic Summary ===
# of expected passes 98
# of unsupported tests 5
=== libffi tests ===
Running target unix
=== libffi Summary for unix ===
# of expected passes 3764
Running target unix/-m64
=== libffi Summary for unix/-m64 ===
# of expected passes 1574
=== libffi Summary ===
# of expected passes 5338
=== libgo tests ===
Running target unix
FAIL: encoding/json
FAIL: runtime
=== libgo Summary for unix ===
# of expected passes 194
# of unexpected failures 2
Running target unix/-m64
=== libgo Summary for unix/-m64 ===
# of expected passes 196
=== libgo Summary ===
# of expected passes 390
# of unexpected failures 2
/var/gcc/regression/master/11.4-gcc-gas/build/./gcc/gccgo version 12.0.1 20220225 (experimental) [master eabf7bbe601f2c0d87bd0a1012d7a602df2037da] (GCC)
=== libgomp tests ===
Running target unix
WARNING: libgomp.c++/task-reduction-13.C execution test program timed out.
FAIL: libgomp.c++/task-reduction-13.C execution test
FAIL: libgomp.fortran/pointer2.f90 -O2 execution test
FAIL: libgomp.fortran/pointer2.f90 -O3 -fomit-frame-pointer -funroll-loops -fpeel-loops -ftracer -finline-functions execution test
FAIL: libgomp.fortran/pointer2.f90 -O3 -g execution test
FAIL: libgomp.oacc-c++/../libgomp.oacc-c-c++-common/host_data-7.c -DACC_DEVICE_TYPE_host=1 -DACC_MEM_SHARED=1 -foffload=disable -O2 (test for excess errors)
FAIL: libgomp.oacc-c/../libgomp.oacc-c-c++-common/host_data-7.c -DACC_DEVICE_TYPE_host=1 -DACC_MEM_SHARED=1 -foffload=disable -O2 (test for excess errors)
=== libgomp Summary for unix ===
# of expected passes 12910
# of unexpected failures 6
# of expected failures 217
# of unsupported tests 563
Running target unix/-m64
WARNING: libgomp.c++/task-reduction-10.C execution test program timed out.
FAIL: libgomp.c++/task-reduction-10.C execution test
WARNING: libgomp.c++/task-reduction-11.C execution test program timed out.
FAIL: libgomp.c++/task-reduction-11.C execution test
WARNING: libgomp.c++/task-reduction-13.C execution test program timed out.
FAIL: libgomp.c++/task-reduction-13.C execution test
FAIL: libgomp.oacc-c++/../libgomp.oacc-c-c++-common/host_data-7.c -DACC_DEVICE_TYPE_host=1 -DACC_MEM_SHARED=1 -foffload=disable -O2 (test for excess errors)
FAIL: libgomp.oacc-c/../libgomp.oacc-c-c++-common/host_data-7.c -DACC_DEVICE_TYPE_host=1 -DACC_MEM_SHARED=1 -foffload=disable -O2 (test for excess errors)
=== libgomp Summary for unix/-m64 ===
# of expected passes 12912
# of unexpected failures 5
# of expected failures 217
# of unsupported tests 562
=== libgomp Summary ===
# of expected passes 25822
# of unexpected failures 11
# of expected failures 434
# of unsupported tests 1125
=== libitm tests ===
Running target unix
=== libitm Summary for unix ===
# of expected passes 44
# of expected failures 3
# of unsupported tests 1
Running target unix/-m64
=== libitm Summary for unix/-m64 ===
# of expected passes 44
# of expected failures 3
# of unsupported tests 1
=== libitm Summary ===
# of expected passes 88
# of expected failures 6
# of unsupported tests 2
=== libphobos tests ===
Running target unix
FAIL: libphobos.betterc/test19933.d -fno-druntime (test for excess errors)
UNRESOLVED: libphobos.betterc/test19933.d -fno-druntime compilation failed to produce executable
WARNING: libphobos.gc/forkgc2.d execution test program timed out.
FAIL: libphobos.gc/forkgc2.d execution test
WARNING: libphobos.gc/startbackgc.d execution test program timed out.
FAIL: libphobos.gc/startbackgc.d execution test
FAIL: libphobos.phobos/std/complex.d execution test
FAIL: libphobos.phobos/std/conv.d execution test
FAIL: libphobos.phobos/std/datetime/systime.d execution test
FAIL: libphobos.phobos/std/datetime/timezone.d execution test
FAIL: libphobos.phobos/std/experimental/allocator/building_blocks/region.d execution test
FAIL: libphobos.phobos/std/format/internal/floats.d execution test
FAIL: libphobos.phobos/std/format/internal/write.d execution test
FAIL: libphobos.phobos/std/format/package.d execution test
FAIL: libphobos.phobos/std/format/write.d execution test
FAIL: libphobos.phobos/std/math/hardware.d execution test
FAIL: libphobos.phobos/std/parallelism.d execution test
FAIL: libphobos.phobos/std/typecons.d execution test
FAIL: libphobos.phobos/std/variant.d execution test
FAIL: libphobos.phobos_shared/std/complex.d execution test
FAIL: libphobos.phobos_shared/std/conv.d execution test
FAIL: libphobos.phobos_shared/std/datetime/date.d execution test
FAIL: libphobos.phobos_shared/std/datetime/interval.d execution test
FAIL: libphobos.phobos_shared/std/datetime/systime.d execution test
FAIL: libphobos.phobos_shared/std/datetime/timezone.d execution test
FAIL: libphobos.phobos_shared/std/experimental/allocator/building_blocks/region.d execution test
FAIL: libphobos.phobos_shared/std/format/internal/floats.d execution test
FAIL: libphobos.phobos_shared/std/format/internal/write.d execution test
FAIL: libphobos.phobos_shared/std/format/package.d execution test
FAIL: libphobos.phobos_shared/std/format/write.d execution test
FAIL: libphobos.phobos_shared/std/math/hardware.d execution test
FAIL: libphobos.phobos_shared/std/parallelism.d execution test
FAIL: libphobos.phobos_shared/std/typecons.d execution test
FAIL: libphobos.phobos_shared/std/variant.d execution test
FAIL: libphobos.shared/finalize.d -shared-libphobos -ldl execution test
FAIL: libphobos.shared/load.d -shared-libphobos -ldl execution test
FAIL: libphobos.shared/load_13414.d -shared-libphobos -ldl execution test
=== libphobos Summary for unix ===
# of expected passes 1067
# of unexpected failures 34
# of unresolved testcases 1
Running target unix/-m64
FAIL: libphobos.betterc/test19933.d -fno-druntime (test for excess errors)
UNRESOLVED: libphobos.betterc/test19933.d -fno-druntime compilation failed to produce executable
FAIL: libphobos.phobos/std/complex.d execution test
FAIL: libphobos.phobos/std/conv.d execution test
FAIL: libphobos.phobos/std/datetime/date.d execution test
FAIL: libphobos.phobos/std/datetime/interval.d execution test
FAIL: libphobos.phobos/std/datetime/systime.d execution test
FAIL: libphobos.phobos/std/datetime/timezone.d execution test
FAIL: libphobos.phobos/std/experimental/allocator/building_blocks/region.d execution test
FAIL: libphobos.phobos/std/file.d execution test
FAIL: libphobos.phobos/std/format/internal/floats.d execution test
FAIL: libphobos.phobos/std/format/internal/write.d execution test
FAIL: libphobos.phobos/std/format/package.d execution test
FAIL: libphobos.phobos/std/format/write.d execution test
FAIL: libphobos.phobos/std/math/hardware.d execution test
FAIL: libphobos.phobos/std/parallelism.d execution test
FAIL: libphobos.phobos/std/typecons.d execution test
FAIL: libphobos.phobos/std/variant.d execution test
FAIL: libphobos.phobos_shared/std/complex.d execution test
FAIL: libphobos.phobos_shared/std/conv.d execution test
FAIL: libphobos.phobos_shared/std/datetime/date.d execution test
FAIL: libphobos.phobos_shared/std/datetime/interval.d execution test
FAIL: libphobos.phobos_shared/std/datetime/systime.d execution test
FAIL: libphobos.phobos_shared/std/datetime/timezone.d execution test
FAIL: libphobos.phobos_shared/std/experimental/allocator/building_blocks/region.d execution test
FAIL: libphobos.phobos_shared/std/file.d execution test
FAIL: libphobos.phobos_shared/std/format/internal/floats.d execution test
FAIL: libphobos.phobos_shared/std/format/internal/write.d execution test
FAIL: libphobos.phobos_shared/std/format/package.d execution test
FAIL: libphobos.phobos_shared/std/format/write.d execution test
FAIL: libphobos.phobos_shared/std/math/hardware.d execution test
FAIL: libphobos.phobos_shared/std/parallelism.d execution test
FAIL: libphobos.phobos_shared/std/typecons.d execution test
FAIL: libphobos.phobos_shared/std/variant.d execution test
FAIL: libphobos.shared/finalize.d -shared-libphobos -ldl execution test
FAIL: libphobos.shared/load.d -shared-libphobos -ldl execution test
FAIL: libphobos.shared/load_13414.d -shared-libphobos -ldl execution test
=== libphobos Summary for unix/-m64 ===
# of expected passes 1065
# of unexpected failures 36
# of unresolved testcases 1
=== libphobos Summary ===
# of expected passes 2132
# of unexpected failures 70
# of unresolved testcases 2
=== libstdc++ tests ===
Running target unix
FAIL: libstdc++-abi/abi_check
FAIL: 27_io/filesystem/iterators/error_reporting.cc (test for excess errors)
FAIL: 30_threads/future/members/poll.cc execution test
FAIL: ext/random/k_distribution/operators/serialize.cc execution test
=== libstdc++ Summary for unix ===
# of expected passes 15070
# of unexpected failures 4
# of expected failures 96
# of unsupported tests 737
Running target unix/-m64
FAIL: libstdc++-abi/abi_check
FAIL: 27_io/filesystem/iterators/error_reporting.cc (test for excess errors)
WARNING: 29_atomics/atomic_float/wait_notify.cc execution test program timed out.
FAIL: 29_atomics/atomic_float/wait_notify.cc execution test
WARNING: 29_atomics/atomic_integral/wait_notify.cc execution test program timed out.
FAIL: 29_atomics/atomic_integral/wait_notify.cc execution test
WARNING: 29_atomics/atomic_ref/wait_notify.cc execution test program timed out.
FAIL: 29_atomics/atomic_ref/wait_notify.cc execution test
WARNING: 30_threads/barrier/completion.cc execution test program timed out.
FAIL: 30_threads/barrier/completion.cc execution test
FAIL: 30_threads/future/members/poll.cc execution test
WARNING: 30_threads/semaphore/try_acquire_posix.cc execution test program timed out.
FAIL: 30_threads/semaphore/try_acquire_posix.cc execution test
WARNING: 30_threads/semaphore/try_acquire_until.cc execution test program timed out.
FAIL: 30_threads/semaphore/try_acquire_until.cc execution test
=== libstdc++ Summary for unix/-m64 ===
# of expected passes 15053
# of unexpected failures 9
# of expected failures 96
# of unsupported tests 743
=== libstdc++ Summary ===
# of expected passes 30123
# of unexpected failures 13
# of expected failures 192
# of unsupported tests 1480
Compiler version: 12.0.1 20220225 (experimental) [master eabf7bbe601f2c0d87bd0a1012d7a602df2037da] (GCC)
Platform: i386-pc-solaris2.11
configure flags: --prefix=/vol/gcc --target=i386-pc-solaris2.11 --enable-objc-gc --with-target-bdw-gc-include=/vol/gcc/include --with-target-bdw-gc-lib=/vol/gcc/lib,amd64=/vol/gcc/lib/amd64 --with-as=/vol/gcc/bin/gas-2.38 --with-gnu-as --with-gmp-include=/vol/gcc/include --with-gmp-lib=/vol/gcc/lib --with-mpfr-include=/vol/gcc/include --with-mpfr-lib=/vol/gcc/lib --with-mpc-include=/vol/gcc/include --with-mpc-lib=/vol/gcc/lib --enable-languages=all,ada,obj-c++,go --with-isl-include=/vol/gcc/include --with-isl-lib=/vol/gcc/lib --with-zstd-include=/vol/gcc/include --with-zstd-lib=/vol/gcc/lib --build=i386-pc-solaris2.11 --host=i386-pc-solaris2.11
BOOT_CFLAGS=-g -O2
More information about the Gcc-testresults
mailing list