Results for 9.4.1 20220205 [releases/gcc-9 revision 2953e3d1b9b:d320e09cd84:dee1a6550428416bc9169d7d039eb22d942ad7cd] (GCC) testsuite on avr-unknown-none
The GnuPru BuildBot
gnupru.buildbot@gmail.com
Sun Feb 6 06:09:51 GMT 2022
WARNING: Many C++ failures have been omitted due to lack of libstdc++ on AVR!
Only G++ regressions are reported below.
LAST_UPDATED: 6.02.2022 (нд) 6:00:31 UTC (revision )
Target is avr-unknown-none
Host is x86_64-pc-linux-gnu
=== gcc tests ===
Running target atmega128-sim
FAIL: gcc.c-torture/compile/pr96426.c -O0 (test for excess errors)
FAIL: gcc.c-torture/compile/pr96426.c -O1 (test for excess errors)
FAIL: gcc.c-torture/compile/pr96426.c -O2 (test for excess errors)
FAIL: gcc.c-torture/compile/pr96426.c -O2 -flto -fno-use-linker-plugin -flto-partition=none (test for excess errors)
FAIL: gcc.c-torture/compile/pr96426.c -O2 -flto -fuse-linker-plugin -fno-fat-lto-objects (test for excess errors)
FAIL: gcc.c-torture/compile/pr96426.c -O3 -g (test for excess errors)
FAIL: gcc.c-torture/compile/pr96426.c -Os (test for excess errors)
FAIL: gcc.c-torture/execute/20190820-1.c -O0 (test for excess errors)
UNRESOLVED: gcc.c-torture/execute/20190820-1.c -O0 compilation failed to produce executable
FAIL: gcc.c-torture/execute/20190820-1.c -O1 (test for excess errors)
UNRESOLVED: gcc.c-torture/execute/20190820-1.c -O1 compilation failed to produce executable
FAIL: gcc.c-torture/execute/20190820-1.c -O2 (test for excess errors)
UNRESOLVED: gcc.c-torture/execute/20190820-1.c -O2 compilation failed to produce executable
FAIL: gcc.c-torture/execute/20190820-1.c -O2 -flto -fno-use-linker-plugin -flto-partition=none (test for excess errors)
UNRESOLVED: gcc.c-torture/execute/20190820-1.c -O2 -flto -fno-use-linker-plugin -flto-partition=none compilation failed to produce executable
FAIL: gcc.c-torture/execute/20190820-1.c -O2 -flto -fuse-linker-plugin -fno-fat-lto-objects (test for excess errors)
UNRESOLVED: gcc.c-torture/execute/20190820-1.c -O2 -flto -fuse-linker-plugin -fno-fat-lto-objects compilation failed to produce executable
FAIL: gcc.c-torture/execute/20190820-1.c -O3 -fomit-frame-pointer -funroll-loops -fpeel-loops -ftracer -finline-functions (test for excess errors)
UNRESOLVED: gcc.c-torture/execute/20190820-1.c -O3 -fomit-frame-pointer -funroll-loops -fpeel-loops -ftracer -finline-functions compilation failed to produce executable
FAIL: gcc.c-torture/execute/20190820-1.c -O3 -g (test for excess errors)
UNRESOLVED: gcc.c-torture/execute/20190820-1.c -O3 -g compilation failed to produce executable
FAIL: gcc.c-torture/execute/20190820-1.c -Os (test for excess errors)
UNRESOLVED: gcc.c-torture/execute/20190820-1.c -Os compilation failed to produce executable
FAIL: gcc.c-torture/execute/20190901-1.c -O0 (test for excess errors)
UNRESOLVED: gcc.c-torture/execute/20190901-1.c -O0 compilation failed to produce executable
FAIL: gcc.c-torture/execute/20190901-1.c -O1 (test for excess errors)
UNRESOLVED: gcc.c-torture/execute/20190901-1.c -O1 compilation failed to produce executable
FAIL: gcc.c-torture/execute/20190901-1.c -O2 (test for excess errors)
UNRESOLVED: gcc.c-torture/execute/20190901-1.c -O2 compilation failed to produce executable
FAIL: gcc.c-torture/execute/20190901-1.c -O2 -flto -fno-use-linker-plugin -flto-partition=none (test for excess errors)
UNRESOLVED: gcc.c-torture/execute/20190901-1.c -O2 -flto -fno-use-linker-plugin -flto-partition=none compilation failed to produce executable
FAIL: gcc.c-torture/execute/20190901-1.c -O2 -flto -fuse-linker-plugin -fno-fat-lto-objects (test for excess errors)
UNRESOLVED: gcc.c-torture/execute/20190901-1.c -O2 -flto -fuse-linker-plugin -fno-fat-lto-objects compilation failed to produce executable
FAIL: gcc.c-torture/execute/20190901-1.c -O3 -g (test for excess errors)
UNRESOLVED: gcc.c-torture/execute/20190901-1.c -O3 -g compilation failed to produce executable
FAIL: gcc.c-torture/execute/20190901-1.c -Os (test for excess errors)
UNRESOLVED: gcc.c-torture/execute/20190901-1.c -Os compilation failed to produce executable
FAIL: gcc.c-torture/execute/float-floor.c -O0 (test for excess errors)
UNRESOLVED: gcc.c-torture/execute/float-floor.c -O0 compilation failed to produce executable
FAIL: gcc.c-torture/execute/float-floor.c -O1 (test for excess errors)
UNRESOLVED: gcc.c-torture/execute/float-floor.c -O1 compilation failed to produce executable
FAIL: gcc.c-torture/execute/float-floor.c -O2 (test for excess errors)
UNRESOLVED: gcc.c-torture/execute/float-floor.c -O2 compilation failed to produce executable
FAIL: gcc.c-torture/execute/float-floor.c -O2 -flto -fno-use-linker-plugin -flto-partition=none (test for excess errors)
UNRESOLVED: gcc.c-torture/execute/float-floor.c -O2 -flto -fno-use-linker-plugin -flto-partition=none compilation failed to produce executable
FAIL: gcc.c-torture/execute/float-floor.c -O3 -g (test for excess errors)
UNRESOLVED: gcc.c-torture/execute/float-floor.c -O3 -g compilation failed to produce executable
FAIL: gcc.c-torture/execute/float-floor.c -Os (test for excess errors)
UNRESOLVED: gcc.c-torture/execute/float-floor.c -Os compilation failed to produce executable
FAIL: gcc.c-torture/execute/fprintf-2.c -O0 (test for excess errors)
UNRESOLVED: gcc.c-torture/execute/fprintf-2.c -O0 compilation failed to produce executable
FAIL: gcc.c-torture/execute/fprintf-2.c -O1 (test for excess errors)
UNRESOLVED: gcc.c-torture/execute/fprintf-2.c -O1 compilation failed to produce executable
FAIL: gcc.c-torture/execute/fprintf-2.c -O2 (test for excess errors)
UNRESOLVED: gcc.c-torture/execute/fprintf-2.c -O2 compilation failed to produce executable
FAIL: gcc.c-torture/execute/fprintf-2.c -O2 -flto -fno-use-linker-plugin -flto-partition=none (test for excess errors)
UNRESOLVED: gcc.c-torture/execute/fprintf-2.c -O2 -flto -fno-use-linker-plugin -flto-partition=none compilation failed to produce executable
FAIL: gcc.c-torture/execute/fprintf-2.c -O2 -flto -fuse-linker-plugin -fno-fat-lto-objects (test for excess errors)
UNRESOLVED: gcc.c-torture/execute/fprintf-2.c -O2 -flto -fuse-linker-plugin -fno-fat-lto-objects compilation failed to produce executable
FAIL: gcc.c-torture/execute/fprintf-2.c -O3 -g (test for excess errors)
UNRESOLVED: gcc.c-torture/execute/fprintf-2.c -O3 -g compilation failed to produce executable
FAIL: gcc.c-torture/execute/fprintf-2.c -Os (test for excess errors)
UNRESOLVED: gcc.c-torture/execute/fprintf-2.c -Os compilation failed to produce executable
FAIL: gcc.c-torture/execute/pr64242.c -O2 execution test
FAIL: gcc.c-torture/execute/pr64242.c -O2 -flto -fno-use-linker-plugin -flto-partition=none execution test
FAIL: gcc.c-torture/execute/pr64242.c -O2 -flto -fuse-linker-plugin -fno-fat-lto-objects execution test
FAIL: gcc.c-torture/execute/pr64242.c -O3 -g execution test
FAIL: gcc.c-torture/execute/pr64242.c -Os execution test
FAIL: gcc.c-torture/execute/pr85331.c -O0 (test for excess errors)
UNRESOLVED: gcc.c-torture/execute/pr85331.c -O0 compilation failed to produce executable
FAIL: gcc.c-torture/execute/pr85331.c -O1 (test for excess errors)
UNRESOLVED: gcc.c-torture/execute/pr85331.c -O1 compilation failed to produce executable
FAIL: gcc.c-torture/execute/pr85331.c -O2 (test for excess errors)
UNRESOLVED: gcc.c-torture/execute/pr85331.c -O2 compilation failed to produce executable
FAIL: gcc.c-torture/execute/pr85331.c -O2 -flto -fno-use-linker-plugin -flto-partition=none (test for excess errors)
UNRESOLVED: gcc.c-torture/execute/pr85331.c -O2 -flto -fno-use-linker-plugin -flto-partition=none compilation failed to produce executable
FAIL: gcc.c-torture/execute/pr85331.c -O2 -flto -fuse-linker-plugin -fno-fat-lto-objects (test for excess errors)
UNRESOLVED: gcc.c-torture/execute/pr85331.c -O2 -flto -fuse-linker-plugin -fno-fat-lto-objects compilation failed to produce executable
FAIL: gcc.c-torture/execute/pr85331.c -O3 -g (test for excess errors)
UNRESOLVED: gcc.c-torture/execute/pr85331.c -O3 -g compilation failed to produce executable
FAIL: gcc.c-torture/execute/pr85331.c -Os (test for excess errors)
UNRESOLVED: gcc.c-torture/execute/pr85331.c -Os compilation failed to produce executable
FAIL: gcc.c-torture/execute/pr90025.c -O0 execution test
FAIL: gcc.c-torture/execute/pr90025.c -O1 execution test
FAIL: gcc.c-torture/execute/pr90025.c -O2 execution test
FAIL: gcc.c-torture/execute/pr90025.c -O2 -flto -fno-use-linker-plugin -flto-partition=none execution test
FAIL: gcc.c-torture/execute/pr90025.c -O2 -flto -fuse-linker-plugin -fno-fat-lto-objects execution test
FAIL: gcc.c-torture/execute/pr90025.c -O3 -fomit-frame-pointer -funroll-loops -fpeel-loops -ftracer -finline-functions execution test
FAIL: gcc.c-torture/execute/pr90025.c -O3 -g execution test
FAIL: gcc.c-torture/execute/pr90025.c -Os execution test
FAIL: gcc.c-torture/execute/printf-2.c -O0 (test for excess errors)
UNRESOLVED: gcc.c-torture/execute/printf-2.c -O0 compilation failed to produce executable
FAIL: gcc.c-torture/execute/printf-2.c -O1 (test for excess errors)
UNRESOLVED: gcc.c-torture/execute/printf-2.c -O1 compilation failed to produce executable
FAIL: gcc.c-torture/execute/printf-2.c -O2 (test for excess errors)
UNRESOLVED: gcc.c-torture/execute/printf-2.c -O2 compilation failed to produce executable
FAIL: gcc.c-torture/execute/printf-2.c -O2 -flto -fno-use-linker-plugin -flto-partition=none (test for excess errors)
UNRESOLVED: gcc.c-torture/execute/printf-2.c -O2 -flto -fno-use-linker-plugin -flto-partition=none compilation failed to produce executable
FAIL: gcc.c-torture/execute/printf-2.c -O2 -flto -fuse-linker-plugin -fno-fat-lto-objects (test for excess errors)
UNRESOLVED: gcc.c-torture/execute/printf-2.c -O2 -flto -fuse-linker-plugin -fno-fat-lto-objects compilation failed to produce executable
FAIL: gcc.c-torture/execute/printf-2.c -O3 -g (test for excess errors)
UNRESOLVED: gcc.c-torture/execute/printf-2.c -O3 -g compilation failed to produce executable
FAIL: gcc.c-torture/execute/printf-2.c -Os (test for excess errors)
UNRESOLVED: gcc.c-torture/execute/printf-2.c -Os compilation failed to produce executable
FAIL: gcc.c-torture/execute/user-printf.c -O0 (test for excess errors)
UNRESOLVED: gcc.c-torture/execute/user-printf.c -O0 compilation failed to produce executable
FAIL: gcc.c-torture/execute/user-printf.c -O1 (test for excess errors)
UNRESOLVED: gcc.c-torture/execute/user-printf.c -O1 compilation failed to produce executable
FAIL: gcc.c-torture/execute/user-printf.c -O2 (test for excess errors)
UNRESOLVED: gcc.c-torture/execute/user-printf.c -O2 compilation failed to produce executable
FAIL: gcc.c-torture/execute/user-printf.c -O2 -flto -fno-use-linker-plugin -flto-partition=none (test for excess errors)
UNRESOLVED: gcc.c-torture/execute/user-printf.c -O2 -flto -fno-use-linker-plugin -flto-partition=none compilation failed to produce executable
FAIL: gcc.c-torture/execute/user-printf.c -O2 -flto -fuse-linker-plugin -fno-fat-lto-objects (test for excess errors)
UNRESOLVED: gcc.c-torture/execute/user-printf.c -O2 -flto -fuse-linker-plugin -fno-fat-lto-objects compilation failed to produce executable
FAIL: gcc.c-torture/execute/user-printf.c -O3 -fomit-frame-pointer -funroll-loops -fpeel-loops -ftracer -finline-functions (test for excess errors)
UNRESOLVED: gcc.c-torture/execute/user-printf.c -O3 -fomit-frame-pointer -funroll-loops -fpeel-loops -ftracer -finline-functions compilation failed to produce executable
FAIL: gcc.c-torture/execute/user-printf.c -O3 -g (test for excess errors)
UNRESOLVED: gcc.c-torture/execute/user-printf.c -O3 -g compilation failed to produce executable
FAIL: gcc.c-torture/execute/user-printf.c -Os (test for excess errors)
UNRESOLVED: gcc.c-torture/execute/user-printf.c -Os compilation failed to produce executable
FAIL: gcc.c-torture/execute/ieee/20041213-1.c compilation, -O0
FAIL: gcc.c-torture/execute/ieee/20041213-1.c compilation, -O1
FAIL: gcc.c-torture/execute/ieee/20041213-1.c compilation, -O2
FAIL: gcc.c-torture/execute/ieee/20041213-1.c compilation, -O2 -flto -fno-use-linker-plugin -flto-partition=none
FAIL: gcc.c-torture/execute/ieee/20041213-1.c compilation, -O2 -flto -fuse-linker-plugin -fno-fat-lto-objects
FAIL: gcc.c-torture/execute/ieee/20041213-1.c compilation, -O3 -g
FAIL: gcc.c-torture/execute/ieee/20041213-1.c compilation, -Og -g
FAIL: gcc.c-torture/execute/ieee/20041213-1.c compilation, -Os
UNRESOLVED: gcc.c-torture/execute/ieee/20041213-1.c execution, -O0
UNRESOLVED: gcc.c-torture/execute/ieee/20041213-1.c execution, -O1
UNRESOLVED: gcc.c-torture/execute/ieee/20041213-1.c execution, -O2
UNRESOLVED: gcc.c-torture/execute/ieee/20041213-1.c execution, -O2 -flto -fno-use-linker-plugin -flto-partition=none
UNRESOLVED: gcc.c-torture/execute/ieee/20041213-1.c execution, -O2 -flto -fuse-linker-plugin -fno-fat-lto-objects
UNRESOLVED: gcc.c-torture/execute/ieee/20041213-1.c execution, -O3 -g
UNRESOLVED: gcc.c-torture/execute/ieee/20041213-1.c execution, -Og -g
UNRESOLVED: gcc.c-torture/execute/ieee/20041213-1.c execution, -Os
FAIL: gcc.dg/debug/dwarf2/inline5.c scan-assembler-not \\\\(DIE \\\\(0x([0-9a-f]*)\\\\) DW_TAG_lexical_block\\\\)[^#/!@;\\\\|]*[#/!@;\\\\|]+ +[^(].*DW_TAG_lexical_block\\\\)[^#/!@;\\\\|x]*x\\\\1[^#/!@;\\\\|]*[#/!@;\\\\|] +DW_AT_abstract_origin
FAIL: gcc.dg/debug/dwarf2/inline5.c scan-assembler-times DW_TAG_lexical_block\\\\)[^#/!@;\\\\|]*[#/!@;\\\\|]+ +[^#/!@\\\\|]*\\\\(DIE \\\\(0x[0-9a-f]*\\\\) DW_TAG_variable 1
FAIL: c-c++-common/Waddress-of-packed-member-1.c -Wc++-compat (test for warnings, line 55)
FAIL: c-c++-common/Waddress-of-packed-member-1.c -Wc++-compat (test for warnings, line 56)
FAIL: c-c++-common/Waddress-of-packed-member-1.c -Wc++-compat (test for warnings, line 57)
FAIL: c-c++-common/Waddress-of-packed-member-1.c -Wc++-compat (test for warnings, line 58)
FAIL: c-c++-common/Waddress-of-packed-member-1.c -Wc++-compat (test for warnings, line 59)
FAIL: c-c++-common/Waddress-of-packed-member-1.c -Wc++-compat (test for warnings, line 60)
FAIL: c-c++-common/Waddress-of-packed-member-1.c -Wc++-compat (test for warnings, line 61)
FAIL: c-c++-common/Waddress-of-packed-member-1.c -Wc++-compat (test for warnings, line 62)
FAIL: c-c++-common/Waddress-of-packed-member-1.c -Wc++-compat (test for warnings, line 63)
FAIL: c-c++-common/Waddress-of-packed-member-1.c -Wc++-compat (test for warnings, line 64)
FAIL: c-c++-common/Waddress-of-packed-member-1.c -Wc++-compat (test for warnings, line 65)
FAIL: c-c++-common/Waddress-of-packed-member-1.c -Wc++-compat (test for warnings, line 66)
FAIL: c-c++-common/Waddress-of-packed-member-1.c -Wc++-compat (test for warnings, line 67)
FAIL: c-c++-common/Waddress-of-packed-member-1.c -Wc++-compat (test for warnings, line 68)
FAIL: c-c++-common/Waddress-of-packed-member-1.c -Wc++-compat (test for warnings, line 69)
FAIL: c-c++-common/Waddress-of-packed-member-1.c -Wc++-compat (test for warnings, line 70)
FAIL: c-c++-common/Waddress-of-packed-member-1.c -Wc++-compat (test for warnings, line 71)
FAIL: c-c++-common/Waddress-of-packed-member-1.c -Wc++-compat (test for warnings, line 72)
FAIL: c-c++-common/Waddress-of-packed-member-1.c -Wc++-compat (test for warnings, line 73)
FAIL: c-c++-common/Waddress-of-packed-member-1.c -Wc++-compat (test for warnings, line 74)
FAIL: c-c++-common/Waddress-of-packed-member-1.c -Wc++-compat (test for warnings, line 75)
FAIL: c-c++-common/Waddress-of-packed-member-1.c -Wc++-compat (test for warnings, line 76)
FAIL: c-c++-common/Waddress-of-packed-member-1.c -Wc++-compat (test for warnings, line 77)
FAIL: c-c++-common/Waddress-of-packed-member-1.c -Wc++-compat (test for warnings, line 78)
FAIL: c-c++-common/Waddress-of-packed-member-2.c -Wc++-compat (test for warnings, line 27)
FAIL: c-c++-common/Waddress-of-packed-member-2.c -Wc++-compat (test for warnings, line 28)
FAIL: c-c++-common/Waddress-of-packed-member-2.c -Wc++-compat (test for warnings, line 29)
FAIL: c-c++-common/Waddress-of-packed-member-2.c -Wc++-compat (test for warnings, line 30)
FAIL: c-c++-common/Waddress-of-packed-member-2.c -Wc++-compat (test for warnings, line 31)
FAIL: c-c++-common/Waddress-of-packed-member-2.c -Wc++-compat (test for warnings, line 32)
FAIL: c-c++-common/Waddress-of-packed-member-2.c -Wc++-compat (test for warnings, line 33)
FAIL: c-c++-common/Waddress-of-packed-member-2.c -Wc++-compat (test for warnings, line 34)
FAIL: c-c++-common/Waddress-of-packed-member-2.c -Wc++-compat (test for warnings, line 35)
FAIL: c-c++-common/Waddress-of-packed-member-2.c -Wc++-compat (test for warnings, line 36)
FAIL: c-c++-common/Waddress-of-packed-member-2.c -Wc++-compat (test for warnings, line 37)
FAIL: c-c++-common/Waddress-of-packed-member-2.c -Wc++-compat (test for warnings, line 38)
FAIL: c-c++-common/Waddress-of-packed-member-2.c -Wc++-compat (test for warnings, line 39)
FAIL: c-c++-common/Waddress-of-packed-member-2.c -Wc++-compat (test for warnings, line 40)
FAIL: c-c++-common/Waddress-of-packed-member-2.c -Wc++-compat (test for warnings, line 41)
FAIL: c-c++-common/Waddress-of-packed-member-2.c -Wc++-compat (test for warnings, line 42)
FAIL: c-c++-common/Waddress-of-packed-member-2.c -Wc++-compat (test for warnings, line 43)
FAIL: c-c++-common/Waddress-of-packed-member-2.c -Wc++-compat (test for warnings, line 44)
FAIL: c-c++-common/Waddress-of-packed-member-2.c -Wc++-compat (test for excess errors)
FAIL: c-c++-common/Warray-bounds-3.c -Wc++-compat (test for excess errors)
XPASS: c-c++-common/Warray-bounds-3.c -Wc++-compat bug (test for warnings, line 161)
FAIL: c-c++-common/Wattributes.c -Wc++-compat (test for excess errors)
FAIL: c-c++-common/Wcast-align.c -Wc++-compat (test for warnings, line 19)
FAIL: c-c++-common/Wcast-align.c -Wc++-compat (test for warnings, line 20)
XPASS: c-c++-common/Wrestrict.c -Wc++-compat pr79220 (test for warnings, line 198)
XPASS: c-c++-common/Wrestrict.c -Wc++-compat pr79220 (test for warnings, line 205)
XPASS: c-c++-common/Wrestrict.c -Wc++-compat pr79220 (test for warnings, line 210)
FAIL: c-c++-common/builtin-has-attribute-4.c -Wc++-compat (test for excess errors)
FAIL: c-c++-common/builtin-has-attribute-7.c -Wc++-compat (test for excess errors)
FAIL: c-c++-common/pr51628-13.c -Wc++-compat (test for warnings, line 8)
FAIL: c-c++-common/pr51628-15.c -Wc++-compat (test for warnings, line 12)
FAIL: c-c++-common/pr51628-16.c -Wc++-compat (test for warnings, line 10)
FAIL: c-c++-common/pr51628-16.c -Wc++-compat (test for warnings, line 12)
FAIL: c-c++-common/pr51628-26.c -Wc++-compat (test for warnings, line 17)
FAIL: c-c++-common/pr51628-26.c -Wc++-compat (test for warnings, line 24)
FAIL: c-c++-common/pr51628-26.c -Wc++-compat (test for warnings, line 31)
FAIL: c-c++-common/pr51628-27.c -Wc++-compat (test for warnings, line 11)
FAIL: c-c++-common/pr51628-28.c -Wc++-compat (test for warnings, line 13)
FAIL: c-c++-common/pr51628-28.c -Wc++-compat (test for warnings, line 15)
FAIL: c-c++-common/pr51628-28.c -Wc++-compat (test for warnings, line 23)
FAIL: c-c++-common/pr51628-28.c -Wc++-compat (test for warnings, line 26)
FAIL: c-c++-common/pr51628-28.c -Wc++-compat (test for warnings, line 28)
FAIL: c-c++-common/pr51628-29.c -Wc++-compat (test for warnings, line 14)
FAIL: c-c++-common/pr51628-29.c -Wc++-compat (test for excess errors)
FAIL: c-c++-common/pr51628-3.c -Wc++-compat (test for warnings, line 15)
FAIL: c-c++-common/pr51628-3.c -Wc++-compat (test for warnings, line 23)
FAIL: c-c++-common/pr51628-3.c -Wc++-compat (test for warnings, line 26)
FAIL: c-c++-common/pr51628-3.c -Wc++-compat (test for warnings, line 29)
FAIL: c-c++-common/pr51628-3.c -Wc++-compat (test for warnings, line 31)
FAIL: c-c++-common/pr51628-3.c -Wc++-compat (test for warnings, line 33)
FAIL: c-c++-common/pr51628-30.c -Wc++-compat (test for warnings, line 14)
FAIL: c-c++-common/pr51628-30.c -Wc++-compat (test for warnings, line 21)
FAIL: c-c++-common/pr51628-30.c -Wc++-compat (test for excess errors)
FAIL: c-c++-common/pr51628-31.c -Wc++-compat (test for warnings, line 14)
FAIL: c-c++-common/pr51628-32.c -Wc++-compat (test for warnings, line 18)
FAIL: c-c++-common/pr51628-32.c -Wc++-compat (test for excess errors)
FAIL: c-c++-common/pr51628-33.c -Wc++-compat (test for warnings, line 17)
FAIL: c-c++-common/pr51628-35.c -Wc++-compat (test for warnings, line 14)
FAIL: c-c++-common/pr51628-35.c -Wc++-compat (test for warnings, line 21)
FAIL: c-c++-common/pr51628-4.c -Wc++-compat (test for warnings, line 15)
FAIL: c-c++-common/pr51628-4.c -Wc++-compat (test for warnings, line 23)
FAIL: c-c++-common/pr51628-4.c -Wc++-compat (test for warnings, line 26)
FAIL: c-c++-common/pr51628-4.c -Wc++-compat (test for warnings, line 29)
FAIL: c-c++-common/pr51628-4.c -Wc++-compat (test for warnings, line 31)
FAIL: c-c++-common/pr51628-4.c -Wc++-compat (test for warnings, line 33)
FAIL: c-c++-common/pr51628-5.c -Wc++-compat (test for warnings, line 15)
FAIL: c-c++-common/pr51628-5.c -Wc++-compat (test for warnings, line 23)
FAIL: c-c++-common/pr51628-5.c -Wc++-compat (test for warnings, line 26)
FAIL: c-c++-common/pr51628-5.c -Wc++-compat (test for warnings, line 29)
FAIL: c-c++-common/pr51628-5.c -Wc++-compat (test for warnings, line 31)
FAIL: c-c++-common/pr51628-5.c -Wc++-compat (test for warnings, line 33)
FAIL: c-c++-common/pr51628-6.c -Wc++-compat (test for warnings, line 15)
FAIL: c-c++-common/pr51628-6.c -Wc++-compat (test for warnings, line 23)
FAIL: c-c++-common/pr51628-6.c -Wc++-compat (test for warnings, line 26)
FAIL: c-c++-common/pr51628-6.c -Wc++-compat (test for warnings, line 29)
FAIL: c-c++-common/pr51628-6.c -Wc++-compat (test for warnings, line 31)
FAIL: c-c++-common/pr51628-6.c -Wc++-compat (test for warnings, line 33)
FAIL: c-c++-common/pr51628-8.c -Wc++-compat (test for warnings, line 15)
FAIL: c-c++-common/pr51628-8.c -Wc++-compat (test for warnings, line 22)
FAIL: c-c++-common/pr51628-8.c -Wc++-compat (test for warnings, line 25)
FAIL: c-c++-common/pr51628-8.c -Wc++-compat (test for warnings, line 28)
FAIL: c-c++-common/pr51628-8.c -Wc++-compat (test for warnings, line 30)
FAIL: c-c++-common/pr51628-8.c -Wc++-compat (test for warnings, line 32)
FAIL: c-c++-common/pr51628-8.c -Wc++-compat (test for warnings, line 34)
FAIL: c-c++-common/pr51628-9.c -Wc++-compat (test for warnings, line 15)
FAIL: c-c++-common/pr51628-9.c -Wc++-compat (test for warnings, line 22)
FAIL: c-c++-common/pr51628-9.c -Wc++-compat (test for warnings, line 25)
FAIL: c-c++-common/pr51628-9.c -Wc++-compat (test for warnings, line 28)
FAIL: c-c++-common/pr51628-9.c -Wc++-compat (test for warnings, line 30)
FAIL: c-c++-common/pr51628-9.c -Wc++-compat (test for warnings, line 32)
FAIL: c-c++-common/pr51628-9.c -Wc++-compat (test for warnings, line 34)
FAIL: c-c++-common/pr60101.c -Wc++-compat (internal compiler error)
FAIL: c-c++-common/pr60101.c -Wc++-compat (test for excess errors)
FAIL: c-c++-common/pr81376.c -Wc++-compat scan-tree-dump original "us_i = \\\\(int\\\\) a < b"
FAIL: c-c++-common/pr88664-2.c -Wc++-compat (test for warnings, line 13)
FAIL: c-c++-common/pr88664-2.c -Wc++-compat (test for warnings, line 20)
FAIL: c-c++-common/pr94385.c -Wc++-compat (test for excess errors)
FAIL: c-c++-common/spec-barrier-1.c -Wc++-compat (test for excess errors)
FAIL: gcc.dg/20141029-1.c scan-rtl-dump-times final "mem/v(/.)*:HI" 4
FAIL: gcc.dg/Wabsolute-value.c (test for warnings, line 43)
FAIL: gcc.dg/Walloca-14.c unbounded (test for warnings, line 12)
FAIL: gcc.dg/Warray-bounds-33.c (test for excess errors)
FAIL: gcc.dg/Warray-bounds-36.c ilp33 (test for warnings, line 8)
FAIL: gcc.dg/Wattributes-6.c (test for excess errors)
FAIL: gcc.dg/Wattributes-8.c (test for bogus messages, line 27)
FAIL: gcc.dg/Wattributes-8.c (test for bogus messages, line 28)
FAIL: gcc.dg/Wbuiltin-declaration-mismatch-4.c (test for excess errors)
FAIL: gcc.dg/Wlarger-than3.c (test for warnings, line 13)
FAIL: gcc.dg/Wlarger-than3.c (test for excess errors)
XPASS: gcc.dg/Wtype-limits-Wextra.c (test for excess errors)
FAIL: gcc.dg/attr-aligned.c (test for excess errors)
FAIL: gcc.dg/attr-copy-4.c (test for excess errors)
FAIL: gcc.dg/attr-copy-8.c (test for excess errors)
XPASS: gcc.dg/builtin-return-1.c execution test
FAIL: gcc.dg/builtins-67.c (test for excess errors)
FAIL: gcc.dg/complex-7.c scan-tree-dump-times cplxlower1 "__muldc3" 1
FAIL: gcc.dg/fold-convmaxconv-1.c scan-tree-dump-not optimized " = MAX_EXPR <x_[0-9]*"
FAIL: gcc.dg/fold-convminconv-1.c scan-tree-dump-not optimized " = MIN_EXPR <x_[0-9]*"
FAIL: gcc.dg/loop-versioning-1.c (test for excess errors)
UNRESOLVED: gcc.dg/loop-versioning-1.c scan-tree-dump-times lversion "versioned this loop" 12
UNRESOLVED: gcc.dg/loop-versioning-1.c scan-tree-dump-times lversion "want to version containing loop" 12
FAIL: gcc.dg/loop-versioning-2.c (test for excess errors)
UNRESOLVED: gcc.dg/loop-versioning-2.c scan-tree-dump-not lversion "versioned"
UNRESOLVED: gcc.dg/loop-versioning-2.c scan-tree-dump-not lversion "want to version"
XPASS: gcc.dg/memcpy-1.c scan-tree-dump-times optimized "nasty_local\\\\." 0
FAIL: gcc.dg/pow-sqrt-1.c (test for excess errors)
UNRESOLVED: gcc.dg/pow-sqrt-1.c compilation failed to produce executable
FAIL: gcc.dg/pow-sqrt-2.c (test for excess errors)
UNRESOLVED: gcc.dg/pow-sqrt-2.c compilation failed to produce executable
FAIL: gcc.dg/pow-sqrt-3.c (test for excess errors)
UNRESOLVED: gcc.dg/pow-sqrt-3.c compilation failed to produce executable
FAIL: gcc.dg/pr36017.c (test for excess errors)
UNRESOLVED: gcc.dg/pr36017.c compilation failed to produce executable
FAIL: gcc.dg/pr51628-17.c (test for warnings, line 9)
FAIL: gcc.dg/pr51628-19.c (test for warnings, line 18)
FAIL: gcc.dg/pr51628-19.c (test for warnings, line 21)
FAIL: gcc.dg/pr51628-19.c (test for warnings, line 24)
FAIL: gcc.dg/pr51628-20.c (test for warnings, line 10)
FAIL: gcc.dg/pr51628-21.c (test for warnings, line 10)
FAIL: gcc.dg/pr51628-22.c (test for warnings, line 8)
FAIL: gcc.dg/pr51628-24.c (test for warnings, line 9)
FAIL: gcc.dg/pr51628-25.c (test for warnings, line 8)
FAIL: gcc.dg/pr51628-34.c (test for warnings, line 11)
FAIL: gcc.dg/pr51628-34.c (test for warnings, line 13)
FAIL: gcc.dg/pr51628-34.c (test for warnings, line 21)
FAIL: gcc.dg/pr51628-34.c (test for warnings, line 23)
FAIL: gcc.dg/pr68317.c (test for warnings, line 14)
FAIL: gcc.dg/pr68317.c (test for excess errors)
FAIL: gcc.dg/pr78973.c pr79073 (test for warnings, line 12)
XPASS: gcc.dg/pr80776-1.c (test for bogus messages, line 22)
FAIL: gcc.dg/pr82004.c (test for excess errors)
UNRESOLVED: gcc.dg/pr82004.c compilation failed to produce executable
FAIL: gcc.dg/pr86124.c (test for excess errors)
FAIL: gcc.dg/pr86179.c (test for excess errors)
FAIL: gcc.dg/pr86835.c (test for excess errors)
UNRESOLVED: gcc.dg/pr86835.c compilation failed to produce executable
FAIL: gcc.dg/pr88905.c (test for excess errors)
FAIL: gcc.dg/pr88928.c (test for warnings, line 5)
FAIL: gcc.dg/predict-18.c scan-tree-dump profile_estimate "__builtin_expect_with_probability heuristics of edge .*->.*: 71.99%"
FAIL: gcc.dg/predict-22.c scan-rtl-dump-times bbpart "COLD_PARTITION" 1
FAIL: gcc.dg/strlenopt-58.c scan-tree-dump-times optimized "call_in_true_branch_not_eliminated" 0
FAIL: gcc.dg/strlenopt-8.c scan-tree-dump-times strlen "memcpy \\\\(" 2
XPASS: gcc.dg/strlenopt-8.c scan-tree-dump-times strlen "strlen \\\\(" 0
FAIL: gcc.dg/fixed-point/convert-sat.c execution test
FAIL: gcc.dg/ipa/propmalloc-4.c scan-tree-dump local-pure-const1 "Function found to be malloc: foo"
FAIL: gcc.dg/lto/pr101868 c_lto_pr101868_0.o assemble, -O2 -fno-strict-aliasing -flto
FAIL: gcc.dg/lto/pr85870 c_lto_pr85870_0.o assemble, -flto -O2
FAIL: gcc.dg/lto/pr85870 c_lto_pr85870_1.o assemble, -flto -O2
FAIL: gcc.dg/torture/20181024-1.c -O0 (test for excess errors)
FAIL: gcc.dg/torture/20181024-1.c -O1 (test for excess errors)
FAIL: gcc.dg/torture/20181024-1.c -O2 (test for excess errors)
FAIL: gcc.dg/torture/20181024-1.c -O2 -flto -fno-use-linker-plugin -flto-partition=none (test for excess errors)
FAIL: gcc.dg/torture/20181024-1.c -O2 -flto -fuse-linker-plugin -fno-fat-lto-objects (test for excess errors)
FAIL: gcc.dg/torture/20181024-1.c -O3 -fomit-frame-pointer -funroll-loops -fpeel-loops -ftracer -finline-functions (test for excess errors)
FAIL: gcc.dg/torture/20181024-1.c -O3 -g (test for excess errors)
FAIL: gcc.dg/torture/20181024-1.c -Os (test for excess errors)
FAIL: gcc.dg/torture/pr71598-2.c -O0 (test for excess errors)
FAIL: gcc.dg/torture/pr71598-2.c -O1 (test for excess errors)
FAIL: gcc.dg/torture/pr71598-2.c -O2 (test for excess errors)
FAIL: gcc.dg/torture/pr71598-2.c -O2 execution test
FAIL: gcc.dg/torture/pr71598-2.c -O2 -flto -fno-use-linker-plugin -flto-partition=none (test for excess errors)
FAIL: gcc.dg/torture/pr71598-2.c -O2 -flto -fno-use-linker-plugin -flto-partition=none execution test
FAIL: gcc.dg/torture/pr71598-2.c -O2 -flto -fuse-linker-plugin -fno-fat-lto-objects (test for excess errors)
FAIL: gcc.dg/torture/pr71598-2.c -O2 -flto -fuse-linker-plugin -fno-fat-lto-objects execution test
FAIL: gcc.dg/torture/pr71598-2.c -O3 -g (test for excess errors)
FAIL: gcc.dg/torture/pr71598-2.c -O3 -g execution test
FAIL: gcc.dg/torture/pr71598-2.c -Os (test for excess errors)
FAIL: gcc.dg/torture/pr71598-2.c -Os execution test
FAIL: gcc.dg/torture/pr84682-2.c -O0 (test for excess errors)
FAIL: gcc.dg/torture/pr84682-2.c -O1 (test for excess errors)
FAIL: gcc.dg/torture/pr84682-2.c -O2 (test for excess errors)
FAIL: gcc.dg/torture/pr84682-2.c -O2 -flto -fno-use-linker-plugin -flto-partition=none (test for excess errors)
FAIL: gcc.dg/torture/pr84682-2.c -O3 -fomit-frame-pointer -funroll-loops -fpeel-loops -ftracer -finline-functions (test for excess errors)
FAIL: gcc.dg/torture/pr84682-2.c -O3 -g (test for excess errors)
FAIL: gcc.dg/torture/pr84682-2.c -Os (test for excess errors)
FAIL: gcc.dg/torture/pr86034.c -O0 (test for excess errors)
UNRESOLVED: gcc.dg/torture/pr86034.c -O0 compilation failed to produce executable
FAIL: gcc.dg/torture/pr86034.c -O1 (test for excess errors)
UNRESOLVED: gcc.dg/torture/pr86034.c -O1 compilation failed to produce executable
FAIL: gcc.dg/torture/pr86034.c -O2 (test for excess errors)
UNRESOLVED: gcc.dg/torture/pr86034.c -O2 compilation failed to produce executable
FAIL: gcc.dg/torture/pr86034.c -O2 -flto -fno-use-linker-plugin -flto-partition=none (test for excess errors)
UNRESOLVED: gcc.dg/torture/pr86034.c -O2 -flto -fno-use-linker-plugin -flto-partition=none compilation failed to produce executable
FAIL: gcc.dg/torture/pr86034.c -O2 -flto -fuse-linker-plugin -fno-fat-lto-objects (test for excess errors)
UNRESOLVED: gcc.dg/torture/pr86034.c -O2 -flto -fuse-linker-plugin -fno-fat-lto-objects compilation failed to produce executable
FAIL: gcc.dg/torture/pr86034.c -O3 -g (test for excess errors)
UNRESOLVED: gcc.dg/torture/pr86034.c -O3 -g compilation failed to produce executable
FAIL: gcc.dg/torture/pr86034.c -Os (test for excess errors)
UNRESOLVED: gcc.dg/torture/pr86034.c -Os compilation failed to produce executable
FAIL: gcc.dg/torture/pr86363.c -O0 execution test
FAIL: gcc.dg/torture/pr86554-1.c -O0 (test for excess errors)
FAIL: gcc.dg/torture/pr86554-1.c -O1 (test for excess errors)
FAIL: gcc.dg/torture/pr86554-1.c -O2 (test for excess errors)
FAIL: gcc.dg/torture/pr86554-1.c -O2 -flto -fno-use-linker-plugin -flto-partition=none (test for excess errors)
FAIL: gcc.dg/torture/pr86554-1.c -O2 -flto -fuse-linker-plugin -fno-fat-lto-objects (test for excess errors)
FAIL: gcc.dg/torture/pr86554-1.c -O3 -g (test for excess errors)
FAIL: gcc.dg/torture/pr86554-1.c -Os (test for excess errors)
FAIL: gcc.dg/torture/pr87693.c -O1 (test for excess errors)
FAIL: gcc.dg/torture/pr87693.c -O2 (test for excess errors)
FAIL: gcc.dg/torture/pr87693.c -O2 -flto -fno-use-linker-plugin -flto-partition=none (test for excess errors)
FAIL: gcc.dg/torture/pr87693.c -O3 -g (test for excess errors)
FAIL: gcc.dg/torture/pr87693.c -Os (test for excess errors)
FAIL: gcc.dg/torture/pr90972.c -O3 -fomit-frame-pointer -funroll-loops -fpeel-loops -ftracer -finline-functions (test for excess errors)
FAIL: gcc.dg/torture/pr91178-2.c -O0 (test for excess errors)
FAIL: gcc.dg/torture/pr91178-2.c -O1 (test for excess errors)
FAIL: gcc.dg/torture/pr91178-2.c -O2 (test for excess errors)
FAIL: gcc.dg/torture/pr91178-2.c -O2 -flto -fno-use-linker-plugin -flto-partition=none (test for excess errors)
FAIL: gcc.dg/torture/pr91178-2.c -O2 -flto -fuse-linker-plugin -fno-fat-lto-objects (test for excess errors)
FAIL: gcc.dg/torture/pr91178-2.c -O3 -fomit-frame-pointer -funroll-loops -fpeel-loops -ftracer -finline-functions (test for excess errors)
FAIL: gcc.dg/torture/pr91178-2.c -O3 -g (test for excess errors)
FAIL: gcc.dg/torture/pr91178-2.c -Os (test for excess errors)
FAIL: gcc.dg/torture/pr91178.c -O0 (test for excess errors)
FAIL: gcc.dg/torture/pr91178.c -O1 (test for excess errors)
FAIL: gcc.dg/torture/pr91178.c -O2 (test for excess errors)
FAIL: gcc.dg/torture/pr91178.c -O2 -flto -fno-use-linker-plugin -flto-partition=none (test for excess errors)
FAIL: gcc.dg/torture/pr91178.c -O2 -flto -fuse-linker-plugin -fno-fat-lto-objects (test for excess errors)
FAIL: gcc.dg/torture/pr91178.c -O3 -fomit-frame-pointer -funroll-loops -fpeel-loops -ftracer -finline-functions (test for excess errors)
FAIL: gcc.dg/torture/pr91178.c -O3 -g (test for excess errors)
FAIL: gcc.dg/torture/pr91178.c -Os (test for excess errors)
XPASS: gcc.dg/tree-ssa/20040204-1.c scan-tree-dump-times optimized "link_error" 0
FAIL: gcc.dg/tree-ssa/alias-32.c scan-tree-dump-times cddce1 "\\\\*[^ ]" 1
FAIL: gcc.dg/tree-ssa/builtin-sprintf-9.c (test for warnings, line 81)
FAIL: gcc.dg/tree-ssa/builtin-sprintf-9.c (test for warnings, line 82)
FAIL: gcc.dg/tree-ssa/builtin-sprintf-9.c (test for warnings, line 83)
FAIL: gcc.dg/tree-ssa/builtin-sprintf-9.c (test for warnings, line 84)
FAIL: gcc.dg/tree-ssa/builtin-sprintf-9.c (test for excess errors)
FAIL: gcc.dg/tree-ssa/builtin-sprintf-warn-20.c (test for excess errors)
FAIL: gcc.dg/tree-ssa/builtin-sprintf.c (test for excess errors)
UNRESOLVED: gcc.dg/tree-ssa/builtin-sprintf.c compilation failed to produce executable
FAIL: gcc.dg/tree-ssa/cunroll-15.c scan-tree-dump optimized "return 1;"
FAIL: gcc.dg/tree-ssa/evrp11.c scan-tree-dump-not evrp "link_error"
FAIL: gcc.dg/tree-ssa/negneg-3.c scan-tree-dump-times optimized "negate_expr" 6
FAIL: gcc.dg/tree-ssa/pr71947-4.c scan-tree-dump dom2 "Folded to: _[0-9]+ = _[0-9]+ \\\\* 2"
FAIL: gcc.dg/tree-ssa/pr71947-5.c scan-tree-dump dom2 "Folded to: _[0-9]+ = 0;"
FAIL: gcc.dg/tree-ssa/pr84436-3.c scan-tree-dump-times switchconv ".* \\\\+ 4294967247" 1
FAIL: gcc.dg/tree-ssa/pr84648.c (test for excess errors)
FAIL: gcc.dg/tree-ssa/pr84648.c scan-tree-dump-times cddce1 "Found loop 1 to be finite: upper bound found" 1
FAIL: gcc.dg/tree-ssa/pr91091-1.c (test for excess errors)
FAIL: gcc.dg/tree-ssa/pr91091-1.c execution test
FAIL: gcc.dg/tree-ssa/pr91091-2.c scan-tree-dump-times fre1 "x = " 1
FAIL: gcc.dg/tree-ssa/pr93435.c (test for excess errors)
XPASS: gcc.dg/tree-ssa/ssa-fre-26.c scan-tree-dump fre1 "Replaced u.i with 0 in"
FAIL: gcc.dg/tree-ssa/ssa-fre-61.c (test for excess errors)
FAIL: gcc.dg/tree-ssa/ssa-fre-61.c scan-tree-dump-times fre1 "Replaced \\\\*p" 3
FAIL: gcc.dg/tree-ssa/ssa-hoist-4.c scan-tree-dump-times optimized "= \\\\*" 2
FAIL: gcc.dg/tree-ssa/ssa-hoist-4.c scan-tree-dump-times optimized "MAX_EXPR" 1
FAIL: gcc.target/avr/progmem-error-1.cpp (test for errors, line 1)
FAIL: gcc.target/avr/progmem-error-1.cpp (test for excess errors)
=== gcc Summary ===
# of expected passes 94436
# of unexpected failures 343
# of unexpected successes 11
# of expected failures 329
# of untested testcases 2
# of unresolved testcases 76
# of unsupported tests 4558
/home/dinux/projects/pru/testbot-workspace/avr-gcc-build/gcc/xgcc version 9.4.1 20220205 [releases/gcc-9 revision 2953e3d1b9b:d320e09cd84:dee1a6550428416bc9169d7d039eb22d942ad7cd] (GCC)
Host is x86_64-pc-linux-gnu
=== g++ tests ===
Running target atmega128-sim
XPASS: c-c++-common/Wrestrict.c -std=gnu++14 pr79220 (test for warnings, line 198)
XPASS: c-c++-common/Wrestrict.c -std=gnu++14 pr79220 (test for warnings, line 205)
XPASS: c-c++-common/Wrestrict.c -std=gnu++14 pr79220 (test for warnings, line 210)
XPASS: c-c++-common/Wrestrict.c -std=gnu++17 pr79220 (test for warnings, line 198)
XPASS: c-c++-common/Wrestrict.c -std=gnu++17 pr79220 (test for warnings, line 205)
XPASS: c-c++-common/Wrestrict.c -std=gnu++17 pr79220 (test for warnings, line 210)
XPASS: c-c++-common/Wrestrict.c -std=gnu++98 pr79220 (test for warnings, line 198)
XPASS: c-c++-common/Wrestrict.c -std=gnu++98 pr79220 (test for warnings, line 205)
XPASS: c-c++-common/Wrestrict.c -std=gnu++98 pr79220 (test for warnings, line 210)
FAIL: g++.dg/inherit/virtual15.C -std=c++14 (test for excess errors)
UNRESOLVED: g++.dg/inherit/virtual15.C -std=c++14 compilation failed to produce executable
FAIL: g++.dg/inherit/virtual15.C -std=c++17 (test for excess errors)
UNRESOLVED: g++.dg/inherit/virtual15.C -std=c++17 compilation failed to produce executable
FAIL: g++.dg/inherit/virtual15.C -std=c++98 (test for excess errors)
UNRESOLVED: g++.dg/inherit/virtual15.C -std=c++98 compilation failed to produce executable
FAIL: g++.dg/inherit/virtual15a.C -std=c++14 (test for excess errors)
UNRESOLVED: g++.dg/inherit/virtual15a.C -std=c++14 compilation failed to produce executable
FAIL: g++.dg/inherit/virtual15a.C -std=c++17 (test for excess errors)
UNRESOLVED: g++.dg/inherit/virtual15a.C -std=c++17 compilation failed to produce executable
FAIL: g++.dg/inherit/virtual15a.C -std=c++98 (test for excess errors)
UNRESOLVED: g++.dg/inherit/virtual15a.C -std=c++98 compilation failed to produce executable
FAIL: g++.dg/pr97627.C -std=c++14 (test for excess errors)
UNRESOLVED: g++.dg/pr97627.C -std=c++14 compilation failed to produce executable
FAIL: g++.dg/pr97627.C -std=c++17 (test for excess errors)
UNRESOLVED: g++.dg/pr97627.C -std=c++17 compilation failed to produce executable
FAIL: g++.dg/pr97627.C -std=c++98 (test for excess errors)
UNRESOLVED: g++.dg/pr97627.C -std=c++98 compilation failed to produce executable
UNRESOLVED: g++.dg/tree-ssa/ehcleanup-1.C -std=gnu++14 scan-tree-dump-times ehcleanup1 "Empty EH handler" 2
UNRESOLVED: g++.dg/tree-ssa/ehcleanup-1.C -std=gnu++14 scan-tree-dump-times ehcleanup1 "Removing unreachable" 4
UNRESOLVED: g++.dg/tree-ssa/ehcleanup-1.C -std=gnu++17 scan-tree-dump-times ehcleanup1 "Empty EH handler" 2
UNRESOLVED: g++.dg/tree-ssa/ehcleanup-1.C -std=gnu++17 scan-tree-dump-times ehcleanup1 "Removing unreachable" 4
UNRESOLVED: g++.dg/tree-ssa/ehcleanup-1.C -std=gnu++98 scan-tree-dump-times ehcleanup1 "Empty EH handler" 2
UNRESOLVED: g++.dg/tree-ssa/ehcleanup-1.C -std=gnu++98 scan-tree-dump-times ehcleanup1 "Removing unreachable" 4
FAIL: g++.dg/torture/pr39002.C -O0 (test for excess errors)
UNRESOLVED: g++.dg/torture/pr39002.C -O0 compilation failed to produce executable
FAIL: g++.dg/torture/pr39002.C -O1 (test for excess errors)
UNRESOLVED: g++.dg/torture/pr39002.C -O1 compilation failed to produce executable
FAIL: g++.dg/torture/pr39002.C -O2 (test for excess errors)
UNRESOLVED: g++.dg/torture/pr39002.C -O2 compilation failed to produce executable
FAIL: g++.dg/torture/pr39002.C -O2 -flto -fno-use-linker-plugin -flto-partition=none (test for excess errors)
UNRESOLVED: g++.dg/torture/pr39002.C -O2 -flto -fno-use-linker-plugin -flto-partition=none compilation failed to produce executable
FAIL: g++.dg/torture/pr39002.C -O3 -g (test for excess errors)
UNRESOLVED: g++.dg/torture/pr39002.C -O3 -g compilation failed to produce executable
FAIL: g++.dg/torture/pr39002.C -Os (test for excess errors)
UNRESOLVED: g++.dg/torture/pr39002.C -Os compilation failed to produce executable
FAIL: g++.dg/torture/pr69355.C -O0 (test for excess errors)
UNRESOLVED: g++.dg/torture/pr69355.C -O0 compilation failed to produce executable
FAIL: g++.dg/torture/pr69355.C -O1 (test for excess errors)
UNRESOLVED: g++.dg/torture/pr69355.C -O1 compilation failed to produce executable
FAIL: g++.dg/torture/pr69355.C -O2 (test for excess errors)
UNRESOLVED: g++.dg/torture/pr69355.C -O2 compilation failed to produce executable
FAIL: g++.dg/torture/pr69355.C -O2 -flto -fno-use-linker-plugin -flto-partition=none (test for excess errors)
UNRESOLVED: g++.dg/torture/pr69355.C -O2 -flto -fno-use-linker-plugin -flto-partition=none compilation failed to produce executable
FAIL: g++.dg/torture/pr69355.C -O3 -g (test for excess errors)
UNRESOLVED: g++.dg/torture/pr69355.C -O3 -g compilation failed to produce executable
FAIL: g++.dg/torture/pr69355.C -Os (test for excess errors)
UNRESOLVED: g++.dg/torture/pr69355.C -Os compilation failed to produce executable
FAIL: g++.dg/torture/pr99777.C -O0 (test for excess errors)
FAIL: g++.dg/torture/pr99777.C -O1 (test for excess errors)
FAIL: g++.dg/torture/pr99777.C -O2 (test for excess errors)
FAIL: g++.dg/torture/pr99777.C -O2 -flto -fno-use-linker-plugin -flto-partition=none (test for excess errors)
FAIL: g++.dg/torture/pr99777.C -O2 -flto -fuse-linker-plugin -fno-fat-lto-objects (test for excess errors)
FAIL: g++.dg/torture/pr99777.C -O3 -fomit-frame-pointer -funroll-loops -fpeel-loops -ftracer -finline-functions (test for excess errors)
FAIL: g++.dg/torture/pr99777.C -O3 -g (test for excess errors)
FAIL: g++.dg/torture/pr99777.C -Os (test for excess errors)
=== g++ Summary ===
# of expected passes 100411
# of unexpected failures 6170
# of unexpected successes 15
# of expected failures 401
# of untested testcases 8
# of unresolved testcases 2327
# of unsupported tests 6679
/home/dinux/projects/pru/testbot-workspace/avr-gcc-build/gcc/xg++ version 9.4.1 20220205 [releases/gcc-9 revision 2953e3d1b9b:d320e09cd84:dee1a6550428416bc9169d7d039eb22d942ad7cd] (GCC)
Compiler version: 9.4.1 20220205 [releases/gcc-9 revision 2953e3d1b9b:d320e09cd84:dee1a6550428416bc9169d7d039eb22d942ad7cd] (GCC)
Platform: avr-unknown-none
configure flags: --prefix=/home/dinux/projects/pru/testbot-workspace/avr-opt --target=avr --enable-languages=c,c++ --disable-nls --disable-libssp --with-dwarf2
More information about the Gcc-testresults
mailing list