Results for 13.0.0 20221223 (experimental) [master a846817739c1e7b930d593cd51963d6b46b5dfc6] (GCC) testsuite on i386-pc-solaris2.11
Rainer Orth
ro@CeBiTec.Uni-Bielefeld.DE
Sun Dec 25 18:22:29 GMT 2022
LAST_UPDATED: Fri Dec 23 09:53:55 UTC 2022 (revision a846817739c1e7b930d593cd51963d6b46b5dfc6)
=== acats tests ===
=== acats Summary ===
# of expected passes 2328
# of unexpected failures 0
Native configuration is i386-pc-solaris2.11
=== g++ tests ===
Running target unix
FAIL: c-c++-common/diagnostic-format-sarif-file-4.c -std=gnu++14 scan-sarif-file "text": " int \\\\u6587\\\\u5b57\\\\u5316\\\\u3051 =
FAIL: c-c++-common/diagnostic-format-sarif-file-4.c -std=gnu++17 scan-sarif-file "text": " int \\\\u6587\\\\u5b57\\\\u5316\\\\u3051 =
FAIL: c-c++-common/diagnostic-format-sarif-file-4.c -std=gnu++20 scan-sarif-file "text": " int \\\\u6587\\\\u5b57\\\\u5316\\\\u3051 =
FAIL: c-c++-common/diagnostic-format-sarif-file-4.c -std=gnu++98 scan-sarif-file "text": " int \\\\u6587\\\\u5b57\\\\u5316\\\\u3051 =
FAIL: c-c++-common/pr103798-2.c -std=gnu++14 scan-assembler-not memchr
FAIL: c-c++-common/pr103798-2.c -std=gnu++17 scan-assembler-not memchr
FAIL: c-c++-common/pr103798-2.c -std=gnu++20 scan-assembler-not memchr
FAIL: c-c++-common/pr103798-2.c -std=gnu++98 scan-assembler-not memchr
FAIL: g++.dg/pr71488.C (test for excess errors)
FAIL: g++.dg/warn/Warray-bounds-16.C -std=gnu++14 (test for excess errors)
FAIL: g++.dg/warn/Warray-bounds-16.C -std=gnu++17 (test for excess errors)
FAIL: g++.dg/warn/Warray-bounds-16.C -std=gnu++20 (test for excess errors)
FAIL: g++.dg/warn/Warray-bounds-16.C -std=gnu++98 (test for excess errors)
FAIL: g++.dg/warn/Wstringop-overflow-4.C -std=gnu++98 (test for excess errors)
FAIL: g++.dg/warn/Wstringop-overflow-6.C -std=gnu++14 (test for excess errors)
FAIL: g++.dg/warn/Wstringop-overflow-6.C -std=gnu++17 (test for excess errors)
FAIL: g++.dg/warn/Wstringop-overflow-6.C -std=gnu++20 (test for excess errors)
FAIL: c-c++-common/goacc/kernels-loop-g.c -std=c++14 (test for excess errors)
FAIL: c-c++-common/goacc/kernels-loop-g.c -std=c++17 (test for excess errors)
FAIL: c-c++-common/goacc/kernels-loop-g.c -std=c++20 (test for excess errors)
FAIL: c-c++-common/goacc/kernels-loop-g.c -std=c++98 (test for excess errors)
FAIL: g++.dg/modules/pr98531-1_a.H module-cmi (gcm.cache/\$srcdir/g++.dg/modules/pr98531-1_a.H.gcm)
FAIL: g++.dg/modules/pr98531-1_a.H module-cmi (gcm.cache/\$srcdir/g++.dg/modules/pr98531-1_a.H.gcm)
FAIL: g++.dg/modules/pr98531-1_a.H module-cmi (gcm.cache/\$srcdir/g++.dg/modules/pr98531-1_a.H.gcm)
FAIL: g++.dg/modules/stdio-1_a.H -std=c++17 scan-lang-dump module "Depset:0 decl entity:[0-9]* function_decl:'::printf'"
FAIL: g++.dg/modules/stdio-1_a.H -std=c++2a scan-lang-dump module "Depset:0 decl entity:[0-9]* function_decl:'::printf'"
FAIL: g++.dg/modules/stdio-1_a.H -std=c++2b scan-lang-dump module "Depset:0 decl entity:[0-9]* function_decl:'::printf'"
FAIL: g++.dg/special/initpri3.C at line 10 (test for warnings, line 9)
FAIL: g++.dg/special/initpri3.C (test for excess errors)
FAIL: g++.dg/torture/pr80334.C -O0 execution test
FAIL: g++.target/i386/pr103696.C scan-tree-dump-not optimized "lambda"
=== g++ Summary for unix ===
# of expected passes 229117
# of unexpected failures 31
# of expected failures 2046
# of unsupported tests 10745
Running target unix/-m64
FAIL: c-c++-common/diagnostic-format-sarif-file-4.c -std=gnu++14 scan-sarif-file "text": " int \\\\u6587\\\\u5b57\\\\u5316\\\\u3051 =
FAIL: c-c++-common/diagnostic-format-sarif-file-4.c -std=gnu++17 scan-sarif-file "text": " int \\\\u6587\\\\u5b57\\\\u5316\\\\u3051 =
FAIL: c-c++-common/diagnostic-format-sarif-file-4.c -std=gnu++20 scan-sarif-file "text": " int \\\\u6587\\\\u5b57\\\\u5316\\\\u3051 =
FAIL: c-c++-common/diagnostic-format-sarif-file-4.c -std=gnu++98 scan-sarif-file "text": " int \\\\u6587\\\\u5b57\\\\u5316\\\\u3051 =
FAIL: c-c++-common/pr103798-2.c -std=gnu++14 scan-assembler-not memchr
FAIL: c-c++-common/pr103798-2.c -std=gnu++17 scan-assembler-not memchr
FAIL: c-c++-common/pr103798-2.c -std=gnu++20 scan-assembler-not memchr
FAIL: c-c++-common/pr103798-2.c -std=gnu++98 scan-assembler-not memchr
FAIL: g++.dg/pr71488.C (test for excess errors)
FAIL: g++.dg/modules/pr98531-1_a.H module-cmi (gcm.cache/\$srcdir/g++.dg/modules/pr98531-1_a.H.gcm)
FAIL: g++.dg/modules/pr98531-1_a.H module-cmi (gcm.cache/\$srcdir/g++.dg/modules/pr98531-1_a.H.gcm)
FAIL: g++.dg/modules/pr98531-1_a.H module-cmi (gcm.cache/\$srcdir/g++.dg/modules/pr98531-1_a.H.gcm)
FAIL: g++.dg/modules/stdio-1_a.H -std=c++17 scan-lang-dump module "Depset:0 decl entity:[0-9]* function_decl:'::printf'"
FAIL: g++.dg/modules/stdio-1_a.H -std=c++2a scan-lang-dump module "Depset:0 decl entity:[0-9]* function_decl:'::printf'"
FAIL: g++.dg/modules/stdio-1_a.H -std=c++2b scan-lang-dump module "Depset:0 decl entity:[0-9]* function_decl:'::printf'"
FAIL: g++.dg/special/initpri3.C at line 10 (test for warnings, line 9)
FAIL: g++.dg/special/initpri3.C (test for excess errors)
FAIL: g++.target/i386/pr103696.C scan-tree-dump-not optimized "lambda"
FAIL: g++.target/i386/pr97054.C -std=gnu++14 (test for excess errors)
UNRESOLVED: g++.target/i386/pr97054.C -std=gnu++14 compilation failed to produce executable
FAIL: g++.target/i386/pr97054.C -std=gnu++17 (test for excess errors)
UNRESOLVED: g++.target/i386/pr97054.C -std=gnu++17 compilation failed to produce executable
FAIL: g++.target/i386/pr97054.C -std=gnu++20 (test for excess errors)
UNRESOLVED: g++.target/i386/pr97054.C -std=gnu++20 compilation failed to produce executable
FAIL: g++.target/i386/pr97054.C -std=gnu++98 (test for excess errors)
UNRESOLVED: g++.target/i386/pr97054.C -std=gnu++98 compilation failed to produce executable
=== g++ Summary for unix/-m64 ===
# of expected passes 229521
# of unexpected failures 22
# of expected failures 2054
# of unresolved testcases 4
# of unsupported tests 10664
=== g++ Summary ===
# of expected passes 458638
# of unexpected failures 53
# of expected failures 4100
# of unresolved testcases 4
# of unsupported tests 21409
/var/gcc/regression/master/11.3-gcc/build/gcc/xg++ version 13.0.0 20221223 (experimental) [master a846817739c1e7b930d593cd51963d6b46b5dfc6] (GCC)
=== gcc tests ===
Running target unix
FAIL: gcc.c-torture/compile/pr61159.c -O0 (test for excess errors)
FAIL: gcc.c-torture/compile/pr61159.c -O1 (test for excess errors)
FAIL: gcc.c-torture/compile/pr61159.c -O2 (test for excess errors)
FAIL: gcc.c-torture/compile/pr61159.c -O2 -flto (test for excess errors)
FAIL: gcc.c-torture/compile/pr61159.c -O2 -flto -flto-partition=none (test for excess errors)
FAIL: gcc.c-torture/compile/pr61159.c -O3 -g (test for excess errors)
FAIL: gcc.c-torture/compile/pr61159.c -Os (test for excess errors)
FAIL: gcc.dg/analyzer/fd-access-mode-target-headers.c (test for warnings, line 17)
FAIL: gcc.dg/analyzer/fd-access-mode-target-headers.c (test for warnings, line 25)
FAIL: gcc.dg/analyzer/fd-access-mode-target-headers.c (test for warnings, line 30)
FAIL: gcc.dg/analyzer/fd-access-mode-target-headers.c (test for warnings, line 37)
FAIL: gcc.dg/analyzer/fd-access-mode-target-headers.c (test for warnings, line 53)
FAIL: gcc.dg/analyzer/fd-access-mode-target-headers.c (test for excess errors)
XPASS: gcc.dg/analyzer/flex-with-call-summaries.c (test for bogus messages, line 1104)
XPASS: gcc.dg/analyzer/flex-with-call-summaries.c (test for bogus messages, line 916)
FAIL: gcc.dg/analyzer/getchar-1.c (test for excess errors)
FAIL: gcc.dg/analyzer/isatty-1.c (test for warnings, line 29)
FAIL: gcc.dg/analyzer/isatty-1.c (test for warnings, line 44)
FAIL: gcc.dg/analyzer/isatty-1.c (test for warnings, line 54)
FAIL: gcc.dg/analyzer/isatty-1.c (test for excess errors)
FAIL: gcc.dg/analyzer/pr94851-1.c (test for excess errors)
XPASS: gcc.dg/debug/dwarf2/inline5.c scan-assembler-not \\\\(DIE \\\\(0x([0-9a-f]*)\\\\) DW_TAG_lexical_block\\\\)[^#/!@;\\\\|]*[#/!@;\\\\|]+ +DW_AT.*DW_TAG_lexical_block\\\\)[^#/!@;\\\\|x]*x\\\\1[^#/!@;\\\\|]*[#/!@;\\\\|] +DW_AT_abstract_origin
FAIL: c-c++-common/diagnostic-format-sarif-file-4.c -Wc++-compat scan-sarif-file "text": " int \\\\u6587\\\\u5b57\\\\u5316\\\\u3051 =
FAIL: gcc.dg/attr-weakref-1.c (test for excess errors)
UNRESOLVED: gcc.dg/attr-weakref-1.c compilation failed to produce executable
FAIL: gcc.dg/fold-overflow-1.c scan-assembler-times 2139095040 2
FAIL: gcc.dg/pr56837.c scan-tree-dump-times optimized "memset ..c, 68, 16384.;" 1
FAIL: gcc.dg/pr95115.c execution test
FAIL: gcc.dg/visibility-22.c execution test
FAIL: c-c++-common/goacc/kernels-loop-g.c (test for excess errors)
FAIL: gcc.dg/ipa/iinline-attr.c scan-ipa-dump inline "hooray[^\\\\n]*inline copy in test"
FAIL: gcc.dg/ipa/ipa-icf-38.c scan-ltrans-tree-dump-not optimized "Function bar"
FAIL: gcc-dg-lto-modref-3-01.exe scan-wpa-ipa-dump modref "parm 1 flags: no_direct_clobber no_direct_escape"
FAIL: gcc-dg-lto-modref-4-01.exe scan-wpa-ipa-dump modref "parm 1 flags: no_direct_clobber no_direct_escape"
FAIL: gcc.dg/lto/modref-3 c_lto_modref-3_0.o-c_lto_modref-3_1.o execute -O2 -flto-partition=max -fdump-ipa-modref -fno-ipa-sra -fno-ipa-cp -flto
FAIL: gcc.dg/lto/modref-4 c_lto_modref-4_0.o-c_lto_modref-4_1.o execute -O2 -flto-partition=max -fdump-ipa-modref -fno-ipa-sra -flto
XPASS: gcc.dg/plugin/infoleak-vfio_iommu_type1.c -fplugin=./analyzer_kernel_plugin.so (test for bogus messages, line 42)
FAIL: gcc.dg/torture/pr60092.c -O0 execution test
FAIL: gcc.dg/tree-ssa/scev-3.c scan-tree-dump-times ivopts "&a" 1
FAIL: gcc.dg/tree-ssa/scev-4.c scan-tree-dump-times ivopts "&a" 1
FAIL: gcc.dg/tree-ssa/scev-5.c scan-tree-dump-times ivopts "&a" 1
FAIL: gcc.dg/ubsan/object-size-dyn.c -O2 execution test
FAIL: gcc.dg/ubsan/object-size-dyn.c -O2 -flto execution test
FAIL: gcc.dg/ubsan/object-size-dyn.c -O2 -flto -flto-partition=none execution test
FAIL: gcc.dg/vect/vect-ifcvt-18.c -flto -ffat-lto-objects scan-tree-dump vect "vectorized 3 loops"
FAIL: gcc.dg/vect/vect-ifcvt-18.c -flto -ffat-lto-objects execution test
FAIL: gcc.dg/vect/vect-ifcvt-18.c execution test
FAIL: gcc.dg/vect/vect-ifcvt-18.c scan-tree-dump vect "vectorized 3 loops"
FAIL: gcc.target/i386/pieces-memcpy-7.c scan-assembler-not %[re]bp
FAIL: gcc.target/i386/pieces-memcpy-8.c scan-assembler-not %[re]bp
FAIL: gcc.target/i386/pieces-memcpy-9.c scan-assembler-not %[re]bp
FAIL: gcc.target/i386/pieces-memset-36.c scan-assembler-not %[re]bp
FAIL: gcc.target/i386/pieces-memset-40.c scan-assembler-not %[re]bp
FAIL: gcc.target/i386/pieces-memset-9.c scan-assembler-not %[re]bp
FAIL: gcc.target/i386/pr70321.c scan-assembler-times mov 1
FAIL: gcc.target/i386/pr78794.c scan-assembler pandn
FAIL: gcc.target/i386/pr80569.c (test for excess errors)
FAIL: gcc.target/i386/pr80833-1.c scan-assembler pextrd
=== gcc Summary for unix ===
# of expected passes 172587
# of unexpected failures 53
# of unexpected successes 4
# of expected failures 1437
# of unresolved testcases 1
# of unsupported tests 5006
Running target unix/-m64
FAIL: gcc.c-torture/compile/pr61159.c -O0 (test for excess errors)
FAIL: gcc.c-torture/compile/pr61159.c -O1 (test for excess errors)
FAIL: gcc.c-torture/compile/pr61159.c -O2 (test for excess errors)
FAIL: gcc.c-torture/compile/pr61159.c -O2 -flto (test for excess errors)
FAIL: gcc.c-torture/compile/pr61159.c -O2 -flto -flto-partition=none (test for excess errors)
FAIL: gcc.c-torture/compile/pr61159.c -O3 -g (test for excess errors)
FAIL: gcc.c-torture/compile/pr61159.c -Os (test for excess errors)
FAIL: gcc.dg/analyzer/fd-access-mode-target-headers.c (test for warnings, line 17)
FAIL: gcc.dg/analyzer/fd-access-mode-target-headers.c (test for warnings, line 25)
FAIL: gcc.dg/analyzer/fd-access-mode-target-headers.c (test for warnings, line 30)
FAIL: gcc.dg/analyzer/fd-access-mode-target-headers.c (test for warnings, line 37)
FAIL: gcc.dg/analyzer/fd-access-mode-target-headers.c (test for warnings, line 53)
FAIL: gcc.dg/analyzer/fd-access-mode-target-headers.c (test for excess errors)
FAIL: gcc.dg/analyzer/isatty-1.c (test for warnings, line 29)
FAIL: gcc.dg/analyzer/isatty-1.c (test for warnings, line 44)
FAIL: gcc.dg/analyzer/isatty-1.c (test for warnings, line 54)
FAIL: gcc.dg/analyzer/isatty-1.c (test for excess errors)
XPASS: gcc.dg/debug/dwarf2/inline5.c scan-assembler-not \\\\(DIE \\\\(0x([0-9a-f]*)\\\\) DW_TAG_lexical_block\\\\)[^#/!@;\\\\|]*[#/!@;\\\\|]+ +DW_AT.*DW_TAG_lexical_block\\\\)[^#/!@;\\\\|x]*x\\\\1[^#/!@;\\\\|]*[#/!@;\\\\|] +DW_AT_abstract_origin
FAIL: c-c++-common/diagnostic-format-sarif-file-4.c -Wc++-compat scan-sarif-file "text": " int \\\\u6587\\\\u5b57\\\\u5316\\\\u3051 =
FAIL: gcc.dg/attr-weakref-1.c (test for excess errors)
UNRESOLVED: gcc.dg/attr-weakref-1.c compilation failed to produce executable
FAIL: gcc.dg/fold-overflow-1.c scan-assembler-times 2139095040 2
FAIL: gcc.dg/pr56837.c scan-tree-dump-times optimized "memset ..c, 68, 16384.;" 1
FAIL: gcc.dg/pr95115.c execution test
FAIL: gcc.dg/visibility-22.c execution test
FAIL: gcc.dg/ipa/iinline-attr.c scan-ipa-dump inline "hooray[^\\\\n]*inline copy in test"
FAIL: gcc.dg/ipa/ipa-icf-38.c scan-ltrans-tree-dump-not optimized "Function bar"
FAIL: gcc-dg-lto-modref-3-01.exe scan-wpa-ipa-dump modref "parm 1 flags: no_direct_clobber no_direct_escape"
FAIL: gcc-dg-lto-modref-4-01.exe scan-wpa-ipa-dump modref "parm 1 flags: no_direct_clobber no_direct_escape"
FAIL: gcc.dg/lto/modref-3 c_lto_modref-3_0.o-c_lto_modref-3_1.o execute -O2 -flto-partition=max -fdump-ipa-modref -fno-ipa-sra -fno-ipa-cp -flto
FAIL: gcc.dg/lto/modref-4 c_lto_modref-4_0.o-c_lto_modref-4_1.o execute -O2 -flto-partition=max -fdump-ipa-modref -fno-ipa-sra -flto
FAIL: gcc.dg/torture/pr60092.c -O0 execution test
XPASS: gcc.dg/tree-ssa/builtin-snprintf-6.c scan-tree-dump-times optimized "Function test_assign_aggregate" 1
FAIL: gcc.dg/vect/pr103116-2.c -flto -ffat-lto-objects execution test
FAIL: gcc.dg/vect/pr103116-2.c execution test
FAIL: gcc.dg/vect/vect-ifcvt-18.c -flto -ffat-lto-objects scan-tree-dump vect "vectorized 3 loops"
FAIL: gcc.dg/vect/vect-ifcvt-18.c scan-tree-dump vect "vectorized 3 loops"
FAIL: gcc.target/i386/auto-init-5.c scan-assembler-times \\\\.long\\t0 14
FAIL: gcc.target/i386/auto-init-6.c scan-assembler-times long\\t0 8
FAIL: gcc.target/i386/pr61599-1.c (test for excess errors)
UNRESOLVED: gcc.target/i386/pr61599-1.c compilation failed to produce executable
FAIL: gcc.target/i386/pr71321.c scan-assembler-not lea.*0
FAIL: gcc.target/i386/pr80569.c (test for excess errors)
=== gcc Summary for unix/-m64 ===
# of expected passes 173919
# of unexpected failures 39
# of unexpected successes 2
# of expected failures 1421
# of unresolved testcases 2
# of unsupported tests 4157
=== gcc Summary ===
# of expected passes 346506
# of unexpected failures 92
# of unexpected successes 6
# of expected failures 2858
# of unresolved testcases 3
# of unsupported tests 9163
/var/gcc/regression/master/11.3-gcc/build/gcc/xgcc version 13.0.0 20221223 (experimental) [master a846817739c1e7b930d593cd51963d6b46b5dfc6] (GCC)
=== gdc tests ===
Running target unix
UNRESOLVED: gdc.test/runnable/mangle.d compilation failed to produce executable
UNRESOLVED: gdc.test/runnable/mangle.d -shared-libphobos compilation failed to produce executable
UNRESOLVED: gdc.test/runnable/testmodule.d compilation failed to produce executable
UNRESOLVED: gdc.test/runnable/testmodule.d -shared-libphobos compilation failed to produce executable
UNRESOLVED: gdc.test/runnable/ufcs.d compilation failed to produce executable
UNRESOLVED: gdc.test/runnable/ufcs.d -shared-libphobos compilation failed to produce executable
=== gdc Summary for unix ===
# of expected passes 11748
# of unresolved testcases 6
# of unsupported tests 564
Running target unix/-m64
UNRESOLVED: gdc.test/runnable/mangle.d compilation failed to produce executable
UNRESOLVED: gdc.test/runnable/mangle.d -shared-libphobos compilation failed to produce executable
UNRESOLVED: gdc.test/runnable/testmodule.d compilation failed to produce executable
UNRESOLVED: gdc.test/runnable/testmodule.d -shared-libphobos compilation failed to produce executable
UNRESOLVED: gdc.test/runnable/ufcs.d compilation failed to produce executable
UNRESOLVED: gdc.test/runnable/ufcs.d -shared-libphobos compilation failed to produce executable
=== gdc Summary for unix/-m64 ===
# of expected passes 11743
# of unresolved testcases 6
# of unsupported tests 564
=== gdc Summary ===
# of expected passes 23491
# of unresolved testcases 12
# of unsupported tests 1128
/var/gcc/regression/master/11.3-gcc/build/gcc/gdc version 13.0.0 20221223 (experimental) [master a846817739c1e7b930d593cd51963d6b46b5dfc6] (GCC)
=== gfortran tests ===
Running target unix
=== gfortran Summary for unix ===
# of expected passes 67061
# of expected failures 261
# of unsupported tests 234
Running target unix/-m64
=== gfortran Summary for unix/-m64 ===
# of expected passes 67357
# of expected failures 259
# of unsupported tests 88
=== gfortran Summary ===
# of expected passes 134418
# of expected failures 520
# of unsupported tests 322
/var/gcc/regression/master/11.3-gcc/build/gcc/gfortran version 13.0.0 20221223 (experimental) [master a846817739c1e7b930d593cd51963d6b46b5dfc6] (GCC)
=== gm2 tests ===
Running target unix
WARNING: gm2/coroutines/pim/run/pass/testiotransfer.mod execution, -Os program timed out.
FAIL: gm2/coroutines/pim/run/pass/testiotransfer.mod execution, -Os
WARNING: gm2/isocoroutines/run/pass/coroutine.mod execution, -Os program timed out.
FAIL: gm2/isocoroutines/run/pass/coroutine.mod execution, -Os
FAIL: gm2/pim/pass/TestLong4.mod, -O
FAIL: gm2/pim/pass/TestLong4.mod, -O -g
FAIL: gm2/pim/pass/TestLong4.mod, -O3 -fomit-frame-pointer
FAIL: gm2/pim/pass/TestLong4.mod, -O3 -fomit-frame-pointer -finline-functions
FAIL: gm2/pim/pass/TestLong4.mod, -Os
FAIL: gm2/pim/pass/TestLong4.mod, -g
FAIL: gm2/pim/pass/arraybool.mod, -O (internal compiler error: Abort)
FAIL: gm2/pim/pass/arraybool.mod, -O -g (internal compiler error: Abort)
FAIL: gm2/pim/pass/arraybool.mod, -O3 -fomit-frame-pointer (internal compiler error: Abort)
FAIL: gm2/pim/pass/arraybool.mod, -O3 -fomit-frame-pointer -finline-functions (internal compiler error: Abort)
FAIL: gm2/pim/pass/arraybool.mod, -Os (internal compiler error: Abort)
FAIL: gm2/pim/pass/arraybool.mod, -g (internal compiler error: Abort)
=== gm2 Summary for unix ===
# of expected passes 11854
# of unexpected failures 14
Running target unix/-m64
FAIL: gm2/cpp/pass/subaddr.mod, -O
FAIL: gm2/cpp/pass/subaddr.mod, -O -g
FAIL: gm2/cpp/pass/subaddr.mod, -O3 -fomit-frame-pointer
FAIL: gm2/cpp/pass/subaddr.mod, -O3 -fomit-frame-pointer -finline-functions
FAIL: gm2/cpp/pass/subaddr.mod, -Os
FAIL: gm2/cpp/pass/subaddr.mod, -g
WARNING: gm2/isocoroutines/run/pass/coroutine.mod execution, -O -g program timed out.
FAIL: gm2/isocoroutines/run/pass/coroutine.mod execution, -O -g
FAIL: gm2/pim/pass/TestLong4.mod, -O
FAIL: gm2/pim/pass/TestLong4.mod, -O -g
FAIL: gm2/pim/pass/TestLong4.mod, -O3 -fomit-frame-pointer
FAIL: gm2/pim/pass/TestLong4.mod, -O3 -fomit-frame-pointer -finline-functions
FAIL: gm2/pim/pass/TestLong4.mod, -Os
FAIL: gm2/pim/pass/TestLong4.mod, -g
FAIL: gm2/pim/pass/arraybool.mod, -O (internal compiler error: Abort)
FAIL: gm2/pim/pass/arraybool.mod, -O -g (internal compiler error: Abort)
FAIL: gm2/pim/pass/arraybool.mod, -O3 -fomit-frame-pointer (internal compiler error: Abort)
FAIL: gm2/pim/pass/arraybool.mod, -O3 -fomit-frame-pointer -finline-functions (internal compiler error: Abort)
FAIL: gm2/pim/pass/arraybool.mod, -Os (internal compiler error: Abort)
FAIL: gm2/pim/pass/arraybool.mod, -g (internal compiler error: Abort)
=== gm2 Summary for unix/-m64 ===
# of expected passes 11849
# of unexpected failures 19
=== gm2 Summary ===
# of expected passes 23703
# of unexpected failures 33
=== gnat tests ===
Running target unix
=== gnat Summary for unix ===
# of expected passes 3393
# of expected failures 23
# of unsupported tests 15
Running target unix/-m64
=== gnat Summary for unix/-m64 ===
# of expected passes 3394
# of expected failures 23
# of unsupported tests 13
=== gnat Summary ===
# of expected passes 6787
# of expected failures 46
# of unsupported tests 28
/var/gcc/regression/master/11.3-gcc/build/gcc/gnatmake version 13.0.0 20221223 (experimental) [master a846817739c1e7b930d593cd51963d6b46b5dfc6]
=== go tests ===
Running target unix
FAIL: ./index0-out.go execution, -O0 -g -fno-var-tracking-assignments
FAIL: go.test/test/fixedbugs/issue16016.go execution, -O2 -g
FAIL: go.test/test/fixedbugs/issue27836.dir/Ãfoo.go -O -I. (test for excess errors)
FAIL: go.test/test/fixedbugs/issue27836.dir/Ãmain.go -O -I. (test for excess errors)
FAIL: issue4458.go -O (test for errors, line 19)
FAIL: issue4458.go -O (test for excess errors)
=== go Summary for unix ===
# of expected passes 8994
# of unexpected failures 6
# of untested testcases 10
# of unsupported tests 34
Running target unix/-m64
FAIL: go.go-torture/execute/for-1.go execution, -flto
FAIL: go.go-torture/execute/names-1.go execution, -O2 -fbounds-check
FAIL: go.go-torture/execute/names-1.go execution, -O2 -fomit-frame-pointer -finline-functions -funroll-loops
FAIL: go.go-torture/execute/names-1.go execution, -O3 -g
FAIL: go.go-torture/execute/names-1.go execution, -flto
FAIL: go.go-torture/execute/printnil.go execution, -O2 -fomit-frame-pointer -finline-functions
FAIL: go.go-torture/execute/printnil.go execution, -O2 -fomit-frame-pointer -finline-functions -funroll-loops
FAIL: go.go-torture/execute/printnil.go execution, -flto
FAIL: ./index0-out.go execution, -O0 -g -fno-var-tracking-assignments
FAIL: go.test/test/append.go execution, -O2 -g
FAIL: go.test/test/chan/doubleselect.go execution, -O2 -g
FAIL: go.test/test/chan/powser1.go execution, -O2 -g
FAIL: go.test/test/chan/powser2.go execution, -O2 -g
FAIL: go.test/test/chan/select5.go execution
FAIL: go.test/test/chan/sieve1.go execution, -O2 -g
FAIL: go.test/test/chancap.go execution, -O2 -g
FAIL: go.test/test/divide.go execution, -O2 -g
FAIL: go.test/test/divmod.go execution, -O2 -g
FAIL: go.test/test/fixedbugs/bug347.go execution, -O0 -g
FAIL: go.test/test/fixedbugs/bug364.go execution, -O2 -g
FAIL: go.test/test/fixedbugs/bug414.dir/prog.go execution, -O2 -g
FAIL: go.test/test/fixedbugs/gcc65755.go execution, -O2 -g
FAIL: go.test/test/fixedbugs/issue11256.go execution, -O2 -g
FAIL: go.test/test/fixedbugs/issue12133.go execution, -O2 -g
FAIL: go.test/test/fixedbugs/issue13169.go execution, -O2 -g
FAIL: go.test/test/fixedbugs/issue14553.go execution, -O2 -g
FAIL: go.test/test/fixedbugs/issue14725.go execution, -O2 -g
FAIL: go.test/test/fixedbugs/issue15992.go execution, -O2 -g
FAIL: go.test/test/fixedbugs/issue16016.go execution, -O2 -g
FAIL: go.test/test/fixedbugs/issue16095.go execution, -O2 -g
FAIL: go.test/test/fixedbugs/issue16249.go execution, -O2 -g
FAIL: go.test/test/fixedbugs/issue18636.go execution, -O2 -g
FAIL: go.test/test/fixedbugs/issue19078.go execution, -O2 -g
FAIL: go.test/test/fixedbugs/issue19113.go execution, -O2 -g
FAIL: go.test/test/fixedbugs/issue19275.go execution, -O2 -g
FAIL: go.test/test/fixedbugs/issue22781.go execution, -O2 -g
FAIL: go.test/test/fixedbugs/issue23781.go -O (test for excess errors)
FAIL: go.test/test/fixedbugs/issue25897b.go execution, -O2 -g
FAIL: go.test/test/fixedbugs/issue27695.go execution, -O2 -g
FAIL: go.test/test/fixedbugs/issue27836.dir/Ãfoo.go -O -I. (test for excess errors)
FAIL: go.test/test/fixedbugs/issue27836.dir/Ãmain.go -O -I. (test for excess errors)
FAIL: go.test/test/fixedbugs/issue29312.go execution, -O2 -g
FAIL: go.test/test/fixedbugs/issue29362.go execution, -O2 -g
FAIL: go.test/test/fixedbugs/issue29362b.go execution, -O2 -g
FAIL: go.test/test/fixedbugs/issue30243.go execution, -O2 -g
FAIL: go.test/test/fixedbugs/issue30566b.go execution, -O2 -g
FAIL: go.test/test/fixedbugs/issue30956.go execution, -O2 -g
FAIL: go.test/test/fixedbugs/issue31419.go execution, -O2 -g
FAIL: go.test/test/fixedbugs/issue39541.go execution, -O2 -g
FAIL: go.test/test/fixedbugs/issue40629.go execution, -O2 -g
FAIL: go.test/test/fixedbugs/issue4909b.go execution
FAIL: go.test/test/fixedbugs/issue5373.go execution, -O2 -g
FAIL: go.test/test/fixedbugs/issue5809.go execution, -O2 -g
FAIL: go.test/test/fixedbugs/issue5856.go execution, -O2 -g
FAIL: go.test/test/fixedbugs/issue6269.go execution, -O2 -g
FAIL: go.test/test/fixedbugs/issue7863.go execution, -O2 -g
FAIL: go.test/test/fixedbugs/issue8047.go execution, -O2 -g
FAIL: go.test/test/fixedbugs/issue8158.go execution, -O2 -g
FAIL: go.test/test/fixedbugs/issue9321.go execution, -O2 -g
FAIL: go.test/test/fixedbugs/issue9604b.go execution
FAIL: go.test/test/gc.go execution, -O2 -g
FAIL: go.test/test/gc2.go execution, -O2 -g
FAIL: go.test/test/initialize.go execution, -O2 -g
FAIL: go.test/test/interface/fake.go execution, -O2 -g
FAIL: go.test/test/ken/chan1.go execution, -O2 -g
FAIL: go.test/test/slice3.go execution
FAIL: issue4458.go -O (test for errors, line 19)
FAIL: issue4458.go -O (test for excess errors)
=== go Summary for unix/-m64 ===
# of expected passes 7917
# of unexpected failures 68
# of untested testcases 10
# of unsupported tests 28
=== go Summary ===
# of expected passes 16911
# of unexpected failures 74
# of untested testcases 20
# of unsupported tests 62
=== obj-c++ tests ===
Running target unix
=== obj-c++ Summary for unix ===
# of expected passes 1510
# of expected failures 2
# of unsupported tests 79
Running target unix/-m64
=== obj-c++ Summary for unix/-m64 ===
# of expected passes 1502
# of expected failures 10
# of unsupported tests 79
=== obj-c++ Summary ===
# of expected passes 3012
# of expected failures 12
# of unsupported tests 158
/var/gcc/regression/master/11.3-gcc/build/gcc/xg++ version 13.0.0 20221223 (experimental) [master a846817739c1e7b930d593cd51963d6b46b5dfc6] (GCC)
=== objc tests ===
Running target unix
=== objc Summary for unix ===
# of expected passes 2840
# of expected failures 6
# of unsupported tests 70
Running target unix/-m64
=== objc Summary for unix/-m64 ===
# of expected passes 2840
# of expected failures 6
# of unsupported tests 70
=== objc Summary ===
# of expected passes 5680
# of expected failures 12
# of unsupported tests 140
/var/gcc/regression/master/11.3-gcc/build/gcc/xgcc version 13.0.0 20221223 (experimental) [master a846817739c1e7b930d593cd51963d6b46b5dfc6] (GCC)
=== rust tests ===
Running target unix
=== rust Summary for unix ===
# of expected passes 4988
# of expected failures 39
# of unsupported tests 1
Running target unix/-m64
=== rust Summary for unix/-m64 ===
# of expected passes 4988
# of expected failures 39
# of unsupported tests 1
=== rust Summary ===
# of expected passes 9976
# of expected failures 78
# of unsupported tests 2
=== gotools tests ===
FAIL: TestScript
FAIL: go test cmd/go
FAIL: TestAbortInCgo
FAIL: TestBigGOMAXPROCS
FAIL: TestBreakpoint
FAIL: TestCatchPanic
FAIL: TestCgoCCodeSIGPROF
FAIL: TestCgoCallbackGC
FAIL: TestCgoCheckBytes
FAIL: TestCgoCrashHandler
FAIL: TestCgoExecSignalMask
FAIL: TestCgoExternalThreadPanic
FAIL: TestCgoExternalThreadSIGPROF
FAIL: TestCgoExternalThreadSignal
FAIL: TestCgoLockOSThreadExit
FAIL: TestCgoNumGoroutine
FAIL: TestCgoPanicCallback
FAIL: TestCgoPanicDeadlock
FAIL: TestCgoPprofCallback
FAIL: TestCgoSignalDeadlock
FAIL: TestCgoTraceback
FAIL: TestCgoTracebackSigpanic
FAIL: TestCrashDumpsAllThreads
FAIL: TestCrashHandler
FAIL: TestDeferLiveness
FAIL: TestDoublePanic
FAIL: TestEINTR
FAIL: TestEnsureDropM
FAIL: TestGCFairness
FAIL: TestGCFairness2
FAIL: TestGccgoCrashTraceback
FAIL: TestGccgoCrashTracebackNodebug
FAIL: TestGoNil
FAIL: TestGoexitCrash
FAIL: TestGoexitDeadlock
FAIL: TestGoexitInPanic
FAIL: TestInitDeadlock
FAIL: TestLargeStringConcat
FAIL: TestLockOSThreadAvoidsStatePropagation
FAIL: TestLockOSThreadExit
FAIL: TestLockOSThreadTemplateThreadRace
FAIL: TestLockedDeadlock
FAIL: TestLockedDeadlock2
FAIL: TestMainGoroutineID
FAIL: TestMemmoveAtomicity
FAIL: TestNeedmDeadlock
FAIL: TestNetpollDeadlock
FAIL: TestNoHelperGoroutines
FAIL: TestNonblockingPipe
FAIL: TestNumGoroutine
FAIL: TestPanicAfterGoexit
FAIL: TestPanicDeadlockGosched
FAIL: TestPanicDeadlockSyscall
FAIL: TestPanicLoop
FAIL: TestPanicRace
FAIL: TestPanicTraceback
FAIL: TestPanicWithDirectlyPrintableCustomTypes
FAIL: TestPhysicalMemoryUtilization
FAIL: TestRecoverBeforePanicAfterGoexit
FAIL: TestRecoverBeforePanicAfterGoexit2
FAIL: TestRecoveredPanicAfterGoexit
FAIL: TestRecursivePanic
FAIL: TestRecursivePanic2
FAIL: TestRecursivePanic3
FAIL: TestRecursivePanic4
FAIL: TestRecursivePanic5
FAIL: TestSegv
FAIL: TestSigStackSwapping
FAIL: TestSignalExitStatus
FAIL: TestSignalIgnoreSIGTRAP
FAIL: TestSimpleDeadlock
FAIL: TestSpuriousWakeupsNeverHangSemasleep
FAIL: TestThreadExhaustion
FAIL: TestVDSO
FAIL: go test runtime
FAIL: TestEarlySignalHandler
FAIL: TestOsSignal
FAIL: TestPIE
FAIL: TestSigaltstack
FAIL: TestSignalForwardingExternal
FAIL: go test misc/cgo/testcarchive
=== gotools Summary ===
# of expected passes 327
# of unexpected failures 81
# of untested testcases 132
/var/gcc/regression/master/11.3-gcc/build/./gcc/gccgo version 13.0.0 20221223 (experimental) [master a846817739c1e7b930d593cd51963d6b46b5dfc6] (GCC)
=== libatomic tests ===
Running target unix
=== libatomic Summary for unix ===
# of expected passes 44
# of unsupported tests 5
Running target unix/-m64
=== libatomic Summary for unix/-m64 ===
# of expected passes 54
=== libatomic Summary ===
# of expected passes 98
# of unsupported tests 5
=== libffi tests ===
Running target unix
=== libffi Summary for unix ===
# of expected passes 3764
Running target unix/-m64
=== libffi Summary for unix/-m64 ===
# of expected passes 1574
=== libffi Summary ===
# of expected passes 5338
=== libgo tests ===
Running target unix
FAIL: runtime
=== libgo Summary for unix ===
# of expected passes 195
# of unexpected failures 1
Running target unix/-m64
FAIL: archive/tar
FAIL: archive/zip
FAIL: bufio
FAIL: bytes
FAIL: cmd/go/internal/cache
FAIL: cmd/go/internal/fsys
FAIL: cmd/go/internal/load
FAIL: cmd/go/internal/lockedfile
FAIL: cmd/go/internal/lockedfile/internal/filelock
FAIL: cmd/go/internal/modconv
FAIL: cmd/go/internal/mvs
FAIL: cmd/go/internal/par
FAIL: cmd/go/internal/work
FAIL: cmd/internal/buildid
FAIL: cmd/internal/pkgpath
FAIL: cmd/internal/test2json
FAIL: compress/bzip2
FAIL: compress/flate
FAIL: compress/gzip
FAIL: compress/lzw
FAIL: compress/zlib
FAIL: context
FAIL: crypto/des
FAIL: crypto/ecdsa
FAIL: crypto/ed25519
FAIL: crypto/ed25519/internal/edwards25519
FAIL: crypto/ed25519/internal/edwards25519/field
FAIL: crypto/elliptic
FAIL: crypto/rand
FAIL: crypto/rc4
FAIL: crypto/rsa
FAIL: crypto/tls
FAIL: crypto/x509
FAIL: database/sql
FAIL: debug/dwarf
FAIL: debug/elf
FAIL: debug/macho
FAIL: debug/pe
FAIL: encoding/base32
FAIL: encoding/base64
FAIL: encoding/csv
FAIL: encoding/gob
FAIL: encoding/json
FAIL: encoding/pem
FAIL: encoding/xml
FAIL: expvar
FAIL: flag
FAIL: fmt
FAIL: go/build
FAIL: go/build/constraint
FAIL: go/constant
FAIL: go/doc
FAIL: go/internal/gccgoimporter
FAIL: go/parser
FAIL: go/scanner
FAIL: go/token
FAIL: go/types
FAIL: hash/adler32
FAIL: hash/crc32
FAIL: hash/fnv
FAIL: hash/maphash
FAIL: html/template
FAIL: image
FAIL: image/color
FAIL: image/draw
FAIL: image/jpeg
FAIL: image/png
FAIL: index/suffixarray
FAIL: internal/buildcfg
FAIL: internal/fuzz
FAIL: internal/intern
FAIL: internal/trace
FAIL: io
FAIL: io/fs
FAIL: log
FAIL: log/syslog
FAIL: math/big
FAIL: math/rand
FAIL: mime
FAIL: mime/multipart
FAIL: mime/quotedprintable
FAIL: net
FAIL: net/http
FAIL: net/http/cgi
FAIL: net/http/cookiejar
FAIL: net/http/fcgi
FAIL: net/http/httptest
FAIL: net/http/pprof
FAIL: net/internal/socktest
FAIL: net/netip
FAIL: net/rpc
FAIL: net/rpc/jsonrpc
FAIL: net/smtp
FAIL: net/textproto
FAIL: os
FAIL: os/exec
FAIL: os/signal
FAIL: os/user
FAIL: path/filepath
FAIL: reflect
FAIL: regexp
FAIL: regexp/syntax
FAIL: runtime
FAIL: runtime/internal/atomic
FAIL: runtime/pprof
FAIL: runtime/trace
FAIL: strconv
FAIL: strings
FAIL: sync
FAIL: sync/atomic
FAIL: syscall
FAIL: testing
FAIL: testing/quick
FAIL: text/scanner
FAIL: text/tabwriter
FAIL: text/template
FAIL: text/template/parse
FAIL: time
FAIL: unicode
FAIL: unicode/utf8
=== libgo Summary for unix/-m64 ===
# of expected passes 76
# of unexpected failures 120
=== libgo Summary ===
# of expected passes 271
# of unexpected failures 121
/var/gcc/regression/master/11.3-gcc/build/./gcc/gccgo version 13.0.0 20221223 (experimental) [master a846817739c1e7b930d593cd51963d6b46b5dfc6] (GCC)
=== libgomp tests ===
Running target unix
FAIL: libgomp.fortran/pointer2.f90 -O2 execution test
FAIL: libgomp.fortran/pointer2.f90 -O3 -fomit-frame-pointer -funroll-loops -fpeel-loops -ftracer -finline-functions execution test
FAIL: libgomp.fortran/pointer2.f90 -O3 -g execution test
FAIL: libgomp.oacc-c++/../libgomp.oacc-c-c++-common/kernels-loop-g.c -DACC_DEVICE_TYPE_host=1 -DACC_MEM_SHARED=1 -foffload=disable -O2 (test for excess errors)
UNRESOLVED: libgomp.oacc-c++/../libgomp.oacc-c-c++-common/kernels-loop-g.c -DACC_DEVICE_TYPE_host=1 -DACC_MEM_SHARED=1 -foffload=disable -O2 compilation failed to produce executable
FAIL: libgomp.oacc-c/../libgomp.oacc-c-c++-common/kernels-loop-g.c -DACC_DEVICE_TYPE_host=1 -DACC_MEM_SHARED=1 -foffload=disable -O2 (test for excess errors)
UNRESOLVED: libgomp.oacc-c/../libgomp.oacc-c-c++-common/kernels-loop-g.c -DACC_DEVICE_TYPE_host=1 -DACC_MEM_SHARED=1 -foffload=disable -O2 compilation failed to produce executable
=== libgomp Summary for unix ===
# of expected passes 14618
# of unexpected failures 5
# of expected failures 285
# of unresolved testcases 2
# of unsupported tests 677
Running target unix/-m64
WARNING: libgomp.c++/task-reduction-8.C execution test program timed out.
FAIL: libgomp.c++/task-reduction-8.C execution test
=== libgomp Summary for unix/-m64 ===
# of expected passes 14625
# of unexpected failures 1
# of expected failures 285
# of unsupported tests 676
=== libgomp Summary ===
# of expected passes 29243
# of unexpected failures 6
# of expected failures 570
# of unresolved testcases 2
# of unsupported tests 1353
=== libitm tests ===
Running target unix
=== libitm Summary for unix ===
# of expected passes 44
# of expected failures 3
# of unsupported tests 1
Running target unix/-m64
=== libitm Summary for unix/-m64 ===
# of expected passes 44
# of expected failures 3
# of unsupported tests 1
=== libitm Summary ===
# of expected passes 88
# of expected failures 6
# of unsupported tests 2
=== libphobos tests ===
Running target unix
FAIL: libphobos.druntime/core/time.d execution test
FAIL: libphobos.druntime_shared/core/time.d execution test
WARNING: libphobos.gc/startbackgc.d execution test program timed out.
FAIL: libphobos.gc/startbackgc.d execution test
FAIL: libphobos.phobos/std/complex.d execution test
FAIL: libphobos.phobos/std/conv.d execution test
FAIL: libphobos.phobos/std/datetime/systime.d execution test
FAIL: libphobos.phobos/std/datetime/timezone.d execution test
FAIL: libphobos.phobos/std/experimental/allocator/building_blocks/region.d execution test
FAIL: libphobos.phobos/std/format/internal/floats.d execution test
FAIL: libphobos.phobos/std/format/internal/write.d execution test
FAIL: libphobos.phobos/std/format/package.d execution test
FAIL: libphobos.phobos/std/format/write.d execution test
FAIL: libphobos.phobos/std/math/hardware.d execution test
FAIL: libphobos.phobos/std/parallelism.d execution test
FAIL: libphobos.phobos/std/socket.d execution test
FAIL: libphobos.phobos/std/typecons.d execution test
FAIL: libphobos.phobos/std/variant.d execution test
FAIL: libphobos.phobos_shared/std/complex.d execution test
FAIL: libphobos.phobos_shared/std/conv.d execution test
FAIL: libphobos.phobos_shared/std/datetime/interval.d execution test
FAIL: libphobos.phobos_shared/std/datetime/systime.d execution test
FAIL: libphobos.phobos_shared/std/datetime/timezone.d execution test
FAIL: libphobos.phobos_shared/std/experimental/allocator/building_blocks/region.d execution test
FAIL: libphobos.phobos_shared/std/format/internal/floats.d execution test
FAIL: libphobos.phobos_shared/std/format/internal/write.d execution test
FAIL: libphobos.phobos_shared/std/format/package.d execution test
FAIL: libphobos.phobos_shared/std/format/write.d execution test
FAIL: libphobos.phobos_shared/std/math/hardware.d execution test
FAIL: libphobos.phobos_shared/std/parallelism.d execution test
FAIL: libphobos.phobos_shared/std/socket.d execution test
FAIL: libphobos.phobos_shared/std/typecons.d execution test
FAIL: libphobos.phobos_shared/std/variant.d execution test
FAIL: libphobos.shared/finalize.d -shared-libphobos -ldl execution test
FAIL: libphobos.shared/load.d -shared-libphobos -ldl execution test
FAIL: libphobos.shared/load_13414.d -shared-libphobos -ldl execution test
FAIL: libphobos.shared/load_linkdep.d -shared-libphobos -ldl execution test
=== libphobos Summary for unix ===
# of expected passes 1069
# of unexpected failures 36
Running target unix/-m64
FAIL: libphobos.druntime/core/time.d execution test
FAIL: libphobos.druntime_shared/core/time.d execution test
WARNING: libphobos.gc/startbackgc.d execution test program timed out.
FAIL: libphobos.gc/startbackgc.d execution test
FAIL: libphobos.phobos/std/complex.d execution test
FAIL: libphobos.phobos/std/conv.d execution test
FAIL: libphobos.phobos/std/datetime/date.d execution test
FAIL: libphobos.phobos/std/datetime/systime.d execution test
FAIL: libphobos.phobos/std/datetime/timezone.d execution test
FAIL: libphobos.phobos/std/experimental/allocator/building_blocks/region.d execution test
FAIL: libphobos.phobos/std/file.d execution test
FAIL: libphobos.phobos/std/format/internal/floats.d execution test
FAIL: libphobos.phobos/std/format/internal/write.d execution test
FAIL: libphobos.phobos/std/format/package.d execution test
FAIL: libphobos.phobos/std/format/write.d execution test
FAIL: libphobos.phobos/std/math/hardware.d execution test
FAIL: libphobos.phobos/std/parallelism.d execution test
FAIL: libphobos.phobos/std/socket.d execution test
FAIL: libphobos.phobos/std/typecons.d execution test
FAIL: libphobos.phobos/std/variant.d execution test
FAIL: libphobos.phobos_shared/std/complex.d execution test
FAIL: libphobos.phobos_shared/std/conv.d execution test
FAIL: libphobos.phobos_shared/std/datetime/date.d execution test
FAIL: libphobos.phobos_shared/std/datetime/interval.d execution test
FAIL: libphobos.phobos_shared/std/datetime/systime.d execution test
FAIL: libphobos.phobos_shared/std/datetime/timezone.d execution test
FAIL: libphobos.phobos_shared/std/experimental/allocator/building_blocks/region.d execution test
FAIL: libphobos.phobos_shared/std/file.d execution test
FAIL: libphobos.phobos_shared/std/format/internal/floats.d execution test
FAIL: libphobos.phobos_shared/std/format/internal/write.d execution test
FAIL: libphobos.phobos_shared/std/format/package.d execution test
FAIL: libphobos.phobos_shared/std/format/write.d execution test
FAIL: libphobos.phobos_shared/std/math/hardware.d execution test
FAIL: libphobos.phobos_shared/std/parallelism.d execution test
FAIL: libphobos.phobos_shared/std/socket.d execution test
FAIL: libphobos.phobos_shared/std/typecons.d execution test
FAIL: libphobos.phobos_shared/std/variant.d execution test
FAIL: libphobos.shared/finalize.d -shared-libphobos -ldl execution test
FAIL: libphobos.shared/load.d -shared-libphobos -ldl execution test
FAIL: libphobos.shared/load_13414.d -shared-libphobos -ldl execution test
FAIL: libphobos.shared/load_linkdep.d -shared-libphobos -ldl execution test
=== libphobos Summary for unix/-m64 ===
# of expected passes 1065
# of unexpected failures 40
=== libphobos Summary ===
# of expected passes 2134
# of unexpected failures 76
=== libstdc++ tests ===
Running target unix
FAIL: 27_io/basic_ofstream/open/char/noreplace.cc execution test
FAIL: 27_io/basic_ofstream/open/wchar_t/noreplace.cc execution test
FAIL: 29_atomics/atomic_flag/cons/56012.cc (test for excess errors)
FAIL: libstdc++-prettyprinters/48362.cc
FAIL: libstdc++-prettyprinters/48362.cc
FAIL: libstdc++-prettyprinters/59161.cc
FAIL: libstdc++-prettyprinters/59161.cc
FAIL: libstdc++-prettyprinters/80276.cc
FAIL: libstdc++-prettyprinters/80276.cc
FAIL: libstdc++-prettyprinters/91997.cc
FAIL: libstdc++-prettyprinters/91997.cc
FAIL: libstdc++-prettyprinters/compat.cc
FAIL: libstdc++-prettyprinters/compat.cc
FAIL: libstdc++-prettyprinters/cxx11.cc
FAIL: libstdc++-prettyprinters/cxx11.cc
FAIL: libstdc++-prettyprinters/cxx17.cc
FAIL: libstdc++-prettyprinters/cxx17.cc
FAIL: libstdc++-prettyprinters/cxx20.cc
FAIL: libstdc++-prettyprinters/cxx20.cc
FAIL: libstdc++-prettyprinters/debug.cc
FAIL: libstdc++-prettyprinters/debug.cc
FAIL: libstdc++-prettyprinters/debug_cxx11.cc
FAIL: libstdc++-prettyprinters/debug_cxx11.cc
FAIL: libstdc++-prettyprinters/filesystem-ts.cc
FAIL: libstdc++-prettyprinters/filesystem-ts.cc
FAIL: libstdc++-prettyprinters/libfundts.cc
FAIL: libstdc++-prettyprinters/libfundts.cc
FAIL: libstdc++-prettyprinters/shared_ptr.cc
FAIL: libstdc++-prettyprinters/shared_ptr.cc
FAIL: libstdc++-prettyprinters/simple.cc
FAIL: libstdc++-prettyprinters/simple.cc
FAIL: libstdc++-prettyprinters/simple11.cc
FAIL: libstdc++-prettyprinters/simple11.cc
FAIL: libstdc++-prettyprinters/tr1.cc
FAIL: libstdc++-prettyprinters/tr1.cc
FAIL: libstdc++-prettyprinters/whatis.cc
FAIL: libstdc++-prettyprinters/whatis.cc
FAIL: libstdc++-prettyprinters/whatis2.cc
FAIL: libstdc++-prettyprinters/whatis2.cc
FAIL: libstdc++-xmethods/array.cc
FAIL: libstdc++-xmethods/associative-containers.cc
FAIL: libstdc++-xmethods/deque.cc
FAIL: libstdc++-xmethods/forwardlist.cc
FAIL: libstdc++-xmethods/list.cc
FAIL: libstdc++-xmethods/shared_ptr.cc
FAIL: libstdc++-xmethods/unique_ptr.cc
FAIL: libstdc++-xmethods/vector.cc
=== libstdc++ Summary for unix ===
# of expected passes 14600
# of unexpected failures 47
# of expected failures 99
# of unsupported tests 761
Running target unix/-m64
FAIL: 20_util/from_chars/4.cc execution test
FAIL: 27_io/basic_ofstream/open/char/noreplace.cc execution test
FAIL: 27_io/basic_ofstream/open/wchar_t/noreplace.cc execution test
FAIL: libstdc++-prettyprinters/48362.cc
FAIL: libstdc++-prettyprinters/48362.cc
FAIL: libstdc++-prettyprinters/59161.cc
FAIL: libstdc++-prettyprinters/59161.cc
FAIL: libstdc++-prettyprinters/80276.cc
FAIL: libstdc++-prettyprinters/80276.cc
FAIL: libstdc++-prettyprinters/91997.cc
FAIL: libstdc++-prettyprinters/91997.cc
FAIL: libstdc++-prettyprinters/compat.cc
FAIL: libstdc++-prettyprinters/compat.cc
FAIL: libstdc++-prettyprinters/cxx11.cc
FAIL: libstdc++-prettyprinters/cxx11.cc
FAIL: libstdc++-prettyprinters/cxx17.cc
FAIL: libstdc++-prettyprinters/cxx17.cc
FAIL: libstdc++-prettyprinters/cxx20.cc
FAIL: libstdc++-prettyprinters/cxx20.cc
FAIL: libstdc++-prettyprinters/debug.cc
FAIL: libstdc++-prettyprinters/debug.cc
FAIL: libstdc++-prettyprinters/debug_cxx11.cc
FAIL: libstdc++-prettyprinters/debug_cxx11.cc
FAIL: libstdc++-prettyprinters/filesystem-ts.cc
FAIL: libstdc++-prettyprinters/filesystem-ts.cc
FAIL: libstdc++-prettyprinters/libfundts.cc
FAIL: libstdc++-prettyprinters/libfundts.cc
FAIL: libstdc++-prettyprinters/shared_ptr.cc
FAIL: libstdc++-prettyprinters/shared_ptr.cc
FAIL: libstdc++-prettyprinters/simple.cc
FAIL: libstdc++-prettyprinters/simple.cc
FAIL: libstdc++-prettyprinters/simple11.cc
FAIL: libstdc++-prettyprinters/simple11.cc
FAIL: libstdc++-prettyprinters/tr1.cc
FAIL: libstdc++-prettyprinters/tr1.cc
FAIL: libstdc++-prettyprinters/whatis.cc
FAIL: libstdc++-prettyprinters/whatis.cc
FAIL: libstdc++-prettyprinters/whatis2.cc
FAIL: libstdc++-prettyprinters/whatis2.cc
FAIL: libstdc++-xmethods/array.cc
FAIL: libstdc++-xmethods/associative-containers.cc
FAIL: libstdc++-xmethods/deque.cc
FAIL: libstdc++-xmethods/forwardlist.cc
FAIL: libstdc++-xmethods/list.cc
FAIL: libstdc++-xmethods/shared_ptr.cc
FAIL: libstdc++-xmethods/unique_ptr.cc
FAIL: libstdc++-xmethods/vector.cc
=== libstdc++ Summary for unix/-m64 ===
# of expected passes 14588
# of unexpected failures 47
# of expected failures 99
# of unsupported tests 767
=== libstdc++ Summary ===
# of expected passes 29188
# of unexpected failures 94
# of expected failures 198
# of unsupported tests 1528
Compiler version: 13.0.0 20221223 (experimental) [master a846817739c1e7b930d593cd51963d6b46b5dfc6] (GCC)
Platform: i386-pc-solaris2.11
configure flags: --prefix=/vol/gcc --target=i386-pc-solaris2.11 --enable-obsolete --enable-objc-gc --with-target-bdw-gc-include=/vol/gcc/include --with-target-bdw-gc-lib=/vol/gcc/lib,amd64=/vol/gcc/lib/amd64 --with-as=/usr/ccs/bin/as --without-gnu-as --with-gmp-include=/vol/gcc/include --with-gmp-lib=/vol/gcc/lib --with-mpfr-include=/vol/gcc/include --with-mpfr-lib=/vol/gcc/lib --with-mpc-include=/vol/gcc/include --with-mpc-lib=/vol/gcc/lib --enable-languages=all,ada,obj-c++,go --with-isl-include=/vol/gcc/include --with-isl-lib=/vol/gcc/lib --with-zstd-include=/vol/gcc/include --with-zstd-lib=/vol/gcc/lib --build=i386-pc-solaris2.11 --host=i386-pc-solaris2.11
BOOT_CFLAGS=-g -O2
More information about the Gcc-testresults
mailing list