Results for 13.0.0 20221216 (experimental) [master 711e0acdbb2645f5a8aa89014488c24e89ccb0f7] (GCC) testsuite on sparc-sun-solaris2.11
Rainer Orth
ro@CeBiTec.Uni-Bielefeld.DE
Sun Dec 18 10:17:14 GMT 2022
LAST_UPDATED: Fri Dec 16 09:34:01 UTC 2022 (revision 711e0acdbb2645f5a8aa89014488c24e89ccb0f7)
=== acats tests ===
=== acats Summary ===
# of expected passes 2328
# of unexpected failures 0
Native configuration is sparc-sun-solaris2.11
=== g++ tests ===
Running target unix
FAIL: c-c++-common/diagnostic-format-sarif-file-4.c -std=gnu++14 scan-sarif-file "text": " int \\\\u6587\\\\u5b57\\\\u5316\\\\u3051 =
FAIL: c-c++-common/diagnostic-format-sarif-file-4.c -std=gnu++17 scan-sarif-file "text": " int \\\\u6587\\\\u5b57\\\\u5316\\\\u3051 =
FAIL: c-c++-common/diagnostic-format-sarif-file-4.c -std=gnu++20 scan-sarif-file "text": " int \\\\u6587\\\\u5b57\\\\u5316\\\\u3051 =
FAIL: c-c++-common/diagnostic-format-sarif-file-4.c -std=gnu++98 scan-sarif-file "text": " int \\\\u6587\\\\u5b57\\\\u5316\\\\u3051 =
FAIL: c-c++-common/pr103798-2.c -std=gnu++14 scan-assembler-not memchr
FAIL: c-c++-common/pr103798-2.c -std=gnu++17 scan-assembler-not memchr
FAIL: c-c++-common/pr103798-2.c -std=gnu++20 scan-assembler-not memchr
FAIL: c-c++-common/pr103798-2.c -std=gnu++98 scan-assembler-not memchr
FAIL: g++.dg/pr71488.C (test for excess errors)
FAIL: g++.dg/pr94920.C -std=gnu++14 scan-tree-dump-times optimized " ABS_EXPR " 6
FAIL: g++.dg/pr94920.C -std=gnu++17 scan-tree-dump-times optimized " ABS_EXPR " 6
FAIL: g++.dg/pr94920.C -std=gnu++20 scan-tree-dump-times optimized " ABS_EXPR " 6
FAIL: g++.dg/pr94920.C -std=gnu++98 scan-tree-dump-times optimized " ABS_EXPR " 6
FAIL: g++.dg/warn/Warray-bounds-16.C -std=gnu++14 (test for excess errors)
FAIL: g++.dg/warn/Warray-bounds-16.C -std=gnu++17 (test for excess errors)
FAIL: g++.dg/warn/Warray-bounds-16.C -std=gnu++20 (test for excess errors)
FAIL: g++.dg/warn/Warray-bounds-16.C -std=gnu++98 (test for excess errors)
FAIL: g++.dg/warn/Wstringop-overflow-4.C -std=gnu++98 (test for excess errors)
FAIL: g++.dg/modules/pr98531-1_a.H module-cmi (gcm.cache/\$srcdir/g++.dg/modules/pr98531-1_a.H.gcm)
FAIL: g++.dg/modules/pr98531-1_a.H module-cmi (gcm.cache/\$srcdir/g++.dg/modules/pr98531-1_a.H.gcm)
FAIL: g++.dg/modules/pr98531-1_a.H module-cmi (gcm.cache/\$srcdir/g++.dg/modules/pr98531-1_a.H.gcm)
FAIL: g++.dg/modules/pr99023_b.X -std=c++2a (test for excess errors)
FAIL: g++.dg/modules/pr99023_b.X -std=c++2b (test for excess errors)
FAIL: g++.dg/modules/stdio-1_a.H -std=c++17 scan-lang-dump module "Depset:0 decl entity:[0-9]* function_decl:'::printf'"
FAIL: g++.dg/modules/stdio-1_a.H -std=c++2a scan-lang-dump module "Depset:0 decl entity:[0-9]* function_decl:'::printf'"
FAIL: g++.dg/modules/stdio-1_a.H -std=c++2b scan-lang-dump module "Depset:0 decl entity:[0-9]* function_decl:'::printf'"
FAIL: g++.dg/special/initpri3.C at line 10 (test for warnings, line 9)
FAIL: g++.dg/special/initpri3.C (test for excess errors)
=== g++ Summary for unix ===
# of expected passes 226081
# of unexpected failures 28
# of expected failures 1912
# of unsupported tests 11206
Running target unix/-m64
FAIL: c-c++-common/diagnostic-format-sarif-file-4.c -std=gnu++14 scan-sarif-file "text": " int \\\\u6587\\\\u5b57\\\\u5316\\\\u3051 =
FAIL: c-c++-common/diagnostic-format-sarif-file-4.c -std=gnu++17 scan-sarif-file "text": " int \\\\u6587\\\\u5b57\\\\u5316\\\\u3051 =
FAIL: c-c++-common/diagnostic-format-sarif-file-4.c -std=gnu++20 scan-sarif-file "text": " int \\\\u6587\\\\u5b57\\\\u5316\\\\u3051 =
FAIL: c-c++-common/diagnostic-format-sarif-file-4.c -std=gnu++98 scan-sarif-file "text": " int \\\\u6587\\\\u5b57\\\\u5316\\\\u3051 =
FAIL: c-c++-common/pr103798-2.c -std=gnu++14 scan-assembler-not memchr
FAIL: c-c++-common/pr103798-2.c -std=gnu++17 scan-assembler-not memchr
FAIL: c-c++-common/pr103798-2.c -std=gnu++20 scan-assembler-not memchr
FAIL: c-c++-common/pr103798-2.c -std=gnu++98 scan-assembler-not memchr
FAIL: g++.dg/pr71488.C (test for excess errors)
FAIL: g++.dg/pr94920.C -std=gnu++14 scan-tree-dump-times optimized " ABS_EXPR " 6
FAIL: g++.dg/pr94920.C -std=gnu++17 scan-tree-dump-times optimized " ABS_EXPR " 6
FAIL: g++.dg/pr94920.C -std=gnu++20 scan-tree-dump-times optimized " ABS_EXPR " 6
FAIL: g++.dg/pr94920.C -std=gnu++98 scan-tree-dump-times optimized " ABS_EXPR " 6
FAIL: g++.dg/modules/pr98531-1_a.H module-cmi (gcm.cache/\$srcdir/g++.dg/modules/pr98531-1_a.H.gcm)
FAIL: g++.dg/modules/pr98531-1_a.H module-cmi (gcm.cache/\$srcdir/g++.dg/modules/pr98531-1_a.H.gcm)
FAIL: g++.dg/modules/pr98531-1_a.H module-cmi (gcm.cache/\$srcdir/g++.dg/modules/pr98531-1_a.H.gcm)
FAIL: g++.dg/modules/pr99023_b.X -std=c++2a (test for excess errors)
FAIL: g++.dg/modules/pr99023_b.X -std=c++2b (test for excess errors)
FAIL: g++.dg/modules/stdio-1_a.H -std=c++17 scan-lang-dump module "Depset:0 decl entity:[0-9]* function_decl:'::printf'"
FAIL: g++.dg/modules/stdio-1_a.H -std=c++2a scan-lang-dump module "Depset:0 decl entity:[0-9]* function_decl:'::printf'"
FAIL: g++.dg/modules/stdio-1_a.H -std=c++2b scan-lang-dump module "Depset:0 decl entity:[0-9]* function_decl:'::printf'"
FAIL: g++.dg/special/initpri3.C at line 10 (test for warnings, line 9)
FAIL: g++.dg/special/initpri3.C (test for excess errors)
=== g++ Summary for unix/-m64 ===
# of expected passes 226852
# of unexpected failures 23
# of expected failures 1920
# of unsupported tests 10871
=== g++ Summary ===
# of expected passes 452933
# of unexpected failures 51
# of expected failures 3832
# of unsupported tests 22077
/var/gcc/regression/master/11.3-gcc-gas/build/gcc/xg++ version 13.0.0 20221216 (experimental) [master 711e0acdbb2645f5a8aa89014488c24e89ccb0f7] (GCC)
=== gcc tests ===
Running target unix
FAIL: gcc.dg/analyzer/fd-access-mode-target-headers.c (test for warnings, line 17)
FAIL: gcc.dg/analyzer/fd-access-mode-target-headers.c (test for warnings, line 25)
FAIL: gcc.dg/analyzer/fd-access-mode-target-headers.c (test for warnings, line 30)
FAIL: gcc.dg/analyzer/fd-access-mode-target-headers.c (test for warnings, line 37)
FAIL: gcc.dg/analyzer/fd-access-mode-target-headers.c (test for warnings, line 53)
FAIL: gcc.dg/analyzer/fd-access-mode-target-headers.c (test for excess errors)
XPASS: gcc.dg/analyzer/flex-with-call-summaries.c (test for bogus messages, line 1104)
XPASS: gcc.dg/analyzer/flex-with-call-summaries.c (test for bogus messages, line 916)
FAIL: gcc.dg/analyzer/getchar-1.c (test for excess errors)
FAIL: gcc.dg/analyzer/isatty-1.c (test for warnings, line 29)
FAIL: gcc.dg/analyzer/isatty-1.c (test for warnings, line 44)
FAIL: gcc.dg/analyzer/isatty-1.c (test for warnings, line 54)
FAIL: gcc.dg/analyzer/isatty-1.c (test for excess errors)
FAIL: gcc.dg/analyzer/pr104308.c (test for warnings, line 9)
FAIL: gcc.dg/analyzer/pr94851-1.c (test for excess errors)
FAIL: c-c++-common/diagnostic-format-sarif-file-4.c -Wc++-compat scan-sarif-file "text": " int \\\\u6587\\\\u5b57\\\\u5316\\\\u3051 =
FAIL: gcc.dg/fold-overflow-1.c scan-assembler-times 2139095040 2
XPASS: gcc.dg/pr84877.c execution test
FAIL: gcc.dg/pr95115.c execution test
FAIL: gcc.dg/visibility-22.c execution test
FAIL: gcc.dg/ipa/ipa-icf-38.c scan-ltrans-tree-dump-not optimized "Function bar"
FAIL: gcc-dg-lto-modref-3-01.exe scan-wpa-ipa-dump modref "parm 1 flags: no_direct_clobber no_direct_escape"
FAIL: gcc-dg-lto-modref-4-01.exe scan-wpa-ipa-dump modref "parm 1 flags: no_direct_clobber no_direct_escape"
FAIL: gcc.dg/lto/modref-3 c_lto_modref-3_0.o-c_lto_modref-3_1.o execute -O2 -flto-partition=max -fdump-ipa-modref -fno-ipa-sra -fno-ipa-cp -flto
FAIL: gcc.dg/lto/modref-4 c_lto_modref-4_0.o-c_lto_modref-4_1.o execute -O2 -flto-partition=max -fdump-ipa-modref -fno-ipa-sra -flto
FAIL: gcc.dg/simulate-thread/atomic-other-int.c -O2 -g thread simulation test
FAIL: gcc.dg/simulate-thread/atomic-other-int.c -O3 -g thread simulation test
FAIL: gcc.dg/simulate-thread/speculative-store-4.c -O0 -g thread simulation test
FAIL: gcc.dg/simulate-thread/speculative-store-4.c -O2 -g thread simulation test
FAIL: gcc.dg/simulate-thread/speculative-store-4.c -O3 -g thread simulation test
FAIL: gcc.dg/simulate-thread/speculative-store.c -O0 -g thread simulation test
FAIL: gcc.dg/torture/pr60092.c -O0 execution test
FAIL: gcc.dg/ubsan/object-size-dyn.c -O2 execution test
FAIL: gcc.dg/ubsan/object-size-dyn.c -O2 -flto execution test
FAIL: gcc.dg/ubsan/object-size-dyn.c -O2 -flto -flto-partition=none execution test
FAIL: gcc.dg/vect/bb-slp-21.c -flto -ffat-lto-objects scan-tree-dump-times slp2 "optimized: basic block" 1
FAIL: gcc.dg/vect/bb-slp-21.c scan-tree-dump-times slp2 "optimized: basic block" 1
FAIL: gcc.dg/vect/bb-slp-22.c -flto -ffat-lto-objects scan-tree-dump-times slp2 "optimized: basic block" 1
FAIL: gcc.dg/vect/bb-slp-22.c scan-tree-dump-times slp2 "optimized: basic block" 1
XPASS: gcc.dg/vect/bb-slp-32.c -flto -ffat-lto-objects scan-tree-dump slp2 "vectorization is not profitable"
XPASS: gcc.dg/vect/bb-slp-32.c scan-tree-dump slp2 "vectorization is not profitable"
FAIL: gcc.dg/vect/pr37027.c -flto -ffat-lto-objects scan-tree-dump-times vect "vectorized 1 loops" 1
FAIL: gcc.dg/vect/pr37027.c -flto -ffat-lto-objects scan-tree-dump-times vect "vectorizing stmts using SLP" 1
FAIL: gcc.dg/vect/pr37027.c scan-tree-dump-times vect "vectorized 1 loops" 1
FAIL: gcc.dg/vect/pr37027.c scan-tree-dump-times vect "vectorizing stmts using SLP" 1
FAIL: gcc.dg/vect/pr67790.c -flto -ffat-lto-objects scan-tree-dump vect "vectorizing stmts using SLP"
FAIL: gcc.dg/vect/pr67790.c scan-tree-dump vect "vectorizing stmts using SLP"
FAIL: gcc.dg/vect/pr97428.c -flto -ffat-lto-objects scan-tree-dump vect "Detected interleaving load of size 8"
FAIL: gcc.dg/vect/pr97428.c -flto -ffat-lto-objects scan-tree-dump vect "Detected interleaving store of size 16"
FAIL: gcc.dg/vect/pr97428.c scan-tree-dump vect "Detected interleaving load of size 8"
FAIL: gcc.dg/vect/pr97428.c scan-tree-dump vect "Detected interleaving store of size 16"
FAIL: gcc.dg/vect/slp-47.c -flto -ffat-lto-objects scan-tree-dump-times vect "vectorizing stmts using SLP" 2
FAIL: gcc.dg/vect/slp-47.c scan-tree-dump-times vect "vectorizing stmts using SLP" 2
FAIL: gcc.dg/vect/slp-48.c -flto -ffat-lto-objects scan-tree-dump-times vect "vectorizing stmts using SLP" 2
FAIL: gcc.dg/vect/slp-48.c scan-tree-dump-times vect "vectorizing stmts using SLP" 2
FAIL: gcc.dg/vect/slp-reduc-1.c -flto -ffat-lto-objects scan-tree-dump-times vect "vectorized 1 loops" 1
FAIL: gcc.dg/vect/slp-reduc-1.c -flto -ffat-lto-objects scan-tree-dump-times vect "vectorizing stmts using SLP" 1
FAIL: gcc.dg/vect/slp-reduc-1.c scan-tree-dump-times vect "vectorized 1 loops" 1
FAIL: gcc.dg/vect/slp-reduc-1.c scan-tree-dump-times vect "vectorizing stmts using SLP" 1
FAIL: gcc.dg/vect/slp-reduc-2.c -flto -ffat-lto-objects scan-tree-dump-times vect "vectorized 1 loops" 1
FAIL: gcc.dg/vect/slp-reduc-2.c -flto -ffat-lto-objects scan-tree-dump-times vect "vectorizing stmts using SLP" 1
FAIL: gcc.dg/vect/slp-reduc-2.c scan-tree-dump-times vect "vectorized 1 loops" 1
FAIL: gcc.dg/vect/slp-reduc-2.c scan-tree-dump-times vect "vectorizing stmts using SLP" 1
FAIL: gcc.dg/vect/slp-reduc-7.c -flto -ffat-lto-objects scan-tree-dump-times vect "vectorized 1 loops" 1
FAIL: gcc.dg/vect/slp-reduc-7.c -flto -ffat-lto-objects scan-tree-dump-times vect "vectorizing stmts using SLP" 1
FAIL: gcc.dg/vect/slp-reduc-7.c scan-tree-dump-times vect "vectorized 1 loops" 1
FAIL: gcc.dg/vect/slp-reduc-7.c scan-tree-dump-times vect "vectorizing stmts using SLP" 1
FAIL: gcc.dg/vect/slp-reduc-8.c -flto -ffat-lto-objects scan-tree-dump vect "vectorized 1 loops"
FAIL: gcc.dg/vect/slp-reduc-8.c scan-tree-dump vect "vectorized 1 loops"
XPASS: gcc.dg/vect/vect-alias-check-1.c -flto -ffat-lto-objects scan-tree-dump vect "using an address-based overlap test"
XPASS: gcc.dg/vect/vect-alias-check-1.c scan-tree-dump vect "using an address-based overlap test"
FAIL: gcc.dg/vect/vect-bic-bitmask-10.c -flto -ffat-lto-objects scan-tree-dump dce7 "<=\\\\s*.+{ 255,.+}"
FAIL: gcc.dg/vect/vect-bic-bitmask-10.c scan-tree-dump dce7 "<=\\\\s*.+{ 255,.+}"
FAIL: gcc.dg/vect/vect-bic-bitmask-11.c -flto -ffat-lto-objects scan-tree-dump dce7 ">\\\\s*.+{ 255,.+}"
FAIL: gcc.dg/vect/vect-bic-bitmask-11.c scan-tree-dump dce7 ">\\\\s*.+{ 255,.+}"
FAIL: gcc.dg/vect/vect-bic-bitmask-12.c -flto -ffat-lto-objects scan-tree-dump dce7 "<=\\\\s*.+{ 255,.+}"
FAIL: gcc.dg/vect/vect-bic-bitmask-12.c scan-tree-dump dce7 "<=\\\\s*.+{ 255,.+}"
FAIL: gcc.dg/vect/vect-bic-bitmask-2.c -flto -ffat-lto-objects scan-tree-dump-times dce7 "<=\\\\s*.+{ 255,.+}" 1
FAIL: gcc.dg/vect/vect-bic-bitmask-2.c scan-tree-dump-times dce7 "<=\\\\s*.+{ 255,.+}" 1
FAIL: gcc.dg/vect/vect-bic-bitmask-23.c -flto -ffat-lto-objects scan-tree-dump dce7 "<=\\\\s*.+{ 255, 15, 1, 65535 }"
FAIL: gcc.dg/vect/vect-bic-bitmask-23.c scan-tree-dump dce7 "<=\\\\s*.+{ 255, 15, 1, 65535 }"
FAIL: gcc.dg/vect/vect-bic-bitmask-3.c -flto -ffat-lto-objects scan-tree-dump-times dce7 "<=\\\\s*.+{ 255,.+}" 1
FAIL: gcc.dg/vect/vect-bic-bitmask-3.c scan-tree-dump-times dce7 "<=\\\\s*.+{ 255,.+}" 1
FAIL: gcc.dg/vect/vect-bic-bitmask-5.c -flto -ffat-lto-objects scan-tree-dump-times dce7 ">\\\\s*.+{ 255,.+}" 1
FAIL: gcc.dg/vect/vect-bic-bitmask-5.c scan-tree-dump-times dce7 ">\\\\s*.+{ 255,.+}" 1
FAIL: gcc.dg/vect/vect-bic-bitmask-6.c -flto -ffat-lto-objects scan-tree-dump-times dce7 "<=\\\\s*.+{ 255,.+}" 1
FAIL: gcc.dg/vect/vect-bic-bitmask-6.c scan-tree-dump-times dce7 "<=\\\\s*.+{ 255,.+}" 1
FAIL: gcc.dg/vect/vect-bic-bitmask-8.c -flto -ffat-lto-objects scan-tree-dump-times dce7 ">\\\\s*.+{ 1,.+}" 1
FAIL: gcc.dg/vect/vect-bic-bitmask-8.c scan-tree-dump-times dce7 ">\\\\s*.+{ 1,.+}" 1
FAIL: gcc.dg/vect/vect-bic-bitmask-9.c -flto -ffat-lto-objects scan-tree-dump dce7 "&\\\\s*.+{ 4294967290,.+}"
FAIL: gcc.dg/vect/vect-bic-bitmask-9.c scan-tree-dump dce7 "&\\\\s*.+{ 4294967290,.+}"
FAIL: gcc.dg/vect/vect-bitfield-write-2.c -flto -ffat-lto-objects scan-tree-dump-times vect "vectorized 1 loops" 1
FAIL: gcc.dg/vect/vect-bitfield-write-2.c scan-tree-dump-times vect "vectorized 1 loops" 1
FAIL: gcc.dg/vect/vect-bitfield-write-3.c -flto -ffat-lto-objects scan-tree-dump-times vect "vectorized 1 loops" 1
FAIL: gcc.dg/vect/vect-bitfield-write-3.c scan-tree-dump-times vect "vectorized 1 loops" 1
FAIL: gcc.dg/vect/vect-cost-model-1.c -flto -ffat-lto-objects scan-tree-dump vect "LOOP VECTORIZED"
FAIL: gcc.dg/vect/vect-cost-model-1.c scan-tree-dump vect "LOOP VECTORIZED"
FAIL: gcc.dg/vect/vect-cost-model-3.c -flto -ffat-lto-objects scan-tree-dump vect "LOOP VECTORIZED"
FAIL: gcc.dg/vect/vect-cost-model-3.c scan-tree-dump vect "LOOP VECTORIZED"
FAIL: gcc.dg/vect/vect-cost-model-5.c -flto -ffat-lto-objects scan-tree-dump vect "LOOP VECTORIZED"
FAIL: gcc.dg/vect/vect-cost-model-5.c scan-tree-dump vect "LOOP VECTORIZED"
FAIL: gcc.dg/vect/vect-fmax-1.c -flto -ffat-lto-objects scan-tree-dump vect "Detected reduction"
FAIL: gcc.dg/vect/vect-fmax-1.c scan-tree-dump vect "Detected reduction"
FAIL: gcc.dg/vect/vect-fmax-2.c -flto -ffat-lto-objects scan-tree-dump vect "Detected reduction"
FAIL: gcc.dg/vect/vect-fmax-2.c scan-tree-dump vect "Detected reduction"
FAIL: gcc.dg/vect/vect-fmax-3.c -flto -ffat-lto-objects scan-tree-dump vect "Detected reduction"
FAIL: gcc.dg/vect/vect-fmax-3.c scan-tree-dump vect "Detected reduction"
FAIL: gcc.dg/vect/vect-fmin-1.c -flto -ffat-lto-objects scan-tree-dump vect "Detected reduction"
FAIL: gcc.dg/vect/vect-fmin-1.c -flto -ffat-lto-objects scan-tree-dump vect "Detected reduction"
FAIL: gcc.dg/vect/vect-fmin-1.c scan-tree-dump vect "Detected reduction"
FAIL: gcc.dg/vect/vect-fmin-1.c scan-tree-dump vect "Detected reduction"
FAIL: gcc.dg/vect/vect-fmin-2.c -flto -ffat-lto-objects scan-tree-dump vect "Detected reduction"
FAIL: gcc.dg/vect/vect-fmin-2.c scan-tree-dump vect "Detected reduction"
FAIL: gcc.dg/vect/vect-fmin-3.c -flto -ffat-lto-objects scan-tree-dump vect "Detected reduction"
FAIL: gcc.dg/vect/vect-fmin-3.c scan-tree-dump vect "Detected reduction"
FAIL: gcc.dg/vect/vect-recurr-1.c -flto -ffat-lto-objects scan-tree-dump vect "vectorized 1 loops in function"
FAIL: gcc.dg/vect/vect-recurr-1.c scan-tree-dump vect "vectorized 1 loops in function"
FAIL: gcc.dg/vect/vect-recurr-2.c -flto -ffat-lto-objects scan-tree-dump vect "vectorized 1 loops in function"
FAIL: gcc.dg/vect/vect-recurr-2.c scan-tree-dump vect "vectorized 1 loops in function"
FAIL: gcc.dg/vect/vect-recurr-3.c -flto -ffat-lto-objects scan-tree-dump vect "vectorized 1 loops in function"
FAIL: gcc.dg/vect/vect-recurr-3.c scan-tree-dump vect "vectorized 1 loops in function"
FAIL: gcc.dg/vect/vect-recurr-4.c -flto -ffat-lto-objects scan-tree-dump vect "vectorized 1 loops in function"
FAIL: gcc.dg/vect/vect-recurr-4.c scan-tree-dump vect "vectorized 1 loops in function"
FAIL: gcc.dg/vect/vect-recurr-5.c -flto -ffat-lto-objects scan-tree-dump vect "vectorized 1 loops in function"
FAIL: gcc.dg/vect/vect-recurr-5.c scan-tree-dump vect "vectorized 1 loops in function"
=== gcc Summary for unix ===
# of expected passes 146202
# of unexpected failures 118
# of unexpected successes 7
# of expected failures 1272
# of unsupported tests 4562
Running target unix/-m64
FAIL: gcc.dg/analyzer/fd-access-mode-target-headers.c (test for warnings, line 17)
FAIL: gcc.dg/analyzer/fd-access-mode-target-headers.c (test for warnings, line 25)
FAIL: gcc.dg/analyzer/fd-access-mode-target-headers.c (test for warnings, line 30)
FAIL: gcc.dg/analyzer/fd-access-mode-target-headers.c (test for warnings, line 37)
FAIL: gcc.dg/analyzer/fd-access-mode-target-headers.c (test for warnings, line 53)
FAIL: gcc.dg/analyzer/fd-access-mode-target-headers.c (test for excess errors)
FAIL: gcc.dg/analyzer/isatty-1.c (test for warnings, line 29)
FAIL: gcc.dg/analyzer/isatty-1.c (test for warnings, line 44)
FAIL: gcc.dg/analyzer/isatty-1.c (test for warnings, line 54)
FAIL: gcc.dg/analyzer/isatty-1.c (test for excess errors)
FAIL: gcc.dg/analyzer/pr104308.c (test for warnings, line 9)
FAIL: c-c++-common/diagnostic-format-sarif-file-4.c -Wc++-compat scan-sarif-file "text": " int \\\\u6587\\\\u5b57\\\\u5316\\\\u3051 =
FAIL: gcc.dg/c2x-stdarg-4.c execution test
FAIL: gcc.dg/fold-overflow-1.c scan-assembler-times 2139095040 2
XPASS: gcc.dg/pr84877.c execution test
FAIL: gcc.dg/pr95115.c execution test
FAIL: gcc.dg/visibility-22.c execution test
XPASS: gcc.dg/ipa/iinline-attr.c scan-ipa-dump inline "hooray[^\\\\n]*inline copy in test"
FAIL: gcc.dg/ipa/ipa-icf-38.c scan-ltrans-tree-dump-not optimized "Function bar"
FAIL: gcc-dg-lto-modref-3-01.exe scan-wpa-ipa-dump modref "parm 1 flags: no_direct_clobber no_direct_escape"
FAIL: gcc-dg-lto-modref-4-01.exe scan-wpa-ipa-dump modref "parm 1 flags: no_direct_clobber no_direct_escape"
FAIL: gcc.dg/lto/modref-3 c_lto_modref-3_0.o-c_lto_modref-3_1.o execute -O2 -flto-partition=max -fdump-ipa-modref -fno-ipa-sra -fno-ipa-cp -flto
FAIL: gcc.dg/lto/modref-4 c_lto_modref-4_0.o-c_lto_modref-4_1.o execute -O2 -flto-partition=max -fdump-ipa-modref -fno-ipa-sra -flto
FAIL: gcc.dg/torture/c2x-stdarg-split-1a.c -O0 execution test
FAIL: gcc.dg/torture/c2x-stdarg-split-1a.c -O1 execution test
FAIL: gcc.dg/torture/c2x-stdarg-split-1a.c -O2 execution test
FAIL: gcc.dg/torture/c2x-stdarg-split-1a.c -O2 -flto execution test
FAIL: gcc.dg/torture/c2x-stdarg-split-1a.c -O2 -flto -flto-partition=none execution test
FAIL: gcc.dg/torture/c2x-stdarg-split-1a.c -O3 -g execution test
FAIL: gcc.dg/torture/c2x-stdarg-split-1a.c -Os execution test
FAIL: gcc.dg/torture/pr60092.c -O0 execution test
FAIL: gcc.dg/vect/bb-slp-21.c -flto -ffat-lto-objects scan-tree-dump-times slp2 "optimized: basic block" 1
FAIL: gcc.dg/vect/bb-slp-21.c scan-tree-dump-times slp2 "optimized: basic block" 1
FAIL: gcc.dg/vect/bb-slp-22.c -flto -ffat-lto-objects scan-tree-dump-times slp2 "optimized: basic block" 1
FAIL: gcc.dg/vect/bb-slp-22.c scan-tree-dump-times slp2 "optimized: basic block" 1
XPASS: gcc.dg/vect/bb-slp-32.c -flto -ffat-lto-objects scan-tree-dump slp2 "vectorization is not profitable"
XPASS: gcc.dg/vect/bb-slp-32.c scan-tree-dump slp2 "vectorization is not profitable"
XPASS: gcc.dg/vect/pr33804.c -flto -ffat-lto-objects scan-tree-dump-times vect "vectorized 1 loops" 1
XPASS: gcc.dg/vect/pr33804.c -flto -ffat-lto-objects scan-tree-dump-times vect "vectorizing stmts using SLP" 1
XPASS: gcc.dg/vect/pr33804.c scan-tree-dump-times vect "vectorized 1 loops" 1
XPASS: gcc.dg/vect/pr33804.c scan-tree-dump-times vect "vectorizing stmts using SLP" 1
FAIL: gcc.dg/vect/pr37027.c -flto -ffat-lto-objects scan-tree-dump-times vect "vectorized 1 loops" 1
FAIL: gcc.dg/vect/pr37027.c -flto -ffat-lto-objects scan-tree-dump-times vect "vectorizing stmts using SLP" 1
FAIL: gcc.dg/vect/pr37027.c scan-tree-dump-times vect "vectorized 1 loops" 1
FAIL: gcc.dg/vect/pr37027.c scan-tree-dump-times vect "vectorizing stmts using SLP" 1
FAIL: gcc.dg/vect/pr67790.c -flto -ffat-lto-objects scan-tree-dump vect "vectorizing stmts using SLP"
FAIL: gcc.dg/vect/pr67790.c scan-tree-dump vect "vectorizing stmts using SLP"
FAIL: gcc.dg/vect/pr97428.c -flto -ffat-lto-objects scan-tree-dump vect "Detected interleaving load of size 8"
FAIL: gcc.dg/vect/pr97428.c -flto -ffat-lto-objects scan-tree-dump vect "Detected interleaving store of size 16"
FAIL: gcc.dg/vect/pr97428.c scan-tree-dump vect "Detected interleaving load of size 8"
FAIL: gcc.dg/vect/pr97428.c scan-tree-dump vect "Detected interleaving store of size 16"
FAIL: gcc.dg/vect/slp-47.c -flto -ffat-lto-objects scan-tree-dump-times vect "vectorizing stmts using SLP" 2
FAIL: gcc.dg/vect/slp-47.c scan-tree-dump-times vect "vectorizing stmts using SLP" 2
FAIL: gcc.dg/vect/slp-48.c -flto -ffat-lto-objects scan-tree-dump-times vect "vectorizing stmts using SLP" 2
FAIL: gcc.dg/vect/slp-48.c scan-tree-dump-times vect "vectorizing stmts using SLP" 2
XPASS: gcc.dg/vect/slp-multitypes-3.c -flto -ffat-lto-objects scan-tree-dump-times vect "vectorized 1 loops" 1
XPASS: gcc.dg/vect/slp-multitypes-3.c -flto -ffat-lto-objects scan-tree-dump-times vect "vectorizing stmts using SLP" 2
XPASS: gcc.dg/vect/slp-multitypes-3.c scan-tree-dump-times vect "vectorized 1 loops" 1
XPASS: gcc.dg/vect/slp-multitypes-3.c scan-tree-dump-times vect "vectorizing stmts using SLP" 2
FAIL: gcc.dg/vect/slp-reduc-1.c -flto -ffat-lto-objects scan-tree-dump-times vect "vectorized 1 loops" 1
FAIL: gcc.dg/vect/slp-reduc-1.c -flto -ffat-lto-objects scan-tree-dump-times vect "vectorizing stmts using SLP" 1
FAIL: gcc.dg/vect/slp-reduc-1.c scan-tree-dump-times vect "vectorized 1 loops" 1
FAIL: gcc.dg/vect/slp-reduc-1.c scan-tree-dump-times vect "vectorizing stmts using SLP" 1
FAIL: gcc.dg/vect/slp-reduc-2.c -flto -ffat-lto-objects scan-tree-dump-times vect "vectorized 1 loops" 1
FAIL: gcc.dg/vect/slp-reduc-2.c -flto -ffat-lto-objects scan-tree-dump-times vect "vectorizing stmts using SLP" 1
FAIL: gcc.dg/vect/slp-reduc-2.c scan-tree-dump-times vect "vectorized 1 loops" 1
FAIL: gcc.dg/vect/slp-reduc-2.c scan-tree-dump-times vect "vectorizing stmts using SLP" 1
FAIL: gcc.dg/vect/slp-reduc-7.c -flto -ffat-lto-objects scan-tree-dump-times vect "vectorized 1 loops" 1
FAIL: gcc.dg/vect/slp-reduc-7.c -flto -ffat-lto-objects scan-tree-dump-times vect "vectorizing stmts using SLP" 1
FAIL: gcc.dg/vect/slp-reduc-7.c scan-tree-dump-times vect "vectorized 1 loops" 1
FAIL: gcc.dg/vect/slp-reduc-7.c scan-tree-dump-times vect "vectorizing stmts using SLP" 1
FAIL: gcc.dg/vect/slp-reduc-8.c -flto -ffat-lto-objects scan-tree-dump vect "vectorized 1 loops"
FAIL: gcc.dg/vect/slp-reduc-8.c scan-tree-dump vect "vectorized 1 loops"
XPASS: gcc.dg/vect/vect-alias-check-1.c -flto -ffat-lto-objects scan-tree-dump vect "using an address-based overlap test"
XPASS: gcc.dg/vect/vect-alias-check-1.c scan-tree-dump vect "using an address-based overlap test"
FAIL: gcc.dg/vect/vect-bic-bitmask-10.c -flto -ffat-lto-objects scan-tree-dump dce7 "<=\\\\s*.+{ 255,.+}"
FAIL: gcc.dg/vect/vect-bic-bitmask-10.c scan-tree-dump dce7 "<=\\\\s*.+{ 255,.+}"
FAIL: gcc.dg/vect/vect-bic-bitmask-11.c -flto -ffat-lto-objects scan-tree-dump dce7 ">\\\\s*.+{ 255,.+}"
FAIL: gcc.dg/vect/vect-bic-bitmask-11.c scan-tree-dump dce7 ">\\\\s*.+{ 255,.+}"
FAIL: gcc.dg/vect/vect-bic-bitmask-12.c -flto -ffat-lto-objects scan-tree-dump dce7 "<=\\\\s*.+{ 255,.+}"
FAIL: gcc.dg/vect/vect-bic-bitmask-12.c scan-tree-dump dce7 "<=\\\\s*.+{ 255,.+}"
FAIL: gcc.dg/vect/vect-bic-bitmask-2.c -flto -ffat-lto-objects scan-tree-dump-times dce7 "<=\\\\s*.+{ 255,.+}" 1
FAIL: gcc.dg/vect/vect-bic-bitmask-2.c scan-tree-dump-times dce7 "<=\\\\s*.+{ 255,.+}" 1
FAIL: gcc.dg/vect/vect-bic-bitmask-23.c -flto -ffat-lto-objects scan-tree-dump dce7 "<=\\\\s*.+{ 255, 15, 1, 65535 }"
FAIL: gcc.dg/vect/vect-bic-bitmask-23.c scan-tree-dump dce7 "<=\\\\s*.+{ 255, 15, 1, 65535 }"
FAIL: gcc.dg/vect/vect-bic-bitmask-3.c -flto -ffat-lto-objects scan-tree-dump-times dce7 "<=\\\\s*.+{ 255,.+}" 1
FAIL: gcc.dg/vect/vect-bic-bitmask-3.c scan-tree-dump-times dce7 "<=\\\\s*.+{ 255,.+}" 1
FAIL: gcc.dg/vect/vect-bic-bitmask-5.c -flto -ffat-lto-objects scan-tree-dump-times dce7 ">\\\\s*.+{ 255,.+}" 1
FAIL: gcc.dg/vect/vect-bic-bitmask-5.c scan-tree-dump-times dce7 ">\\\\s*.+{ 255,.+}" 1
FAIL: gcc.dg/vect/vect-bic-bitmask-6.c -flto -ffat-lto-objects scan-tree-dump-times dce7 "<=\\\\s*.+{ 255,.+}" 1
FAIL: gcc.dg/vect/vect-bic-bitmask-6.c scan-tree-dump-times dce7 "<=\\\\s*.+{ 255,.+}" 1
FAIL: gcc.dg/vect/vect-bic-bitmask-8.c -flto -ffat-lto-objects scan-tree-dump-times dce7 ">\\\\s*.+{ 1,.+}" 1
FAIL: gcc.dg/vect/vect-bic-bitmask-8.c scan-tree-dump-times dce7 ">\\\\s*.+{ 1,.+}" 1
FAIL: gcc.dg/vect/vect-bic-bitmask-9.c -flto -ffat-lto-objects scan-tree-dump dce7 "&\\\\s*.+{ 4294967290,.+}"
FAIL: gcc.dg/vect/vect-bic-bitmask-9.c scan-tree-dump dce7 "&\\\\s*.+{ 4294967290,.+}"
FAIL: gcc.dg/vect/vect-bitfield-write-2.c -flto -ffat-lto-objects scan-tree-dump-times vect "vectorized 1 loops" 1
FAIL: gcc.dg/vect/vect-bitfield-write-2.c scan-tree-dump-times vect "vectorized 1 loops" 1
FAIL: gcc.dg/vect/vect-bitfield-write-3.c -flto -ffat-lto-objects scan-tree-dump-times vect "vectorized 1 loops" 1
FAIL: gcc.dg/vect/vect-bitfield-write-3.c scan-tree-dump-times vect "vectorized 1 loops" 1
FAIL: gcc.dg/vect/vect-cost-model-1.c -flto -ffat-lto-objects scan-tree-dump vect "LOOP VECTORIZED"
FAIL: gcc.dg/vect/vect-cost-model-1.c scan-tree-dump vect "LOOP VECTORIZED"
FAIL: gcc.dg/vect/vect-cost-model-3.c -flto -ffat-lto-objects scan-tree-dump vect "LOOP VECTORIZED"
FAIL: gcc.dg/vect/vect-cost-model-3.c scan-tree-dump vect "LOOP VECTORIZED"
FAIL: gcc.dg/vect/vect-cost-model-5.c -flto -ffat-lto-objects scan-tree-dump vect "LOOP VECTORIZED"
FAIL: gcc.dg/vect/vect-cost-model-5.c scan-tree-dump vect "LOOP VECTORIZED"
FAIL: gcc.dg/vect/vect-fmax-1.c -flto -ffat-lto-objects scan-tree-dump vect "Detected reduction"
FAIL: gcc.dg/vect/vect-fmax-1.c scan-tree-dump vect "Detected reduction"
FAIL: gcc.dg/vect/vect-fmax-2.c -flto -ffat-lto-objects scan-tree-dump vect "Detected reduction"
FAIL: gcc.dg/vect/vect-fmax-2.c scan-tree-dump vect "Detected reduction"
FAIL: gcc.dg/vect/vect-fmax-3.c -flto -ffat-lto-objects scan-tree-dump vect "Detected reduction"
FAIL: gcc.dg/vect/vect-fmax-3.c scan-tree-dump vect "Detected reduction"
FAIL: gcc.dg/vect/vect-fmin-1.c -flto -ffat-lto-objects scan-tree-dump vect "Detected reduction"
FAIL: gcc.dg/vect/vect-fmin-1.c -flto -ffat-lto-objects scan-tree-dump vect "Detected reduction"
FAIL: gcc.dg/vect/vect-fmin-1.c scan-tree-dump vect "Detected reduction"
FAIL: gcc.dg/vect/vect-fmin-1.c scan-tree-dump vect "Detected reduction"
FAIL: gcc.dg/vect/vect-fmin-2.c -flto -ffat-lto-objects scan-tree-dump vect "Detected reduction"
FAIL: gcc.dg/vect/vect-fmin-2.c scan-tree-dump vect "Detected reduction"
FAIL: gcc.dg/vect/vect-fmin-3.c -flto -ffat-lto-objects scan-tree-dump vect "Detected reduction"
FAIL: gcc.dg/vect/vect-fmin-3.c scan-tree-dump vect "Detected reduction"
FAIL: gcc.dg/vect/vect-recurr-1.c -flto -ffat-lto-objects scan-tree-dump vect "vectorized 1 loops in function"
FAIL: gcc.dg/vect/vect-recurr-1.c scan-tree-dump vect "vectorized 1 loops in function"
FAIL: gcc.dg/vect/vect-recurr-2.c -flto -ffat-lto-objects scan-tree-dump vect "vectorized 1 loops in function"
FAIL: gcc.dg/vect/vect-recurr-2.c scan-tree-dump vect "vectorized 1 loops in function"
FAIL: gcc.dg/vect/vect-recurr-3.c -flto -ffat-lto-objects scan-tree-dump vect "vectorized 1 loops in function"
FAIL: gcc.dg/vect/vect-recurr-3.c scan-tree-dump vect "vectorized 1 loops in function"
FAIL: gcc.dg/vect/vect-recurr-4.c -flto -ffat-lto-objects scan-tree-dump vect "vectorized 1 loops in function"
FAIL: gcc.dg/vect/vect-recurr-4.c scan-tree-dump vect "vectorized 1 loops in function"
FAIL: gcc.dg/vect/vect-recurr-5.c -flto -ffat-lto-objects scan-tree-dump vect "vectorized 1 loops in function"
FAIL: gcc.dg/vect/vect-recurr-5.c scan-tree-dump vect "vectorized 1 loops in function"
=== gcc Summary for unix/-m64 ===
# of expected passes 145828
# of unexpected failures 115
# of unexpected successes 14
# of expected failures 1251
# of unsupported tests 3814
=== gcc Summary ===
# of expected passes 292030
# of unexpected failures 233
# of unexpected successes 21
# of expected failures 2523
# of unsupported tests 8376
/var/gcc/regression/master/11.3-gcc-gas/build/gcc/xgcc version 13.0.0 20221216 (experimental) [master 711e0acdbb2645f5a8aa89014488c24e89ccb0f7] (GCC)
=== gdc tests ===
Running target unix
=== gdc Summary for unix ===
# of expected passes 11718
# of unsupported tests 568
Running target unix/-m64
FAIL: gdc.test/runnable/inline.d execution test
FAIL: gdc.test/runnable/inline.d -shared-libphobos execution test
FAIL: gdc.test/runnable/test42.d execution test
FAIL: gdc.test/runnable/test42.d -shared-libphobos execution test
=== gdc Summary for unix/-m64 ===
# of expected passes 11709
# of unexpected failures 4
# of unsupported tests 568
=== gdc Summary ===
# of expected passes 23427
# of unexpected failures 4
# of unsupported tests 1136
/var/gcc/regression/master/11.3-gcc-gas/build/gcc/gdc version 13.0.0 20221216 (experimental) [master 711e0acdbb2645f5a8aa89014488c24e89ccb0f7] (GCC)
=== gfortran tests ===
Running target unix
FAIL: gfortran.dg/ieee/large_2.f90 -O2 execution test
FAIL: gfortran.dg/ieee/large_2.f90 -O3 -fomit-frame-pointer -funroll-loops -fpeel-loops -ftracer -finline-functions execution test
FAIL: gfortran.dg/ieee/large_2.f90 -O3 -g execution test
FAIL: gfortran.dg/ieee/rounding_1.f90 -O2 execution test
FAIL: gfortran.dg/ieee/rounding_1.f90 -O3 -fomit-frame-pointer -funroll-loops -fpeel-loops -ftracer -finline-functions execution test
FAIL: gfortran.dg/ieee/rounding_1.f90 -O3 -g execution test
=== gfortran Summary for unix ===
# of expected passes 66797
# of unexpected failures 6
# of expected failures 261
# of unsupported tests 348
Running target unix/-m64
=== gfortran Summary for unix/-m64 ===
# of expected passes 67105
# of expected failures 259
# of unsupported tests 196
=== gfortran Summary ===
# of expected passes 133902
# of unexpected failures 6
# of expected failures 520
# of unsupported tests 544
/var/gcc/regression/master/11.3-gcc-gas/build/gcc/gfortran version 13.0.0 20221216 (experimental) [master 711e0acdbb2645f5a8aa89014488c24e89ccb0f7] (GCC)
=== gm2 tests ===
Running target unix
WARNING: gm2/coroutines/pim/run/pass/testiotransfer.mod execution, -O -g program timed out.
FAIL: gm2/coroutines/pim/run/pass/testiotransfer.mod execution, -O -g
WARNING: gm2/coroutines/pim/run/pass/testiotransfer.mod execution, -O3 -fomit-frame-pointer program timed out.
FAIL: gm2/coroutines/pim/run/pass/testiotransfer.mod execution, -O3 -fomit-frame-pointer
WARNING: gm2/coroutines/pim/run/pass/testiotransfer.mod execution, -g program timed out.
FAIL: gm2/coroutines/pim/run/pass/testiotransfer.mod execution, -g
WARNING: gm2/coroutines/pim/run/pass/testtransfer.mod execution, -O program timed out.
FAIL: gm2/coroutines/pim/run/pass/testtransfer.mod execution, -O
WARNING: gm2/coroutines/pim/run/pass/testtransfer.mod execution, -O3 -fomit-frame-pointer program timed out.
FAIL: gm2/coroutines/pim/run/pass/testtransfer.mod execution, -O3 -fomit-frame-pointer
WARNING: gm2/coroutines/pim/run/pass/testtransfer.mod execution, -O3 -fomit-frame-pointer -finline-functions program timed out.
FAIL: gm2/coroutines/pim/run/pass/testtransfer.mod execution, -O3 -fomit-frame-pointer -finline-functions
FAIL: gm2/extensions/run/pass/vararg2.mod execution, -O
FAIL: gm2/extensions/run/pass/vararg2.mod execution, -O -g
FAIL: gm2/extensions/run/pass/vararg2.mod execution, -O3 -fomit-frame-pointer
FAIL: gm2/extensions/run/pass/vararg2.mod execution, -O3 -fomit-frame-pointer -finline-functions
FAIL: gm2/extensions/run/pass/vararg2.mod execution, -Os
FAIL: gm2/extensions/run/pass/vararg2.mod execution, -g
FAIL: gm2/iso/run/pass/testgeneric.mod compilation, {additional_flags= -Os } (internal compiler error: in output_constructor_regular_field, at varasm.cc:5500)
UNRESOLVED: gm2/iso/run/pass/testgeneric.mod execution, {additional_flags= -Os }
FAIL: gm2/pim/pass/TestLong4.mod, -O
FAIL: gm2/pim/pass/TestLong4.mod, -O -g
FAIL: gm2/pim/pass/TestLong4.mod, -O3 -fomit-frame-pointer
FAIL: gm2/pim/pass/TestLong4.mod, -O3 -fomit-frame-pointer -finline-functions
FAIL: gm2/pim/pass/TestLong4.mod, -Os
FAIL: gm2/pim/pass/TestLong4.mod, -g
FAIL: gm2/pim/pass/arraybool.mod, -O (internal compiler error: Segmentation Fault signal terminated program cc1gm2)
FAIL: gm2/pim/pass/arraybool.mod, -O -g (internal compiler error: Segmentation Fault signal terminated program cc1gm2)
FAIL: gm2/pim/pass/arraybool.mod, -O3 -fomit-frame-pointer (internal compiler error: Segmentation Fault signal terminated program cc1gm2)
FAIL: gm2/pim/pass/arraybool.mod, -O3 -fomit-frame-pointer -finline-functions (internal compiler error: Segmentation Fault signal terminated program cc1gm2)
FAIL: gm2/pim/pass/arraybool.mod, -Os (internal compiler error: Segmentation Fault signal terminated program cc1gm2)
FAIL: gm2/pim/pass/arraybool.mod, -g (internal compiler error: Segmentation Fault signal terminated program cc1gm2)
WARNING: gm2/pimcoroutines/run/pass/testtime.mod execution, -g program timed out.
FAIL: gm2/pimcoroutines/run/pass/testtime.mod execution, -g
=== gm2 Summary for unix ===
# of expected passes 11840
# of unexpected failures 26
# of unresolved testcases 1
Running target unix/-m64
WARNING: gm2/coroutines/pim/run/pass/testiotransfer.mod execution, -O -g program timed out.
FAIL: gm2/coroutines/pim/run/pass/testiotransfer.mod execution, -O -g
WARNING: gm2/coroutines/pim/run/pass/testiotransfer.mod execution, -g program timed out.
FAIL: gm2/coroutines/pim/run/pass/testiotransfer.mod execution, -g
WARNING: gm2/coroutines/pim/run/pass/testtransfer.mod execution, -O -g program timed out.
FAIL: gm2/coroutines/pim/run/pass/testtransfer.mod execution, -O -g
WARNING: gm2/coroutines/pim/run/pass/testtransfer.mod execution, -O3 -fomit-frame-pointer program timed out.
FAIL: gm2/coroutines/pim/run/pass/testtransfer.mod execution, -O3 -fomit-frame-pointer
WARNING: gm2/coroutines/pim/run/pass/testtransfer.mod execution, -Os program timed out.
FAIL: gm2/coroutines/pim/run/pass/testtransfer.mod execution, -Os
FAIL: gm2/cpp/pass/subaddr.mod, -O
FAIL: gm2/cpp/pass/subaddr.mod, -O -g
FAIL: gm2/cpp/pass/subaddr.mod, -O3 -fomit-frame-pointer
FAIL: gm2/cpp/pass/subaddr.mod, -O3 -fomit-frame-pointer -finline-functions
FAIL: gm2/cpp/pass/subaddr.mod, -Os
FAIL: gm2/cpp/pass/subaddr.mod, -g
FAIL: gm2/iso/run/pass/testgeneric.mod compilation, {additional_flags= -Os } (internal compiler error: in output_constructor_regular_field, at varasm.cc:5500)
UNRESOLVED: gm2/iso/run/pass/testgeneric.mod execution, {additional_flags= -Os }
WARNING: gm2/isocoroutines/run/pass/coroutine.mod execution, -O3 -fomit-frame-pointer program timed out.
FAIL: gm2/isocoroutines/run/pass/coroutine.mod execution, -O3 -fomit-frame-pointer
WARNING: gm2/isocoroutines/run/pass/coroutine.mod execution, -O3 -fomit-frame-pointer -finline-functions program timed out.
FAIL: gm2/isocoroutines/run/pass/coroutine.mod execution, -O3 -fomit-frame-pointer -finline-functions
WARNING: gm2/isocoroutines/run/pass/coroutine.mod execution, -Os program timed out.
FAIL: gm2/isocoroutines/run/pass/coroutine.mod execution, -Os
FAIL: gm2/pim/pass/TestLong4.mod, -O
FAIL: gm2/pim/pass/TestLong4.mod, -O -g
FAIL: gm2/pim/pass/TestLong4.mod, -O3 -fomit-frame-pointer
FAIL: gm2/pim/pass/TestLong4.mod, -O3 -fomit-frame-pointer -finline-functions
FAIL: gm2/pim/pass/TestLong4.mod, -Os
FAIL: gm2/pim/pass/TestLong4.mod, -g
FAIL: gm2/pim/pass/arraybool.mod, -O (internal compiler error: Segmentation Fault signal terminated program cc1gm2)
FAIL: gm2/pim/pass/arraybool.mod, -O -g (internal compiler error: Segmentation Fault signal terminated program cc1gm2)
FAIL: gm2/pim/pass/arraybool.mod, -O3 -fomit-frame-pointer (internal compiler error: Segmentation Fault signal terminated program cc1gm2)
FAIL: gm2/pim/pass/arraybool.mod, -O3 -fomit-frame-pointer -finline-functions (internal compiler error: Segmentation Fault signal terminated program cc1gm2)
FAIL: gm2/pim/pass/arraybool.mod, -Os (internal compiler error: Segmentation Fault signal terminated program cc1gm2)
FAIL: gm2/pim/pass/arraybool.mod, -g (internal compiler error: Segmentation Fault signal terminated program cc1gm2)
WARNING: gm2/pimcoroutines/run/pass/testtime.mod execution, -Os program timed out.
FAIL: gm2/pimcoroutines/run/pass/testtime.mod execution, -Os
=== gm2 Summary for unix/-m64 ===
# of expected passes 11838
# of unexpected failures 28
# of unresolved testcases 1
=== gm2 Summary ===
# of expected passes 23678
# of unexpected failures 54
# of unresolved testcases 2
=== gnat tests ===
Running target unix
=== gnat Summary for unix ===
# of expected passes 3350
# of expected failures 23
# of unsupported tests 37
Running target unix/-m64
=== gnat Summary for unix/-m64 ===
# of expected passes 3351
# of expected failures 23
# of unsupported tests 35
=== gnat Summary ===
# of expected passes 6701
# of expected failures 46
# of unsupported tests 72
/var/gcc/regression/master/11.3-gcc-gas/build/gcc/gnatmake version 13.0.0 20221216 (experimental) [master 711e0acdbb2645f5a8aa89014488c24e89ccb0f7]
=== go tests ===
Running target unix
FAIL: ./index0-out.go execution, -O0 -g -fno-var-tracking-assignments
WARNING: go.test/test/cmplxdivide.go program timed out.
FAIL: go.test/test/cmplxdivide.go
FAIL: go.test/test/fixedbugs/issue13160.go execution, -O2 -g
FAIL: go.test/test/fixedbugs/issue16016.go execution, -O2 -g
FAIL: go.test/test/fixedbugs/issue22881.go execution, -O2 -g
FAIL: go.test/test/fixedbugs/issue27836.dir/Ãfoo.go -O -I. (test for excess errors)
FAIL: go.test/test/fixedbugs/issue27836.dir/Ãmain.go -O -I. (test for excess errors)
FAIL: go.test/test/fixedbugs/issue34123.go execution, -O2 -g
FAIL: go.test/test/fixedbugs/issue39541.go execution, -O2 -g
FAIL: go.test/test/fixedbugs/issue4562.go execution, -O2 -g
FAIL: go.test/test/nil.go execution, -O2 -g
=== go Summary for unix ===
# of expected passes 8988
# of unexpected failures 11
# of untested testcases 11
# of unsupported tests 34
Running target unix/-m64
FAIL: ./index0-out.go execution, -O0 -g -fno-var-tracking-assignments
WARNING: go.test/test/cmplxdivide.go program timed out.
FAIL: go.test/test/cmplxdivide.go
FAIL: go.test/test/fixedbugs/issue13160.go execution, -O2 -g
FAIL: go.test/test/fixedbugs/issue27836.dir/Ãfoo.go -O -I. (test for excess errors)
FAIL: go.test/test/fixedbugs/issue27836.dir/Ãmain.go -O -I. (test for excess errors)
=== go Summary for unix/-m64 ===
# of expected passes 8876
# of unexpected failures 5
# of untested testcases 11
# of unsupported tests 32
=== go Summary ===
# of expected passes 17864
# of unexpected failures 16
# of untested testcases 22
# of unsupported tests 66
=== obj-c++ tests ===
Running target unix
=== obj-c++ Summary for unix ===
# of expected passes 1510
# of expected failures 2
# of unsupported tests 79
Running target unix/-m64
=== obj-c++ Summary for unix/-m64 ===
# of expected passes 1502
# of expected failures 10
# of unsupported tests 79
=== obj-c++ Summary ===
# of expected passes 3012
# of expected failures 12
# of unsupported tests 158
/var/gcc/regression/master/11.3-gcc-gas/build/gcc/xg++ version 13.0.0 20221216 (experimental) [master 711e0acdbb2645f5a8aa89014488c24e89ccb0f7] (GCC)
=== objc tests ===
Running target unix
=== objc Summary for unix ===
# of expected passes 2846
# of unsupported tests 70
Running target unix/-m64
=== objc Summary for unix/-m64 ===
# of expected passes 2846
# of unsupported tests 70
=== objc Summary ===
# of expected passes 5692
# of unsupported tests 140
/var/gcc/regression/master/11.3-gcc-gas/build/gcc/xgcc version 13.0.0 20221216 (experimental) [master 711e0acdbb2645f5a8aa89014488c24e89ccb0f7] (GCC)
=== rust tests ===
Running target unix
FAIL: rust/compile/const-issue1440.rs at line 49 (test for errors, line 48)
FAIL: rust/compile/const-issue1440.rs at line 61 (test for errors, line 60)
FAIL: rust/compile/const-issue1440.rs (test for excess errors)
FAIL: rust/compile/torture/issue-1432.rs -O0 (test for excess errors)
FAIL: rust/compile/torture/issue-1432.rs -O1 (test for excess errors)
FAIL: rust/compile/torture/issue-1432.rs -O2 (test for excess errors)
FAIL: rust/compile/torture/issue-1432.rs -O3 -g (test for excess errors)
FAIL: rust/compile/torture/issue-1432.rs -Os (test for excess errors)
FAIL: rust/execute/torture/builtin_macros1.rs -O0 output pattern test
FAIL: rust/execute/torture/builtin_macros1.rs -O1 output pattern test
FAIL: rust/execute/torture/builtin_macros1.rs -O2 output pattern test
FAIL: rust/execute/torture/builtin_macros1.rs -O3 -g output pattern test
FAIL: rust/execute/torture/builtin_macros1.rs -Os output pattern test
=== rust Summary for unix ===
# of expected passes 4975
# of unexpected failures 13
# of expected failures 39
# of unsupported tests 1
Running target unix/-m64
FAIL: rust/compile/const-issue1440.rs at line 49 (test for errors, line 48)
FAIL: rust/compile/const-issue1440.rs at line 61 (test for errors, line 60)
FAIL: rust/compile/const-issue1440.rs (test for excess errors)
FAIL: rust/compile/torture/issue-1432.rs -O0 (test for excess errors)
FAIL: rust/compile/torture/issue-1432.rs -O1 (test for excess errors)
FAIL: rust/compile/torture/issue-1432.rs -O2 (test for excess errors)
FAIL: rust/compile/torture/issue-1432.rs -O3 -g (test for excess errors)
FAIL: rust/compile/torture/issue-1432.rs -Os (test for excess errors)
=== rust Summary for unix/-m64 ===
# of expected passes 4980
# of unexpected failures 8
# of expected failures 39
# of unsupported tests 1
=== rust Summary ===
# of expected passes 9955
# of unexpected failures 21
# of expected failures 78
# of unsupported tests 2
=== gotools tests ===
FAIL: TestScript
FAIL: go test cmd/go
FAIL: TestBreakpoint
FAIL: TestCgoSignalDeadlock
FAIL: TestCrashDumpsAllThreads
FAIL: TestCrashHandler
FAIL: TestDoublePanic
FAIL: TestGCFairness
FAIL: TestGCFairness2
FAIL: TestGccgoCrashTracebackNodebug
FAIL: TestGoNil
FAIL: TestGoexitCrash
FAIL: TestGoexitDeadlock
FAIL: TestGoexitInPanic
FAIL: TestInitDeadlock
FAIL: TestLockOSThreadAvoidsStatePropagation
FAIL: TestLockOSThreadExit
FAIL: TestLockOSThreadTemplateThreadRace
FAIL: TestLockedDeadlock
FAIL: TestLockedDeadlock2
FAIL: TestMainGoroutineID
FAIL: TestMemmoveAtomicity
FAIL: TestNeedmDeadlock
FAIL: TestNoHelperGoroutines
FAIL: TestNumGoroutine
FAIL: TestPanicAfterGoexit
FAIL: TestPanicDeadlockGosched
FAIL: TestPanicDeadlockSyscall
FAIL: TestPanicInlined
FAIL: TestPanicLoop
FAIL: TestPanicRace
FAIL: TestPanicWithDirectlyPrintableCustomTypes
FAIL: TestPhysicalMemoryUtilization
FAIL: TestRecoveredPanicAfterGoexit
FAIL: TestRecursivePanic
FAIL: TestRecursivePanic2
FAIL: TestRecursivePanic3
FAIL: TestRecursivePanic4
FAIL: TestRecursivePanic5
FAIL: TestSegv
FAIL: TestSignalExitStatus
FAIL: TestSignalIgnoreSIGTRAP
FAIL: TestSimpleDeadlock
FAIL: TestThreadExhaustion
FAIL: go test runtime
FAIL: go test misc/cgo/test
FAIL: TestCompileWithoutShared
FAIL: TestEarlySignalHandler
FAIL: TestOsSignal
FAIL: TestPIE
FAIL: TestSigaltstack
FAIL: TestSignalForwarding
FAIL: TestSignalForwardingExternal
FAIL: go test misc/cgo/testcarchive
FAIL: go test cmd/vet
=== gotools Summary ===
# of expected passes 204
# of unexpected failures 55
# of untested testcases 108
/var/gcc/regression/master/11.3-gcc-gas/build/./gcc/gccgo version 13.0.0 20221216 (experimental) [master 711e0acdbb2645f5a8aa89014488c24e89ccb0f7] (GCC)
=== libatomic tests ===
Running target unix
=== libatomic Summary for unix ===
# of expected passes 44
# of unsupported tests 5
Running target unix/-m64
=== libatomic Summary for unix/-m64 ===
# of expected passes 54
=== libatomic Summary ===
# of expected passes 98
# of unsupported tests 5
=== libffi tests ===
Running target unix
FAIL: libffi.closures/single_entry_structs2.c -W -Wall -Wno-psabi -O0 execution test
=== libffi Summary for unix ===
# of expected passes 1572
# of unexpected failures 1
Running target unix/-m64
=== libffi Summary for unix/-m64 ===
# of expected passes 1574
=== libffi Summary ===
# of expected passes 3146
# of unexpected failures 1
=== libgo tests ===
Running target unix
FAIL: go/types
FAIL: net/http/pprof
FAIL: os/signal
FAIL: runtime
FAIL: runtime/pprof
FAIL: sync/atomic
=== libgo Summary for unix ===
# of expected passes 190
# of unexpected failures 6
Running target unix/-m64
FAIL: encoding/json
FAIL: runtime
FAIL: sync/atomic
=== libgo Summary for unix/-m64 ===
# of expected passes 193
# of unexpected failures 3
=== libgo Summary ===
# of expected passes 383
# of unexpected failures 9
/var/gcc/regression/master/11.3-gcc-gas/build/./gcc/gccgo version 13.0.0 20221216 (experimental) [master 711e0acdbb2645f5a8aa89014488c24e89ccb0f7] (GCC)
=== libgomp tests ===
Running target unix
WARNING: libgomp.c++/task-reduction-10.C execution test program timed out.
FAIL: libgomp.c++/task-reduction-10.C execution test
WARNING: libgomp.c++/task-reduction-11.C execution test program timed out.
FAIL: libgomp.c++/task-reduction-11.C execution test
WARNING: libgomp.c++/task-reduction-13.C execution test program timed out.
FAIL: libgomp.c++/task-reduction-13.C execution test
WARNING: libgomp.c++/task-reduction-8.C execution test program timed out.
FAIL: libgomp.c++/task-reduction-8.C execution test
=== libgomp Summary for unix ===
# of expected passes 14598
# of unexpected failures 4
# of expected failures 285
# of unsupported tests 679
Running target unix/-m64
WARNING: libgomp.c++/task-reduction-13.C execution test program timed out.
FAIL: libgomp.c++/task-reduction-13.C execution test
WARNING: libgomp.c++/task-reduction-8.C execution test program timed out.
FAIL: libgomp.c++/task-reduction-8.C execution test
=== libgomp Summary for unix/-m64 ===
# of expected passes 14600
# of unexpected failures 2
# of expected failures 285
# of unsupported tests 679
=== libgomp Summary ===
# of expected passes 29198
# of unexpected failures 6
# of expected failures 570
# of unsupported tests 1358
=== libitm tests ===
Running target unix
=== libitm Summary for unix ===
# of expected passes 44
# of expected failures 3
# of unsupported tests 1
Running target unix/-m64
=== libitm Summary for unix/-m64 ===
# of expected passes 44
# of expected failures 3
# of unsupported tests 1
=== libitm Summary ===
# of expected passes 88
# of expected failures 6
# of unsupported tests 2
=== libphobos tests ===
Running target unix
FAIL: libphobos.druntime/core/time.d execution test
FAIL: libphobos.druntime_shared/core/time.d execution test
WARNING: libphobos.gc/forkgc2.d execution test program timed out.
FAIL: libphobos.gc/forkgc2.d execution test
WARNING: libphobos.gc/startbackgc.d execution test program timed out.
FAIL: libphobos.gc/startbackgc.d execution test
FAIL: libphobos.phobos/std/array.d (test for excess errors)
UNRESOLVED: libphobos.phobos/std/array.d compilation failed to produce executable
FAIL: libphobos.phobos/std/datetime/date.d execution test
FAIL: libphobos.phobos/std/datetime/systime.d execution test
FAIL: libphobos.phobos/std/datetime/timezone.d execution test
FAIL: libphobos.phobos/std/digest/murmurhash.d execution test
FAIL: libphobos.phobos/std/experimental/allocator/building_blocks/region.d execution test
FAIL: libphobos.phobos/std/format/internal/floats.d (test for excess errors)
FAIL: libphobos.phobos/std/internal/math/gammafunction.d execution test
FAIL: libphobos.phobos/std/mmfile.d execution test
WARNING: libphobos.phobos/std/net/curl.d execution test program timed out.
FAIL: libphobos.phobos/std/net/curl.d execution test
FAIL: libphobos.phobos/std/parallelism.d execution test
FAIL: libphobos.phobos/std/regex/internal/kickstart.d execution test
FAIL: libphobos.phobos/std/regex/internal/tests.d execution test
FAIL: libphobos.phobos/std/regex/internal/tests2.d execution test
FAIL: libphobos.phobos/std/regex/package.d execution test
FAIL: libphobos.phobos/std/socket.d execution test
FAIL: libphobos.phobos/std/stdio.d execution test
FAIL: libphobos.phobos_shared/std/array.d (test for excess errors)
UNRESOLVED: libphobos.phobos_shared/std/array.d compilation failed to produce executable
FAIL: libphobos.phobos_shared/std/datetime/date.d execution test
FAIL: libphobos.phobos_shared/std/datetime/systime.d execution test
FAIL: libphobos.phobos_shared/std/datetime/timezone.d execution test
FAIL: libphobos.phobos_shared/std/digest/murmurhash.d execution test
FAIL: libphobos.phobos_shared/std/experimental/allocator/building_blocks/region.d execution test
FAIL: libphobos.phobos_shared/std/format/internal/floats.d (test for excess errors)
FAIL: libphobos.phobos_shared/std/internal/math/gammafunction.d execution test
FAIL: libphobos.phobos_shared/std/mmfile.d execution test
WARNING: libphobos.phobos_shared/std/net/curl.d execution test program timed out.
FAIL: libphobos.phobos_shared/std/net/curl.d execution test
FAIL: libphobos.phobos_shared/std/parallelism.d execution test
FAIL: libphobos.phobos_shared/std/regex/internal/kickstart.d execution test
FAIL: libphobos.phobos_shared/std/regex/internal/tests.d execution test
FAIL: libphobos.phobos_shared/std/regex/internal/tests2.d execution test
FAIL: libphobos.phobos_shared/std/regex/package.d execution test
FAIL: libphobos.phobos_shared/std/socket.d execution test
FAIL: libphobos.phobos_shared/std/stdio.d execution test
FAIL: libphobos.shared/finalize.d -shared-libphobos -ldl execution test
FAIL: libphobos.shared/load.d -shared-libphobos -ldl execution test
FAIL: libphobos.shared/load_13414.d -shared-libphobos -ldl execution test
FAIL: libphobos.shared/load_linkdep.d -shared-libphobos -ldl execution test
=== libphobos Summary for unix ===
# of expected passes 1051
# of unexpected failures 42
# of unresolved testcases 2
Running target unix/-m64
FAIL: libphobos.druntime/core/time.d execution test
FAIL: libphobos.druntime_shared/core/time.d execution test
FAIL: libphobos.exceptions/assert_fail.d execution test
WARNING: libphobos.gc/forkgc2.d execution test program timed out.
FAIL: libphobos.gc/forkgc2.d execution test
WARNING: libphobos.gc/startbackgc.d execution test program timed out.
FAIL: libphobos.gc/startbackgc.d execution test
WARNING: libphobos.phobos/std/array.d (test for excess errors) program timed out.
FAIL: libphobos.phobos/std/array.d (test for excess errors)
UNRESOLVED: libphobos.phobos/std/array.d compilation failed to produce executable
FAIL: libphobos.phobos/std/datetime/date.d execution test
FAIL: libphobos.phobos/std/datetime/interval.d execution test
FAIL: libphobos.phobos/std/datetime/systime.d execution test
FAIL: libphobos.phobos/std/datetime/timezone.d execution test
FAIL: libphobos.phobos/std/digest/murmurhash.d execution test
FAIL: libphobos.phobos/std/experimental/allocator/building_blocks/region.d execution test
FAIL: libphobos.phobos/std/file.d execution test
FAIL: libphobos.phobos/std/format/internal/floats.d (test for excess errors)
FAIL: libphobos.phobos/std/internal/math/gammafunction.d execution test
FAIL: libphobos.phobos/std/parallelism.d execution test
FAIL: libphobos.phobos/std/regex/internal/kickstart.d execution test
FAIL: libphobos.phobos/std/regex/internal/tests.d execution test
FAIL: libphobos.phobos/std/regex/internal/tests2.d execution test
FAIL: libphobos.phobos/std/regex/package.d execution test
FAIL: libphobos.phobos/std/socket.d execution test
WARNING: libphobos.phobos_shared/std/array.d (test for excess errors) program timed out.
FAIL: libphobos.phobos_shared/std/array.d (test for excess errors)
UNRESOLVED: libphobos.phobos_shared/std/array.d compilation failed to produce executable
FAIL: libphobos.phobos_shared/std/datetime/date.d execution test
FAIL: libphobos.phobos_shared/std/datetime/interval.d execution test
FAIL: libphobos.phobos_shared/std/datetime/systime.d execution test
FAIL: libphobos.phobos_shared/std/datetime/timezone.d execution test
FAIL: libphobos.phobos_shared/std/digest/murmurhash.d execution test
FAIL: libphobos.phobos_shared/std/experimental/allocator/building_blocks/region.d execution test
FAIL: libphobos.phobos_shared/std/file.d execution test
FAIL: libphobos.phobos_shared/std/format/internal/floats.d (test for excess errors)
FAIL: libphobos.phobos_shared/std/internal/math/gammafunction.d execution test
FAIL: libphobos.phobos_shared/std/parallelism.d execution test
FAIL: libphobos.phobos_shared/std/regex/internal/kickstart.d execution test
FAIL: libphobos.phobos_shared/std/regex/internal/tests.d execution test
FAIL: libphobos.phobos_shared/std/regex/internal/tests2.d execution test
FAIL: libphobos.phobos_shared/std/regex/package.d execution test
FAIL: libphobos.phobos_shared/std/socket.d execution test
FAIL: libphobos.shared/finalize.d -shared-libphobos -ldl execution test
FAIL: libphobos.shared/load.d -shared-libphobos -ldl execution test
FAIL: libphobos.shared/load_13414.d -shared-libphobos -ldl execution test
FAIL: libphobos.shared/load_linkdep.d -shared-libphobos -ldl execution test
=== libphobos Summary for unix/-m64 ===
# of expected passes 1052
# of unexpected failures 41
# of unresolved testcases 2
=== libphobos Summary ===
# of expected passes 2103
# of unexpected failures 83
# of unresolved testcases 4
=== libstdc++ tests ===
Running target unix
FAIL: 20_util/to_chars/float128_c++23.cc execution test
FAIL: 27_io/basic_ofstream/open/char/noreplace.cc execution test
FAIL: 27_io/basic_ofstream/open/wchar_t/noreplace.cc execution test
=== libstdc++ Summary for unix ===
# of expected passes 15366
# of unexpected failures 3
# of expected failures 99
# of unsupported tests 770
Running target unix/-m64
FAIL: 20_util/from_chars/4.cc execution test
FAIL: 20_util/from_chars/8.cc execution test
FAIL: 20_util/to_chars/float128_c++23.cc execution test
FAIL: 27_io/basic_ofstream/open/char/noreplace.cc execution test
FAIL: 27_io/basic_ofstream/open/wchar_t/noreplace.cc execution test
=== libstdc++ Summary for unix/-m64 ===
# of expected passes 15360
# of unexpected failures 5
# of expected failures 99
# of unsupported tests 772
=== libstdc++ Summary ===
# of expected passes 30726
# of unexpected failures 8
# of expected failures 198
# of unsupported tests 1542
Compiler version: 13.0.0 20221216 (experimental) [master 711e0acdbb2645f5a8aa89014488c24e89ccb0f7] (GCC)
Platform: sparc-sun-solaris2.11
configure flags: --prefix=/vol/gcc --target=sparc-sun-solaris2.11 --enable-obsolete --enable-objc-gc --with-target-bdw-gc-include=/vol/gcc/include --with-target-bdw-gc-lib=/vol/gcc/lib,sparcv9=/vol/gcc/lib/sparcv9 --with-as=/vol/gcc/bin/gas-2.39 --with-gnu-as --with-gmp-include=/vol/gcc/include --with-gmp-lib=/vol/gcc/lib --with-mpfr-include=/vol/gcc/include --with-mpfr-lib=/vol/gcc/lib --with-mpc-include=/vol/gcc/include --with-mpc-lib=/vol/gcc/lib --enable-languages=all,ada,obj-c++,go --with-isl-include=/vol/gcc/include --with-isl-lib=/vol/gcc/lib --with-zstd-include=/vol/gcc/include --with-zstd-lib=/vol/gcc/lib --build=sparc-sun-solaris2.11 --host=sparc-sun-solaris2.11
BOOT_CFLAGS=-g -O2
More information about the Gcc-testresults
mailing list