Results for 13.0.0 20220829 (experimental) [master r13-2256-g98973354b86] (GCC) testsuite on x86_64-pc-linux-gnu
H. J. Lu
hjl@sc.intel.com
Mon Aug 29 23:30:42 GMT 2022
LAST_UPDATED: Mon Aug 29 21:41:45 UTC 2022 (revision r13-2256-g98973354b86)
Native configuration is x86_64-pc-linux-gnu
=== gcc tests ===
Running target sde
FAIL: gcc.target/i386/pr101395-2.c execution test
=== gcc Summary for sde ===
# of expected passes 24209
# of unexpected failures 1
# of expected failures 30
# of unsupported tests 384
Running target sde/-m32
FAIL: gcc.target/i386/pr78794.c scan-assembler pandn
=== gcc Summary for sde/-m32 ===
# of expected passes 22530
# of unexpected failures 1
# of expected failures 38
# of unsupported tests 854
=== gcc Summary ===
# of expected passes 46739
# of unexpected failures 2
# of expected failures 68
# of unsupported tests 1238
/export/gnu/import/git/gcc-test-master-intel64/bld/gcc/xgcc version 13.0.0 20220829 (experimental) [master r13-2256-g98973354b86] (GCC)
=== g++ tests ===
Running target sde
=== g++ Summary for sde ===
# of expected passes 995
# of unsupported tests 48
Running target sde/-m32
=== g++ Summary for sde/-m32 ===
# of expected passes 903
# of unsupported tests 72
=== g++ Summary ===
# of expected passes 1898
# of unsupported tests 120
/export/gnu/import/git/gcc-test-master-intel64/bld/gcc/xg++ version 13.0.0 20220829 (experimental) [master r13-2256-g98973354b86] (GCC)
Compiler version: 13.0.0 20220829 (experimental) [master r13-2256-g98973354b86] (GCC)
Platform: x86_64-pc-linux-gnu
configure flags: --prefix=/usr/13.0.0 --enable-clocale=gnu --with-system-zlib --enable-shared --enable-cet --with-demangler-in-ld --enable-libmpx --with-fpmath=sse
More information about the Gcc-testresults
mailing list