Results for 13.0.0 20220821 (experimental) (GCC) testsuite on aarch64-unknown-linux-gnu
Gaius Mulley
gaiusmod2@gmail.com
Mon Aug 22 00:30:29 GMT 2022
gcc-branch: devel/modula-2
git commit b47bc3ef6738a169fa1148a6d4b5d939cb536333
Linux 5.19.0-rc7-asahi-00002-gbfe8f1b7e230 #1 SMP Sat Jul 23 17:21:00 CEST 2022 aarch64 unknown GNU/Linux
GNU ld (GNU Binutils for Debian) 2.38.90.20220713
GNU assembler (GNU Binutils for Debian) 2.38.90.20220713
GNU Make 4.3
GNU dejagnu: 1.6.3-1
GNU g++: GNU libc: 2.33-8
Native configuration is aarch64-unknown-linux-gnu
=== libatomic tests ===
Running target unix
=== libatomic Summary ===
# of expected passes 54
=== libgomp tests ===
Running target unix
=== libgomp Summary ===
# of expected passes 4977
# of expected failures 33
# of unsupported tests 355
=== libitm tests ===
Running target unix
=== libitm Summary ===
# of expected passes 44
# of expected failures 3
# of unsupported tests 1
=== libstdc++ tests ===
Running target unix
FAIL: 30_threads/jthread/95989.cc execution test
FAIL: libstdc++-prettyprinters/48362.cc print t2
FAIL: libstdc++-prettyprinters/48362.cc print t2
FAIL: libstdc++-prettyprinters/cxx11.cc print tpl
FAIL: libstdc++-prettyprinters/cxx11.cc print rtpl
FAIL: libstdc++-prettyprinters/cxx11.cc print tpl
FAIL: libstdc++-prettyprinters/cxx11.cc print rtpl
=== libstdc++ Summary ===
# of expected passes 15428
# of unexpected failures 7
# of expected failures 97
# of unsupported tests 724
=== g++ tests ===
Running target unix
WARNING: g++.dg/asan/asan_test.C -O2 AddressSanitizer_BufferOverflowAfterManyFrees x[Ident(8192)] = 0 execution test program timed out.
FAIL: g++.dg/asan/asan_test.C -O2 AddressSanitizer_BufferOverflowAfterManyFrees x[Ident(8192)] = 0 output pattern test
FAIL: g++.dg/spellcheck-pr79298.C -std=gnu++20 expected multiline pattern lines 22-24 not found: " return O::colour;[^\\n\\r]*\\n \\^~~~~~\\n color[^\\n\\r]*\\n"
FAIL: g++.dg/spellcheck-pr79298.C -std=gnu++20 (test for excess errors)
FAIL: g++.dg/warn/Waddress-5.C -std=gnu++98 (test for excess errors)
FAIL: g++.dg/warn/Waddress-5.C -std=gnu++14 (test for excess errors)
FAIL: g++.dg/warn/Waddress-5.C -std=gnu++17 (test for excess errors)
FAIL: g++.dg/warn/Waddress-5.C -std=gnu++20 (test for excess errors)
FAIL: g++.dg/gomp/attrs-10.C -std=gnu++14 at line 58 (test for warnings, line 57)
FAIL: g++.dg/gomp/attrs-10.C -std=gnu++14 at line 81 (test for warnings, line 79)
FAIL: g++.dg/gomp/attrs-10.C -std=gnu++14 at line 127 (test for warnings, line 125)
FAIL: g++.dg/gomp/attrs-10.C -std=gnu++14 (test for excess errors)
FAIL: g++.dg/gomp/attrs-10.C -std=gnu++17 at line 58 (test for warnings, line 57)
FAIL: g++.dg/gomp/attrs-10.C -std=gnu++17 at line 81 (test for warnings, line 79)
FAIL: g++.dg/gomp/attrs-10.C -std=gnu++17 at line 127 (test for warnings, line 125)
FAIL: g++.dg/gomp/attrs-10.C -std=gnu++17 (test for excess errors)
FAIL: g++.dg/gomp/attrs-10.C -std=gnu++20 at line 58 (test for warnings, line 57)
FAIL: g++.dg/gomp/attrs-10.C -std=gnu++20 at line 81 (test for warnings, line 79)
FAIL: g++.dg/gomp/attrs-10.C -std=gnu++20 at line 127 (test for warnings, line 125)
FAIL: g++.dg/gomp/attrs-10.C -std=gnu++20 (test for excess errors)
FAIL: g++.dg/gomp/declare-simd-8.C -std=c++98 (test for excess errors)
FAIL: g++.dg/gomp/declare-simd-8.C -std=c++14 (test for excess errors)
FAIL: g++.dg/gomp/declare-simd-8.C -std=c++17 (test for excess errors)
FAIL: g++.dg/gomp/declare-simd-8.C -std=c++20 (test for excess errors)
FAIL: c-c++-common/hwasan/alloca-gets-different-tag.c -O2 -flto -fuse-linker-plugin -fno-fat-lto-objects execution test
FAIL: c-c++-common/hwasan/alloca-outside-caught.c -O2 -flto -fuse-linker-plugin -fno-fat-lto-objects output pattern test
FAIL: c-c++-common/hwasan/arguments-3.c -O0 at line 4 (test for errors, line )
FAIL: c-c++-common/hwasan/arguments-3.c -O0 at line 5 (test for errors, line )
FAIL: c-c++-common/hwasan/arguments-3.c -O1 at line 4 (test for errors, line )
FAIL: c-c++-common/hwasan/arguments-3.c -O1 at line 5 (test for errors, line )
FAIL: c-c++-common/hwasan/arguments-3.c -O2 at line 4 (test for errors, line )
FAIL: c-c++-common/hwasan/arguments-3.c -O2 at line 5 (test for errors, line )
FAIL: c-c++-common/hwasan/arguments-3.c -O3 -g at line 4 (test for errors, line )
FAIL: c-c++-common/hwasan/arguments-3.c -O3 -g at line 5 (test for errors, line )
FAIL: c-c++-common/hwasan/arguments-3.c -Os at line 4 (test for errors, line )
FAIL: c-c++-common/hwasan/arguments-3.c -Os at line 5 (test for errors, line )
FAIL: c-c++-common/hwasan/arguments-3.c -O2 -flto -fno-use-linker-plugin -flto-partition=none at line 4 (test for errors, line )
FAIL: c-c++-common/hwasan/arguments-3.c -O2 -flto -fno-use-linker-plugin -flto-partition=none at line 5 (test for errors, line )
FAIL: c-c++-common/hwasan/arguments-3.c -O2 -flto -fuse-linker-plugin -fno-fat-lto-objects at line 4 (test for errors, line )
FAIL: c-c++-common/hwasan/arguments-3.c -O2 -flto -fuse-linker-plugin -fno-fat-lto-objects at line 5 (test for errors, line )
=== g++ Summary ===
# of expected passes 343127
# of unexpected failures 39
# of expected failures 3080
# of unsupported tests 10512
/home/gaius/GM2/graft-combine/build-devel-modula2-enabled/gcc/xg++ version 13.0.0 20220821 (experimental) (GCC)
=== gcc tests ===
Running target unix
FAIL: tmpdir-gcc.dg-struct-layout-1/t028 c_compat_x_tst.o-c_compat_y_tst.o execute
XPASS: gcc.dg/guality/pr54519-1.c -Os -DPREVENT_OPTIMIZATION line 23 x == 98
XPASS: gcc.dg/guality/pr54519-1.c -Os -DPREVENT_OPTIMIZATION line 23 y == 117
XPASS: gcc.dg/guality/pr54519-1.c -Os -DPREVENT_OPTIMIZATION line 23 z == 8
XPASS: gcc.dg/guality/pr54519-3.c -Os -DPREVENT_OPTIMIZATION line 23 x == 98
XPASS: gcc.dg/guality/pr54519-3.c -Os -DPREVENT_OPTIMIZATION line 23 y == 117
XPASS: gcc.dg/guality/pr54519-3.c -Os -DPREVENT_OPTIMIZATION line 23 z == 8
FAIL: c-c++-common/hwasan/alloca-gets-different-tag.c -O2 -flto -fuse-linker-plugin -fno-fat-lto-objects execution test
FAIL: c-c++-common/hwasan/alloca-outside-caught.c -O2 -flto -fuse-linker-plugin -fno-fat-lto-objects output pattern test
FAIL: c-c++-common/hwasan/arguments-3.c -O0 at line 4 (test for errors, line )
FAIL: c-c++-common/hwasan/arguments-3.c -O0 at line 5 (test for errors, line )
FAIL: c-c++-common/hwasan/arguments-3.c -O1 at line 4 (test for errors, line )
FAIL: c-c++-common/hwasan/arguments-3.c -O1 at line 5 (test for errors, line )
FAIL: c-c++-common/hwasan/arguments-3.c -O2 at line 4 (test for errors, line )
FAIL: c-c++-common/hwasan/arguments-3.c -O2 at line 5 (test for errors, line )
FAIL: c-c++-common/hwasan/arguments-3.c -O3 -g at line 4 (test for errors, line )
FAIL: c-c++-common/hwasan/arguments-3.c -O3 -g at line 5 (test for errors, line )
FAIL: c-c++-common/hwasan/arguments-3.c -Os at line 4 (test for errors, line )
FAIL: c-c++-common/hwasan/arguments-3.c -Os at line 5 (test for errors, line )
FAIL: c-c++-common/hwasan/arguments-3.c -O2 -flto -fno-use-linker-plugin -flto-partition=none at line 4 (test for errors, line )
FAIL: c-c++-common/hwasan/arguments-3.c -O2 -flto -fno-use-linker-plugin -flto-partition=none at line 5 (test for errors, line )
FAIL: c-c++-common/hwasan/arguments-3.c -O2 -flto -fuse-linker-plugin -fno-fat-lto-objects at line 4 (test for errors, line )
FAIL: c-c++-common/hwasan/arguments-3.c -O2 -flto -fuse-linker-plugin -fno-fat-lto-objects at line 5 (test for errors, line )
FAIL: gcc.dg/tree-prof/cmpsf-1.c scan-tree-dump-not dom2 "Invalid sum"
XPASS: gcc.dg/vect/complex/fast-math-bb-slp-complex-add-pattern-half-float.c scan-tree-dump slp1 "Found COMPLEX_ADD_ROT270"
UNRESOLVED: gcc.dg/vect/complex/fast-math-complex-add-half-float.c scan-tree-dump-times slp1 "stmt.*COMPLEX_ADD_ROT270" 1
UNRESOLVED: gcc.dg/vect/complex/fast-math-complex-add-half-float.c scan-tree-dump-times slp1 "stmt.*COMPLEX_ADD_ROT90" 1
FAIL: gcc.dg/vect/slp-reduc-2.c execution test
FAIL: gcc.dg/vect/slp-reduc-2.c -flto -ffat-lto-objects execution test
FAIL: gcc.target/aarch64/fcsel_1.c scan-assembler-times \\tfcsel 2
FAIL: gcc.target/aarch64/mgeneral-regs_3.c (test for errors, line 8)
FAIL: gcc.target/aarch64/tst_imm_split_1.c scan-assembler tst\\\\t[xw][0-9]+, [xw][0-9]+, lsr 4
FAIL: gcc.target/aarch64/simd/vqdmlalh_laneq_s16_1.c scan-assembler-times sqdmlal[ \\t]+[sS][0-9]+, ?[hH][0-9]+, ?[vV][0-9]+.[hH]\\\\[7\\\\]\\n 1
FAIL: gcc.target/aarch64/simd/vqdmlals_laneq_s32_1.c scan-assembler-times sqdmlal[ \\t]+[dD][0-9]+, ?[sS][0-9]+, ?[vV][0-9]+.[sS]\\\\[3\\\\]\\n 1
FAIL: gcc.target/aarch64/simd/vqdmlslh_laneq_s16_1.c scan-assembler-times sqdmlsl[ \\t]+[sS][0-9]+, ?[hH][0-9]+, ?[vV][0-9]+.[hH]\\\\[4\\\\]\\n 1
FAIL: gcc.target/aarch64/simd/vqdmlsls_laneq_s32_1.c scan-assembler-times sqdmlsl[ \\t]+[dD][0-9]+, ?[sS][0-9]+, ?[vV][0-9]+.[sS]\\\\[3\\\\]\\n 1
FAIL: gcc.target/aarch64/sve/cond_asrd_1.c scan-assembler-times \\\\tasrd\\\\tz[0-9]+\\\\.b, p[0-7]/m, z[0-9]+\\\\.b, #4\\\\n 3
FAIL: gcc.target/aarch64/sve/cond_asrd_1.c scan-assembler-times \\\\tasrd\\\\tz[0-9]+\\\\.h, p[0-7]/m, z[0-9]+\\\\.h, #4\\\\n 2
FAIL: gcc.target/aarch64/sve/cond_asrd_1.c scan-assembler-times \\\\tasrd\\\\tz[0-9]+\\\\.s, p[0-7]/m, z[0-9]+\\\\.s, #4\\\\n 1
FAIL: gcc.target/aarch64/sve/cond_cnot_4.c scan-assembler-times \\\\tcnot\\\\tz[0-9]+\\\\.b, p[0-7]/m, 3
FAIL: gcc.target/aarch64/sve/cond_cnot_4.c scan-assembler-times \\\\tcnot\\\\tz[0-9]+\\\\.h, p[0-7]/m, 2
FAIL: gcc.target/aarch64/sve/cond_cnot_4.c scan-assembler-times \\\\tcnot\\\\tz[0-9]+\\\\.s, p[0-7]/m, 1
FAIL: gcc.target/aarch64/sve/cond_cnot_6.c scan-assembler-times \\\\tcnot\\\\tz[0-9]+\\\\.b, p[0-7]/m, 3
FAIL: gcc.target/aarch64/sve/cond_cnot_6.c scan-assembler-times \\\\tcnot\\\\tz[0-9]+\\\\.h, p[0-7]/m, 2
FAIL: gcc.target/aarch64/sve/cond_cnot_6.c scan-assembler-times \\\\tcnot\\\\tz[0-9]+\\\\.s, p[0-7]/m, 1
FAIL: gcc.target/aarch64/sve/cond_unary_5.c scan-assembler-times \\\\tabs\\\\tz[0-9]+\\\\.b, p[0-7]/m, 3
FAIL: gcc.target/aarch64/sve/cond_unary_5.c scan-assembler-times \\\\tabs\\\\tz[0-9]+\\\\.h, p[0-7]/m, 2
FAIL: gcc.target/aarch64/sve/cond_unary_5.c scan-assembler-times \\\\tabs\\\\tz[0-9]+\\\\.s, p[0-7]/m, 1
FAIL: gcc.target/aarch64/sve/cond_unary_5.c scan-assembler-times \\\\tneg\\\\tz[0-9]+\\\\.b, p[0-7]/m, 3
FAIL: gcc.target/aarch64/sve/cond_unary_5.c scan-assembler-times \\\\tneg\\\\tz[0-9]+\\\\.h, p[0-7]/m, 2
FAIL: gcc.target/aarch64/sve/cond_unary_5.c scan-assembler-times \\\\tneg\\\\tz[0-9]+\\\\.s, p[0-7]/m, 1
FAIL: gcc.target/aarch64/sve/cond_unary_5.c scan-assembler-times \\\\tnot\\\\tz[0-9]+\\\\.b, p[0-7]/m, 3
FAIL: gcc.target/aarch64/sve/cond_unary_5.c scan-assembler-times \\\\tnot\\\\tz[0-9]+\\\\.h, p[0-7]/m, 2
FAIL: gcc.target/aarch64/sve/cond_unary_5.c scan-assembler-times \\\\tnot\\\\tz[0-9]+\\\\.s, p[0-7]/m, 1
FAIL: gcc.target/aarch64/sve/cond_unary_6.c scan-assembler-times \\\\tabs\\\\tz[0-9]+\\\\.b, p[0-7]/m, 3
FAIL: gcc.target/aarch64/sve/cond_unary_6.c scan-assembler-times \\\\tabs\\\\tz[0-9]+\\\\.h, p[0-7]/m, 2
FAIL: gcc.target/aarch64/sve/cond_unary_6.c scan-assembler-times \\\\tabs\\\\tz[0-9]+\\\\.s, p[0-7]/m, 1
FAIL: gcc.target/aarch64/sve/cond_unary_6.c scan-assembler-times \\\\tneg\\\\tz[0-9]+\\\\.b, p[0-7]/m, 3
FAIL: gcc.target/aarch64/sve/cond_unary_6.c scan-assembler-times \\\\tneg\\\\tz[0-9]+\\\\.h, p[0-7]/m, 2
FAIL: gcc.target/aarch64/sve/cond_unary_6.c scan-assembler-times \\\\tneg\\\\tz[0-9]+\\\\.s, p[0-7]/m, 1
FAIL: gcc.target/aarch64/sve/cond_unary_6.c scan-assembler-times \\\\tnot\\\\tz[0-9]+\\\\.b, p[0-7]/m, 3
FAIL: gcc.target/aarch64/sve/cond_unary_6.c scan-assembler-times \\\\tnot\\\\tz[0-9]+\\\\.h, p[0-7]/m, 2
FAIL: gcc.target/aarch64/sve/cond_unary_6.c scan-assembler-times \\\\tnot\\\\tz[0-9]+\\\\.s, p[0-7]/m, 1
FAIL: gcc.target/aarch64/sve/cond_uxt_5.c scan-assembler \\\\tld1h\\\\t(z[0-9]+)\\\\.d, p[0-7]/z, \\\\[x2[],][^L]*\\\\tuxtb\\\\t\\\\1\\\\.h, p[0-7]/m, \\\\1\\\\.h\\\\n
FAIL: gcc.target/aarch64/sve/cond_uxt_5.c scan-assembler \\\\tld1w\\\\t(z[0-9]+)\\\\.d, p[0-7]/z, \\\\[x2[],][^L]*\\\\tuxtb\\\\t\\\\1\\\\.s, p[0-7]/m, \\\\1\\\\.s\\\\n
FAIL: gcc.target/aarch64/sve/cond_uxt_5.c scan-assembler \\\\tld1w\\\\t(z[0-9]+)\\\\.d, p[0-7]/z, \\\\[x2[],][^L]*\\\\tuxth\\\\t\\\\1\\\\.s, p[0-7]/m, \\\\1\\\\.s\\\\n
XPASS: gcc.target/aarch64/sve/vcond_4_costly.c scan-assembler-times \\\\tfcm(?:eq|ne)\\\\tp[0-9]+\\\\.s, p[0-7]/z, z[0-9]+\\\\.s, z[0-9]+\\\\.s\\\\n 8
XPASS: gcc.target/aarch64/sve/vcond_4_costly.c scan-assembler-times \\\\tfcm(?:eq|ne)\\\\tp[0-9]+\\\\.d, p[0-7]/z, z[0-9]+\\\\.d, z[0-9]+\\\\.d\\\\n 16
=== gcc Summary ===
# of expected passes 282858
# of unexpected failures 57
# of unexpected successes 9
# of expected failures 2625
# of unresolved testcases 2
# of unsupported tests 3383
/home/gaius/GM2/graft-combine/build-devel-modula2-enabled/gcc/xgcc version 13.0.0 20220821 (experimental) (GCC)
=== gm2 tests ===
Running target unix
=== gm2 Summary ===
# of expected passes 11778
Compiler version: 13.0.0 20220821 (experimental) (GCC)
Platform: aarch64-unknown-linux-gnu
configure flags: --prefix=/home/gaius/opt --libexecdir=/home/gaius/opt/lib --enable-threads=posix --enable-clocale=gnu --enable-languages=m2 --disable-multilib --enable-checking --enable-long-longx --enable-bootstrap
More information about the Gcc-testresults
mailing list