Results of testsuite (branch: master; revision: r13-2088-g06bca6950b154d; build config: lto; languages: all,ada) on x86_64-linux-gnu.

Toon Moene toon@moene.org
Wed Aug 17 13:09:21 GMT 2022


LAST_UPDATED: Wed Aug 17 12:02:10 UTC 2022 (revision r13-2088-g06bca6950b1)

		=== acats tests ===

		=== acats Summary ===
# of expected passes		2328
# of unexpected failures	0
Native configuration is x86_64-pc-linux-gnu

		=== gcc tests ===


Running target unix
FAIL: gcc.dg/pr56837.c scan-tree-dump-times optimized "memset ..c, 68, 16384.;" 1

		=== gcc Summary ===

# of expected passes		178892
# of unexpected failures	1
# of expected failures		1400
# of unsupported tests		2395
/dev/shm/bld2598637/gcc/xgcc  version 13.0.0 20220817 (experimental) [master r13-2088-g06bca6950b1] (GCC) 

		=== gfortran tests ===


Running target unix

		=== gfortran Summary ===

# of expected passes		66420
# of expected failures		259
# of unsupported tests		97
/dev/shm/bld2598637/gcc/gfortran  version 13.0.0 20220817 (experimental) [master r13-2088-g06bca6950b1] (GCC) 

		=== g++ tests ===


Running target unix

		=== g++ Summary ===

# of expected passes		231952
# of expected failures		2062
# of unsupported tests		9952
/dev/shm/bld2598637/gcc/xg++  version 13.0.0 20220817 (experimental) [master r13-2088-g06bca6950b1] (GCC) 

		=== gnat tests ===


Running target unix

		=== gnat Summary ===

# of expected passes		3407
# of expected failures		23
# of unsupported tests		4
/dev/shm/bld2598637/gcc/gnatmake version 13.0.0 20220817 (experimental) [master r13-2088-g06bca6950b1]

		=== go tests ===


Running target unix
FAIL: ./index0-out.go execution,  -O0 -g -fno-var-tracking-assignments 

		=== go Summary ===

# of expected passes		8897
# of unexpected failures	1
# of untested testcases		6
# of unsupported tests		27
/dev/shm/bld2598637/gcc/gccgo  version 13.0.0 20220817 (experimental) [master r13-2088-g06bca6950b1] (GCC) 

		=== obj-c++ tests ===


Running target unix

		=== obj-c++ Summary ===

# of expected passes		1502
# of expected failures		10
# of unsupported tests		79
/dev/shm/bld2598637/gcc/xg++  version 13.0.0 20220817 (experimental) [master r13-2088-g06bca6950b1] (GCC) 

		=== objc tests ===


Running target unix
FAIL: objc/execute/nested-func-1.m compilation,  -O0 -fgnu-runtime
UNRESOLVED: objc/execute/nested-func-1.m execution,  -O0 -fgnu-runtime

		=== objc Summary ===

# of expected passes		2838
# of unexpected failures	1
# of expected failures		6
# of unresolved testcases	1
# of unsupported tests		71
/dev/shm/bld2598637/gcc/xgcc  version 13.0.0 20220817 (experimental) [master r13-2088-g06bca6950b1] (GCC) 

		=== gotools tests ===


		=== gotools Summary ===
# of expected passes		413
# of untested testcases		131
/dev/shm/bld2598637/./gcc/gccgo version 13.0.0 20220817 (experimental) [master r13-2088-g06bca6950b1] (GCC)

		=== libatomic tests ===


Running target unix

		=== libatomic Summary ===

# of expected passes		54
		=== libffi tests ===


Running target unix

		=== libffi Summary ===

# of expected passes		2304
		=== libgo tests ===


Running target unix
FAIL: runtime/pprof

		=== libgo Summary ===

# of expected passes		195
# of unexpected failures	1
/dev/shm/bld2598637/./gcc/gccgo version 13.0.0 20220817 (experimental) [master r13-2088-g06bca6950b1] (GCC)

		=== libgomp tests ===


Running target unix

		=== libgomp Summary ===

# of expected passes		14068
# of expected failures		213
# of unsupported tests		572
		=== libitm tests ===


Running target unix

		=== libitm Summary ===

# of expected passes		44
# of expected failures		3
# of unsupported tests		1
		=== libstdc++ tests ===


Running target unix
FAIL: 30_threads/jthread/95989.cc execution test

		=== libstdc++ Summary ===

# of expected passes		14645
# of unexpected failures	1
# of expected failures		97
# of unsupported tests		691

Compiler version: 13.0.0 20220817 (experimental) [master r13-2088-g06bca6950b1] (GCC) 
Platform: x86_64-pc-linux-gnu
configure flags: --prefix=/home/toon/compilers/install/gcc --with-gnu-as --with-gnu-ld --enable-languages=all,ada --disable-multilib --disable-nls --with-build-config=bootstrap-lto


More information about the Gcc-testresults mailing list