Results for 13.0.0 20220803 (experimental) [src r13-1950-g9bb19e143cf] (GCC) testsuite on powerpc-ibm-aix7.2.5.0

David Edelsohn edelsohn@p980aix1.watson.ibm.com
Thu Aug 4 01:24:09 GMT 2022


LAST_UPDATED: Wed Aug  3 16:40:57 UTC 2022 (revision r13-1950-g9bb19e143cf)

Native configuration is powerpc-ibm-aix7.2.5.0

		=== g++ tests ===


Running target unix
FAIL: g++.dg/compat/eh/new1 cp_compat_x_tst.o-cp_compat_y_tst.o execute 
XPASS: g++.dg/debug/pr56294.C -gdwarf-2 (test for excess errors)
XPASS: g++.dg/debug/pr56294.C -gdwarf-2 -g1 (test for excess errors)
XPASS: g++.dg/debug/pr56294.C -gdwarf-2 -g3 (test for excess errors)
XPASS: g++.dg/debug/pr56294.C -gxcoff (test for excess errors)
XPASS: g++.dg/debug/pr56294.C -gxcoff+ (test for excess errors)
XPASS: g++.dg/debug/pr56294.C -gxcoff+1 (test for excess errors)
XPASS: g++.dg/debug/pr56294.C -gxcoff+3 (test for excess errors)
XPASS: g++.dg/debug/pr56294.C -gxcoff1 (test for excess errors)
XPASS: g++.dg/debug/pr56294.C -gxcoff3 (test for excess errors)
XPASS: g++.dg/debug/pr56819.C -gdwarf-2 (test for excess errors)
XPASS: g++.dg/debug/pr56819.C -gdwarf-2 -g1 (test for excess errors)
XPASS: g++.dg/debug/pr56819.C -gdwarf-2 -g3 (test for excess errors)
XPASS: g++.dg/debug/pr56819.C -gxcoff (test for excess errors)
XPASS: g++.dg/debug/pr56819.C -gxcoff+ (test for excess errors)
XPASS: g++.dg/debug/pr56819.C -gxcoff+1 (test for excess errors)
XPASS: g++.dg/debug/pr56819.C -gxcoff+3 (test for excess errors)
XPASS: g++.dg/debug/pr56819.C -gxcoff1 (test for excess errors)
XPASS: g++.dg/debug/pr56819.C -gxcoff3 (test for excess errors)
XPASS: g++.dg/debug/dwarf2/constexpr-var-1.C   scan-assembler-times  DW_AT_const_expr 2
XPASS: g++.dg/debug/dwarf2/deleted-member-function.C   scan-assembler-times  DW_AT_deleted 2
FAIL: c-c++-common/diagnostic-format-sarif-file-4.c  -std=gnu++14  scan-sarif-file "text": "  int \\\\u6587\\\\u5b57\\\\u5316\\\\u3051 = 
FAIL: c-c++-common/diagnostic-format-sarif-file-4.c  -std=gnu++17  scan-sarif-file "text": "  int \\\\u6587\\\\u5b57\\\\u5316\\\\u3051 = 
FAIL: c-c++-common/diagnostic-format-sarif-file-4.c  -std=gnu++20  scan-sarif-file "text": "  int \\\\u6587\\\\u5b57\\\\u5316\\\\u3051 = 
FAIL: c-c++-common/diagnostic-format-sarif-file-4.c  -std=gnu++98  scan-sarif-file "text": "  int \\\\u6587\\\\u5b57\\\\u5316\\\\u3051 = 
FAIL: g++.dg/cpp0x/initlist-const1.C  -std=c++14  scan-assembler-not \\\\.data
FAIL: g++.dg/cpp0x/initlist-const1.C  -std=c++17  scan-assembler-not \\\\.data
FAIL: g++.dg/cpp0x/initlist-const1.C  -std=c++20  scan-assembler-not \\\\.data
FAIL: g++.dg/cpp2a/nontype-float1.C  -std=c++20 (test for excess errors)
XPASS: g++.dg/eh/new1.C  -std=c++98 execution test
FAIL: g++.dg/pr104992-1.C  -std=gnu++14 (test for excess errors)
FAIL: g++.dg/pr104992-1.C  -std=gnu++17 (test for excess errors)
FAIL: g++.dg/pr104992-1.C  -std=gnu++20 (test for excess errors)
FAIL: g++.dg/pr104992-1.C  -std=gnu++98 (test for excess errors)
FAIL: g++.dg/pr94920.C  -std=gnu++14  scan-tree-dump-times optimized " ABS_EXPR " 6
FAIL: g++.dg/pr94920.C  -std=gnu++17  scan-tree-dump-times optimized " ABS_EXPR " 6
FAIL: g++.dg/pr94920.C  -std=gnu++20  scan-tree-dump-times optimized " ABS_EXPR " 6
FAIL: g++.dg/pr94920.C  -std=gnu++98  scan-tree-dump-times optimized " ABS_EXPR " 6
XPASS: g++.dg/template/linkage1.C  -std=c++98  scan-assembler-not (weak|glob)[^\\n]*_Z3fooIXadL_ZL11static_funcvEEEvv
XPASS: g++.dg/warn/Wstringop-overflow-4.C  -std=gnu++14  (test for bogus messages, line 198)
XPASS: g++.dg/warn/Wstringop-overflow-4.C  -std=gnu++17  (test for bogus messages, line 198)
XPASS: g++.dg/warn/Wstringop-overflow-4.C  -std=gnu++20  (test for bogus messages, line 198)
FAIL: g++.dg/warn/Wstringop-overflow-4.C  -std=gnu++98 (test for excess errors)
FAIL: c-c++-common/goacc/kernels-loop-g.c  -std=c++14 (test for excess errors)
FAIL: c-c++-common/goacc/kernels-loop-g.c  -std=c++17 (test for excess errors)
FAIL: c-c++-common/goacc/kernels-loop-g.c  -std=c++20 (test for excess errors)
FAIL: c-c++-common/goacc/kernels-loop-g.c  -std=c++98 (test for excess errors)
FAIL: g++.dg/modules/loc-prune-4.C -std=c++17  scan-lang-dump module " Span:0 ordinary \\\\[2.....\\\\+12288,\\\\+4096\\\\)->\\\\[0,\\\\+4096\\\\)"
FAIL: g++.dg/modules/loc-prune-4.C -std=c++17  scan-lang-dump module " Span:1 ordinary \\\\[2.....\\\\+40960,\\\\+8192\\\\)->\\\\[4096,\\\\+8192\\\\)"
FAIL: g++.dg/modules/loc-prune-4.C -std=c++2a  scan-lang-dump module " Span:0 ordinary \\\\[2.....\\\\+12288,\\\\+4096\\\\)->\\\\[0,\\\\+4096\\\\)"
FAIL: g++.dg/modules/loc-prune-4.C -std=c++2a  scan-lang-dump module " Span:1 ordinary \\\\[2.....\\\\+40960,\\\\+8192\\\\)->\\\\[4096,\\\\+8192\\\\)"
FAIL: g++.dg/modules/loc-prune-4.C -std=c++2b  scan-lang-dump module " Span:0 ordinary \\\\[2.....\\\\+12288,\\\\+4096\\\\)->\\\\[0,\\\\+4096\\\\)"
FAIL: g++.dg/modules/loc-prune-4.C -std=c++2b  scan-lang-dump module " Span:1 ordinary \\\\[2.....\\\\+40960,\\\\+8192\\\\)->\\\\[4096,\\\\+8192\\\\)"
FAIL: g++.dg/modules/sym-subst-3_a.C scan-assembler .globa?l[ \\\\t]*_?_ZW1tW1s1S\\\\n
XPASS: g++.dg/tls/thread_local1.C  -std=c++14  scan-assembler-not .comm
XPASS: g++.dg/tls/thread_local1.C  -std=c++17  scan-assembler-not .comm
XPASS: g++.dg/tls/thread_local1.C  -std=c++20  scan-assembler-not .comm
XPASS: g++.dg/torture/pr101373.C   -O0  execution test
XPASS: g++.dg/torture/pr101373.C   -O1  execution test
XPASS: g++.dg/torture/pr101373.C   -O2  execution test
XPASS: g++.dg/torture/pr101373.C   -O3 -g  execution test
XPASS: g++.dg/torture/pr101373.C   -Os  execution test
XPASS: g++.old-deja/g++.eh/new2.C  -std=gnu++98 execution test
XPASS: g++.old-deja/g++.mike/p755a.C  -std=c++98 execution test

		=== g++ Summary ===

# of expected passes		212576
# of unexpected failures	29
# of unexpected successes	35
# of expected failures		2235
# of unsupported tests		10598
/tmp/GCC/gcc/testsuite/g++/../../xg++  version 13.0.0 20220803 (experimental) [src r13-1950-g9bb19e143cf] (GCC) 

		=== gcc tests ===


Running target unix
FAIL: gcc.dg/analyzer/fd-4.c  (test for warnings, line 22)
FAIL: gcc.dg/analyzer/fd-4.c  (test for warnings, line 36)
FAIL: gcc.dg/analyzer/fd-4.c  (test for warnings, line 51)
FAIL: gcc.dg/analyzer/fd-4.c  (test for warnings, line 55)
FAIL: gcc.dg/analyzer/fd-4.c  (test for warnings, line 63)
FAIL: gcc.dg/analyzer/fd-4.c  (test for warnings, line 67)
FAIL: gcc.dg/analyzer/fd-4.c  (test for warnings, line 87)
FAIL: gcc.dg/analyzer/fd-4.c (test for excess errors)
FAIL: gcc.dg/analyzer/fd-4.c event1 (test for warnings, line 23)
FAIL: gcc.dg/analyzer/fd-4.c event1 (test for warnings, line 37)
FAIL: gcc.dg/analyzer/fd-4.c event1 at line 27 (test for warnings, line 26)
FAIL: gcc.dg/analyzer/fd-4.c event1 at line 41 (test for warnings, line 40)
FAIL: gcc.dg/analyzer/fd-4.c event2 at line 24 (test for warnings, line 23)
FAIL: gcc.dg/analyzer/fd-4.c event2 at line 28 (test for warnings, line 26)
FAIL: gcc.dg/analyzer/fd-4.c event2 at line 38 (test for warnings, line 37)
FAIL: gcc.dg/analyzer/fd-4.c event2 at line 42 (test for warnings, line 40)
FAIL: gcc.dg/analyzer/fd-4.c warning (test for warnings, line 26)
FAIL: gcc.dg/analyzer/fd-4.c warning (test for warnings, line 40)
FAIL: gcc.dg/analyzer/getchar-1.c (test for excess errors)
FAIL: gcc.dg/analyzer/pr94851-1.c (test for excess errors)
FAIL: gcc.dg/analyzer/pr96653.c (internal compiler error: in gimple_phi_arg, at gimple.h:4594)
FAIL: gcc.dg/analyzer/pr96653.c (test for excess errors)
FAIL: gcc.dg/analyzer/pragma-2.c (test for excess errors)
XPASS: gcc.dg/autopar/pr46799.c (test for excess errors)
XPASS: gcc.dg/debug/dwarf2/inline5.c scan-assembler-not \\\\(DIE \\\\(0x([0-9a-f]*)\\\\) DW_TAG_lexical_block\\\\)[^#/!@;\\\\|]*[#/!@;\\\\|]+ +DW_AT.*DW_TAG_lexical_block\\\\)[^#/!@;\\\\|x]*x\\\\1[^#/!@;\\\\|]*[#/!@;\\\\|] +DW_AT_abstract_origin
FAIL: c-c++-common/diagnostic-format-sarif-file-4.c  -Wc++-compat   scan-sarif-file "text": "  int \\\\u6587\\\\u5b57\\\\u5316\\\\u3051 = 
XPASS: gcc.dg/Warray-bounds-79.c pr????? (test for warnings, line 29)
FAIL: gcc.dg/asm-names.c scan-assembler-not ____frob14
FAIL: gcc.dg/nextafter-2.c execution test
FAIL: gcc.dg/pr104992.c (test for excess errors)
FAIL: gcc.dg/pr56837.c scan-tree-dump-times optimized "memset ..c, 68, 16384.;" 1
FAIL: gcc.dg/signbit-2.c scan-tree-dump optimized "\\\\s+>\\\\s+{ 0(, 0)+ }"
FAIL: gcc.dg/strlenopt-58.c scan-tree-dump-times optimized "call_in_true_branch_not_eliminated" 0
XPASS: gcc.dg/uninit-pred-7_a.c bogus warning (test for bogus messages, line 26)
FAIL: gcc.dg/uninit-pred-9_b.c bogus warning (test for bogus messages, line 20)
FAIL: c-c++-common/goacc/firstprivate-mappings-1.c scan-tree-dump omplower "(?n)#pragma omp target oacc_parallel map\\\\(from:array_so \\\\[len: 4\\\\]\\\\) firstprivate\\\\(array_li.[0-9]+\\\\) map\\\\(tofrom:\\\\(\\\\*array.[0-9]+\\\\) \\\\[len: D\\\\.[0-9]+\\\\]\\\\) map\\\\(firstprivate:array \\\\[pointer assign, bias: 0\\\\]\\\\) \\\\["
FAIL: c-c++-common/goacc/kernels-decompose-pr100400-1-4.c (test for excess errors)
FAIL: c-c++-common/goacc/kernels-decompose-pr103836-1-4.c TODO at line 4 (test for bogus messages, line )
FAIL: c-c++-common/goacc/kernels-loop-g.c (test for excess errors)
XPASS: gcc.dg/graphite/pr42729.c (test for excess errors)
XPASS: gcc.dg/graphite/pr42917.c (test for excess errors)
FAIL: gcc.dg/tls/alias-1.c (test for excess errors)
XPASS: gcc.dg/torture/pr59166.c   -O0  (test for excess errors)
XPASS: gcc.dg/torture/pr59166.c   -O1  (test for excess errors)
XPASS: gcc.dg/torture/pr59166.c   -O2  (test for excess errors)
XPASS: gcc.dg/torture/pr59166.c   -O3 -fomit-frame-pointer -funroll-loops -fpeel-loops -ftracer -finline-functions  (test for excess errors)
XPASS: gcc.dg/torture/pr59166.c   -Os  (test for excess errors)
FAIL: gcc.dg/torture/pr61346.c   -O1  (internal compiler error: in gimple_phi_arg, at gimple.h:4594)
FAIL: gcc.dg/torture/pr61346.c   -O1  (test for excess errors)
UNRESOLVED: gcc.dg/torture/pr61346.c   -O1  compilation failed to produce executable
XPASS: gcc.dg/tree-ssa/cunroll-15.c scan-tree-dump optimized "return 1;"
FAIL: gcc.dg/tree-ssa/gen-vect-11c.c scan-tree-dump-times vect "vectorized 0 loops" 1
XPASS: gcc.dg/vect/costmodel/ppc/costmodel-fast-math-vect-pr29925.c scan-tree-dump-times vect "vectorization not profitable" 1
FAIL: gcc.dg/vect/slp-21.c scan-tree-dump-times vect "vectorizing stmts using SLP" 2
XPASS: gcc.dg/vect/slp-24-big-array.c scan-tree-dump-times vect "vectorized 1 loops" 1
XPASS: gcc.dg/vect/slp-24-big-array.c scan-tree-dump-times vect "vectorizing stmts using SLP" 2
XPASS: gcc.dg/vect/slp-24.c scan-tree-dump-times vect "vectorized 1 loops" 1
XPASS: gcc.dg/vect/slp-24.c scan-tree-dump-times vect "vectorizing stmts using SLP" 2
UNRESOLVED: gcc.target/powerpc/dfmode_off.c object-size text == 320
UNRESOLVED: gcc.target/powerpc/dimode_off.c object-size text <= 640
FAIL: gcc.target/powerpc/pr99708.c (test for excess errors)
UNRESOLVED: gcc.target/powerpc/pr99708.c compilation failed to produce executable
XPASS: gcc.target/powerpc/vsx-vectorize-4.c scan-tree-dump-times vect "Alignment of access forced using peeling" 0
XPASS: gcc.target/powerpc/vsx-vectorize-6.c scan-tree-dump-times vect "Alignment of access forced using peeling" 0

		=== gcc Summary ===

# of expected passes		120301
# of unexpected failures	41
# of unexpected successes	19
# of expected failures		1199
# of unresolved testcases	4
# of unsupported tests		3312
/tmp/GCC/gcc/xgcc  version 13.0.0 20220803 (experimental) [src r13-1950-g9bb19e143cf] (GCC) 

		=== gfortran tests ===


Running target unix
FAIL: gfortran.dg/make_unit.f90   -O1  (internal compiler error: in gimple_phi_arg, at gimple.h:4594)
FAIL: gfortran.dg/make_unit.f90   -O1  (test for excess errors)
UNRESOLVED: gfortran.dg/make_unit.f90   -O1  compilation failed to produce executable
FAIL: gfortran.dg/graphite/vect-pr40979.f90   -O   scan-tree-dump-times vect "vectorized 1 loops" 1
FAIL: gfortran.dg/vect/fast-math-mgrid-resid.f   -O   scan-tree-dump pcom "vectp_u.*__lsm.* = PHI <.*vectp_u.*__lsm"

		=== gfortran Summary ===

# of expected passes		64829
# of unexpected failures	4
# of expected failures		262
# of unresolved testcases	1
# of unsupported tests		523
/tmp/GCC/gcc/testsuite/gfortran/../../gfortran  version 13.0.0 20220803 (experimental) [src r13-1950-g9bb19e143cf] (GCC) 

		=== libatomic tests ===


Running target unix

		=== libatomic Summary ===

# of expected passes		44
# of unsupported tests		5
		=== libgomp tests ===


Running target unix
FAIL: libgomp.c/../libgomp.c-c++-common/requires-4.c (test for excess errors)
UNRESOLVED: libgomp.c/../libgomp.c-c++-common/requires-4.c compilation failed to produce executable
FAIL: libgomp.c++/../libgomp.c-c++-common/requires-4.c (test for excess errors)
UNRESOLVED: libgomp.c++/../libgomp.c-c++-common/requires-4.c compilation failed to produce executable
FAIL: libgomp.fortran/appendix-a/a.28.2.f90   -O1  execution test
FAIL: libgomp.fortran/appendix-a/a.28.2.f90   -Os  execution test
FAIL: libgomp.fortran/async_io_2.f90   -O  execution test
FAIL: libgomp.fortran/async_io_3.f90   -O0  execution test
FAIL: libgomp.fortran/async_io_3.f90   -O1  execution test
FAIL: libgomp.fortran/async_io_3.f90   -O2  execution test
FAIL: libgomp.fortran/async_io_3.f90   -O3 -fomit-frame-pointer -funroll-loops -fpeel-loops -ftracer -finline-functions  execution test
FAIL: libgomp.fortran/async_io_3.f90   -O3 -g  execution test
FAIL: libgomp.fortran/async_io_3.f90   -Os  execution test
FAIL: libgomp.fortran/async_io_9.f90   -O0  execution test
FAIL: libgomp.fortran/async_io_9.f90   -O1  execution test
FAIL: libgomp.fortran/async_io_9.f90   -O2  execution test
FAIL: libgomp.fortran/async_io_9.f90   -O3 -fomit-frame-pointer -funroll-loops -fpeel-loops -ftracer -finline-functions  execution test
FAIL: libgomp.fortran/async_io_9.f90   -O3 -g  execution test
FAIL: libgomp.fortran/async_io_9.f90   -Os  execution test
FAIL: libgomp.fortran/omp_workshare1.f   -O  execution test
FAIL: libgomp.fortran/omp_workshare2.f   -O  execution test
FAIL: libgomp.fortran/recursion1.f90   -O0  execution test
FAIL: libgomp.fortran/recursion1.f90   -O1  execution test
FAIL: libgomp.fortran/recursion1.f90   -O2  execution test
FAIL: libgomp.fortran/recursion1.f90   -O3 -fomit-frame-pointer -funroll-loops -fpeel-loops -ftracer -finline-functions  execution test
WARNING: program timed out.
FAIL: libgomp.fortran/recursion1.f90   -Os  execution test
FAIL: libgomp.fortran/strassen.f90   -O  execution test
FAIL: libgomp.graphite/force-parallel-7.c execution test
FAIL: libgomp.oacc-c/../libgomp.oacc-c-c++-common/kernels-loop-g.c -DACC_DEVICE_TYPE_host=1 -DACC_MEM_SHARED=1 -foffload=disable  -O2  (test for excess errors)
UNRESOLVED: libgomp.oacc-c/../libgomp.oacc-c-c++-common/kernels-loop-g.c -DACC_DEVICE_TYPE_host=1 -DACC_MEM_SHARED=1 -foffload=disable  -O2  compilation failed to produce executable
FAIL: libgomp.oacc-c++/../libgomp.oacc-c-c++-common/kernels-loop-g.c -DACC_DEVICE_TYPE_host=1 -DACC_MEM_SHARED=1 -foffload=disable  -O2  (test for excess errors)
UNRESOLVED: libgomp.oacc-c++/../libgomp.oacc-c-c++-common/kernels-loop-g.c -DACC_DEVICE_TYPE_host=1 -DACC_MEM_SHARED=1 -foffload=disable  -O2  compilation failed to produce executable

		=== libgomp Summary ===

# of expected passes		13822
# of unexpected failures	28
# of expected failures		213
# of unresolved testcases	4
# of unsupported tests		664
		=== libstdc++ tests ===


Running target unix
FAIL: 23_containers/unordered_map/96088.cc execution test
FAIL: 23_containers/unordered_multimap/96088.cc execution test
FAIL: 23_containers/unordered_multiset/96088.cc execution test
FAIL: 23_containers/unordered_set/96088.cc execution test

		=== libstdc++ Summary ===

# of expected passes		13208
# of unexpected failures	4
# of expected failures		103
# of unsupported tests		933

Compiler version: 13.0.0 20220803 (experimental) [src r13-1950-g9bb19e143cf] (GCC) 
Platform: powerpc-ibm-aix7.2.5.0
configure flags: --disable-werror --enable-languages=c,c++,fortran --with-gmp=/nasfarm/edelsohn/install --with-isl=/nasfarm/edelsohn/install --with-libiconv-prefix=/nasfarm/edelsohn/install --disable-libstdcxx-pch --with-included-gettext --prefix=/nasfarm/edelsohn/install/GCC


More information about the Gcc-testresults mailing list