Results for 12.0.1 20220428 (experimental) [master-ia32 r12-8293-gba949a6af46] (GCC) testsuite on i686-pc-linux-gnu
H.J. Lu
hjl@sc.intel.com
Thu Apr 28 04:48:11 GMT 2022
LAST_UPDATED: Thu Apr 28 00:30:09 UTC 2022 (revision r12-8293-gba949a6af46)
Native configuration is i686-pc-linux-gnu
=== gcc tests ===
Running target unix
FAIL: gcc.c-torture/execute/20000822-1.c -O0 (test for excess errors)
FAIL: gcc.c-torture/execute/20000822-1.c -O1 (test for excess errors)
FAIL: gcc.c-torture/execute/20000822-1.c -O2 (test for excess errors)
FAIL: gcc.c-torture/execute/20000822-1.c -O2 -flto -fno-use-linker-plugin -flto-partition=none (test for excess errors)
FAIL: gcc.c-torture/execute/20000822-1.c -O2 -flto -fuse-linker-plugin -fno-fat-lto-objects (test for excess errors)
FAIL: gcc.c-torture/execute/20000822-1.c -O3 -g (test for excess errors)
FAIL: gcc.c-torture/execute/20000822-1.c -Os (test for excess errors)
FAIL: gcc.c-torture/execute/921215-1.c -O0 (test for excess errors)
FAIL: gcc.c-torture/execute/931002-1.c -O0 (test for excess errors)
FAIL: gcc.c-torture/execute/nestfunc-1.c -O0 (test for excess errors)
FAIL: gcc.c-torture/execute/nestfunc-2.c -O0 (test for excess errors)
FAIL: gcc.c-torture/execute/nestfunc-3.c -O0 (test for excess errors)
FAIL: gcc.c-torture/execute/nestfunc-3.c -O1 (test for excess errors)
FAIL: gcc.c-torture/execute/nestfunc-3.c -O2 (test for excess errors)
FAIL: gcc.c-torture/execute/nestfunc-3.c -O2 -flto -fno-use-linker-plugin -flto-partition=none (test for excess errors)
FAIL: gcc.c-torture/execute/nestfunc-3.c -O2 -flto -fuse-linker-plugin -fno-fat-lto-objects (test for excess errors)
FAIL: gcc.c-torture/execute/nestfunc-3.c -O3 -fomit-frame-pointer -funroll-loops -fpeel-loops -ftracer -finline-functions (test for excess errors)
FAIL: gcc.c-torture/execute/nestfunc-3.c -O3 -g (test for excess errors)
FAIL: gcc.c-torture/execute/nestfunc-3.c -Os (test for excess errors)
FAIL: gcc.c-torture/execute/nestfunc-5.c -O0 (test for excess errors)
FAIL: gcc.c-torture/execute/nestfunc-5.c -O1 (test for excess errors)
FAIL: gcc.c-torture/execute/nestfunc-5.c -O2 (test for excess errors)
FAIL: gcc.c-torture/execute/nestfunc-5.c -O2 -flto -fno-use-linker-plugin -flto-partition=none (test for excess errors)
FAIL: gcc.c-torture/execute/nestfunc-5.c -O2 -flto -fuse-linker-plugin -fno-fat-lto-objects (test for excess errors)
FAIL: gcc.c-torture/execute/nestfunc-5.c -O3 -g (test for excess errors)
FAIL: gcc.c-torture/execute/nestfunc-5.c -Os (test for excess errors)
FAIL: gcc.c-torture/execute/nestfunc-6.c -O0 (test for excess errors)
FAIL: gcc.c-torture/execute/nestfunc-6.c -O1 (test for excess errors)
FAIL: gcc.c-torture/execute/nestfunc-6.c -O2 (test for excess errors)
FAIL: gcc.c-torture/execute/nestfunc-6.c -O2 -flto -fno-use-linker-plugin -flto-partition=none (test for excess errors)
FAIL: gcc.c-torture/execute/nestfunc-6.c -O2 -flto -fuse-linker-plugin -fno-fat-lto-objects (test for excess errors)
FAIL: gcc.c-torture/execute/nestfunc-6.c -O3 -g (test for excess errors)
FAIL: gcc.c-torture/execute/nestfunc-6.c -Os (test for excess errors)
FAIL: gcc.dg/pr34457-1.c (test for excess errors)
FAIL: gcc.dg/trampoline-1.c (test for excess errors)
FAIL: gcc.dg/guality/drap.c -Os -DPREVENT_OPTIMIZATION line 21 a == 5
FAIL: gcc.dg/guality/drap.c -Os -DPREVENT_OPTIMIZATION line 22 b == 6
XPASS: gcc.dg/guality/example.c -O0 execution test
XPASS: gcc.dg/guality/example.c -O1 -DPREVENT_OPTIMIZATION execution test
XPASS: gcc.dg/guality/example.c -Og -DPREVENT_OPTIMIZATION execution test
XPASS: gcc.dg/guality/guality.c -O0 execution test
XPASS: gcc.dg/guality/guality.c -O1 -DPREVENT_OPTIMIZATION execution test
XPASS: gcc.dg/guality/guality.c -O2 -DPREVENT_OPTIMIZATION execution test
XPASS: gcc.dg/guality/guality.c -O2 -flto -fno-use-linker-plugin -flto-partition=none -DPREVENT_OPTIMIZATION execution test
XPASS: gcc.dg/guality/guality.c -O2 -flto -fuse-linker-plugin -fno-fat-lto-objects -DPREVENT_OPTIMIZATION execution test
XPASS: gcc.dg/guality/guality.c -O3 -g -DPREVENT_OPTIMIZATION execution test
XPASS: gcc.dg/guality/guality.c -Og -DPREVENT_OPTIMIZATION execution test
XPASS: gcc.dg/guality/inline-params.c -O2 -DPREVENT_OPTIMIZATION execution test
XPASS: gcc.dg/guality/inline-params.c -O2 -flto -fno-use-linker-plugin -flto-partition=none -DPREVENT_OPTIMIZATION execution test
XPASS: gcc.dg/guality/inline-params.c -O2 -flto -fuse-linker-plugin -fno-fat-lto-objects -DPREVENT_OPTIMIZATION execution test
XPASS: gcc.dg/guality/inline-params.c -O3 -g -DPREVENT_OPTIMIZATION execution test
XPASS: gcc.dg/guality/inline-params.c -Os -DPREVENT_OPTIMIZATION execution test
XPASS: gcc.dg/guality/ipa-sra-1.c -O0 line 15 k == 3
XPASS: gcc.dg/guality/ipa-sra-1.c -O1 -DPREVENT_OPTIMIZATION line 15 k == 3
XPASS: gcc.dg/guality/ipa-sra-1.c -Og -DPREVENT_OPTIMIZATION line 15 k == 3
FAIL: gcc.dg/guality/loop-1.c -O3 -fomit-frame-pointer -funroll-loops -fpeel-loops -ftracer -finline-functions -DPREVENT_OPTIMIZATION line 20 i == 1
FAIL: gcc.dg/guality/pr36728-4.c -O2 -flto -fuse-linker-plugin -fno-fat-lto-objects -DPREVENT_OPTIMIZATION line 14 y == 2
FAIL: gcc.dg/guality/pr36728-4.c -O2 -flto -fuse-linker-plugin -fno-fat-lto-objects -DPREVENT_OPTIMIZATION line 16 y == 2
FAIL: gcc.dg/guality/pr36728-4.c -O3 -g -DPREVENT_OPTIMIZATION line 14 y == 2
FAIL: gcc.dg/guality/pr36728-4.c -O3 -g -DPREVENT_OPTIMIZATION line 16 y == 2
XPASS: gcc.dg/guality/pr41353-1.c -Os -DPREVENT_OPTIMIZATION line 28 j == 28 + 37
XPASS: gcc.dg/guality/pr41353-1.c -Og -DPREVENT_OPTIMIZATION line 28 j == 28 + 37
FAIL: gcc.dg/guality/pr41447-1.c -O2 -DPREVENT_OPTIMIZATION execution test
FAIL: gcc.dg/guality/pr41447-1.c -O2 -flto -fno-use-linker-plugin -flto-partition=none -DPREVENT_OPTIMIZATION execution test
FAIL: gcc.dg/guality/pr41447-1.c -O3 -g -DPREVENT_OPTIMIZATION execution test
FAIL: gcc.dg/guality/pr43051-1.c -Os -DPREVENT_OPTIMIZATION line 35 v == 1
FAIL: gcc.dg/guality/pr43051-1.c -Os -DPREVENT_OPTIMIZATION line 36 e == &a[1]
FAIL: gcc.dg/guality/pr43051-1.c -Os -DPREVENT_OPTIMIZATION line 40 v == 1
FAIL: gcc.dg/guality/pr43051-1.c -Os -DPREVENT_OPTIMIZATION line 41 e == &a[1]
FAIL: gcc.dg/guality/pr43177.c -Os -DPREVENT_OPTIMIZATION line 15 x == 7
FAIL: gcc.dg/guality/pr54519-1.c -O2 -flto -fno-use-linker-plugin -flto-partition=none -DPREVENT_OPTIMIZATION line 20 y == 25
FAIL: gcc.dg/guality/pr54519-1.c -O2 -flto -fno-use-linker-plugin -flto-partition=none -DPREVENT_OPTIMIZATION line 20 z == 6
FAIL: gcc.dg/guality/pr54519-1.c -O2 -flto -fno-use-linker-plugin -flto-partition=none -DPREVENT_OPTIMIZATION line 23 y == 117
FAIL: gcc.dg/guality/pr54519-1.c -O2 -flto -fno-use-linker-plugin -flto-partition=none -DPREVENT_OPTIMIZATION line 23 z == 8
FAIL: gcc.dg/guality/pr54519-1.c -O2 -flto -fuse-linker-plugin -fno-fat-lto-objects -DPREVENT_OPTIMIZATION line 20 y == 25
FAIL: gcc.dg/guality/pr54519-1.c -O2 -flto -fuse-linker-plugin -fno-fat-lto-objects -DPREVENT_OPTIMIZATION line 20 z == 6
FAIL: gcc.dg/guality/pr54519-1.c -O2 -flto -fuse-linker-plugin -fno-fat-lto-objects -DPREVENT_OPTIMIZATION line 23 y == 117
FAIL: gcc.dg/guality/pr54519-1.c -O2 -flto -fuse-linker-plugin -fno-fat-lto-objects -DPREVENT_OPTIMIZATION line 23 z == 8
FAIL: gcc.dg/guality/pr54519-2.c -O2 -flto -fno-use-linker-plugin -flto-partition=none -DPREVENT_OPTIMIZATION line 17 y == 25
FAIL: gcc.dg/guality/pr54519-2.c -O2 -flto -fuse-linker-plugin -fno-fat-lto-objects -DPREVENT_OPTIMIZATION line 17 y == 25
FAIL: gcc.dg/guality/pr54519-3.c -O2 -flto -fno-use-linker-plugin -flto-partition=none -DPREVENT_OPTIMIZATION line 20 y == 25
FAIL: gcc.dg/guality/pr54519-3.c -O2 -flto -fno-use-linker-plugin -flto-partition=none -DPREVENT_OPTIMIZATION line 20 z == 6
FAIL: gcc.dg/guality/pr54519-3.c -O2 -flto -fno-use-linker-plugin -flto-partition=none -DPREVENT_OPTIMIZATION line 23 y == 117
FAIL: gcc.dg/guality/pr54519-3.c -O2 -flto -fno-use-linker-plugin -flto-partition=none -DPREVENT_OPTIMIZATION line 23 z == 8
FAIL: gcc.dg/guality/pr54519-3.c -O2 -flto -fuse-linker-plugin -fno-fat-lto-objects -DPREVENT_OPTIMIZATION line 20 y == 25
FAIL: gcc.dg/guality/pr54519-3.c -O2 -flto -fuse-linker-plugin -fno-fat-lto-objects -DPREVENT_OPTIMIZATION line 20 z == 6
FAIL: gcc.dg/guality/pr54519-3.c -O2 -flto -fuse-linker-plugin -fno-fat-lto-objects -DPREVENT_OPTIMIZATION line 23 y == 117
FAIL: gcc.dg/guality/pr54519-3.c -O2 -flto -fuse-linker-plugin -fno-fat-lto-objects -DPREVENT_OPTIMIZATION line 23 z == 8
FAIL: gcc.dg/guality/pr54519-3.c -Os -DPREVENT_OPTIMIZATION line 20 y == 25
FAIL: gcc.dg/guality/pr54519-3.c -Os -DPREVENT_OPTIMIZATION line 20 z == 6
FAIL: gcc.dg/guality/pr54519-3.c -Os -DPREVENT_OPTIMIZATION line 23 y == 117
FAIL: gcc.dg/guality/pr54519-3.c -Os -DPREVENT_OPTIMIZATION line 23 z == 8
FAIL: gcc.dg/guality/pr54519-4.c -O2 -flto -fno-use-linker-plugin -flto-partition=none -DPREVENT_OPTIMIZATION line 17 y == 25
FAIL: gcc.dg/guality/pr54519-4.c -O2 -flto -fuse-linker-plugin -fno-fat-lto-objects -DPREVENT_OPTIMIZATION line 17 y == 25
FAIL: gcc.dg/guality/pr54519-4.c -Os -DPREVENT_OPTIMIZATION line 17 y == 25
FAIL: gcc.dg/guality/pr54519-5.c -O2 -flto -fno-use-linker-plugin -flto-partition=none -DPREVENT_OPTIMIZATION line 17 y == 25
FAIL: gcc.dg/guality/pr54519-5.c -O2 -flto -fuse-linker-plugin -fno-fat-lto-objects -DPREVENT_OPTIMIZATION line 17 y == 25
FAIL: gcc.dg/guality/pr54519-6.c -Os -DPREVENT_OPTIMIZATION line 11 x == 2
FAIL: gcc.dg/guality/pr54796.c -O1 -DPREVENT_OPTIMIZATION line 17 a == 5
FAIL: gcc.dg/guality/pr54796.c -O1 -DPREVENT_OPTIMIZATION line 17 b == 6
FAIL: gcc.dg/guality/pr54796.c -O1 -DPREVENT_OPTIMIZATION line 17 c == 5
FAIL: gcc.dg/guality/pr54796.c -O2 -DPREVENT_OPTIMIZATION line 17 a == 5
FAIL: gcc.dg/guality/pr54796.c -O2 -DPREVENT_OPTIMIZATION line 17 b == 6
FAIL: gcc.dg/guality/pr54796.c -O2 -DPREVENT_OPTIMIZATION line 17 c == 5
FAIL: gcc.dg/guality/pr54796.c -O2 -flto -fno-use-linker-plugin -flto-partition=none -DPREVENT_OPTIMIZATION line 17 a == 5
FAIL: gcc.dg/guality/pr54796.c -O2 -flto -fno-use-linker-plugin -flto-partition=none -DPREVENT_OPTIMIZATION line 17 b == 6
FAIL: gcc.dg/guality/pr54796.c -O2 -flto -fno-use-linker-plugin -flto-partition=none -DPREVENT_OPTIMIZATION line 17 c == 5
FAIL: gcc.dg/guality/pr54796.c -O3 -g -DPREVENT_OPTIMIZATION line 17 a == 5
FAIL: gcc.dg/guality/pr54796.c -O3 -g -DPREVENT_OPTIMIZATION line 17 b == 6
FAIL: gcc.dg/guality/pr54796.c -O3 -g -DPREVENT_OPTIMIZATION line 17 c == 5
FAIL: gcc.dg/guality/pr54796.c -Os -DPREVENT_OPTIMIZATION line 17 a == 5
FAIL: gcc.dg/guality/pr54796.c -Os -DPREVENT_OPTIMIZATION line 17 b == 6
FAIL: gcc.dg/guality/pr54796.c -Os -DPREVENT_OPTIMIZATION line 17 c == 5
FAIL: gcc.dg/guality/pr56154-1.c -Og -DPREVENT_OPTIMIZATION line pr56154-1.c:20 x.a == 6
FAIL: gcc.dg/guality/pr59776.c -Og -DPREVENT_OPTIMIZATION line pr59776.c:17 s1.f == 5.0
FAIL: gcc.dg/guality/pr59776.c -Og -DPREVENT_OPTIMIZATION line pr59776.c:17 s1.g == 6.0
FAIL: gcc.dg/guality/pr59776.c -Og -DPREVENT_OPTIMIZATION line pr59776.c:17 s2.f == 0.0
FAIL: gcc.dg/guality/pr59776.c -Og -DPREVENT_OPTIMIZATION line pr59776.c:20 s1.f == 5.0
FAIL: gcc.dg/guality/pr59776.c -Og -DPREVENT_OPTIMIZATION line pr59776.c:20 s1.g == 6.0
FAIL: gcc.dg/guality/pr59776.c -Og -DPREVENT_OPTIMIZATION line pr59776.c:20 s2.f == 5.0
FAIL: gcc.dg/guality/pr90074.c -O2 -flto -fuse-linker-plugin -fno-fat-lto-objects -DPREVENT_OPTIMIZATION line 28 c + 1 == 2
FAIL: gcc.dg/guality/pr90074.c -O2 -flto -fuse-linker-plugin -fno-fat-lto-objects -DPREVENT_OPTIMIZATION line 28 i + 1 == 8
FAIL: gcc.dg/guality/pr90716.c -O2 -flto -fuse-linker-plugin -fno-fat-lto-objects -DPREVENT_OPTIMIZATION line 23 j + 1 == 9
FAIL: gcc.dg/guality/sra-1.c -O2 -flto -fuse-linker-plugin -fno-fat-lto-objects -DPREVENT_OPTIMIZATION line 21 a.i == 4
FAIL: gcc.dg/guality/sra-1.c -O2 -flto -fuse-linker-plugin -fno-fat-lto-objects -DPREVENT_OPTIMIZATION line 21 a.j == 14
FAIL: gcc.dg/guality/sra-1.c -O2 -flto -fuse-linker-plugin -fno-fat-lto-objects -DPREVENT_OPTIMIZATION line 32 a[0] == 4
FAIL: gcc.dg/guality/sra-1.c -O2 -flto -fuse-linker-plugin -fno-fat-lto-objects -DPREVENT_OPTIMIZATION line 32 a[1] == 14
FAIL: gcc.dg/guality/sra-1.c -O2 -flto -fuse-linker-plugin -fno-fat-lto-objects -DPREVENT_OPTIMIZATION line 43 a.i == 4
FAIL: gcc.dg/guality/sra-1.c -O2 -flto -fuse-linker-plugin -fno-fat-lto-objects -DPREVENT_OPTIMIZATION line 43 a.j == 14
FAIL: gcc.dg/guality/sra-1.c -Os -DPREVENT_OPTIMIZATION line 43 a.j == 14
FAIL: gcc.dg/guality/sra-1.c -Og -DPREVENT_OPTIMIZATION line 21 a.i == 4
FAIL: gcc.dg/guality/sra-1.c -Og -DPREVENT_OPTIMIZATION line 21 a.j == 14
FAIL: gcc.dg/guality/sra-1.c -Og -DPREVENT_OPTIMIZATION line 32 a[0] == 4
FAIL: gcc.dg/guality/sra-1.c -Og -DPREVENT_OPTIMIZATION line 32 a[1] == 14
FAIL: gcc.dg/guality/sra-1.c -Og -DPREVENT_OPTIMIZATION line 43 a.i == 4
FAIL: gcc.dg/guality/sra-1.c -Og -DPREVENT_OPTIMIZATION line 43 a.j == 14
FAIL: gcc.dg/guality/vla-1.c -O1 -DPREVENT_OPTIMIZATION line 24 i == 5
FAIL: gcc.dg/guality/vla-1.c -O2 -DPREVENT_OPTIMIZATION line 24 i == 5
FAIL: gcc.dg/guality/vla-1.c -O2 -flto -fno-use-linker-plugin -flto-partition=none -DPREVENT_OPTIMIZATION line 24 i == 5
FAIL: gcc.dg/guality/vla-1.c -O2 -flto -fuse-linker-plugin -fno-fat-lto-objects -DPREVENT_OPTIMIZATION line 24 i == 5
FAIL: gcc.dg/guality/vla-1.c -O2 -flto -fuse-linker-plugin -fno-fat-lto-objects -DPREVENT_OPTIMIZATION line 24 sizeof (a) == 17 * sizeof (short)
FAIL: gcc.dg/guality/vla-1.c -O3 -g -DPREVENT_OPTIMIZATION line 24 i == 5
FAIL: gcc.dg/guality/vla-1.c -Os -DPREVENT_OPTIMIZATION line 24 i == 5
FAIL: gcc.dg/torture/pr86389.c -O0 (test for excess errors)
FAIL: gcc.dg/torture/pr86389.c -O1 (test for excess errors)
FAIL: gcc.dg/torture/pr86389.c -O2 (test for excess errors)
FAIL: gcc.dg/torture/pr86389.c -O2 -flto -fno-use-linker-plugin -flto-partition=none (test for excess errors)
FAIL: gcc.dg/torture/pr86389.c -O2 -flto -fuse-linker-plugin -fno-fat-lto-objects (test for excess errors)
FAIL: gcc.dg/torture/pr86389.c -O3 -g (test for excess errors)
FAIL: gcc.dg/torture/pr86389.c -Os (test for excess errors)
FAIL: gcc.dg/torture/stackalign/nested-5.c -O0 (test for excess errors)
FAIL: gcc.dg/torture/stackalign/nested-5.c -O0 -fpic (test for excess errors)
FAIL: gcc.dg/torture/stackalign/nested-5.c -O0 -mforce-drap (test for excess errors)
FAIL: gcc.dg/torture/stackalign/nested-5.c -O0 -mforce-drap -fpic (test for excess errors)
FAIL: gcc.dg/torture/stackalign/nested-5.c -O1 (test for excess errors)
FAIL: gcc.dg/torture/stackalign/nested-5.c -O1 -fpic (test for excess errors)
FAIL: gcc.dg/torture/stackalign/nested-5.c -O1 -mforce-drap (test for excess errors)
FAIL: gcc.dg/torture/stackalign/nested-5.c -O1 -mforce-drap -fpic (test for excess errors)
FAIL: gcc.dg/torture/stackalign/nested-5.c -O2 (test for excess errors)
FAIL: gcc.dg/torture/stackalign/nested-5.c -O2 -flto -fno-use-linker-plugin -flto-partition=none (test for excess errors)
FAIL: gcc.dg/torture/stackalign/nested-5.c -O2 -flto -fno-use-linker-plugin -flto-partition=none -fpic (test for excess errors)
FAIL: gcc.dg/torture/stackalign/nested-5.c -O2 -flto -fno-use-linker-plugin -flto-partition=none -mforce-drap (test for excess errors)
FAIL: gcc.dg/torture/stackalign/nested-5.c -O2 -flto -fno-use-linker-plugin -flto-partition=none -mforce-drap -fpic (test for excess errors)
FAIL: gcc.dg/torture/stackalign/nested-5.c -O2 -flto -fuse-linker-plugin -fno-fat-lto-objects (test for excess errors)
FAIL: gcc.dg/torture/stackalign/nested-5.c -O2 -flto -fuse-linker-plugin -fno-fat-lto-objects -fpic (test for excess errors)
FAIL: gcc.dg/torture/stackalign/nested-5.c -O2 -flto -fuse-linker-plugin -fno-fat-lto-objects -mforce-drap (test for excess errors)
FAIL: gcc.dg/torture/stackalign/nested-5.c -O2 -flto -fuse-linker-plugin -fno-fat-lto-objects -mforce-drap -fpic (test for excess errors)
FAIL: gcc.dg/torture/stackalign/nested-5.c -O2 -fpic (test for excess errors)
FAIL: gcc.dg/torture/stackalign/nested-5.c -O2 -mforce-drap (test for excess errors)
FAIL: gcc.dg/torture/stackalign/nested-5.c -O2 -mforce-drap -fpic (test for excess errors)
FAIL: gcc.dg/torture/stackalign/nested-5.c -O3 -g (test for excess errors)
FAIL: gcc.dg/torture/stackalign/nested-5.c -O3 -g -fpic (test for excess errors)
FAIL: gcc.dg/torture/stackalign/nested-5.c -O3 -g -mforce-drap (test for excess errors)
FAIL: gcc.dg/torture/stackalign/nested-5.c -O3 -g -mforce-drap -fpic (test for excess errors)
FAIL: gcc.dg/torture/stackalign/nested-5.c -Os (test for excess errors)
FAIL: gcc.dg/torture/stackalign/nested-5.c -Os -fpic (test for excess errors)
FAIL: gcc.dg/torture/stackalign/nested-5.c -Os -mforce-drap (test for excess errors)
FAIL: gcc.dg/torture/stackalign/nested-5.c -Os -mforce-drap -fpic (test for excess errors)
FAIL: gcc.dg/torture/stackalign/nested-6.c -O0 (test for excess errors)
FAIL: gcc.dg/torture/stackalign/nested-6.c -O0 -fpic (test for excess errors)
FAIL: gcc.dg/torture/stackalign/nested-6.c -O0 -mforce-drap (test for excess errors)
FAIL: gcc.dg/torture/stackalign/nested-6.c -O0 -mforce-drap -fpic (test for excess errors)
FAIL: gcc.dg/torture/stackalign/nested-6.c -O1 (test for excess errors)
FAIL: gcc.dg/torture/stackalign/nested-6.c -O1 -fpic (test for excess errors)
FAIL: gcc.dg/torture/stackalign/nested-6.c -O1 -mforce-drap (test for excess errors)
FAIL: gcc.dg/torture/stackalign/nested-6.c -O1 -mforce-drap -fpic (test for excess errors)
FAIL: gcc.dg/torture/stackalign/nested-6.c -O2 (test for excess errors)
FAIL: gcc.dg/torture/stackalign/nested-6.c -O2 -flto -fno-use-linker-plugin -flto-partition=none (test for excess errors)
FAIL: gcc.dg/torture/stackalign/nested-6.c -O2 -flto -fno-use-linker-plugin -flto-partition=none -fpic (test for excess errors)
FAIL: gcc.dg/torture/stackalign/nested-6.c -O2 -flto -fno-use-linker-plugin -flto-partition=none -mforce-drap (test for excess errors)
FAIL: gcc.dg/torture/stackalign/nested-6.c -O2 -flto -fno-use-linker-plugin -flto-partition=none -mforce-drap -fpic (test for excess errors)
FAIL: gcc.dg/torture/stackalign/nested-6.c -O2 -flto -fuse-linker-plugin -fno-fat-lto-objects (test for excess errors)
FAIL: gcc.dg/torture/stackalign/nested-6.c -O2 -flto -fuse-linker-plugin -fno-fat-lto-objects -fpic (test for excess errors)
FAIL: gcc.dg/torture/stackalign/nested-6.c -O2 -flto -fuse-linker-plugin -fno-fat-lto-objects -mforce-drap (test for excess errors)
FAIL: gcc.dg/torture/stackalign/nested-6.c -O2 -flto -fuse-linker-plugin -fno-fat-lto-objects -mforce-drap -fpic (test for excess errors)
FAIL: gcc.dg/torture/stackalign/nested-6.c -O2 -fpic (test for excess errors)
FAIL: gcc.dg/torture/stackalign/nested-6.c -O2 -mforce-drap (test for excess errors)
FAIL: gcc.dg/torture/stackalign/nested-6.c -O2 -mforce-drap -fpic (test for excess errors)
FAIL: gcc.dg/torture/stackalign/nested-6.c -O3 -g (test for excess errors)
FAIL: gcc.dg/torture/stackalign/nested-6.c -O3 -g -fpic (test for excess errors)
FAIL: gcc.dg/torture/stackalign/nested-6.c -O3 -g -mforce-drap (test for excess errors)
FAIL: gcc.dg/torture/stackalign/nested-6.c -O3 -g -mforce-drap -fpic (test for excess errors)
FAIL: gcc.dg/torture/stackalign/nested-6.c -Os (test for excess errors)
FAIL: gcc.dg/torture/stackalign/nested-6.c -Os -fpic (test for excess errors)
FAIL: gcc.dg/torture/stackalign/nested-6.c -Os -mforce-drap (test for excess errors)
FAIL: gcc.dg/torture/stackalign/nested-6.c -Os -mforce-drap -fpic (test for excess errors)
FAIL: gcc.dg/tree-ssa/scev-3.c scan-tree-dump-times ivopts "&a" 1
FAIL: gcc.dg/tree-ssa/scev-4.c scan-tree-dump-times ivopts "&a" 1
FAIL: gcc.dg/tree-ssa/scev-5.c scan-tree-dump-times ivopts "&a" 1
FAIL: gcc.dg/tree-ssa/tailcall-7-run.c (test for excess errors)
XPASS: gcc.dg/vect/vect-reduc-in-order-1.c -flto -ffat-lto-objects execution test
XPASS: gcc.dg/vect/vect-reduc-in-order-1.c execution test
XPASS: gcc.dg/vect/vect-reduc-in-order-2.c -flto -ffat-lto-objects execution test
XPASS: gcc.dg/vect/vect-reduc-in-order-2.c execution test
XPASS: gcc.dg/vect/vect-reduc-in-order-3.c -flto -ffat-lto-objects execution test
XPASS: gcc.dg/vect/vect-reduc-in-order-3.c execution test
XPASS: gcc.dg/vect/vect-reduc-in-order-4.c -flto -ffat-lto-objects execution test
XPASS: gcc.dg/vect/vect-reduc-in-order-4.c execution test
FAIL: gcc.target/i386/pr67770.c (test for excess errors)
FAIL: gcc.target/i386/pr85044.c (test for excess errors)
FAIL: gcc.target/i386/pr93656.c (test for excess errors)
FAIL: gcc.target/i386/iamcu/test_3_element_struct_and_unions.c compilation, -O0
FAIL: gcc.target/i386/iamcu/test_3_element_struct_and_unions.c compilation, -O1
FAIL: gcc.target/i386/iamcu/test_3_element_struct_and_unions.c compilation, -O2
FAIL: gcc.target/i386/iamcu/test_3_element_struct_and_unions.c compilation, -O3 -g
FAIL: gcc.target/i386/iamcu/test_3_element_struct_and_unions.c compilation, -Og -g
FAIL: gcc.target/i386/iamcu/test_3_element_struct_and_unions.c compilation, -Os
UNRESOLVED: gcc.target/i386/iamcu/test_3_element_struct_and_unions.c execution, -O0
UNRESOLVED: gcc.target/i386/iamcu/test_3_element_struct_and_unions.c execution, -O1
UNRESOLVED: gcc.target/i386/iamcu/test_3_element_struct_and_unions.c execution, -O2
UNRESOLVED: gcc.target/i386/iamcu/test_3_element_struct_and_unions.c execution, -O3 -g
UNRESOLVED: gcc.target/i386/iamcu/test_3_element_struct_and_unions.c execution, -Og -g
UNRESOLVED: gcc.target/i386/iamcu/test_3_element_struct_and_unions.c execution, -Os
FAIL: gcc.target/i386/iamcu/test_basic_64bit_returning.c compilation, -O0
FAIL: gcc.target/i386/iamcu/test_basic_64bit_returning.c compilation, -O1
FAIL: gcc.target/i386/iamcu/test_basic_64bit_returning.c compilation, -O2
FAIL: gcc.target/i386/iamcu/test_basic_64bit_returning.c compilation, -O3 -g
FAIL: gcc.target/i386/iamcu/test_basic_64bit_returning.c compilation, -Og -g
FAIL: gcc.target/i386/iamcu/test_basic_64bit_returning.c compilation, -Os
UNRESOLVED: gcc.target/i386/iamcu/test_basic_64bit_returning.c execution, -O0
UNRESOLVED: gcc.target/i386/iamcu/test_basic_64bit_returning.c execution, -O1
UNRESOLVED: gcc.target/i386/iamcu/test_basic_64bit_returning.c execution, -O2
UNRESOLVED: gcc.target/i386/iamcu/test_basic_64bit_returning.c execution, -O3 -g
UNRESOLVED: gcc.target/i386/iamcu/test_basic_64bit_returning.c execution, -Og -g
UNRESOLVED: gcc.target/i386/iamcu/test_basic_64bit_returning.c execution, -Os
FAIL: gcc.target/i386/iamcu/test_basic_alignment.c compilation, -O0
FAIL: gcc.target/i386/iamcu/test_basic_alignment.c compilation, -O1
FAIL: gcc.target/i386/iamcu/test_basic_alignment.c compilation, -O2
FAIL: gcc.target/i386/iamcu/test_basic_alignment.c compilation, -O3 -g
FAIL: gcc.target/i386/iamcu/test_basic_alignment.c compilation, -Og -g
FAIL: gcc.target/i386/iamcu/test_basic_alignment.c compilation, -Os
UNRESOLVED: gcc.target/i386/iamcu/test_basic_alignment.c execution, -O0
UNRESOLVED: gcc.target/i386/iamcu/test_basic_alignment.c execution, -O1
UNRESOLVED: gcc.target/i386/iamcu/test_basic_alignment.c execution, -O2
UNRESOLVED: gcc.target/i386/iamcu/test_basic_alignment.c execution, -O3 -g
UNRESOLVED: gcc.target/i386/iamcu/test_basic_alignment.c execution, -Og -g
UNRESOLVED: gcc.target/i386/iamcu/test_basic_alignment.c execution, -Os
FAIL: gcc.target/i386/iamcu/test_basic_array_size_and_align.c compilation, -O0
FAIL: gcc.target/i386/iamcu/test_basic_array_size_and_align.c compilation, -O1
FAIL: gcc.target/i386/iamcu/test_basic_array_size_and_align.c compilation, -O2
FAIL: gcc.target/i386/iamcu/test_basic_array_size_and_align.c compilation, -O3 -g
FAIL: gcc.target/i386/iamcu/test_basic_array_size_and_align.c compilation, -Og -g
FAIL: gcc.target/i386/iamcu/test_basic_array_size_and_align.c compilation, -Os
UNRESOLVED: gcc.target/i386/iamcu/test_basic_array_size_and_align.c execution, -O0
UNRESOLVED: gcc.target/i386/iamcu/test_basic_array_size_and_align.c execution, -O1
UNRESOLVED: gcc.target/i386/iamcu/test_basic_array_size_and_align.c execution, -O2
UNRESOLVED: gcc.target/i386/iamcu/test_basic_array_size_and_align.c execution, -O3 -g
UNRESOLVED: gcc.target/i386/iamcu/test_basic_array_size_and_align.c execution, -Og -g
UNRESOLVED: gcc.target/i386/iamcu/test_basic_array_size_and_align.c execution, -Os
FAIL: gcc.target/i386/iamcu/test_basic_returning.c compilation, -O0
FAIL: gcc.target/i386/iamcu/test_basic_returning.c compilation, -O1
FAIL: gcc.target/i386/iamcu/test_basic_returning.c compilation, -O2
FAIL: gcc.target/i386/iamcu/test_basic_returning.c compilation, -O3 -g
FAIL: gcc.target/i386/iamcu/test_basic_returning.c compilation, -Og -g
FAIL: gcc.target/i386/iamcu/test_basic_returning.c compilation, -Os
UNRESOLVED: gcc.target/i386/iamcu/test_basic_returning.c execution, -O0
UNRESOLVED: gcc.target/i386/iamcu/test_basic_returning.c execution, -O1
UNRESOLVED: gcc.target/i386/iamcu/test_basic_returning.c execution, -O2
UNRESOLVED: gcc.target/i386/iamcu/test_basic_returning.c execution, -O3 -g
UNRESOLVED: gcc.target/i386/iamcu/test_basic_returning.c execution, -Og -g
UNRESOLVED: gcc.target/i386/iamcu/test_basic_returning.c execution, -Os
FAIL: gcc.target/i386/iamcu/test_basic_sizes.c compilation, -O0
FAIL: gcc.target/i386/iamcu/test_basic_sizes.c compilation, -O1
FAIL: gcc.target/i386/iamcu/test_basic_sizes.c compilation, -O2
FAIL: gcc.target/i386/iamcu/test_basic_sizes.c compilation, -O3 -g
FAIL: gcc.target/i386/iamcu/test_basic_sizes.c compilation, -Og -g
FAIL: gcc.target/i386/iamcu/test_basic_sizes.c compilation, -Os
UNRESOLVED: gcc.target/i386/iamcu/test_basic_sizes.c execution, -O0
UNRESOLVED: gcc.target/i386/iamcu/test_basic_sizes.c execution, -O1
UNRESOLVED: gcc.target/i386/iamcu/test_basic_sizes.c execution, -O2
UNRESOLVED: gcc.target/i386/iamcu/test_basic_sizes.c execution, -O3 -g
UNRESOLVED: gcc.target/i386/iamcu/test_basic_sizes.c execution, -Og -g
UNRESOLVED: gcc.target/i386/iamcu/test_basic_sizes.c execution, -Os
FAIL: gcc.target/i386/iamcu/test_basic_struct_size_and_align.c compilation, -O0
FAIL: gcc.target/i386/iamcu/test_basic_struct_size_and_align.c compilation, -O1
FAIL: gcc.target/i386/iamcu/test_basic_struct_size_and_align.c compilation, -O2
FAIL: gcc.target/i386/iamcu/test_basic_struct_size_and_align.c compilation, -O3 -g
FAIL: gcc.target/i386/iamcu/test_basic_struct_size_and_align.c compilation, -Og -g
FAIL: gcc.target/i386/iamcu/test_basic_struct_size_and_align.c compilation, -Os
UNRESOLVED: gcc.target/i386/iamcu/test_basic_struct_size_and_align.c execution, -O0
UNRESOLVED: gcc.target/i386/iamcu/test_basic_struct_size_and_align.c execution, -O1
UNRESOLVED: gcc.target/i386/iamcu/test_basic_struct_size_and_align.c execution, -O2
UNRESOLVED: gcc.target/i386/iamcu/test_basic_struct_size_and_align.c execution, -O3 -g
UNRESOLVED: gcc.target/i386/iamcu/test_basic_struct_size_and_align.c execution, -Og -g
UNRESOLVED: gcc.target/i386/iamcu/test_basic_struct_size_and_align.c execution, -Os
FAIL: gcc.target/i386/iamcu/test_basic_union_size_and_align.c compilation, -O0
FAIL: gcc.target/i386/iamcu/test_basic_union_size_and_align.c compilation, -O1
FAIL: gcc.target/i386/iamcu/test_basic_union_size_and_align.c compilation, -O2
FAIL: gcc.target/i386/iamcu/test_basic_union_size_and_align.c compilation, -O3 -g
FAIL: gcc.target/i386/iamcu/test_basic_union_size_and_align.c compilation, -Og -g
FAIL: gcc.target/i386/iamcu/test_basic_union_size_and_align.c compilation, -Os
UNRESOLVED: gcc.target/i386/iamcu/test_basic_union_size_and_align.c execution, -O0
UNRESOLVED: gcc.target/i386/iamcu/test_basic_union_size_and_align.c execution, -O1
UNRESOLVED: gcc.target/i386/iamcu/test_basic_union_size_and_align.c execution, -O2
UNRESOLVED: gcc.target/i386/iamcu/test_basic_union_size_and_align.c execution, -O3 -g
UNRESOLVED: gcc.target/i386/iamcu/test_basic_union_size_and_align.c execution, -Og -g
UNRESOLVED: gcc.target/i386/iamcu/test_basic_union_size_and_align.c execution, -Os
FAIL: gcc.target/i386/iamcu/test_bitfields.c compilation, -O0
FAIL: gcc.target/i386/iamcu/test_bitfields.c compilation, -O1
FAIL: gcc.target/i386/iamcu/test_bitfields.c compilation, -O2
FAIL: gcc.target/i386/iamcu/test_bitfields.c compilation, -O3 -g
FAIL: gcc.target/i386/iamcu/test_bitfields.c compilation, -Og -g
FAIL: gcc.target/i386/iamcu/test_bitfields.c compilation, -Os
UNRESOLVED: gcc.target/i386/iamcu/test_bitfields.c execution, -O0
UNRESOLVED: gcc.target/i386/iamcu/test_bitfields.c execution, -O1
UNRESOLVED: gcc.target/i386/iamcu/test_bitfields.c execution, -O2
UNRESOLVED: gcc.target/i386/iamcu/test_bitfields.c execution, -O3 -g
UNRESOLVED: gcc.target/i386/iamcu/test_bitfields.c execution, -Og -g
UNRESOLVED: gcc.target/i386/iamcu/test_bitfields.c execution, -Os
FAIL: gcc.target/i386/iamcu/test_complex_returning.c compilation, -O0
FAIL: gcc.target/i386/iamcu/test_complex_returning.c compilation, -O1
FAIL: gcc.target/i386/iamcu/test_complex_returning.c compilation, -O2
FAIL: gcc.target/i386/iamcu/test_complex_returning.c compilation, -O3 -g
FAIL: gcc.target/i386/iamcu/test_complex_returning.c compilation, -Og -g
FAIL: gcc.target/i386/iamcu/test_complex_returning.c compilation, -Os
UNRESOLVED: gcc.target/i386/iamcu/test_complex_returning.c execution, -O0
UNRESOLVED: gcc.target/i386/iamcu/test_complex_returning.c execution, -O1
UNRESOLVED: gcc.target/i386/iamcu/test_complex_returning.c execution, -O2
UNRESOLVED: gcc.target/i386/iamcu/test_complex_returning.c execution, -O3 -g
UNRESOLVED: gcc.target/i386/iamcu/test_complex_returning.c execution, -Og -g
UNRESOLVED: gcc.target/i386/iamcu/test_complex_returning.c execution, -Os
FAIL: gcc.target/i386/iamcu/test_empty_structs_and_unions.c compilation, -O0
FAIL: gcc.target/i386/iamcu/test_empty_structs_and_unions.c compilation, -O1
FAIL: gcc.target/i386/iamcu/test_empty_structs_and_unions.c compilation, -O2
FAIL: gcc.target/i386/iamcu/test_empty_structs_and_unions.c compilation, -O3 -g
FAIL: gcc.target/i386/iamcu/test_empty_structs_and_unions.c compilation, -Og -g
FAIL: gcc.target/i386/iamcu/test_empty_structs_and_unions.c compilation, -Os
UNRESOLVED: gcc.target/i386/iamcu/test_empty_structs_and_unions.c execution, -O0
UNRESOLVED: gcc.target/i386/iamcu/test_empty_structs_and_unions.c execution, -O1
UNRESOLVED: gcc.target/i386/iamcu/test_empty_structs_and_unions.c execution, -O2
UNRESOLVED: gcc.target/i386/iamcu/test_empty_structs_and_unions.c execution, -O3 -g
UNRESOLVED: gcc.target/i386/iamcu/test_empty_structs_and_unions.c execution, -Og -g
UNRESOLVED: gcc.target/i386/iamcu/test_empty_structs_and_unions.c execution, -Os
FAIL: gcc.target/i386/iamcu/test_passing_floats.c compilation, -O0
FAIL: gcc.target/i386/iamcu/test_passing_floats.c compilation, -O1
FAIL: gcc.target/i386/iamcu/test_passing_floats.c compilation, -O2
FAIL: gcc.target/i386/iamcu/test_passing_floats.c compilation, -O3 -g
FAIL: gcc.target/i386/iamcu/test_passing_floats.c compilation, -Og -g
FAIL: gcc.target/i386/iamcu/test_passing_floats.c compilation, -Os
UNRESOLVED: gcc.target/i386/iamcu/test_passing_floats.c execution, -O0
UNRESOLVED: gcc.target/i386/iamcu/test_passing_floats.c execution, -O1
UNRESOLVED: gcc.target/i386/iamcu/test_passing_floats.c execution, -O2
UNRESOLVED: gcc.target/i386/iamcu/test_passing_floats.c execution, -O3 -g
UNRESOLVED: gcc.target/i386/iamcu/test_passing_floats.c execution, -Og -g
UNRESOLVED: gcc.target/i386/iamcu/test_passing_floats.c execution, -Os
FAIL: gcc.target/i386/iamcu/test_passing_integers.c compilation, -O0
FAIL: gcc.target/i386/iamcu/test_passing_integers.c compilation, -O1
FAIL: gcc.target/i386/iamcu/test_passing_integers.c compilation, -O2
FAIL: gcc.target/i386/iamcu/test_passing_integers.c compilation, -O3 -g
FAIL: gcc.target/i386/iamcu/test_passing_integers.c compilation, -Og -g
FAIL: gcc.target/i386/iamcu/test_passing_integers.c compilation, -Os
UNRESOLVED: gcc.target/i386/iamcu/test_passing_integers.c execution, -O0
UNRESOLVED: gcc.target/i386/iamcu/test_passing_integers.c execution, -O1
UNRESOLVED: gcc.target/i386/iamcu/test_passing_integers.c execution, -O2
UNRESOLVED: gcc.target/i386/iamcu/test_passing_integers.c execution, -O3 -g
UNRESOLVED: gcc.target/i386/iamcu/test_passing_integers.c execution, -Og -g
UNRESOLVED: gcc.target/i386/iamcu/test_passing_integers.c execution, -Os
FAIL: gcc.target/i386/iamcu/test_passing_structs.c compilation, -O0
FAIL: gcc.target/i386/iamcu/test_passing_structs.c compilation, -O1
FAIL: gcc.target/i386/iamcu/test_passing_structs.c compilation, -O2
FAIL: gcc.target/i386/iamcu/test_passing_structs.c compilation, -O3 -g
FAIL: gcc.target/i386/iamcu/test_passing_structs.c compilation, -Og -g
FAIL: gcc.target/i386/iamcu/test_passing_structs.c compilation, -Os
UNRESOLVED: gcc.target/i386/iamcu/test_passing_structs.c execution, -O0
UNRESOLVED: gcc.target/i386/iamcu/test_passing_structs.c execution, -O1
UNRESOLVED: gcc.target/i386/iamcu/test_passing_structs.c execution, -O2
UNRESOLVED: gcc.target/i386/iamcu/test_passing_structs.c execution, -O3 -g
UNRESOLVED: gcc.target/i386/iamcu/test_passing_structs.c execution, -Og -g
UNRESOLVED: gcc.target/i386/iamcu/test_passing_structs.c execution, -Os
FAIL: gcc.target/i386/iamcu/test_passing_structs_and_unions.c compilation, -O0
FAIL: gcc.target/i386/iamcu/test_passing_structs_and_unions.c compilation, -O1
FAIL: gcc.target/i386/iamcu/test_passing_structs_and_unions.c compilation, -O2
FAIL: gcc.target/i386/iamcu/test_passing_structs_and_unions.c compilation, -O3 -g
FAIL: gcc.target/i386/iamcu/test_passing_structs_and_unions.c compilation, -Og -g
FAIL: gcc.target/i386/iamcu/test_passing_structs_and_unions.c compilation, -Os
UNRESOLVED: gcc.target/i386/iamcu/test_passing_structs_and_unions.c execution, -O0
UNRESOLVED: gcc.target/i386/iamcu/test_passing_structs_and_unions.c execution, -O1
UNRESOLVED: gcc.target/i386/iamcu/test_passing_structs_and_unions.c execution, -O2
UNRESOLVED: gcc.target/i386/iamcu/test_passing_structs_and_unions.c execution, -O3 -g
UNRESOLVED: gcc.target/i386/iamcu/test_passing_structs_and_unions.c execution, -Og -g
UNRESOLVED: gcc.target/i386/iamcu/test_passing_structs_and_unions.c execution, -Os
FAIL: gcc.target/i386/iamcu/test_passing_unions.c compilation, -O0
FAIL: gcc.target/i386/iamcu/test_passing_unions.c compilation, -O1
FAIL: gcc.target/i386/iamcu/test_passing_unions.c compilation, -O2
FAIL: gcc.target/i386/iamcu/test_passing_unions.c compilation, -O3 -fomit-frame-pointer -funroll-loops -fpeel-loops -ftracer -finline-functions
FAIL: gcc.target/i386/iamcu/test_passing_unions.c compilation, -O3 -g
FAIL: gcc.target/i386/iamcu/test_passing_unions.c compilation, -Og -g
FAIL: gcc.target/i386/iamcu/test_passing_unions.c compilation, -Os
UNRESOLVED: gcc.target/i386/iamcu/test_passing_unions.c execution, -O0
UNRESOLVED: gcc.target/i386/iamcu/test_passing_unions.c execution, -O1
UNRESOLVED: gcc.target/i386/iamcu/test_passing_unions.c execution, -O2
UNRESOLVED: gcc.target/i386/iamcu/test_passing_unions.c execution, -O3 -fomit-frame-pointer -funroll-loops -fpeel-loops -ftracer -finline-functions
UNRESOLVED: gcc.target/i386/iamcu/test_passing_unions.c execution, -O3 -g
UNRESOLVED: gcc.target/i386/iamcu/test_passing_unions.c execution, -Og -g
UNRESOLVED: gcc.target/i386/iamcu/test_passing_unions.c execution, -Os
FAIL: gcc.target/i386/iamcu/test_struct_returning.c compilation, -O0
FAIL: gcc.target/i386/iamcu/test_struct_returning.c compilation, -O1
FAIL: gcc.target/i386/iamcu/test_struct_returning.c compilation, -O2
FAIL: gcc.target/i386/iamcu/test_struct_returning.c compilation, -O3 -g
FAIL: gcc.target/i386/iamcu/test_struct_returning.c compilation, -Og -g
FAIL: gcc.target/i386/iamcu/test_struct_returning.c compilation, -Os
UNRESOLVED: gcc.target/i386/iamcu/test_struct_returning.c execution, -O0
UNRESOLVED: gcc.target/i386/iamcu/test_struct_returning.c execution, -O1
UNRESOLVED: gcc.target/i386/iamcu/test_struct_returning.c execution, -O2
UNRESOLVED: gcc.target/i386/iamcu/test_struct_returning.c execution, -O3 -g
UNRESOLVED: gcc.target/i386/iamcu/test_struct_returning.c execution, -Og -g
UNRESOLVED: gcc.target/i386/iamcu/test_struct_returning.c execution, -Os
FAIL: gcc.target/i386/iamcu/test_varargs.c compilation, -O0
FAIL: gcc.target/i386/iamcu/test_varargs.c compilation, -O1
FAIL: gcc.target/i386/iamcu/test_varargs.c compilation, -O2
FAIL: gcc.target/i386/iamcu/test_varargs.c compilation, -O3 -fomit-frame-pointer -funroll-loops -fpeel-loops -ftracer -finline-functions
FAIL: gcc.target/i386/iamcu/test_varargs.c compilation, -O3 -g
FAIL: gcc.target/i386/iamcu/test_varargs.c compilation, -Og -g
FAIL: gcc.target/i386/iamcu/test_varargs.c compilation, -Os
UNRESOLVED: gcc.target/i386/iamcu/test_varargs.c execution, -O0
UNRESOLVED: gcc.target/i386/iamcu/test_varargs.c execution, -O1
UNRESOLVED: gcc.target/i386/iamcu/test_varargs.c execution, -O2
UNRESOLVED: gcc.target/i386/iamcu/test_varargs.c execution, -O3 -fomit-frame-pointer -funroll-loops -fpeel-loops -ftracer -finline-functions
UNRESOLVED: gcc.target/i386/iamcu/test_varargs.c execution, -O3 -g
UNRESOLVED: gcc.target/i386/iamcu/test_varargs.c execution, -Og -g
UNRESOLVED: gcc.target/i386/iamcu/test_varargs.c execution, -Os
=== gcc Summary ===
# of expected passes 176539
# of unexpected failures 303
# of unexpected successes 28
# of expected failures 1468
# of unresolved testcases 110
# of unsupported tests 3322
/export/gnu/import/git/gcc-test-master-ia32/bld/gcc/xgcc version 12.0.1 20220428 (experimental) [master-ia32 r12-8293-gba949a6af46] (GCC)
=== gfortran tests ===
Running target unix
FAIL: gfortran.dg/elemental_dependency_4.f90 -O0 (test for excess errors)
FAIL: gfortran.dg/internal_dummy_2.f08 -O0 (test for excess errors)
FAIL: gfortran.dg/internal_dummy_2.f08 -O1 (test for excess errors)
FAIL: gfortran.dg/internal_dummy_2.f08 -O2 (test for excess errors)
FAIL: gfortran.dg/internal_dummy_2.f08 -O3 -fomit-frame-pointer -funroll-loops -fpeel-loops -ftracer -finline-functions (test for excess errors)
FAIL: gfortran.dg/internal_dummy_2.f08 -O3 -g (test for excess errors)
FAIL: gfortran.dg/internal_dummy_2.f08 -Os (test for excess errors)
FAIL: gfortran.dg/internal_dummy_3.f08 -O0 (test for excess errors)
FAIL: gfortran.dg/internal_dummy_3.f08 -O1 (test for excess errors)
FAIL: gfortran.dg/internal_dummy_3.f08 -O2 (test for excess errors)
FAIL: gfortran.dg/internal_dummy_3.f08 -O3 -fomit-frame-pointer -funroll-loops -fpeel-loops -ftracer -finline-functions (test for excess errors)
FAIL: gfortran.dg/internal_dummy_3.f08 -O3 -g (test for excess errors)
FAIL: gfortran.dg/internal_dummy_3.f08 -Os (test for excess errors)
FAIL: gfortran.dg/internal_dummy_4.f08 -O0 (test for excess errors)
FAIL: gfortran.dg/pointer_check_1.f90 -O0 (test for excess errors)
FAIL: gfortran.dg/pointer_check_2.f90 -O0 (test for excess errors)
FAIL: gfortran.dg/pointer_check_3.f90 -O0 (test for excess errors)
FAIL: gfortran.dg/pointer_check_4.f90 -O0 (test for excess errors)
FAIL: gfortran.dg/pointer_check_5.f90 -O0 (test for excess errors)
FAIL: gfortran.dg/pr78719_1.f90 -O0 (test for excess errors)
FAIL: gfortran.dg/proc_ptr_18.f90 -O0 (test for excess errors)
FAIL: gfortran.dg/proc_ptr_19.f90 -O0 (test for excess errors)
FAIL: gfortran.dg/proc_ptr_20.f90 -O0 (test for excess errors)
FAIL: gfortran.dg/proc_ptr_21.f90 -O0 (test for excess errors)
FAIL: gfortran.dg/proc_ptr_23.f90 -O0 (test for excess errors)
FAIL: gfortran.dg/proc_ptr_25.f90 -O0 (test for excess errors)
FAIL: gfortran.dg/proc_ptr_47.f90 -O0 (test for excess errors)
FAIL: gfortran.dg/proc_ptr_48.f90 -O0 (test for excess errors)
FAIL: gfortran.dg/proc_ptr_5.f90 -O0 (test for excess errors)
FAIL: gfortran.dg/proc_ptr_7.f90 -O0 (test for excess errors)
FAIL: gfortran.dg/proc_ptr_comp_1.f90 -O0 (test for excess errors)
FAIL: gfortran.dg/proc_ptr_comp_11.f90 -O0 (test for excess errors)
FAIL: gfortran.dg/proc_ptr_comp_13.f90 -O0 (test for excess errors)
FAIL: gfortran.dg/proc_ptr_comp_14.f90 -O0 (test for excess errors)
FAIL: gfortran.dg/proc_ptr_comp_18.f90 -O0 (test for excess errors)
FAIL: gfortran.dg/proc_ptr_comp_19.f90 -O0 (test for excess errors)
FAIL: gfortran.dg/proc_ptr_comp_2.f90 -O0 (test for excess errors)
FAIL: gfortran.dg/proc_ptr_comp_29.f90 -O0 (test for excess errors)
FAIL: gfortran.dg/proc_ptr_comp_34.f90 -O0 (test for excess errors)
FAIL: gfortran.dg/proc_ptr_comp_5.f90 -O0 (test for excess errors)
FAIL: gfortran.dg/proc_ptr_comp_8.f90 -O0 (test for excess errors)
FAIL: gfortran.dg/proc_ptr_comp_9.f90 -O0 (test for excess errors)
FAIL: gfortran.dg/proc_ptr_comp_pass_3.f90 -O0 (test for excess errors)
FAIL: gfortran.dg/proc_ptr_result_7.f90 -O0 (test for excess errors)
FAIL: gfortran.dg/structure_constructor_11.f90 -O0 (test for excess errors)
FAIL: gfortran.dg/structure_constructor_11.f90 -O1 (test for excess errors)
FAIL: gfortran.dg/structure_constructor_11.f90 -O2 (test for excess errors)
FAIL: gfortran.dg/structure_constructor_11.f90 -O3 -fomit-frame-pointer -funroll-loops -fpeel-loops -ftracer -finline-functions (test for excess errors)
FAIL: gfortran.dg/structure_constructor_11.f90 -O3 -g (test for excess errors)
FAIL: gfortran.dg/structure_constructor_11.f90 -Os (test for excess errors)
FAIL: gfortran.dg/unlimited_polymorphic_19.f90 -O0 (test for excess errors)
FAIL: gfortran.dg/guality/pr41558.f90 -Os line 7 s == 'foo'
=== gfortran Summary ===
# of expected passes 65814
# of unexpected failures 52
# of expected failures 274
# of unsupported tests 236
/export/gnu/import/git/gcc-test-master-ia32/bld/gcc/gfortran version 12.0.1 20220428 (experimental) [master-ia32 r12-8293-gba949a6af46] (GCC)
=== g++ tests ===
Running target unix
FAIL: g++.dg/guality/pr55665.C -O2 -flto -fno-use-linker-plugin -flto-partition=none line 23 p == 40
=== g++ Summary ===
# of expected passes 227292
# of unexpected failures 1
# of expected failures 2063
# of unsupported tests 9724
/export/gnu/import/git/gcc-test-master-ia32/bld/gcc/xg++ version 12.0.1 20220428 (experimental) [master-ia32 r12-8293-gba949a6af46] (GCC)
=== objc tests ===
Running target unix
FAIL: objc/execute/nested-func-1.m compilation, -O0 -fgnu-runtime
UNRESOLVED: objc/execute/nested-func-1.m execution, -O0 -fgnu-runtime
=== objc Summary ===
# of expected passes 2838
# of unexpected failures 1
# of expected failures 6
# of unresolved testcases 1
# of unsupported tests 71
/export/gnu/import/git/gcc-test-master-ia32/bld/gcc/xgcc version 12.0.1 20220428 (experimental) [master-ia32 r12-8293-gba949a6af46] (GCC)
=== libatomic tests ===
Running target unix
=== libatomic Summary ===
# of expected passes 44
# of unsupported tests 5
=== libgomp tests ===
Running target unix
FAIL: libgomp.c/pr52547.c (test for excess errors)
=== libgomp Summary ===
# of expected passes 13923
# of unexpected failures 1
# of expected failures 213
# of unsupported tests 551
=== libitm tests ===
Running target unix
=== libitm Summary ===
# of expected passes 44
# of expected failures 3
# of unsupported tests 1
=== libstdc++ tests ===
Running target unix
=== libstdc++ Summary ===
# of expected passes 16099
# of expected failures 95
# of unsupported tests 363
Compiler version: 12.0.1 20220428 (experimental) [master-ia32 r12-8293-gba949a6af46] (GCC)
Platform: i686-pc-linux-gnu
configure flags: --prefix=/usr/12.0.1 --enable-clocale=gnu --with-system-zlib --enable-shared --enable-cet --with-demangler-in-ld --enable-libmpx i686-linux --with-fpmath=sse
More information about the Gcc-testresults
mailing list