Results for 10.3.1 20220425 [releases/gcc-10 revision 4c8e037d32e:f215f2265e4:61060f42dac4317e0ce1de7e759fd421d7dfb798] (GCC) testsuite on x86_64-pc-linux-gnu
H.J. Lu
hjl@sc.intel.com
Mon Apr 25 09:02:52 GMT 2022
LAST_UPDATED: Mon Apr 25 04:30:25 UTC 2022 (revision 4c8e037d32e:f215f2265e4:61060f42dac4317e0ce1de7e759fd421d7dfb798)
Native configuration is x86_64-pc-linux-gnu
=== gcc tests ===
Running target unix
FAIL: gcc.dg/debug/dwarf2/pr97060.c scan-assembler-times DW_AT_declaration 2
=== gcc Summary for unix ===
Running target unix/-m32
FAIL: gcc.dg/debug/dwarf2/pr97060.c scan-assembler-times DW_AT_declaration 2
XPASS: gcc.dg/vect/vect-reduc-in-order-1.c -flto -ffat-lto-objects execution test
XPASS: gcc.dg/vect/vect-reduc-in-order-1.c execution test
XPASS: gcc.dg/vect/vect-reduc-in-order-2.c -flto -ffat-lto-objects execution test
XPASS: gcc.dg/vect/vect-reduc-in-order-2.c execution test
XPASS: gcc.dg/vect/vect-reduc-in-order-3.c -flto -ffat-lto-objects execution test
XPASS: gcc.dg/vect/vect-reduc-in-order-3.c execution test
XPASS: gcc.dg/vect/vect-reduc-in-order-4.c -flto -ffat-lto-objects execution test
XPASS: gcc.dg/vect/vect-reduc-in-order-4.c execution test
=== gcc Summary for unix/-m32 ===
Running target unix/-mx32
FAIL: gcc.dg/debug/dwarf2/pr97060.c scan-assembler-times DW_AT_declaration 2
FAIL: gcc.dg/store_merging_5.c scan-tree-dump-times store-merging "MEM <unsigned int> \\\\[.*\\\\]" 1
XPASS: gcc.dg/tree-ssa/builtin-snprintf-6.c scan-tree-dump-times optimized "Function test_assign_aggregate" 1
FAIL: gcc.dg/tree-ssa/dump-6.c scan-tree-dump store-merging "MEM <unsigned int> \\\\[\\\\(char \\\\*\\\\)\\\\&a8] = "
XPASS: gcc.target/i386/pr84101.c scan-tree-dump-not slp2 "basic block vectorized"
FAIL: gcc.target/i386/pr97971.c (test for errors, line 10)
FAIL: gcc.target/i386/shrink_wrap_1.c scan-rtl-dump pro_and_epilogue "Performing shrink-wrapping"
=== gcc Summary for unix/-mx32 ===
=== gcc Summary ===
/export/gnu/import/git/gcc-test-release-2-intel64/bld/gcc/xgcc version 10.3.1 20220425 [releases/gcc-10 revision 4c8e037d32e:f215f2265e4:61060f42dac4317e0ce1de7e759fd421d7dfb798] (GCC)
=== gfortran tests ===
Running target unix
FAIL: gfortran.dg/analyzer/pr93993.f90 -O (test for excess errors)
=== gfortran Summary for unix ===
# of expected passes 4050
Running target unix/-m32
FAIL: gfortran.dg/analyzer/pr93993.f90 -O (test for excess errors)
=== gfortran Summary for unix/-m32 ===
# of expected passes 4050
Running target unix/-mx32
FAIL: gfortran.dg/analyzer/pr93993.f90 -O (test for excess errors)
=== gfortran Summary for unix/-mx32 ===
# of expected passes 4050
=== gfortran Summary ===
# of expected passes 12150
/export/gnu/import/git/gcc-test-release-2-intel64/bld/gcc/gfortran version 10.3.1 20220425 [releases/gcc-10 revision 4c8e037d32e:f215f2265e4:61060f42dac4317e0ce1de7e759fd421d7dfb798] (GCC)
=== g++ tests ===
Running target unix
=== g++ Summary for unix ===
Running target unix/-m32
=== g++ Summary for unix/-m32 ===
Running target unix/-mx32
=== g++ Summary for unix/-mx32 ===
=== g++ Summary ===
/export/gnu/import/git/gcc-test-release-2-intel64/bld/gcc/xg++ version 10.3.1 20220425 [releases/gcc-10 revision 4c8e037d32e:f215f2265e4:61060f42dac4317e0ce1de7e759fd421d7dfb798] (GCC)
=== objc tests ===
Running target unix
=== objc Summary for unix ===
# of expected passes 56
Running target unix/-m32
=== objc Summary for unix/-m32 ===
# of expected passes 56
Running target unix/-mx32
=== objc Summary for unix/-mx32 ===
# of expected passes 56
=== objc Summary ===
# of expected passes 168
/export/gnu/import/git/gcc-test-release-2-intel64/bld/gcc/xgcc version 10.3.1 20220425 [releases/gcc-10 revision 4c8e037d32e:f215f2265e4:61060f42dac4317e0ce1de7e759fd421d7dfb798] (GCC)
=== libatomic tests ===
Running target unix/-m32
=== libatomic Summary for unix/-m32 ===
# of expected passes 44
# of unsupported tests 5
Running target unix/-mx32
=== libatomic Summary for unix/-mx32 ===
# of expected passes 54
Running target unix
=== libatomic Summary for unix ===
# of expected passes 54
=== libatomic Summary ===
# of expected passes 152
# of unsupported tests 5
=== libgomp tests ===
Running target unix/-m32
=== libgomp Summary for unix/-m32 ===
# of expected passes 2055
# of unsupported tests 138
Running target unix/-mx32
=== libgomp Summary for unix/-mx32 ===
# of expected passes 2055
# of unsupported tests 138
Running target unix
=== libgomp Summary for unix ===
# of expected passes 2055
# of unsupported tests 138
=== libgomp Summary ===
# of expected passes 23442
# of expected failures 12
# of unsupported tests 1617
=== libitm tests ===
Running target unix/-m32
=== libitm Summary for unix/-m32 ===
# of expected passes 18
# of expected failures 1
# of unsupported tests 1
Running target unix/-mx32
=== libitm Summary for unix/-mx32 ===
# of expected passes 18
# of expected failures 1
# of unsupported tests 1
Running target unix
=== libitm Summary for unix ===
# of expected passes 18
# of expected failures 1
# of unsupported tests 1
=== libitm Summary ===
# of expected passes 132
# of expected failures 9
# of unsupported tests 3
=== libstdc++ tests ===
Running target unix
FAIL: 17_intro/headers/c++1998/49745.cc (test for excess errors)
FAIL: 22_locale/numpunct/members/char/3.cc execution test
FAIL: 22_locale/time_get/get_time/char/2.cc execution test
FAIL: 22_locale/time_get/get_time/char/wrapped_env.cc execution test
FAIL: 22_locale/time_get/get_time/char/wrapped_locale.cc execution test
FAIL: 22_locale/time_get/get_time/wchar_t/2.cc execution test
FAIL: 22_locale/time_get/get_time/wchar_t/wrapped_env.cc execution test
FAIL: 22_locale/time_get/get_time/wchar_t/wrapped_locale.cc execution test
FAIL: 30_threads/jthread/95989.cc execution test
=== libstdc++ Summary for unix ===
# of unsupported tests 1
Running target unix/-m32
FAIL: 17_intro/headers/c++1998/49745.cc (test for excess errors)
FAIL: 22_locale/numpunct/members/char/3.cc execution test
FAIL: 22_locale/time_get/get_time/char/2.cc execution test
FAIL: 22_locale/time_get/get_time/char/wrapped_env.cc execution test
FAIL: 22_locale/time_get/get_time/char/wrapped_locale.cc execution test
FAIL: 22_locale/time_get/get_time/wchar_t/2.cc execution test
FAIL: 22_locale/time_get/get_time/wchar_t/wrapped_env.cc execution test
FAIL: 22_locale/time_get/get_time/wchar_t/wrapped_locale.cc execution test
FAIL: 30_threads/jthread/95989.cc execution test
=== libstdc++ Summary for unix/-m32 ===
# of unsupported tests 1
Running target unix/-mx32
FAIL: 17_intro/headers/c++1998/49745.cc (test for excess errors)
FAIL: 22_locale/numpunct/members/char/3.cc execution test
FAIL: 22_locale/time_get/get_time/char/2.cc execution test
FAIL: 22_locale/time_get/get_time/char/wrapped_env.cc execution test
FAIL: 22_locale/time_get/get_time/char/wrapped_locale.cc execution test
FAIL: 22_locale/time_get/get_time/wchar_t/2.cc execution test
FAIL: 22_locale/time_get/get_time/wchar_t/wrapped_env.cc execution test
FAIL: 22_locale/time_get/get_time/wchar_t/wrapped_locale.cc execution test
FAIL: 30_threads/jthread/95989.cc execution test
=== libstdc++ Summary for unix/-mx32 ===
# of unsupported tests 1
=== libstdc++ Summary ===
# of unsupported tests 3
Compiler version: 10.3.1 20220425 [releases/gcc-10 revision 4c8e037d32e:f215f2265e4:61060f42dac4317e0ce1de7e759fd421d7dfb798] (GCC)
Platform: x86_64-pc-linux-gnu
configure flags: --prefix=/usr/10.3.1 --enable-clocale=gnu --with-system-zlib --enable-shared --enable-cet --with-demangler-in-ld --enable-libmpx --with-multilib-list=m32,m64,mx32 --with-fpmath=sse
More information about the Gcc-testresults
mailing list