Results for 11.2.1 20220414 [gcc-11-3rc1 revision r11-9879-g53254184bda6] (GCC) testsuite on x86_64-apple-darwin18

Iain Sandoe iains.gcc@gmail.com
Sat Apr 16 06:33:37 GMT 2022


LAST_UPDATED: Thu Apr 14 08:23:22 UTC 2022 (revision r11-9879-g53254184bda6)

		=== acats tests ===

		=== acats Summary ===
# of expected passes		2328
# of unexpected failures	0
Native configuration is x86_64-apple-darwin18

		=== g++ tests ===


Running target unix
FAIL: c-c++-common/asan/alloca_big_alignment.c   -Os  output pattern test
FAIL: c-c++-common/asan/alloca_detect_custom_size.c   -Os  output pattern test
FAIL: c-c++-common/asan/alloca_overflow_partial.c   -Os  output pattern test
FAIL: c-c++-common/asan/alloca_overflow_right.c   -Os  output pattern test
FAIL: c-c++-common/asan/alloca_underflow_left.c   -Os  output pattern test
FAIL: g++.dg/ipa/pr67056.C   scan-ipa-dump cp "Speculative outer type:struct CompositeClass"
FAIL: g++.dg/lto/pr65276 cp_lto_pr65276_0.o-cp_lto_pr65276_1.o link, -flto -O0 -std=c++11
FAIL: g++.old-deja/g++.law/profile1.C  -std=gnu++14 execution test
FAIL: g++.old-deja/g++.law/profile1.C  -std=gnu++17 execution test
FAIL: g++.old-deja/g++.law/profile1.C  -std=gnu++2a execution test
FAIL: g++.old-deja/g++.law/profile1.C  -std=gnu++98 execution test

		=== g++ Summary ===

# of expected passes		203622
# of unexpected failures	11
# of expected failures		1121
# of unsupported tests		9883
/scratch/10-14-moj/gcc-11-wip/gcc/xg++  version 11.2.1 20220414 [gcc-11-3rc1 revision r11-9879-g53254184bda6] (GCC) 

		=== gcc tests ===


Running target unix
FAIL: gcc.dg/analyzer/write-to-string-literal-1.c  (test for warnings, line 15)
FAIL: c-c++-common/asan/alloca_big_alignment.c   -Os  output pattern test
FAIL: c-c++-common/asan/alloca_detect_custom_size.c   -Os  output pattern test
FAIL: c-c++-common/asan/alloca_overflow_partial.c   -Os  output pattern test
FAIL: c-c++-common/asan/alloca_overflow_right.c   -Os  output pattern test
FAIL: c-c++-common/asan/alloca_underflow_left.c   -Os  output pattern test
FAIL: gcc.dg/debug/dwarf2/inline4.c scan-assembler DW_TAG_inlined_subroutine[^\\\\(]*\\\\([^\\\\)]*\\\\)[^\\\\(]*\\\\(DIE \\\\(0x[0-9a-f]*\\\\) DW_TAG_formal_parameter[^\\\\(]*\\\\(DIE \\\\(0x[0-9a-f]*\\\\) DW_TAG_variable
FAIL: gcc.dg/aru-2.c execution test
FAIL: gcc.dg/nest.c execution test
FAIL: gcc.dg/nested-func-4.c execution test
FAIL: gcc.dg/pr100509.c (test for excess errors)
FAIL: gcc.dg/pr32450.c execution test
FAIL: gcc.dg/pr43643.c execution test
FAIL: gcc.dg/graphite/scop-19.c scan-tree-dump-times graphite "number of SCoPs: 0" 1
FAIL: gcc.dg/ipa/ipa-icf-38.c scan-ltrans-tree-dump-not optimized "Function bar"
FAIL: gcc-dg-lto-modref-3-01.exe scan-wpa-ipa-dump modref "parm 1 flags: nodirectescape"
FAIL: gcc-dg-lto-modref-4-01.exe scan-wpa-ipa-dump modref "parm 1 flags: nodirectescape"
FAIL: gcc.dg/lto/modref-3 c_lto_modref-3_0.o-c_lto_modref-3_1.o execute -O2 -flto-partition=max -fdump-ipa-modref -fno-ipa-sra -fno-ipa-cp -flto
FAIL: gcc.dg/lto/modref-4 c_lto_modref-4_0.o-c_lto_modref-4_1.o execute -O2 -flto-partition=max -fdump-ipa-modref -fno-ipa-sra -flto
FAIL: gcc.dg/torture/pr100786.c   -O0  (test for excess errors)
FAIL: gcc.dg/torture/pr100786.c   -O1  (test for excess errors)
FAIL: gcc.dg/torture/pr100786.c   -O2  (test for excess errors)
FAIL: gcc.dg/torture/pr100786.c   -O2 -flto  (test for excess errors)
FAIL: gcc.dg/torture/pr100786.c   -O2 -flto -flto-partition=none  (test for excess errors)
FAIL: gcc.dg/torture/pr100786.c   -O3 -g  (test for excess errors)
FAIL: gcc.dg/torture/pr100786.c   -Os  (test for excess errors)
XPASS: gcc.dg/tree-ssa/pr91091-2.c scan-tree-dump-times fre1 " = [^;]*x;" 1
XPASS: gcc.dg/tree-ssa/pr91091-2.c scan-tree-dump-times fre1 "x = " 1
XPASS: gcc.dg/tree-ssa/ssa-fre-77.c scan-tree-dump fre1 "return 1;"
FAIL: outputs-25 exe savetmp named2-4: outputs.args.3
FAIL: outputs-25 exe savetmp named2-4: std out
FAIL: gcc.target/i386/avx512bw-pr88465.c scan-assembler-times kxnor[dq][ \\t] 2
FAIL: gcc.target/i386/avx512dq-pr88465.c scan-assembler-times kxnorb[ \\t] 1
FAIL: gcc.target/i386/avx512f-pr88465.c scan-assembler-times kxnorw[ \\t] 1
XPASS: gcc.target/i386/bitwise_mask_op-3.c scan-assembler-times kmovb[\\t ] 4
XPASS: gcc.target/i386/bitwise_mask_op-3.c scan-assembler-times korb[\\t ] 1
XPASS: gcc.target/i386/bitwise_mask_op-3.c scan-assembler-times kxorb[\\t ] 1
FAIL: gcc.target/i386/harden-sls-4.c scan-assembler jmp[ \\t]+\\\\*_?fptr
FAIL: gcc.target/i386/memcpy-strategy-10.c scan-assembler jmp\\tmemcpy
FAIL: gcc.target/i386/memcpy-strategy-5.c scan-assembler jmp\\tmemcpy
FAIL: gcc.target/i386/memset-strategy-5.c scan-assembler jmp\\tmemset
FAIL: gcc.target/i386/memset-strategy-7.c scan-assembler jmp\\tmemset
FAIL: gcc.target/i386/pr34256.c scan-assembler-times mov 5
FAIL: gcc.target/i386/pr71321.c scan-assembler-not lea.*0
FAIL: gcc.target/i386/pr78035.c scan-assembler-times cmp 2
FAIL: gcc.target/i386/pr92651.c scan-assembler-times sub 2

		=== gcc Summary ===

# of expected passes		155745
# of unexpected failures	40
# of unexpected successes	6
# of expected failures		870
# of unsupported tests		3226
/scratch/10-14-moj/gcc-11-wip/gcc/xgcc  version 11.2.1 20220414 [gcc-11-3rc1 revision r11-9879-g53254184bda6] (GCC) 

		=== gdc tests ===


Running target unix

		=== gdc Summary ===

# of expected passes		10091
# of unsupported tests		397
/scratch/10-14-moj/gcc-11-wip/gcc/gdc  version 11.2.1 20220414 [gcc-11-3rc1 revision r11-9879-g53254184bda6] (GCC) 

		=== gfortran tests ===


Running target unix

		=== gfortran Summary ===

# of expected passes		57141
# of expected failures		232
# of unsupported tests		83
/scratch/10-14-moj/gcc-11-wip/gcc/gfortran  version 11.2.1 20220414 [gcc-11-3rc1 revision r11-9879-g53254184bda6] (GCC) 

		=== gnat tests ===


Running target unix
FAIL: gnat.dg/bias1.adb scan-assembler DW_AT_GNU_bias

		=== gnat Summary ===

# of expected passes		3347
# of unexpected failures	1
# of expected failures		23
# of unsupported tests		13
/scratch/10-14-moj/gcc-11-wip/gcc/gnatmake version 11.2.1 20220414 [gcc-11-3rc1 revision r11-9879-g53254184bda6]

		=== jit tests ===


Running target unix

		=== jit Summary ===

# of expected passes		12014
		=== obj-c++ tests ===


Running target unix

		=== obj-c++ Summary ===

# of expected passes		3154
# of expected failures		22
# of unsupported tests		69
/scratch/10-14-moj/gcc-11-wip/gcc/xg++  version 11.2.1 20220414 [gcc-11-3rc1 revision r11-9879-g53254184bda6] (GCC) 

		=== objc tests ===


Running target unix

		=== objc Summary ===

# of expected passes		5706
# of expected failures		13
# of unsupported tests		87
/scratch/10-14-moj/gcc-11-wip/gcc/xgcc  version 11.2.1 20220414 [gcc-11-3rc1 revision r11-9879-g53254184bda6] (GCC) 

		=== libatomic tests ===


Running target unix

		=== libatomic Summary ===

# of expected passes		54
		=== libgomp tests ===


Running target unix
WARNING: program timed out.
FAIL: libgomp.c++/task-reduction-10.C execution test
WARNING: program timed out.
FAIL: libgomp.c++/task-reduction-8.C execution test
FAIL: libgomp.fortran/examples-4/simd-3.f90   -O1  execution test

		=== libgomp Summary ===

# of expected passes		8480
# of unexpected failures	3
# of expected failures		6
# of unsupported tests		539
		=== libitm tests ===


Running target unix

		=== libitm Summary ===

# of expected passes		42
# of expected failures		3
# of unsupported tests		2
		=== libphobos tests ===


Running target unix
FAIL: libphobos.allocations/tls_gc_integration.d execution test
FAIL: libphobos.druntime/core/thread/fiber.d execution test
FAIL: libphobos.druntime/core/thread/osthread.d execution test
FAIL: libphobos.druntime/core/thread/threadbase.d execution test
FAIL: libphobos.druntime/core/time.d execution test
FAIL: libphobos.druntime/rt/monitor_.d execution test

		=== libphobos Summary ===

# of expected passes		175
# of unexpected failures	6
# of unsupported tests		1
		=== libstdc++ tests ===


Running target unix
WARNING: 29_atomics/atomic_float/wait_notify.cc execution test program timed out.
FAIL: 29_atomics/atomic_float/wait_notify.cc execution test
WARNING: 29_atomics/atomic_integral/wait_notify.cc execution test program timed out.
FAIL: 29_atomics/atomic_integral/wait_notify.cc execution test
WARNING: 29_atomics/atomic_ref/wait_notify.cc execution test program timed out.
FAIL: 29_atomics/atomic_ref/wait_notify.cc execution test
WARNING: 30_threads/barrier/arrive_and_wait.cc execution test program timed out.
FAIL: 30_threads/barrier/arrive_and_wait.cc execution test
WARNING: 30_threads/barrier/completion.cc execution test program timed out.
FAIL: 30_threads/barrier/completion.cc execution test

		=== libstdc++ Summary ===

# of expected passes		13881
# of unexpected failures	5
# of expected failures		124
# of unsupported tests		764

Compiler version: 11.2.1 20220414 [gcc-11-3rc1 revision r11-9879-g53254184bda6] (GCC) 
Platform: x86_64-apple-darwin18
configure flags: --prefix=/opt/iains/x86_64-apple-darwin18/gcc-11-3rc1 --build=x86_64-apple-darwin18 --with-sysroot=/Library/Developer/CommandLineTools/SDKs/MacOSX.sdk --with-cpu=corei7 --with-tune=haswell --enable-languages=all --enable-libphobos --with-libphobos-druntime-only CC=x86_64-apple-darwin18-gcc CXX=x86_64-apple-darwin18-g++



More information about the Gcc-testresults mailing list