Results for 11.2.1 20220414 [gcc-11-3rc1 revision r11-9879-g53254184bda6] (GCC) testsuite on x86_64-apple-darwin15

Iain Sandoe iains.gcc@gmail.com
Sat Apr 16 06:33:27 GMT 2022


LAST_UPDATED: Thu Apr 14 09:28:38 UTC 2022 (revision r11-9879-g53254184bda6)

		=== acats tests ===

		=== acats Summary ===
# of expected passes		2328
# of unexpected failures	0
Native configuration is x86_64-apple-darwin15

		=== g++ tests ===


Running target unix/-m32
FAIL: c-c++-common/asan/alloca_big_alignment.c   -Os  output pattern test
FAIL: c-c++-common/asan/alloca_detect_custom_size.c   -Os  output pattern test
FAIL: c-c++-common/asan/alloca_overflow_partial.c   -Os  output pattern test
FAIL: c-c++-common/asan/alloca_overflow_right.c   -Os  output pattern test
FAIL: c-c++-common/asan/alloca_underflow_left.c   -Os  output pattern test
FAIL: g++.dg/asan/pr69276.C   -O0  output pattern test
FAIL: g++.dg/ext/pr84828.C  -std=gnu++14 (test for excess errors)
FAIL: g++.dg/ext/pr84828.C  -std=gnu++17 (test for excess errors)
FAIL: g++.dg/ext/pr84828.C  -std=gnu++2a (test for excess errors)
FAIL: g++.dg/ext/pr84828.C  -std=gnu++98 (test for excess errors)
FAIL: g++.dg/ipa/pr67056.C   scan-ipa-dump cp "Speculative outer type:struct CompositeClass"
XPASS: g++.dg/warn/Warray-bounds-16.C  -std=gnu++14 pr102690 (test for bogus messages, line 22)
XPASS: g++.dg/warn/Warray-bounds-16.C  -std=gnu++17 pr102690 (test for bogus messages, line 22)
XPASS: g++.dg/warn/Warray-bounds-16.C  -std=gnu++2a pr102690 (test for bogus messages, line 22)
XPASS: g++.dg/warn/Warray-bounds-16.C  -std=gnu++98 pr102690 (test for bogus messages, line 22)
XPASS: g++.dg/warn/Warray-bounds-20.C  -std=gnu++14 assign (test for warnings, line 30)
XPASS: g++.dg/warn/Warray-bounds-20.C  -std=gnu++17 assign (test for warnings, line 30)
XPASS: g++.dg/warn/Warray-bounds-20.C  -std=gnu++2a assign (test for warnings, line 30)
XPASS: g++.dg/warn/Warray-bounds-20.C  -std=gnu++98 assign (test for warnings, line 30)
FAIL: g++.dg/lto/pr65276 cp_lto_pr65276_0.o-cp_lto_pr65276_1.o link, -flto -O0 -std=c++11
FAIL: g++.dg/modules/bad-mapper-2.C -std=c++17  (test for errors, line )
FAIL: g++.dg/modules/bad-mapper-2.C -std=c++17 (internal compiler error)
FAIL: g++.dg/modules/bad-mapper-2.C -std=c++17 (test for excess errors)
FAIL: g++.dg/modules/bad-mapper-2.C -std=c++2a  (test for errors, line )
FAIL: g++.dg/modules/bad-mapper-2.C -std=c++2a (internal compiler error)
FAIL: g++.dg/modules/bad-mapper-2.C -std=c++2a (test for excess errors)
FAIL: g++.dg/modules/bad-mapper-2.C -std=c++2b  (test for errors, line )
FAIL: g++.dg/modules/bad-mapper-2.C -std=c++2b (internal compiler error)
FAIL: g++.dg/modules/bad-mapper-2.C -std=c++2b (test for excess errors)

		=== g++ Summary for unix/-m32 ===

# of expected passes		201192
# of unexpected failures	21
# of unexpected successes	8
# of expected failures		1109
# of unsupported tests		9778

Running target unix/-m64
FAIL: c-c++-common/asan/alloca_big_alignment.c   -Os  output pattern test
FAIL: c-c++-common/asan/alloca_detect_custom_size.c   -Os  output pattern test
FAIL: c-c++-common/asan/alloca_overflow_partial.c   -Os  output pattern test
FAIL: c-c++-common/asan/alloca_overflow_right.c   -Os  output pattern test
FAIL: c-c++-common/asan/alloca_underflow_left.c   -Os  output pattern test
FAIL: g++.dg/asan/pr69276.C   -O0  output pattern test
WARNING: g++.dg/cpp0x/vt-34052.C  -std=c++17  (test for errors, line 2) program timed out.
FAIL: g++.dg/ipa/pr67056.C   scan-ipa-dump cp "Speculative outer type:struct CompositeClass"
FAIL: g++.dg/lto/pr65276 cp_lto_pr65276_0.o-cp_lto_pr65276_1.o link, -flto -O0 -std=c++11
FAIL: g++.dg/modules/bad-mapper-2.C -std=c++17  (test for errors, line )
FAIL: g++.dg/modules/bad-mapper-2.C -std=c++17 (internal compiler error)
FAIL: g++.dg/modules/bad-mapper-2.C -std=c++17 (test for excess errors)
FAIL: g++.dg/modules/bad-mapper-2.C -std=c++2a  (test for errors, line )
FAIL: g++.dg/modules/bad-mapper-2.C -std=c++2a (internal compiler error)
FAIL: g++.dg/modules/bad-mapper-2.C -std=c++2a (test for excess errors)
FAIL: g++.dg/modules/bad-mapper-2.C -std=c++2b  (test for errors, line )
FAIL: g++.dg/modules/bad-mapper-2.C -std=c++2b (internal compiler error)
FAIL: g++.dg/modules/bad-mapper-2.C -std=c++2b (test for excess errors)

		=== g++ Summary for unix/-m64 ===

# of expected passes		203491
# of unexpected failures	17
# of expected failures		1121
# of unsupported tests		9941

		=== g++ Summary ===

# of expected passes		404683
# of unexpected failures	38
# of unexpected successes	8
# of expected failures		2230
# of unsupported tests		19719
/scratch/10-11-elcap/gcc-11-wip/gcc/xg++  version 11.2.1 20220414 [gcc-11-3rc1 revision r11-9879-g53254184bda6] (GCC) 

		=== gcc tests ===


Running target unix/-m32
FAIL: gcc.dg/analyzer/write-to-string-literal-1.c  (test for warnings, line 15)
FAIL: c-c++-common/asan/alloca_big_alignment.c   -Os  output pattern test
FAIL: c-c++-common/asan/alloca_detect_custom_size.c   -Os  output pattern test
FAIL: c-c++-common/asan/alloca_overflow_partial.c   -Os  output pattern test
FAIL: c-c++-common/asan/alloca_overflow_right.c   -Os  output pattern test
FAIL: c-c++-common/asan/alloca_underflow_left.c   -Os  output pattern test
FAIL: gcc.dg/debug/dwarf2/inline4.c scan-assembler DW_TAG_inlined_subroutine[^\\\\(]*\\\\([^\\\\)]*\\\\)[^\\\\(]*\\\\(DIE \\\\(0x[0-9a-f]*\\\\) DW_TAG_formal_parameter[^\\\\(]*\\\\(DIE \\\\(0x[0-9a-f]*\\\\) DW_TAG_variable
FAIL: gcc.dg/pr100509.c (test for excess errors)
FAIL: gcc.dg/stack-layout-dynamic-1.c (test for excess errors)
UNRESOLVED: gcc.dg/stack-layout-dynamic-1.c scan-assembler-not cfi_def_cfa_register
FAIL: c-c++-common/goacc/firstprivate-mappings-1.c scan-tree-dump omplower "(?n)#pragma omp target oacc_parallel map\\\\(from:array_so \\\\[len: 4\\\\]\\\\) firstprivate\\\\(array_li.[0-9]+\\\\) map\\\\(tofrom:\\\\(\\\\*array.[0-9]+\\\\) \\\\[len: D\\\\.[0-9]+\\\\]\\\\) map\\\\(firstprivate:array \\\\[pointer assign, bias: 0\\\\]\\\\) \\\\["
FAIL: gcc.dg/graphite/scop-19.c scan-tree-dump-times graphite "number of SCoPs: 0" 1
FAIL: gcc.dg/ipa/ipa-icf-38.c scan-ltrans-tree-dump-not optimized "Function bar"
FAIL: gcc-dg-lto-modref-3-01.exe scan-wpa-ipa-dump modref "parm 1 flags: nodirectescape"
FAIL: gcc-dg-lto-modref-4-01.exe scan-wpa-ipa-dump modref "parm 1 flags: nodirectescape"
FAIL: gcc.dg/lto/modref-3 c_lto_modref-3_0.o-c_lto_modref-3_1.o execute -O2 -flto-partition=max -fdump-ipa-modref -fno-ipa-sra -fno-ipa-cp -flto
FAIL: gcc.dg/lto/modref-4 c_lto_modref-4_0.o-c_lto_modref-4_1.o execute -O2 -flto-partition=max -fdump-ipa-modref -fno-ipa-sra -flto
FAIL: gcc.dg/torture/builtin-self.c   -O0   scan-assembler-not \\tcall
FAIL: gcc.dg/torture/pr100786.c   -O0  (test for excess errors)
FAIL: gcc.dg/torture/pr100786.c   -O1  (test for excess errors)
FAIL: gcc.dg/torture/pr100786.c   -O2  (test for excess errors)
FAIL: gcc.dg/torture/pr100786.c   -O2 -flto  (test for excess errors)
FAIL: gcc.dg/torture/pr100786.c   -O2 -flto -flto-partition=none  (test for excess errors)
FAIL: gcc.dg/torture/pr100786.c   -O3 -g  (test for excess errors)
FAIL: gcc.dg/torture/pr100786.c   -Os  (test for excess errors)
FAIL: gcc.dg/torture/pr71522.c   -O1  execution test
FAIL: gcc.dg/torture/pr71522.c   -O2  execution test
FAIL: gcc.dg/torture/pr71522.c   -O2 -flto  execution test
FAIL: gcc.dg/torture/pr71522.c   -O2 -flto -flto-partition=none  execution test
FAIL: gcc.dg/torture/pr71522.c   -O3 -g  execution test
FAIL: gcc.dg/torture/pr71522.c   -Os  execution test
FAIL: gcc.dg/tree-ssa/scev-3.c scan-tree-dump-times ivopts "&a" 1
FAIL: gcc.dg/tree-ssa/scev-5.c scan-tree-dump-times ivopts "&a" 1
XPASS: gcc.dg/vect/vect-reduc-in-order-1.c -flto -ffat-lto-objects execution test
XPASS: gcc.dg/vect/vect-reduc-in-order-1.c execution test
XPASS: gcc.dg/vect/vect-reduc-in-order-2.c -flto -ffat-lto-objects execution test
XPASS: gcc.dg/vect/vect-reduc-in-order-2.c execution test
XPASS: gcc.dg/vect/vect-reduc-in-order-3.c -flto -ffat-lto-objects execution test
XPASS: gcc.dg/vect/vect-reduc-in-order-3.c execution test
XPASS: gcc.dg/vect/vect-reduc-in-order-4.c -flto -ffat-lto-objects execution test
XPASS: gcc.dg/vect/vect-reduc-in-order-4.c execution test
FAIL: outputs-25 exe savetmp named2-4: outputs.args.3
FAIL: outputs-25 exe savetmp named2-4: std out
FAIL: gcc.target/i386/avx2-shiftqihi-constant-2.c (test for excess errors)
UNRESOLVED: gcc.target/i386/avx2-shiftqihi-constant-2.c compilation failed to produce executable
XPASS: gcc.target/i386/bitwise_mask_op-3.c scan-assembler-times kmovb[\\t ] 4
XPASS: gcc.target/i386/bitwise_mask_op-3.c scan-assembler-times korb[\\t ] 1
XPASS: gcc.target/i386/bitwise_mask_op-3.c scan-assembler-times kxorb[\\t ] 1
FAIL: gcc.target/i386/harden-sls-4.c scan-assembler jmp[ \\t]+\\\\*_?fptr
FAIL: gcc.target/i386/harden-sls-5.c scan-assembler-times ret 1
FAIL: gcc.target/i386/memcpy-strategy-10.c scan-assembler call\\tmemcpy
FAIL: gcc.target/i386/memcpy-strategy-5.c scan-assembler call\\tmemcpy
FAIL: gcc.target/i386/memset-strategy-5.c scan-assembler call\\tmemset
FAIL: gcc.target/i386/memset-strategy-7.c scan-assembler call\\tmemset
FAIL: gcc.target/i386/pad-3.c scan-assembler-not nop
FAIL: gcc.target/i386/pr15184-1.c scan-assembler-times movb[ \\\\t]+%al 4
FAIL: gcc.target/i386/pr15184-2.c scan-assembler-times movb[ \\\\t]+%al 2
FAIL: gcc.target/i386/pr36502.c scan-assembler-not esp
FAIL: gcc.target/i386/pr54855-3.c scan-assembler-not movsd
FAIL: gcc.target/i386/pr54855-7.c scan-assembler-not movss
FAIL: gcc.target/i386/pr66334.c scan-assembler movl[ \\\\t].+, %ebx
FAIL: gcc.target/i386/pr71321.c scan-assembler-not lea.*0
FAIL: gcc.target/i386/pr78035.c scan-assembler-times cmp 2
FAIL: gcc.target/i386/pr80569.c (test for excess errors)
FAIL: gcc.target/i386/pr81736-5.c scan-assembler-not %[re]bp
XPASS: gcc.target/i386/pr84101.c scan-tree-dump-not slp2 "optimized: basic block"
FAIL: gcc.target/i386/pr84278.c scan-assembler-not \\\\(%.sp\\\\)
FAIL: gcc.target/i386/pr85667-6.c scan-assembler-times flds[^\\n\\r]* 1
FAIL: gcc.target/i386/pr92651.c scan-assembler-times sub 2
FAIL: gcc.target/i386/pr97873-1.c scan-assembler pabsq
FAIL: gcc.target/i386/ret-thunk-22.c scan-assembler call[ \\\\t]*___x86.get_pc_thunk.cx
FAIL: gcc.target/i386/ret-thunk-23.c scan-assembler call[ \\\\t]*___x86.get_pc_thunk.cx
FAIL: gcc.target/i386/ret-thunk-24.c scan-assembler call[ \\\\t]*___x86.get_pc_thunk.cx
FAIL: gcc.target/i386/vect8-ret.c scan-assembler-times movq 1

		=== gcc Summary for unix/-m32 ===

# of expected passes		150591
# of unexpected failures	60
# of unexpected successes	12
# of expected failures		870
# of unresolved testcases	2
# of unsupported tests		4924

Running target unix/-m64
FAIL: gcc.dg/analyzer/write-to-string-literal-1.c  (test for warnings, line 15)
FAIL: c-c++-common/asan/alloca_big_alignment.c   -Os  output pattern test
FAIL: c-c++-common/asan/alloca_detect_custom_size.c   -Os  output pattern test
FAIL: c-c++-common/asan/alloca_overflow_partial.c   -Os  output pattern test
FAIL: c-c++-common/asan/alloca_overflow_right.c   -Os  output pattern test
FAIL: c-c++-common/asan/alloca_underflow_left.c   -Os  output pattern test
WARNING: c-c++-common/asan/halt_on_error-2.c   -O3 -g  (test for excess errors) program timed out.
FAIL: c-c++-common/asan/halt_on_error-2.c   -O3 -g  (test for excess errors)
FAIL: gcc.dg/debug/dwarf2/inline4.c scan-assembler DW_TAG_inlined_subroutine[^\\\\(]*\\\\([^\\\\)]*\\\\)[^\\\\(]*\\\\(DIE \\\\(0x[0-9a-f]*\\\\) DW_TAG_formal_parameter[^\\\\(]*\\\\(DIE \\\\(0x[0-9a-f]*\\\\) DW_TAG_variable
FAIL: gcc.dg/pr100509.c (test for excess errors)
FAIL: gcc.dg/graphite/scop-19.c scan-tree-dump-times graphite "number of SCoPs: 0" 1
FAIL: gcc.dg/ipa/ipa-icf-38.c scan-ltrans-tree-dump-not optimized "Function bar"
FAIL: gcc-dg-lto-modref-3-01.exe scan-wpa-ipa-dump modref "parm 1 flags: nodirectescape"
FAIL: gcc-dg-lto-modref-4-01.exe scan-wpa-ipa-dump modref "parm 1 flags: nodirectescape"
FAIL: gcc.dg/lto/modref-3 c_lto_modref-3_0.o-c_lto_modref-3_1.o execute -O2 -flto-partition=max -fdump-ipa-modref -fno-ipa-sra -fno-ipa-cp -flto
FAIL: gcc.dg/lto/modref-4 c_lto_modref-4_0.o-c_lto_modref-4_1.o execute -O2 -flto-partition=max -fdump-ipa-modref -fno-ipa-sra -flto
WARNING: gcc.dg/lto/pr55703 c_lto_pr55703_0.o-c_lto_pr55703_0.o link,  -O2 -flto -fno-tree-copy-prop -fno-tree-dce  program timed out.
FAIL: gcc.dg/lto/pr55703 c_lto_pr55703_0.o-c_lto_pr55703_0.o link,  -O2 -flto -fno-tree-copy-prop -fno-tree-dce 
FAIL: gcc.dg/torture/pr100786.c   -O0  (test for excess errors)
FAIL: gcc.dg/torture/pr100786.c   -O1  (test for excess errors)
FAIL: gcc.dg/torture/pr100786.c   -O2  (test for excess errors)
FAIL: gcc.dg/torture/pr100786.c   -O2 -flto  (test for excess errors)
FAIL: gcc.dg/torture/pr100786.c   -O2 -flto -flto-partition=none  (test for excess errors)
FAIL: gcc.dg/torture/pr100786.c   -O3 -g  (test for excess errors)
FAIL: gcc.dg/torture/pr100786.c   -Os  (test for excess errors)
WARNING: gcc.dg/torture/pr83580.c   -O1  (test for excess errors) program timed out.
FAIL: gcc.dg/torture/pr83580.c   -O1  (test for excess errors)
XPASS: gcc.dg/tree-ssa/pr91091-2.c scan-tree-dump-times fre1 " = [^;]*x;" 1
XPASS: gcc.dg/tree-ssa/pr91091-2.c scan-tree-dump-times fre1 "x = " 1
XPASS: gcc.dg/tree-ssa/ssa-fre-77.c scan-tree-dump fre1 "return 1;"
FAIL: outputs-25 exe savetmp named2-4: outputs.args.3
FAIL: outputs-25 exe savetmp named2-4: std out
FAIL: gcc.target/i386/avx2-shiftqihi-constant-2.c (test for excess errors)
UNRESOLVED: gcc.target/i386/avx2-shiftqihi-constant-2.c compilation failed to produce executable
FAIL: gcc.target/i386/avx512bw-pr88465.c scan-assembler-times kxnor[dq][ \\t] 2
FAIL: gcc.target/i386/avx512dq-pr88465.c scan-assembler-times kxnorb[ \\t] 1
FAIL: gcc.target/i386/avx512f-pr88465.c scan-assembler-times kxnorw[ \\t] 1
XPASS: gcc.target/i386/bitwise_mask_op-3.c scan-assembler-times kmovb[\\t ] 4
XPASS: gcc.target/i386/bitwise_mask_op-3.c scan-assembler-times korb[\\t ] 1
XPASS: gcc.target/i386/bitwise_mask_op-3.c scan-assembler-times kxorb[\\t ] 1
FAIL: gcc.target/i386/harden-sls-4.c scan-assembler jmp[ \\t]+\\\\*_?fptr
FAIL: gcc.target/i386/memcpy-strategy-10.c scan-assembler jmp\\tmemcpy
FAIL: gcc.target/i386/memcpy-strategy-5.c scan-assembler jmp\\tmemcpy
FAIL: gcc.target/i386/memset-strategy-5.c scan-assembler jmp\\tmemset
FAIL: gcc.target/i386/memset-strategy-7.c scan-assembler jmp\\tmemset
FAIL: gcc.target/i386/pr34256.c scan-assembler-times mov 5
FAIL: gcc.target/i386/pr71321.c scan-assembler-not lea.*0
FAIL: gcc.target/i386/pr78035.c scan-assembler-times cmp 2
FAIL: gcc.target/i386/pr80569.c (test for excess errors)
FAIL: gcc.target/i386/pr92651.c scan-assembler-times sub 2

		=== gcc Summary for unix/-m64 ===

# of expected passes		153170
# of unexpected failures	40
# of unexpected successes	6
# of expected failures		870
# of unresolved testcases	1
# of unsupported tests		4480

		=== gcc Summary ===

# of expected passes		303761
# of unexpected failures	100
# of unexpected successes	18
# of expected failures		1740
# of unresolved testcases	3
# of unsupported tests		9404
/scratch/10-11-elcap/gcc-11-wip/gcc/xgcc  version 11.2.1 20220414 [gcc-11-3rc1 revision r11-9879-g53254184bda6] (GCC) 

		=== gdc tests ===


Running target unix/-m32
WARNING: gdc.test/compilable/testDIP37_10421.d   (test for excess errors) program timed out.

		=== gdc Summary for unix/-m32 ===

# of expected passes		10133
# of unsupported tests		375

Running target unix/-m64
WARNING: gdc.dg/torture/simd16703.d   -O3 -frelease -g  (test for excess errors) program timed out.
WARNING: gdc.dg/torture/simd9304.d   -O0  (test for excess errors) program timed out.

		=== gdc Summary for unix/-m64 ===

# of expected passes		10133
# of unsupported tests		375

		=== gdc Summary ===

# of expected passes		20266
# of unsupported tests		750
/scratch/10-11-elcap/gcc-11-wip/gcc/gdc  version 11.2.1 20220414 [gcc-11-3rc1 revision r11-9879-g53254184bda6] (GCC) 

		=== gfortran tests ===


Running target unix/-m32

		=== gfortran Summary for unix/-m32 ===

# of expected passes		56890
# of expected failures		234
# of unsupported tests		199

Running target unix/-m64
WARNING: gfortran.dg/select_type_27.f03   -O3 -fomit-frame-pointer -funroll-loops -fpeel-loops -ftracer -finline-functions  (test for excess errors) program timed out.
FAIL: gfortran.dg/select_type_27.f03   -O3 -fomit-frame-pointer -funroll-loops -fpeel-loops -ftracer -finline-functions  (test for excess errors)

		=== gfortran Summary for unix/-m64 ===

# of expected passes		57138
# of unexpected failures	1
# of expected failures		232
# of unsupported tests		84

		=== gfortran Summary ===

# of expected passes		114028
# of unexpected failures	1
# of expected failures		466
# of unsupported tests		283
/scratch/10-11-elcap/gcc-11-wip/gcc/gfortran  version 11.2.1 20220414 [gcc-11-3rc1 revision r11-9879-g53254184bda6] (GCC) 

		=== gnat tests ===


Running target unix/-m32
FAIL: gnat.dg/bias1.adb scan-assembler DW_AT_GNU_bias

		=== gnat Summary for unix/-m32 ===

# of expected passes		3348
# of unexpected failures	1
# of expected failures		23
# of unsupported tests		14

Running target unix/-m64
FAIL: gnat.dg/bias1.adb scan-assembler DW_AT_GNU_bias

		=== gnat Summary for unix/-m64 ===

# of expected passes		3347
# of unexpected failures	1
# of expected failures		23
# of unsupported tests		13

		=== gnat Summary ===

# of expected passes		6695
# of unexpected failures	2
# of expected failures		46
# of unsupported tests		27
/scratch/10-11-elcap/gcc-11-wip/gcc/gnatmake version 11.2.1 20220414 [gcc-11-3rc1 revision r11-9879-g53254184bda6]

		=== jit tests ===


Running target unix/-m32

		=== jit Summary for unix/-m32 ===


Running target unix/-m64

		=== jit Summary for unix/-m64 ===

# of expected passes		12014

		=== jit Summary ===

# of expected passes		12014
		=== obj-c++ tests ===


Running target unix/-m64

		=== obj-c++ Summary for unix/-m64 ===

# of expected passes		3155
# of expected failures		22
# of unsupported tests		68

Running target unix/-m32

		=== obj-c++ Summary for unix/-m32 ===

# of expected passes		3193
# of expected failures		4
# of unsupported tests		64

		=== obj-c++ Summary ===

# of expected passes		6348
# of expected failures		26
# of unsupported tests		132
/scratch/10-11-elcap/gcc-11-wip/gcc/xg++  version 11.2.1 20220414 [gcc-11-3rc1 revision r11-9879-g53254184bda6] (GCC) 

		=== objc tests ===


Running target unix/-m32

		=== objc Summary for unix/-m32 ===

# of expected passes		5735
# of expected failures		7
# of unsupported tests		81

Running target unix/-m64

		=== objc Summary for unix/-m64 ===

# of expected passes		5707
# of expected failures		13
# of unsupported tests		86

		=== objc Summary ===

# of expected passes		11442
# of expected failures		20
# of unsupported tests		167
/scratch/10-11-elcap/gcc-11-wip/gcc/xgcc  version 11.2.1 20220414 [gcc-11-3rc1 revision r11-9879-g53254184bda6] (GCC) 

		=== libatomic tests ===


Running target unix/-m64

		=== libatomic Summary for unix/-m64 ===

# of expected passes		54

Running target unix/-m32

		=== libatomic Summary for unix/-m32 ===

# of expected passes		44
# of unsupported tests		5

		=== libatomic Summary ===

# of expected passes		98
# of unsupported tests		5
		=== libgomp tests ===


Running target unix/-m64
FAIL: libgomp.fortran/examples-4/simd-3.f90   -Os  execution test

		=== libgomp Summary for unix/-m64 ===

# of expected passes		8362
# of unexpected failures	1
# of expected failures		6
# of unsupported tests		599

Running target unix/-m32

		=== libgomp Summary for unix/-m32 ===

# of expected passes		8362
# of expected failures		6
# of unsupported tests		600

		=== libgomp Summary ===

# of expected passes		16724
# of unexpected failures	1
# of expected failures		12
# of unsupported tests		1199
		=== libitm tests ===


Running target unix/-m64

		=== libitm Summary for unix/-m64 ===

# of expected passes		42
# of expected failures		3
# of unsupported tests		2

Running target unix/-m32

		=== libitm Summary for unix/-m32 ===

# of expected passes		42
# of expected failures		3
# of unsupported tests		2

		=== libitm Summary ===

# of expected passes		84
# of expected failures		6
# of unsupported tests		4
		=== libphobos tests ===


Running target unix/-m32
FAIL: libphobos.allocations/tls_gc_integration.d execution test
FAIL: libphobos.druntime/core/internal/arrayop.d (test for excess errors)
FAIL: libphobos.druntime/core/internal/string.d (test for excess errors)
FAIL: libphobos.druntime/core/thread/fiber.d execution test
FAIL: libphobos.druntime/core/thread/osthread.d (test for excess errors)
FAIL: libphobos.druntime/core/thread/osthread.d execution test
FAIL: libphobos.druntime/core/thread/threadbase.d execution test
FAIL: libphobos.druntime/core/time.d (test for excess errors)
FAIL: libphobos.druntime/core/time.d execution test
FAIL: libphobos.druntime/rt/monitor_.d execution test

		=== libphobos Summary for unix/-m32 ===

# of expected passes		171
# of unexpected failures	10
# of unsupported tests		1

Running target unix/-m64
FAIL: libphobos.allocations/tls_gc_integration.d execution test
FAIL: libphobos.druntime/core/thread/fiber.d execution test
FAIL: libphobos.druntime/core/thread/osthread.d execution test
FAIL: libphobos.druntime/core/thread/threadbase.d execution test
FAIL: libphobos.druntime/core/time.d execution test
FAIL: libphobos.druntime/rt/monitor_.d execution test

		=== libphobos Summary for unix/-m64 ===

# of expected passes		175
# of unexpected failures	6
# of unsupported tests		1

		=== libphobos Summary ===

# of expected passes		346
# of unexpected failures	16
# of unsupported tests		2
		=== libstdc++ tests ===


Running target unix/-m32
WARNING: 30_threads/future/members/93456.cc execution test program timed out.
FAIL: 30_threads/future/members/93456.cc execution test
FAIL: 30_threads/future/members/poll.cc execution test
FAIL: std/ranges/access/ssize.cc (test for excess errors)
UNRESOLVED: std/ranges/access/ssize.cc compilation failed to produce executable

		=== libstdc++ Summary for unix/-m32 ===

# of expected passes		13888
# of unexpected failures	3
# of expected failures		124
# of unresolved testcases	1
# of unsupported tests		761

Running target unix/-m64
WARNING: 30_threads/condition_variable/54185.cc execution test program timed out.
FAIL: 30_threads/condition_variable/54185.cc execution test
FAIL: 30_threads/future/members/poll.cc execution test

		=== libstdc++ Summary for unix/-m64 ===

# of expected passes		13884
# of unexpected failures	2
# of expected failures		124
# of unsupported tests		764

		=== libstdc++ Summary ===

# of expected passes		27772
# of unexpected failures	5
# of expected failures		248
# of unresolved testcases	1
# of unsupported tests		1525

Compiler version: 11.2.1 20220414 [gcc-11-3rc1 revision r11-9879-g53254184bda6] (GCC) 
Platform: x86_64-apple-darwin15
configure flags: --prefix=/opt/iains/x86_64-apple-darwin15/gcc-11-3rc1 --build=x86_64-apple-darwin15 --with-sysroot=/Library/Developer/CommandLineTools/SDKs/MacOSX.sdk --enable-languages=all --with-cpu=ivybridge CC=x86_64-apple-darwin15-gcc CXX=x86_64-apple-darwin15-g++ --enable-libphobos --with-libphobos-druntime-only



More information about the Gcc-testresults mailing list