Results for 11.2.1 20220414 [gcc-11-3rc1 revision r11-9879-g53254184bda6] (GCC) testsuite on x86_64-apple-darwin13
Iain Sandoe
iains.gcc@gmail.com
Sat Apr 16 06:33:19 GMT 2022
LAST_UPDATED: Thu Apr 14 09:12:09 UTC 2022 (revision r11-9879-g53254184bda6)
=== acats tests ===
=== acats Summary ===
# of expected passes 2328
# of unexpected failures 0
Native configuration is x86_64-apple-darwin13
=== g++ tests ===
Running target unix/-m32
FAIL: c-c++-common/asan/null-deref-1.c -O0 output pattern test
FAIL: c-c++-common/asan/null-deref-1.c -O1 output pattern test
FAIL: c-c++-common/asan/null-deref-1.c -O2 output pattern test
FAIL: c-c++-common/asan/null-deref-1.c -O2 -flto output pattern test
FAIL: c-c++-common/asan/null-deref-1.c -O2 -flto -flto-partition=none output pattern test
FAIL: c-c++-common/asan/null-deref-1.c -O3 -g output pattern test
FAIL: c-c++-common/asan/null-deref-1.c -Os output pattern test
WARNING: g++.dg/abi/empty27.C -std=gnu++2a (test for bogus messages, line 24) program timed out.
FAIL: g++.dg/abi/empty27.C -std=gnu++2a (test for excess errors)
WARNING: g++.dg/abi/pr77489.C -std=gnu++14 (test for excess errors) program timed out.
FAIL: g++.dg/abi/pr77489.C -std=gnu++14 (test for excess errors)
FAIL: g++.dg/ext/pr84828.C -std=gnu++14 (test for excess errors)
FAIL: g++.dg/ext/pr84828.C -std=gnu++17 (test for excess errors)
FAIL: g++.dg/ext/pr84828.C -std=gnu++2a (test for excess errors)
FAIL: g++.dg/ext/pr84828.C -std=gnu++98 (test for excess errors)
FAIL: g++.dg/ipa/pr67056.C scan-ipa-dump cp "Speculative outer type:struct CompositeClass"
XPASS: g++.dg/warn/Warray-bounds-16.C -std=gnu++14 pr102690 (test for bogus messages, line 22)
XPASS: g++.dg/warn/Warray-bounds-16.C -std=gnu++17 pr102690 (test for bogus messages, line 22)
XPASS: g++.dg/warn/Warray-bounds-16.C -std=gnu++2a pr102690 (test for bogus messages, line 22)
XPASS: g++.dg/warn/Warray-bounds-16.C -std=gnu++98 pr102690 (test for bogus messages, line 22)
XPASS: g++.dg/warn/Warray-bounds-20.C -std=gnu++14 assign (test for warnings, line 30)
XPASS: g++.dg/warn/Warray-bounds-20.C -std=gnu++17 assign (test for warnings, line 30)
XPASS: g++.dg/warn/Warray-bounds-20.C -std=gnu++2a assign (test for warnings, line 30)
XPASS: g++.dg/warn/Warray-bounds-20.C -std=gnu++98 assign (test for warnings, line 30)
FAIL: g++.dg/gomp/pr88182.C -std=gnu++14 (test for excess errors)
UNRESOLVED: g++.dg/gomp/pr88182.C -std=gnu++14 compilation failed to produce executable
FAIL: g++.dg/gomp/pr88182.C -std=gnu++17 (test for excess errors)
UNRESOLVED: g++.dg/gomp/pr88182.C -std=gnu++17 compilation failed to produce executable
FAIL: g++.dg/gomp/pr88182.C -std=gnu++2a (test for excess errors)
UNRESOLVED: g++.dg/gomp/pr88182.C -std=gnu++2a compilation failed to produce executable
FAIL: g++.dg/gomp/pr88182.C -std=gnu++98 (test for excess errors)
UNRESOLVED: g++.dg/gomp/pr88182.C -std=gnu++98 compilation failed to produce executable
FAIL: g++.dg/lto/pr65276 cp_lto_pr65276_0.o-cp_lto_pr65276_1.o link, -flto -O0 -std=c++11
FAIL: g++.dg/modules/bad-mapper-2.C -std=c++17 (test for errors, line )
FAIL: g++.dg/modules/bad-mapper-2.C -std=c++17 (internal compiler error)
FAIL: g++.dg/modules/bad-mapper-2.C -std=c++17 (test for excess errors)
FAIL: g++.dg/modules/bad-mapper-2.C -std=c++2a (test for errors, line )
FAIL: g++.dg/modules/bad-mapper-2.C -std=c++2a (internal compiler error)
FAIL: g++.dg/modules/bad-mapper-2.C -std=c++2a (test for excess errors)
FAIL: g++.dg/modules/bad-mapper-2.C -std=c++2b (test for errors, line )
FAIL: g++.dg/modules/bad-mapper-2.C -std=c++2b (internal compiler error)
FAIL: g++.dg/modules/bad-mapper-2.C -std=c++2b (test for excess errors)
FAIL: g++.dg/modules/bad-mapper-3.C -std=c++17 (test for errors, line )
FAIL: g++.dg/modules/bad-mapper-3.C -std=c++17 (internal compiler error)
FAIL: g++.dg/modules/bad-mapper-3.C -std=c++17 (test for excess errors)
FAIL: g++.dg/modules/bad-mapper-3.C -std=c++2a (test for errors, line )
FAIL: g++.dg/modules/bad-mapper-3.C -std=c++2a (internal compiler error)
FAIL: g++.dg/modules/bad-mapper-3.C -std=c++2a (test for excess errors)
FAIL: g++.dg/modules/bad-mapper-3.C -std=c++2b (test for errors, line )
FAIL: g++.dg/modules/bad-mapper-3.C -std=c++2b (internal compiler error)
FAIL: g++.dg/modules/bad-mapper-3.C -std=c++2b (test for excess errors)
WARNING: g++.dg/ubsan/null-7.C -std=gnu++98 (test for excess errors) program timed out.
FAIL: g++.dg/ubsan/null-7.C -std=gnu++98 (test for excess errors)
=== g++ Summary for unix/-m32 ===
# of expected passes 202924
# of unexpected failures 38
# of unexpected successes 8
# of expected failures 1109
# of unresolved testcases 4
# of unsupported tests 9770
Running target unix/-m64
WARNING: g++.dg/init/array1.C -std=c++2a (test for excess errors) program timed out.
FAIL: g++.dg/init/array1.C -std=c++2a (test for excess errors)
FAIL: g++.dg/ipa/pr67056.C scan-ipa-dump cp "Speculative outer type:struct CompositeClass"
WARNING: g++.dg/other/crash-11.C -std=c++17 (test for errors, line 23) program timed out.
FAIL: g++.dg/gomp/pr88182.C -std=gnu++14 (test for excess errors)
UNRESOLVED: g++.dg/gomp/pr88182.C -std=gnu++14 compilation failed to produce executable
FAIL: g++.dg/gomp/pr88182.C -std=gnu++17 (test for excess errors)
UNRESOLVED: g++.dg/gomp/pr88182.C -std=gnu++17 compilation failed to produce executable
FAIL: g++.dg/gomp/pr88182.C -std=gnu++2a (test for excess errors)
UNRESOLVED: g++.dg/gomp/pr88182.C -std=gnu++2a compilation failed to produce executable
FAIL: g++.dg/gomp/pr88182.C -std=gnu++98 (test for excess errors)
UNRESOLVED: g++.dg/gomp/pr88182.C -std=gnu++98 compilation failed to produce executable
FAIL: g++.dg/lto/pr65276 cp_lto_pr65276_0.o-cp_lto_pr65276_1.o link, -flto -O0 -std=c++11
FAIL: g++.dg/modules/bad-mapper-2.C -std=c++17 (test for errors, line )
FAIL: g++.dg/modules/bad-mapper-2.C -std=c++17 (internal compiler error)
FAIL: g++.dg/modules/bad-mapper-2.C -std=c++17 (test for excess errors)
FAIL: g++.dg/modules/bad-mapper-2.C -std=c++2a (test for errors, line )
FAIL: g++.dg/modules/bad-mapper-2.C -std=c++2a (internal compiler error)
FAIL: g++.dg/modules/bad-mapper-2.C -std=c++2a (test for excess errors)
FAIL: g++.dg/modules/bad-mapper-2.C -std=c++2b (test for errors, line )
FAIL: g++.dg/modules/bad-mapper-2.C -std=c++2b (internal compiler error)
FAIL: g++.dg/modules/bad-mapper-2.C -std=c++2b (test for excess errors)
FAIL: g++.dg/modules/bad-mapper-3.C -std=c++17 (test for errors, line )
FAIL: g++.dg/modules/bad-mapper-3.C -std=c++17 (internal compiler error)
FAIL: g++.dg/modules/bad-mapper-3.C -std=c++17 (test for excess errors)
FAIL: g++.dg/modules/bad-mapper-3.C -std=c++2a (test for errors, line )
FAIL: g++.dg/modules/bad-mapper-3.C -std=c++2a (internal compiler error)
FAIL: g++.dg/modules/bad-mapper-3.C -std=c++2a (test for excess errors)
FAIL: g++.dg/modules/bad-mapper-3.C -std=c++2b (test for errors, line )
FAIL: g++.dg/modules/bad-mapper-3.C -std=c++2b (internal compiler error)
FAIL: g++.dg/modules/bad-mapper-3.C -std=c++2b (test for excess errors)
=== g++ Summary for unix/-m64 ===
# of expected passes 205232
# of unexpected failures 25
# of expected failures 1121
# of unresolved testcases 4
# of unsupported tests 9933
=== g++ Summary ===
# of expected passes 408156
# of unexpected failures 63
# of unexpected successes 8
# of expected failures 2230
# of unresolved testcases 8
# of unsupported tests 19703
/scratch/10-13-mav/gcc-11-wip/gcc/xg++ version 11.2.1 20220414 [gcc-11-3rc1 revision r11-9879-g53254184bda6] (GCC)
=== gcc tests ===
Running target unix/-m32
FAIL: gcc.c-torture/compile/pr97576.c -O0 (test for excess errors)
FAIL: gcc.c-torture/compile/pr97576.c -O1 (test for excess errors)
FAIL: gcc.c-torture/compile/pr97576.c -O2 (test for excess errors)
FAIL: gcc.c-torture/compile/pr97576.c -O2 -flto (test for excess errors)
FAIL: gcc.c-torture/compile/pr97576.c -O2 -flto -flto-partition=none (test for excess errors)
FAIL: gcc.c-torture/compile/pr97576.c -O3 -g (test for excess errors)
FAIL: gcc.c-torture/compile/pr97576.c -Os (test for excess errors)
FAIL: gcc.dg/analyzer/write-to-string-literal-1.c (test for warnings, line 15)
FAIL: c-c++-common/asan/null-deref-1.c -O0 output pattern test
FAIL: c-c++-common/asan/null-deref-1.c -O1 output pattern test
FAIL: c-c++-common/asan/null-deref-1.c -O2 output pattern test
FAIL: c-c++-common/asan/null-deref-1.c -O2 -flto output pattern test
FAIL: c-c++-common/asan/null-deref-1.c -O2 -flto -flto-partition=none output pattern test
FAIL: c-c++-common/asan/null-deref-1.c -O3 -g output pattern test
FAIL: c-c++-common/asan/null-deref-1.c -Os output pattern test
FAIL: gcc.dg/debug/dwarf2/inline4.c scan-assembler DW_TAG_inlined_subroutine[^\\\\(]*\\\\([^\\\\)]*\\\\)[^\\\\(]*\\\\(DIE \\\\(0x[0-9a-f]*\\\\) DW_TAG_formal_parameter[^\\\\(]*\\\\(DIE \\\\(0x[0-9a-f]*\\\\) DW_TAG_variable
FAIL: gcc.dg/debug/dwarf2/inline5.c scan-assembler-not \\\\(DIE \\\\(0x([0-9a-f]*)\\\\) DW_TAG_lexical_block\\\\)[^#/!@;\\\\|]*[#/!@;\\\\|]+ +[^(].*DW_TAG_lexical_block\\\\)[^#/!@;\\\\|x]*x\\\\1[^#/!@;\\\\|]*[#/!@;\\\\|] +DW_AT_abstract_origin
FAIL: gcc.dg/devnull-dump.c (test for excess errors)
FAIL: gcc.dg/pr100509.c (test for excess errors)
FAIL: gcc.dg/stack-layout-dynamic-1.c (test for excess errors)
UNRESOLVED: gcc.dg/stack-layout-dynamic-1.c scan-assembler-not cfi_def_cfa_register
FAIL: c-c++-common/goacc/firstprivate-mappings-1.c scan-tree-dump omplower "(?n)#pragma omp target oacc_parallel map\\\\(from:array_so \\\\[len: 4\\\\]\\\\) firstprivate\\\\(array_li.[0-9]+\\\\) map\\\\(tofrom:\\\\(\\\\*array.[0-9]+\\\\) \\\\[len: D\\\\.[0-9]+\\\\]\\\\) map\\\\(firstprivate:array \\\\[pointer assign, bias: 0\\\\]\\\\) \\\\["
FAIL: gcc.dg/graphite/scop-19.c scan-tree-dump-times graphite "number of SCoPs: 0" 1
FAIL: gcc.dg/ipa/ipa-icf-38.c scan-ltrans-tree-dump-not optimized "Function bar"
FAIL: gcc-dg-lto-modref-3-01.exe scan-wpa-ipa-dump modref "parm 1 flags: nodirectescape"
FAIL: gcc-dg-lto-modref-4-01.exe scan-wpa-ipa-dump modref "parm 1 flags: nodirectescape"
FAIL: gcc.dg/lto/modref-3 c_lto_modref-3_0.o-c_lto_modref-3_1.o execute -O2 -flto-partition=max -fdump-ipa-modref -fno-ipa-sra -fno-ipa-cp -flto
FAIL: gcc.dg/lto/modref-4 c_lto_modref-4_0.o-c_lto_modref-4_1.o execute -O2 -flto-partition=max -fdump-ipa-modref -fno-ipa-sra -flto
FAIL: gcc.dg/lto/pr94157 c_lto_pr94157_0.o assemble, -O0 -fipa-vrp -flto -Wa,--noexecstack -Wa,--noexecstack -Wa,--execstack -Wa,--execstack -Wa,--execstack -Wa,--execstack -Wa,--execstack -Wa,--execstack -Wa,--execstack -Wa,--execstack -Wa,--execstack -Wa,--execstack -Wa,--execstack -Wa,--execstack -Wa,--execstack -Wa,--execstack
UNRESOLVED: gcc.dg/lto/pr94157 c_lto_pr94157_0.o-c_lto_pr94157_0.o execute -O0 -fipa-vrp -flto -Wa,--noexecstack -Wa,--noexecstack -Wa,--execstack -Wa,--execstack -Wa,--execstack -Wa,--execstack -Wa,--execstack -Wa,--execstack -Wa,--execstack -Wa,--execstack -Wa,--execstack -Wa,--execstack -Wa,--execstack -Wa,--execstack -Wa,--execstack -Wa,--execstack
UNRESOLVED: gcc.dg/lto/pr94157 c_lto_pr94157_0.o-c_lto_pr94157_0.o link -O0 -fipa-vrp -flto -Wa,--noexecstack -Wa,--noexecstack -Wa,--execstack -Wa,--execstack -Wa,--execstack -Wa,--execstack -Wa,--execstack -Wa,--execstack -Wa,--execstack -Wa,--execstack -Wa,--execstack -Wa,--execstack -Wa,--execstack -Wa,--execstack -Wa,--execstack -Wa,--execstack
FAIL: gcc.dg/torture/builtin-self.c -O0 scan-assembler-not \\tcall
FAIL: gcc.dg/torture/pr100786.c -O0 (test for excess errors)
FAIL: gcc.dg/torture/pr100786.c -O1 (test for excess errors)
FAIL: gcc.dg/torture/pr100786.c -O2 (test for excess errors)
FAIL: gcc.dg/torture/pr100786.c -O2 -flto (test for excess errors)
FAIL: gcc.dg/torture/pr100786.c -O2 -flto -flto-partition=none (test for excess errors)
FAIL: gcc.dg/torture/pr100786.c -O3 -g (test for excess errors)
FAIL: gcc.dg/torture/pr100786.c -Os (test for excess errors)
FAIL: gcc.dg/torture/pr71522.c -O1 execution test
FAIL: gcc.dg/torture/pr71522.c -O2 execution test
FAIL: gcc.dg/torture/pr71522.c -O2 -flto execution test
FAIL: gcc.dg/torture/pr71522.c -O2 -flto -flto-partition=none execution test
FAIL: gcc.dg/torture/pr71522.c -O3 -g execution test
FAIL: gcc.dg/torture/pr71522.c -Os execution test
FAIL: gcc.dg/tree-ssa/scev-3.c scan-tree-dump-times ivopts "&a" 1
FAIL: gcc.dg/tree-ssa/scev-5.c scan-tree-dump-times ivopts "&a" 1
XPASS: gcc.dg/vect/vect-reduc-in-order-1.c -flto -ffat-lto-objects execution test
XPASS: gcc.dg/vect/vect-reduc-in-order-1.c execution test
XPASS: gcc.dg/vect/vect-reduc-in-order-2.c -flto -ffat-lto-objects execution test
XPASS: gcc.dg/vect/vect-reduc-in-order-2.c execution test
XPASS: gcc.dg/vect/vect-reduc-in-order-3.c -flto -ffat-lto-objects execution test
XPASS: gcc.dg/vect/vect-reduc-in-order-3.c execution test
XPASS: gcc.dg/vect/vect-reduc-in-order-4.c -flto -ffat-lto-objects execution test
XPASS: gcc.dg/vect/vect-reduc-in-order-4.c execution test
FAIL: outputs-25 exe savetmp named2-4: outputs.args.3
FAIL: outputs-25 exe savetmp named2-4: std out
FAIL: gcc.target/i386/avx2-shiftqihi-constant-2.c (test for excess errors)
UNRESOLVED: gcc.target/i386/avx2-shiftqihi-constant-2.c compilation failed to produce executable
FAIL: gcc.target/i386/avx512bw-shiftqihi-constant-2.c (test for excess errors)
UNRESOLVED: gcc.target/i386/avx512bw-shiftqihi-constant-2.c compilation failed to produce executable
XPASS: gcc.target/i386/bitwise_mask_op-3.c scan-assembler-times kmovb[\\t ] 4
XPASS: gcc.target/i386/bitwise_mask_op-3.c scan-assembler-times korb[\\t ] 1
XPASS: gcc.target/i386/bitwise_mask_op-3.c scan-assembler-times kxorb[\\t ] 1
FAIL: gcc.target/i386/harden-sls-4.c scan-assembler jmp[ \\t]+\\\\*_?fptr
FAIL: gcc.target/i386/harden-sls-5.c scan-assembler-times ret 1
FAIL: gcc.target/i386/memcpy-strategy-10.c scan-assembler call\\tmemcpy
FAIL: gcc.target/i386/memcpy-strategy-5.c scan-assembler call\\tmemcpy
FAIL: gcc.target/i386/memcpy-strategy-7.c scan-assembler rep movsb
FAIL: gcc.target/i386/memcpy-strategy-9.c scan-assembler rep movsb
FAIL: gcc.target/i386/memset-strategy-5.c scan-assembler call\\tmemset
FAIL: gcc.target/i386/memset-strategy-6.c scan-assembler rep stosb
FAIL: gcc.target/i386/memset-strategy-7.c scan-assembler call\\tmemset
FAIL: gcc.target/i386/memset-strategy-8.c scan-assembler rep stosb
FAIL: gcc.target/i386/pad-3.c scan-assembler-not nop
FAIL: gcc.target/i386/pr15184-1.c scan-assembler-times movb[ \\\\t]+%al 4
FAIL: gcc.target/i386/pr15184-2.c scan-assembler-times movb[ \\\\t]+%al 2
FAIL: gcc.target/i386/pr36502.c scan-assembler-not esp
FAIL: gcc.target/i386/pr54855-3.c scan-assembler-not movsd
FAIL: gcc.target/i386/pr54855-7.c scan-assembler-not movss
FAIL: gcc.target/i386/pr57275.c (test for excess errors)
UNRESOLVED: gcc.target/i386/pr57275.c compilation failed to produce executable
FAIL: gcc.target/i386/pr66334.c scan-assembler movl[ \\\\t].+, %ebx
FAIL: gcc.target/i386/pr71321.c scan-assembler-not lea.*0
FAIL: gcc.target/i386/pr78035.c scan-assembler-times cmp 2
FAIL: gcc.target/i386/pr81736-5.c scan-assembler-not %[re]bp
XPASS: gcc.target/i386/pr84101.c scan-tree-dump-not slp2 "optimized: basic block"
FAIL: gcc.target/i386/pr84278.c scan-assembler-not \\\\(%.sp\\\\)
FAIL: gcc.target/i386/pr85667-6.c scan-assembler-times flds[^\\n\\r]* 1
FAIL: gcc.target/i386/pr92651.c scan-assembler-times sub 2
FAIL: gcc.target/i386/pr97873-1.c scan-assembler pabsq
FAIL: gcc.target/i386/ret-thunk-22.c scan-assembler call[ \\\\t]*___x86.get_pc_thunk.cx
FAIL: gcc.target/i386/ret-thunk-23.c scan-assembler call[ \\\\t]*___x86.get_pc_thunk.cx
FAIL: gcc.target/i386/ret-thunk-24.c scan-assembler call[ \\\\t]*___x86.get_pc_thunk.cx
FAIL: gcc.target/i386/vect8-ret.c scan-assembler-times movq 1
=== gcc Summary for unix/-m32 ===
# of expected passes 150324
# of unexpected failures 77
# of unexpected successes 12
# of expected failures 870
# of unresolved testcases 6
# of unsupported tests 5836
Running target unix/-m64
WARNING: gcc.c-torture/compile/limits-externdecl.c -O2 -flto (test for excess errors) program timed out.
FAIL: gcc.c-torture/compile/limits-externdecl.c -O2 -flto (test for excess errors)
FAIL: gcc.c-torture/compile/pr97576.c -O0 (test for excess errors)
FAIL: gcc.c-torture/compile/pr97576.c -O1 (test for excess errors)
FAIL: gcc.c-torture/compile/pr97576.c -O2 (test for excess errors)
FAIL: gcc.c-torture/compile/pr97576.c -O2 -flto (test for excess errors)
FAIL: gcc.c-torture/compile/pr97576.c -O2 -flto -flto-partition=none (test for excess errors)
FAIL: gcc.c-torture/compile/pr97576.c -O3 -g (test for excess errors)
FAIL: gcc.c-torture/compile/pr97576.c -Os (test for excess errors)
FAIL: gcc.dg/analyzer/write-to-string-literal-1.c (test for warnings, line 15)
FAIL: gcc.dg/debug/dwarf2/inline4.c scan-assembler DW_TAG_inlined_subroutine[^\\\\(]*\\\\([^\\\\)]*\\\\)[^\\\\(]*\\\\(DIE \\\\(0x[0-9a-f]*\\\\) DW_TAG_formal_parameter[^\\\\(]*\\\\(DIE \\\\(0x[0-9a-f]*\\\\) DW_TAG_variable
FAIL: gcc.dg/debug/dwarf2/inline5.c scan-assembler-not \\\\(DIE \\\\(0x([0-9a-f]*)\\\\) DW_TAG_lexical_block\\\\)[^#/!@;\\\\|]*[#/!@;\\\\|]+ +[^(].*DW_TAG_lexical_block\\\\)[^#/!@;\\\\|x]*x\\\\1[^#/!@;\\\\|]*[#/!@;\\\\|] +DW_AT_abstract_origin
FAIL: gcc.dg/devnull-dump.c (test for excess errors)
WARNING: gcc.dg/initpri1.c program timed out.
FAIL: gcc.dg/pr100509.c (test for excess errors)
FAIL: gcc.dg/graphite/scop-19.c scan-tree-dump-times graphite "number of SCoPs: 0" 1
FAIL: gcc.dg/ipa/ipa-icf-38.c scan-ltrans-tree-dump-not optimized "Function bar"
FAIL: gcc-dg-lto-modref-3-01.exe scan-wpa-ipa-dump modref "parm 1 flags: nodirectescape"
FAIL: gcc-dg-lto-modref-4-01.exe scan-wpa-ipa-dump modref "parm 1 flags: nodirectescape"
FAIL: gcc.dg/lto/modref-3 c_lto_modref-3_0.o-c_lto_modref-3_1.o execute -O2 -flto-partition=max -fdump-ipa-modref -fno-ipa-sra -fno-ipa-cp -flto
FAIL: gcc.dg/lto/modref-4 c_lto_modref-4_0.o-c_lto_modref-4_1.o execute -O2 -flto-partition=max -fdump-ipa-modref -fno-ipa-sra -flto
FAIL: gcc.dg/lto/pr94157 c_lto_pr94157_0.o assemble, -O0 -fipa-vrp -flto -Wa,--noexecstack -Wa,--noexecstack -Wa,--execstack -Wa,--execstack -Wa,--execstack -Wa,--execstack -Wa,--execstack -Wa,--execstack -Wa,--execstack -Wa,--execstack -Wa,--execstack -Wa,--execstack -Wa,--execstack -Wa,--execstack -Wa,--execstack -Wa,--execstack
UNRESOLVED: gcc.dg/lto/pr94157 c_lto_pr94157_0.o-c_lto_pr94157_0.o execute -O0 -fipa-vrp -flto -Wa,--noexecstack -Wa,--noexecstack -Wa,--execstack -Wa,--execstack -Wa,--execstack -Wa,--execstack -Wa,--execstack -Wa,--execstack -Wa,--execstack -Wa,--execstack -Wa,--execstack -Wa,--execstack -Wa,--execstack -Wa,--execstack -Wa,--execstack -Wa,--execstack
UNRESOLVED: gcc.dg/lto/pr94157 c_lto_pr94157_0.o-c_lto_pr94157_0.o link -O0 -fipa-vrp -flto -Wa,--noexecstack -Wa,--noexecstack -Wa,--execstack -Wa,--execstack -Wa,--execstack -Wa,--execstack -Wa,--execstack -Wa,--execstack -Wa,--execstack -Wa,--execstack -Wa,--execstack -Wa,--execstack -Wa,--execstack -Wa,--execstack -Wa,--execstack -Wa,--execstack
WARNING: ./import-2.h -O3 -g (test for excess errors) program timed out.
FAIL: ./import-2.h -O3 -g (test for excess errors)
FAIL: gcc.dg/rtl/x86_64/final.c (internal compiler error)
FAIL: gcc.dg/rtl/x86_64/final.c (test for excess errors)
UNRESOLVED: gcc.dg/rtl/x86_64/final.c scan-assembler .cfi_endproc
UNRESOLVED: gcc.dg/rtl/x86_64/final.c scan-assembler .cfi_startproc
UNRESOLVED: gcc.dg/rtl/x86_64/final.c scan-assembler ret
UNRESOLVED: gcc.dg/rtl/x86_64/final.c scan-assembler test_1:
FAIL: gcc.dg/torture/pr100786.c -O0 (test for excess errors)
FAIL: gcc.dg/torture/pr100786.c -O1 (test for excess errors)
FAIL: gcc.dg/torture/pr100786.c -O2 (test for excess errors)
FAIL: gcc.dg/torture/pr100786.c -O2 -flto (test for excess errors)
FAIL: gcc.dg/torture/pr100786.c -O2 -flto -flto-partition=none (test for excess errors)
FAIL: gcc.dg/torture/pr100786.c -O3 -g (test for excess errors)
FAIL: gcc.dg/torture/pr100786.c -Os (test for excess errors)
XPASS: gcc.dg/tree-ssa/pr91091-2.c scan-tree-dump-times fre1 " = [^;]*x;" 1
XPASS: gcc.dg/tree-ssa/pr91091-2.c scan-tree-dump-times fre1 "x = " 1
XPASS: gcc.dg/tree-ssa/ssa-fre-77.c scan-tree-dump fre1 "return 1;"
WARNING: c-c++-common/ubsan/div-by-zero-2.c -O2 (test for excess errors) program timed out.
FAIL: c-c++-common/ubsan/div-by-zero-2.c -O2 (test for excess errors)
FAIL: outputs-25 exe savetmp named2-4: outputs.args.3
FAIL: outputs-25 exe savetmp named2-4: std out
FAIL: gcc.target/i386/avx2-shiftqihi-constant-2.c (test for excess errors)
UNRESOLVED: gcc.target/i386/avx2-shiftqihi-constant-2.c compilation failed to produce executable
FAIL: gcc.target/i386/avx512bw-pr88465.c scan-assembler-times kxnor[dq][ \\t] 2
FAIL: gcc.target/i386/avx512bw-shiftqihi-constant-2.c (test for excess errors)
UNRESOLVED: gcc.target/i386/avx512bw-shiftqihi-constant-2.c compilation failed to produce executable
FAIL: gcc.target/i386/avx512dq-pr88465.c scan-assembler-times kxnorb[ \\t] 1
FAIL: gcc.target/i386/avx512f-pr88465.c scan-assembler-times kxnorw[ \\t] 1
XPASS: gcc.target/i386/bitwise_mask_op-3.c scan-assembler-times kmovb[\\t ] 4
XPASS: gcc.target/i386/bitwise_mask_op-3.c scan-assembler-times korb[\\t ] 1
XPASS: gcc.target/i386/bitwise_mask_op-3.c scan-assembler-times kxorb[\\t ] 1
FAIL: gcc.target/i386/harden-sls-4.c scan-assembler jmp[ \\t]+\\\\*_?fptr
FAIL: gcc.target/i386/memcpy-strategy-10.c scan-assembler jmp\\tmemcpy
FAIL: gcc.target/i386/memcpy-strategy-5.c scan-assembler jmp\\tmemcpy
FAIL: gcc.target/i386/memcpy-strategy-7.c scan-assembler rep movsb
FAIL: gcc.target/i386/memcpy-strategy-9.c scan-assembler rep movsb
FAIL: gcc.target/i386/memset-strategy-5.c scan-assembler jmp\\tmemset
FAIL: gcc.target/i386/memset-strategy-6.c scan-assembler rep stosb
FAIL: gcc.target/i386/memset-strategy-7.c scan-assembler jmp\\tmemset
FAIL: gcc.target/i386/memset-strategy-8.c scan-assembler rep stosb
FAIL: gcc.target/i386/pr34256.c scan-assembler-times mov 5
FAIL: gcc.target/i386/pr57275.c (test for excess errors)
UNRESOLVED: gcc.target/i386/pr57275.c compilation failed to produce executable
FAIL: gcc.target/i386/pr71321.c scan-assembler-not lea.*0
FAIL: gcc.target/i386/pr78035.c scan-assembler-times cmp 2
FAIL: gcc.target/i386/pr85667-10.c scan-assembler-times movq[ \\t]*%r8, .* 1
FAIL: gcc.target/i386/pr85667-10.c scan-assembler-times movq[ \\t]*%r9, .* 1
FAIL: gcc.target/i386/pr85667-10.c scan-assembler-times movq[ \\t]*%rcx, .* 1
FAIL: gcc.target/i386/pr85667-10.c scan-assembler-times movq[ \\t]*%rdx, .* 1
FAIL: gcc.target/i386/pr85667-10.c scan-assembler-times movq[^\\n\\r]*, %rax 1
FAIL: gcc.target/i386/pr92651.c scan-assembler-times sub 2
FAIL: gcc.target/i386/pr96271.c scan-assembler movq\\t%xmm0, %r
FAIL: gcc.target/i386/pr96271.c scan-assembler movq\\t%xmm1, %r
=== gcc Summary for unix/-m64 ===
# of expected passes 152773
# of unexpected failures 59
# of unexpected successes 6
# of expected failures 870
# of unresolved testcases 9
# of unsupported tests 5421
=== gcc Summary ===
# of expected passes 303097
# of unexpected failures 136
# of unexpected successes 18
# of expected failures 1740
# of unresolved testcases 15
# of unsupported tests 11257
/scratch/10-13-mav/gcc-11-wip/gcc/xgcc version 11.2.1 20220414 [gcc-11-3rc1 revision r11-9879-g53254184bda6] (GCC)
=== gdc tests ===
Running target unix/-m32
FAIL: gdc.dg/debug/trivial.d -gstabs+ (test for excess errors)
FAIL: gdc.dg/debug/trivial.d -gstabs+ -O (test for excess errors)
FAIL: gdc.dg/debug/trivial.d -gstabs+ -O3 (test for excess errors)
FAIL: gdc.dg/debug/trivial.d -gstabs+1 (test for excess errors)
FAIL: gdc.dg/debug/trivial.d -gstabs+1 -O (test for excess errors)
FAIL: gdc.dg/debug/trivial.d -gstabs+1 -O3 (test for excess errors)
FAIL: gdc.dg/debug/trivial.d -gstabs+3 (test for excess errors)
FAIL: gdc.dg/debug/trivial.d -gstabs+3 -O (test for excess errors)
FAIL: gdc.dg/debug/trivial.d -gstabs+3 -O3 (test for excess errors)
WARNING: gdc.dg/torture/gdc273.d -O3 (test for excess errors) program timed out.
WARNING: gdc.test/fail_compilation/deprecated6760.d (test for excess errors) program timed out.
WARNING: gdc.test/runnable/inline14560.d -O2 -finline-functions -frelease -g (test for excess errors) program timed out.
WARNING: gdc.test/runnable/sdtor.d -fPIC -finline-functions -frelease -funittest (test for excess errors) program timed out.
WARNING: gdc.test/runnable/test3.d -fPIC -finline-functions -funittest -g -shared-libphobos (test for excess errors) program timed out.
=== gdc Summary for unix/-m32 ===
# of expected passes 9529
# of unexpected failures 9
# of unsupported tests 706
Running target unix/-m64
FAIL: gdc.dg/debug/trivial.d -gstabs+ (test for excess errors)
FAIL: gdc.dg/debug/trivial.d -gstabs+ -O (test for excess errors)
FAIL: gdc.dg/debug/trivial.d -gstabs+ -O3 (test for excess errors)
FAIL: gdc.dg/debug/trivial.d -gstabs+1 (test for excess errors)
FAIL: gdc.dg/debug/trivial.d -gstabs+1 -O (test for excess errors)
FAIL: gdc.dg/debug/trivial.d -gstabs+1 -O3 (test for excess errors)
FAIL: gdc.dg/debug/trivial.d -gstabs+3 (test for excess errors)
FAIL: gdc.dg/debug/trivial.d -gstabs+3 -O (test for excess errors)
FAIL: gdc.dg/debug/trivial.d -gstabs+3 -O3 (test for excess errors)
WARNING: gdc.dg/torture/gdc242b.d -O3 -g (test for excess errors) program timed out.
WARNING: gdc.test/compilable/ddoc9903.d (test for excess errors) program timed out.
WARNING: gdc.test/compilable/test19574.d (test for excess errors) program timed out.
WARNING: gdc.test/fail_compilation/ice15788.d (test for excess errors) program timed out.
WARNING: gdc.test/runnable/test13613.d -shared-libphobos (test for excess errors) program timed out.
WARNING: gdc.test/runnable/test17338.d (test for excess errors) program timed out.
UNRESOLVED: gdc.test/runnable/test17338.d compilation failed to produce executable
WARNING: gdc.test/runnable/test17338.d -shared-libphobos (test for excess errors) program timed out.
UNRESOLVED: gdc.test/runnable/test17338.d -shared-libphobos compilation failed to produce executable
WARNING: gdc.test/runnable/test3.d -O2 -frelease -g -shared-libphobos (test for excess errors) program timed out.
WARNING: gdc.test/runnable/testbounds_safeonly.d -O2 -shared-libphobos (test for excess errors) program timed out.
=== gdc Summary for unix/-m64 ===
# of expected passes 9527
# of unexpected failures 9
# of unresolved testcases 2
# of unsupported tests 706
=== gdc Summary ===
# of expected passes 19056
# of unexpected failures 18
# of unresolved testcases 2
# of unsupported tests 1412
/scratch/10-13-mav/gcc-11-wip/gcc/gdc version 11.2.1 20220414 [gcc-11-3rc1 revision r11-9879-g53254184bda6] (GCC)
=== gfortran tests ===
Running target unix/-m32
=== gfortran Summary for unix/-m32 ===
# of expected passes 56953
# of expected failures 234
# of unsupported tests 216
Running target unix/-m64
=== gfortran Summary for unix/-m64 ===
# of expected passes 57202
# of expected failures 232
# of unsupported tests 101
=== gfortran Summary ===
# of expected passes 114155
# of expected failures 466
# of unsupported tests 317
/scratch/10-13-mav/gcc-11-wip/gcc/gfortran version 11.2.1 20220414 [gcc-11-3rc1 revision r11-9879-g53254184bda6] (GCC)
=== gnat tests ===
Running target unix/-m32
FAIL: gnat.dg/bias1.adb scan-assembler DW_AT_GNU_bias
WARNING: gnat.dg/limited5.adb (test for excess errors) program timed out.
=== gnat Summary for unix/-m32 ===
# of expected passes 3348
# of unexpected failures 1
# of expected failures 23
# of unsupported tests 14
Running target unix/-m64
FAIL: gnat.dg/bias1.adb scan-assembler DW_AT_GNU_bias
WARNING: gnat.dg/late_overriding.adb (test for excess errors) program timed out.
=== gnat Summary for unix/-m64 ===
# of expected passes 3347
# of unexpected failures 1
# of expected failures 23
# of unsupported tests 13
=== gnat Summary ===
# of expected passes 6695
# of unexpected failures 2
# of expected failures 46
# of unsupported tests 27
/scratch/10-13-mav/gcc-11-wip/gcc/gnatmake version 11.2.1 20220414 [gcc-11-3rc1 revision r11-9879-g53254184bda6]
=== jit tests ===
Running target unix/-m32
=== jit Summary for unix/-m32 ===
Running target unix/-m64
=== jit Summary for unix/-m64 ===
# of expected passes 12014
=== jit Summary ===
# of expected passes 12014
=== obj-c++ tests ===
Running target unix/-m64
=== obj-c++ Summary for unix/-m64 ===
# of expected passes 3155
# of expected failures 22
# of unsupported tests 68
Running target unix/-m32
=== obj-c++ Summary for unix/-m32 ===
# of expected passes 3193
# of expected failures 4
# of unsupported tests 64
=== obj-c++ Summary ===
# of expected passes 6348
# of expected failures 26
# of unsupported tests 132
/scratch/10-13-mav/gcc-11-wip/gcc/xg++ version 11.2.1 20220414 [gcc-11-3rc1 revision r11-9879-g53254184bda6] (GCC)
=== objc tests ===
Running target unix/-m32
=== objc Summary for unix/-m32 ===
# of expected passes 5740
# of expected failures 6
# of unsupported tests 79
Running target unix/-m64
=== objc Summary for unix/-m64 ===
# of expected passes 5712
# of expected failures 12
# of unsupported tests 84
=== objc Summary ===
# of expected passes 11452
# of expected failures 18
# of unsupported tests 163
/scratch/10-13-mav/gcc-11-wip/gcc/xgcc version 11.2.1 20220414 [gcc-11-3rc1 revision r11-9879-g53254184bda6] (GCC)
=== libatomic tests ===
Running target unix/-m64
=== libatomic Summary for unix/-m64 ===
# of expected passes 54
Running target unix/-m32
=== libatomic Summary for unix/-m32 ===
# of expected passes 44
# of unsupported tests 5
=== libatomic Summary ===
# of expected passes 98
# of unsupported tests 5
=== libgomp tests ===
Running target unix/-m64
FAIL: libgomp.c/pr95620.c (test for excess errors)
=== libgomp Summary for unix/-m64 ===
# of expected passes 8328
# of unexpected failures 1
# of expected failures 6
# of unsupported tests 613
Running target unix/-m32
=== libgomp Summary for unix/-m32 ===
# of expected passes 8328
# of expected failures 6
# of unsupported tests 614
=== libgomp Summary ===
# of expected passes 16656
# of unexpected failures 1
# of expected failures 12
# of unsupported tests 1227
=== libitm tests ===
Running target unix/-m64
=== libitm Summary for unix/-m64 ===
# of expected passes 42
# of expected failures 3
# of unsupported tests 2
Running target unix/-m32
=== libitm Summary for unix/-m32 ===
# of expected passes 42
# of expected failures 3
# of unsupported tests 2
=== libitm Summary ===
# of expected passes 84
# of expected failures 6
# of unsupported tests 4
=== libphobos tests ===
Running target unix/-m32
FAIL: libphobos.allocations/tls_gc_integration.d execution test
FAIL: libphobos.druntime/core/thread/fiber.d execution test
FAIL: libphobos.druntime/core/thread/osthread.d execution test
FAIL: libphobos.druntime/core/thread/threadbase.d execution test
FAIL: libphobos.druntime/core/time.d execution test
FAIL: libphobos.druntime/rt/monitor_.d execution test
=== libphobos Summary for unix/-m32 ===
# of expected passes 175
# of unexpected failures 6
# of unsupported tests 1
Running target unix/-m64
FAIL: libphobos.allocations/tls_gc_integration.d execution test
FAIL: libphobos.druntime/core/thread/fiber.d execution test
FAIL: libphobos.druntime/core/thread/osthread.d execution test
FAIL: libphobos.druntime/core/thread/threadbase.d execution test
FAIL: libphobos.druntime/core/time.d execution test
FAIL: libphobos.druntime/rt/monitor_.d execution test
=== libphobos Summary for unix/-m64 ===
# of expected passes 175
# of unexpected failures 6
# of unsupported tests 1
=== libphobos Summary ===
# of expected passes 350
# of unexpected failures 12
# of unsupported tests 2
=== libstdc++ tests ===
Running target unix/-m32
WARNING: 30_threads/future/members/93456.cc execution test program timed out.
FAIL: 30_threads/future/members/93456.cc execution test
FAIL: 30_threads/future/members/poll.cc execution test
FAIL: std/ranges/access/ssize.cc (test for excess errors)
UNRESOLVED: std/ranges/access/ssize.cc compilation failed to produce executable
=== libstdc++ Summary for unix/-m32 ===
# of expected passes 13888
# of unexpected failures 3
# of expected failures 124
# of unresolved testcases 1
# of unsupported tests 761
Running target unix/-m64
WARNING: 30_threads/condition_variable/54185.cc execution test program timed out.
FAIL: 30_threads/condition_variable/54185.cc execution test
FAIL: 30_threads/future/members/poll.cc execution test
=== libstdc++ Summary for unix/-m64 ===
# of expected passes 13884
# of unexpected failures 2
# of expected failures 124
# of unsupported tests 764
=== libstdc++ Summary ===
# of expected passes 27772
# of unexpected failures 5
# of expected failures 248
# of unresolved testcases 1
# of unsupported tests 1525
Compiler version: 11.2.1 20220414 [gcc-11-3rc1 revision r11-9879-g53254184bda6] (GCC)
Platform: x86_64-apple-darwin13
configure flags: --prefix=/opt/iains/x86_64-apple-darwin13/gcc-11-3rc1 --build=x86_64-apple-darwin13 --with-sysroot=/Library/Developer/CommandLineTools/SDKs/MacOSX.sdk --with-cpu=corei7 --enable-languages=all CC=x86_64-apple-darwin13-gcc CXX=x86_64-apple-darwin13-g++ --enable-libphobos --with-libphobos-druntime-only
More information about the Gcc-testresults
mailing list