Results for 11.2.0 (GCC) testsuite on x86_64-pc-linux-gnu

Hanot Marien hanotm@muse-login.meso.umontpellier.fr
Thu Apr 7 08:12:19 GMT 2022


LAST_UPDATED: Obtained from git: releases/gcc-11.2.0 revision 7ca388565af176bd4efd4f8db1e5e9e11e98ef45

Native configuration is x86_64-pc-linux-gnu

		=== gcc tests ===


Running target unix
FAIL: gcc.c-torture/execute/fprintf-2.c   -O3 -g  (test for excess errors)
FAIL: gcc.c-torture/execute/printf-2.c   -O3 -g  (test for excess errors)
FAIL: gcc.c-torture/execute/user-printf.c   -O3 -g  (test for excess errors)
FAIL: gcc.dg/tree-prof/time-profiler-2.c scan-ipa-dump-times profile "Read tp_first_run: 0" 2
FAIL: gcc.dg/tree-prof/time-profiler-2.c scan-ipa-dump-times profile "Read tp_first_run: 1" 1
FAIL: gcc.misc-tests/gcov-pr86536.c line 15: is #####:should be 1
FAIL: gcc.misc-tests/gcov-pr86536.c line 18: is #####:should be 1
FAIL: gcc.misc-tests/gcov-pr86536.c line 21: is 1:should be 2
FAIL: gcc.misc-tests/gcov-pr86536.c line 22: is 1:should be 2
FAIL: gcc.misc-tests/gcov-pr86536.c line 19: expected return percentages not found: 200
FAIL: gcc.misc-tests/gcov-pr86536.c gcov: 4 failures in line counts, 0 in branch percentages, 1 in return percentages, 0 in intermediate format

		=== gcc Summary ===

# of expected passes		160352
# of unexpected failures	11
# of expected failures		862
# of unsupported tests		2509
/lustre/hanotm/gcc-build/gcc/xgcc  version 11.2.0 (GCC) 

		=== gfortran tests ===


Running target unix
FAIL: gfortran.dg/dec_io_1.f90   -O0  execution test
FAIL: gfortran.dg/dec_io_1.f90   -O1  execution test
FAIL: gfortran.dg/dec_io_1.f90   -O2  execution test
FAIL: gfortran.dg/dec_io_1.f90   -O3 -fomit-frame-pointer -funroll-loops -fpeel-loops -ftracer -finline-functions  execution test
FAIL: gfortran.dg/dec_io_1.f90   -O3 -g  execution test
FAIL: gfortran.dg/dec_io_1.f90   -Os  execution test

		=== gfortran Summary ===

# of expected passes		56796
# of unexpected failures	6
# of expected failures		232
# of unsupported tests		102
/lustre/hanotm/gcc-build/gcc/gfortran  version 11.2.0 (GCC) 

		=== g++ tests ===


Running target unix
FAIL: g++.dg/modules/alias-1_b.C -std=c++17 (test for excess errors)
FAIL: g++.dg/modules/alias-1_b.C -std=c++17  scan-lang-dump-times module "CMI is " 1
FAIL: g++.dg/modules/alias-1_d.C -std=c++17 (test for excess errors)
FAIL: g++.dg/modules/alias-1_d.C module-cmi kevin (gcm.cache/kevin.gcm)
FAIL: g++.dg/modules/alias-1_e.C -std=c++17 (test for excess errors)
FAIL: g++.dg/modules/alias-1_f.C -std=c++17 (test for excess errors)
FAIL: g++.dg/modules/alias-1_b.C -std=c++2a (test for excess errors)
FAIL: g++.dg/modules/alias-1_b.C -std=c++2a  scan-lang-dump-times module "CMI is " 1
FAIL: g++.dg/modules/alias-1_d.C -std=c++2a (test for excess errors)
FAIL: g++.dg/modules/alias-1_d.C module-cmi kevin (gcm.cache/kevin.gcm)
FAIL: g++.dg/modules/alias-1_e.C -std=c++2a (test for excess errors)
FAIL: g++.dg/modules/alias-1_f.C -std=c++2a (test for excess errors)
FAIL: g++.dg/modules/alias-1_b.C -std=c++2b (test for excess errors)
FAIL: g++.dg/modules/alias-1_b.C -std=c++2b  scan-lang-dump-times module "CMI is " 1
FAIL: g++.dg/modules/alias-1_d.C -std=c++2b (test for excess errors)
FAIL: g++.dg/modules/alias-1_d.C module-cmi kevin (gcm.cache/kevin.gcm)
FAIL: g++.dg/modules/alias-1_e.C -std=c++2b (test for excess errors)
FAIL: g++.dg/modules/alias-1_f.C -std=c++2b (test for excess errors)
FAIL: g++.dg/modules/cpp-6_c.C -std=c++17 (test for excess errors)
UNRESOLVED: g++.dg/modules/cpp-6_c.C -std=c++17  scan-file ONE bibity bobity\\\\n
UNRESOLVED: g++.dg/modules/cpp-6_c.C -std=c++17  scan-file TWO cpp-6_b.H bobity\\\\n
UNRESOLVED: g++.dg/modules/cpp-6_c.C -std=c++17  scan-file THREE cpp-6_b.H cpp-6_b\\\\n
UNRESOLVED: g++.dg/modules/cpp-6_c.C -std=c++17  scan-file FOUR cpp-6_b.H cpp-6_b\\\\n
FAIL: g++.dg/modules/cpp-6_c.C -std=c++2a (test for excess errors)
UNRESOLVED: g++.dg/modules/cpp-6_c.C -std=c++2a  scan-file ONE bibity bobity\\\\n
UNRESOLVED: g++.dg/modules/cpp-6_c.C -std=c++2a  scan-file TWO cpp-6_b.H bobity\\\\n
UNRESOLVED: g++.dg/modules/cpp-6_c.C -std=c++2a  scan-file THREE cpp-6_b.H cpp-6_b\\\\n
UNRESOLVED: g++.dg/modules/cpp-6_c.C -std=c++2a  scan-file FOUR cpp-6_b.H cpp-6_b\\\\n
FAIL: g++.dg/modules/cpp-6_c.C -std=c++2b (test for excess errors)
UNRESOLVED: g++.dg/modules/cpp-6_c.C -std=c++2b  scan-file ONE bibity bobity\\\\n
UNRESOLVED: g++.dg/modules/cpp-6_c.C -std=c++2b  scan-file TWO cpp-6_b.H bobity\\\\n
UNRESOLVED: g++.dg/modules/cpp-6_c.C -std=c++2b  scan-file THREE cpp-6_b.H cpp-6_b\\\\n
UNRESOLVED: g++.dg/modules/cpp-6_c.C -std=c++2b  scan-file FOUR cpp-6_b.H cpp-6_b\\\\n
FAIL: g++.dg/modules/dir-only-2_b.C -std=c++17 (test for excess errors)
UNRESOLVED: g++.dg/modules/dir-only-2_b.C -std=c++17  scan-file // a comment\\\\nmodule ;\\\\nfrob
UNRESOLVED: g++.dg/modules/dir-only-2_b.C -std=c++17  scan-file frob\\\\nexport\\\\nimport  foo;\\\\nimport 7;
UNRESOLVED: g++.dg/modules/dir-only-2_b.C -std=c++17  scan-file import  "[^\\\\n]*/dir-only-2_a.H";\\\\nimport  "[^\\\\n]*/dir-only-2_a.H";\\\\nX
UNRESOLVED: g++.dg/modules/dir-only-2_b.C -std=c++17  scan-file export  module  bob;\\\\n\\\\nexport  import  q;
UNRESOLVED: g++.dg/modules/dir-only-2_b.C -std=c++17  scan-file import  sing;\\\\n\\\\n\\\\n// comment
FAIL: g++.dg/modules/dir-only-2_b.C -std=c++2a (test for excess errors)
UNRESOLVED: g++.dg/modules/dir-only-2_b.C -std=c++2a  scan-file // a comment\\\\nmodule ;\\\\nfrob
UNRESOLVED: g++.dg/modules/dir-only-2_b.C -std=c++2a  scan-file frob\\\\nexport\\\\nimport  foo;\\\\nimport 7;
UNRESOLVED: g++.dg/modules/dir-only-2_b.C -std=c++2a  scan-file import  "[^\\\\n]*/dir-only-2_a.H";\\\\nimport  "[^\\\\n]*/dir-only-2_a.H";\\\\nX
UNRESOLVED: g++.dg/modules/dir-only-2_b.C -std=c++2a  scan-file export  module  bob;\\\\n\\\\nexport  import  q;
UNRESOLVED: g++.dg/modules/dir-only-2_b.C -std=c++2a  scan-file import  sing;\\\\n\\\\n\\\\n// comment
FAIL: g++.dg/modules/dir-only-2_b.C -std=c++2b (test for excess errors)
UNRESOLVED: g++.dg/modules/dir-only-2_b.C -std=c++2b  scan-file // a comment\\\\nmodule ;\\\\nfrob
UNRESOLVED: g++.dg/modules/dir-only-2_b.C -std=c++2b  scan-file frob\\\\nexport\\\\nimport  foo;\\\\nimport 7;
UNRESOLVED: g++.dg/modules/dir-only-2_b.C -std=c++2b  scan-file import  "[^\\\\n]*/dir-only-2_a.H";\\\\nimport  "[^\\\\n]*/dir-only-2_a.H";\\\\nX
UNRESOLVED: g++.dg/modules/dir-only-2_b.C -std=c++2b  scan-file export  module  bob;\\\\n\\\\nexport  import  q;
UNRESOLVED: g++.dg/modules/dir-only-2_b.C -std=c++2b  scan-file import  sing;\\\\n\\\\n\\\\n// comment
FAIL: g++.dg/tls/thread_local-order2.C  -std=c++14 execution test
FAIL: g++.dg/tls/thread_local-order2.C  -std=c++17 execution test
FAIL: g++.dg/tls/thread_local-order2.C  -std=c++2a execution test

		=== g++ Summary ===

# of expected passes		208337
# of unexpected failures	27
# of expected failures		1073
# of unresolved testcases	27
# of unsupported tests		9121
/lustre/hanotm/gcc-build/gcc/xg++  version 11.2.0 (GCC) 

		=== objc tests ===


Running target unix

		=== objc Summary ===

# of expected passes		2820
# of expected failures		6
# of unsupported tests		68
/lustre/hanotm/gcc-build/gcc/xgcc  version 11.2.0 (GCC) 

		=== libatomic tests ===


Running target unix

		=== libatomic Summary ===

# of expected passes		54
		=== libgomp tests ===


Running target unix

		=== libgomp Summary ===

# of expected passes		8492
# of expected failures		6
# of unsupported tests		532
		=== libitm tests ===


Running target unix

		=== libitm Summary ===

# of expected passes		44
# of expected failures		3
# of unsupported tests		1
		=== libstdc++ tests ===


Running target unix

		=== libstdc++ Summary ===

# of expected passes		14870
# of expected failures		104
# of unsupported tests		386

Compiler version: 11.2.0 (GCC) 
Platform: x86_64-pc-linux-gnu
configure flags: --prefix=/home/hanotm/work_hdc3d-stokes/.gcc --disable-multilib


More information about the Gcc-testresults mailing list