Results for 12.0.1 20220405 (experimental) (GCC) testsuite on loongarch64-unknown-linux-gnu
Xi Ruoyao
xry111@mengyan1223.wang
Wed Apr 6 02:10:39 GMT 2022
Native configuration is loongarch64-unknown-linux-gnu
=== gcc tests ===
Running target unix
FAIL: gcc.dg/Warray-bounds-48.c pr102706 (test for warnings, line 33)
FAIL: gcc.dg/Warray-bounds-48.c pr102706 (test for warnings, line 133)
FAIL: gcc.dg/Wzero-length-array-bounds-2.c (test for excess errors)
XPASS: gcc.dg/attr-alloc_size-11.c missing range info for signed char (test for warnings, line 50)
XPASS: gcc.dg/attr-alloc_size-11.c missing range info for short (test for warnings, line 51)
FAIL: gcc.dg/builtin-apply2.c execution test
FAIL: gcc.dg/stack-usage-1.c scan-stack-usage foo\\t(256|264)\\tstatic
XPASS: gcc.dg/uninit-pred-7_a.c bogus warning (test for bogus messages, line 26)
FAIL: gcc.dg/uninit-pred-9_b.c bogus warning (test for bogus messages, line 20)
XPASS: gcc.dg/tree-ssa/20040204-1.c scan-tree-dump-times optimized "link_error" 0
FAIL: gcc.dg/tree-ssa/ssa-dom-cse-2.c scan-tree-dump optimized "return 28;"
=== gcc Summary ===
# of expected passes 133845
# of unexpected failures 7
# of unexpected successes 4
# of expected failures 1019
# of unsupported tests 2260
/home/xry111/git-repos/gcc-build/gcc/xgcc version 12.0.1 20220405 (experimental) (GCC)
=== gfortran tests ===
Running target unix
FAIL: gfortran.dg/bind_c_array_params_2.f90 -O scan-assembler-times [ \\t][\$,_0-9]*myBindC 1
FAIL: gfortran.dg/pr95690.f90 -O (test for errors, line 6)
FAIL: gfortran.dg/pr95690.f90 -O (test for excess errors)
FAIL: gfortran.dg/unlimited_polymorphic_3.f03 -Os execution test
FAIL: gfortran.dg/vector_subscript_1.f90 -O1 execution test
FAIL: gfortran.dg/vector_subscript_1.f90 -O2 execution test
FAIL: gfortran.dg/vector_subscript_1.f90 -O3 -fomit-frame-pointer -funroll-loops -fpeel-loops -ftracer -finline-functions execution test
FAIL: gfortran.dg/vector_subscript_1.f90 -O3 -g execution test
FAIL: gfortran.dg/vector_subscript_1.f90 -Os execution test
=== gfortran Summary ===
# of expected passes 65021
# of unexpected failures 9
# of expected failures 272
# of unsupported tests 181
/home/xry111/git-repos/gcc-build/gcc/gfortran version 12.0.1 20220405 (experimental) (GCC)
=== g++ tests ===
Running target unix
FAIL: tmpdir-g++.dg-struct-layout-1/t033 cp_compat_x_tst.o-cp_compat_y_tst.o execute
FAIL: g++.dg/tree-ssa/pr90883.C scan-tree-dump dse1 "Deleted redundant store: .*.a = {}"
FAIL: g++.dg/warn/Waddress-5.C -std=gnu++98 (test for excess errors)
FAIL: g++.dg/warn/Waddress-5.C -std=gnu++14 (test for excess errors)
FAIL: g++.dg/warn/Waddress-5.C -std=gnu++17 (test for excess errors)
FAIL: g++.dg/warn/Waddress-5.C -std=gnu++20 (test for excess errors)
FAIL: g++.dg/lto/pr64076 cp_lto_pr64076_0.o-cp_lto_pr64076_1.o link, -O0 -flto -shared -fPIC
FAIL: g++.dg/modules/bad-mapper-3.C -std=c++17 at line 3 (test for errors, line )
FAIL: g++.dg/modules/bad-mapper-3.C -std=c++17 (test for excess errors)
FAIL: g++.dg/modules/bad-mapper-3.C -std=c++2a at line 3 (test for errors, line )
FAIL: g++.dg/modules/bad-mapper-3.C -std=c++2a (test for excess errors)
FAIL: g++.dg/modules/bad-mapper-3.C -std=c++2b at line 3 (test for errors, line )
FAIL: g++.dg/modules/bad-mapper-3.C -std=c++2b (test for excess errors)
=== g++ Summary ===
# of expected passes 218988
# of unexpected failures 13
# of expected failures 1946
# of unsupported tests 9955
/home/xry111/git-repos/gcc-build/gcc/xg++ version 12.0.1 20220405 (experimental) (GCC)
=== objc tests ===
Running target unix
=== objc Summary ===
# of expected passes 2846
# of unsupported tests 71
/home/xry111/git-repos/gcc-build/gcc/xgcc version 12.0.1 20220405 (experimental) (GCC)
=== libatomic tests ===
Running target unix
=== libatomic Summary ===
# of expected passes 54
=== libgomp tests ===
Running target unix
=== libgomp Summary ===
# of expected passes 13688
# of expected failures 213
# of unsupported tests 635
=== libstdc++ tests ===
Running target unix
=== libstdc++ Summary ===
# of expected passes 14961
# of expected failures 95
# of unsupported tests 403
Compiler version: 12.0.1 20220405 (experimental) (GCC)
Platform: loongarch64-unknown-linux-gnu
configure flags: --prefix=/home/xry111/gcc-r12-8003 --disable-multilib --with-system-zlib --disable-bootstrap
--
Xi Ruoyao <xry111@mengyan1223.wang>
School of Aerospace Science and Technology, Xidian University
More information about the Gcc-testresults
mailing list