Results for 12.0.1 20220405 (experimental) [master 5e09bb1b2e7] (GCC) testsuite on aarch64-suse-linux-gnu
Andreas Schwab
schwab@suse.de
Tue Apr 5 06:55:04 GMT 2022
LAST_UPDATED: Tue Apr 5 02:01:26 UTC 2022 (revision 5e09bb1b2e7)
Native configuration is aarch64-suse-linux-gnu
=== libatomic tests ===
Running target unix/-mabi=lp64
=== libatomic Summary ===
# of expected passes 54
=== libffi tests ===
Running target unix/-mabi=lp64
=== libffi Summary ===
# of expected passes 1574
=== libgo tests ===
Running target unix
FAIL: net
FAIL: runtime/pprof
=== libgo Summary ===
# of expected passes 194
# of unexpected failures 2
/opt/gcc/gcc-20220405/Build/./gcc/gccgo version 12.0.1 20220405 (experimental) [master 5e09bb1b2e7] (GCC)
=== libgomp tests ===
Running target unix/-mabi=lp64
=== libgomp Summary ===
# of expected passes 13690
# of expected failures 213
# of unsupported tests 628
=== libitm tests ===
Running target unix/-mabi=lp64
=== libitm Summary ===
# of expected passes 44
# of expected failures 3
# of unsupported tests 1
=== libphobos tests ===
Running target unix/-mabi=lp64
FAIL: libphobos.exceptions/rt_trap_exceptions.d output pattern test
FAIL: libphobos.lifetime/large_aggregate_destroy_21097.d (test for excess errors)
UNRESOLVED: libphobos.lifetime/large_aggregate_destroy_21097.d compilation failed to produce executable
WARNING: libphobos.phobos/std/algorithm/iteration.d (test for excess errors) program timed out.
FAIL: libphobos.phobos/std/algorithm/iteration.d (test for excess errors)
UNRESOLVED: libphobos.phobos/std/algorithm/iteration.d compilation failed to produce executable
WARNING: libphobos.phobos/std/algorithm/searching.d (test for excess errors) program timed out.
FAIL: libphobos.phobos/std/algorithm/searching.d (test for excess errors)
UNRESOLVED: libphobos.phobos/std/algorithm/searching.d compilation failed to produce executable
WARNING: libphobos.phobos/std/array.d (test for excess errors) program timed out.
FAIL: libphobos.phobos/std/array.d (test for excess errors)
UNRESOLVED: libphobos.phobos/std/array.d compilation failed to produce executable
FAIL: libphobos.phobos/std/complex.d execution test
WARNING: libphobos.phobos/std/container/rbtree.d (test for excess errors) program timed out.
FAIL: libphobos.phobos/std/container/rbtree.d (test for excess errors)
UNRESOLVED: libphobos.phobos/std/container/rbtree.d compilation failed to produce executable
WARNING: libphobos.phobos/std/conv.d (test for excess errors) program timed out.
FAIL: libphobos.phobos/std/conv.d (test for excess errors)
UNRESOLVED: libphobos.phobos/std/conv.d compilation failed to produce executable
WARNING: libphobos.phobos/std/datetime/date.d (test for excess errors) program timed out.
FAIL: libphobos.phobos/std/datetime/date.d (test for excess errors)
UNRESOLVED: libphobos.phobos/std/datetime/date.d compilation failed to produce executable
FAIL: libphobos.phobos/std/format/internal/floats.d (test for excess errors)
FAIL: libphobos.phobos/std/format/internal/floats.d execution test
FAIL: libphobos.phobos/std/format/internal/write.d execution test
FAIL: libphobos.phobos/std/internal/math/gammafunction.d execution test
FAIL: libphobos.phobos/std/math/algebraic.d execution test
FAIL: libphobos.phobos/std/math/hardware.d execution test
FAIL: libphobos.phobos/std/math/trigonometry.d execution test
FAIL: libphobos.phobos/std/numeric.d execution test
WARNING: libphobos.phobos/std/range/package.d (test for excess errors) program timed out.
FAIL: libphobos.phobos/std/range/package.d (test for excess errors)
UNRESOLVED: libphobos.phobos/std/range/package.d compilation failed to produce executable
WARNING: libphobos.phobos/std/string.d (test for excess errors) program timed out.
FAIL: libphobos.phobos/std/string.d (test for excess errors)
UNRESOLVED: libphobos.phobos/std/string.d compilation failed to produce executable
WARNING: libphobos.phobos/std/typecons.d (test for excess errors) program timed out.
FAIL: libphobos.phobos/std/typecons.d (test for excess errors)
UNRESOLVED: libphobos.phobos/std/typecons.d compilation failed to produce executable
WARNING: libphobos.phobos/std/uni/package.d (test for excess errors) program timed out.
FAIL: libphobos.phobos/std/uni/package.d (test for excess errors)
UNRESOLVED: libphobos.phobos/std/uni/package.d compilation failed to produce executable
WARNING: libphobos.phobos_shared/std/algorithm/iteration.d (test for excess errors) program timed out.
FAIL: libphobos.phobos_shared/std/algorithm/iteration.d (test for excess errors)
UNRESOLVED: libphobos.phobos_shared/std/algorithm/iteration.d compilation failed to produce executable
WARNING: libphobos.phobos_shared/std/algorithm/searching.d (test for excess errors) program timed out.
FAIL: libphobos.phobos_shared/std/algorithm/searching.d (test for excess errors)
UNRESOLVED: libphobos.phobos_shared/std/algorithm/searching.d compilation failed to produce executable
WARNING: libphobos.phobos_shared/std/array.d (test for excess errors) program timed out.
FAIL: libphobos.phobos_shared/std/array.d (test for excess errors)
UNRESOLVED: libphobos.phobos_shared/std/array.d compilation failed to produce executable
FAIL: libphobos.phobos_shared/std/complex.d execution test
WARNING: libphobos.phobos_shared/std/container/rbtree.d (test for excess errors) program timed out.
FAIL: libphobos.phobos_shared/std/container/rbtree.d (test for excess errors)
UNRESOLVED: libphobos.phobos_shared/std/container/rbtree.d compilation failed to produce executable
WARNING: libphobos.phobos_shared/std/conv.d (test for excess errors) program timed out.
FAIL: libphobos.phobos_shared/std/conv.d (test for excess errors)
UNRESOLVED: libphobos.phobos_shared/std/conv.d compilation failed to produce executable
WARNING: libphobos.phobos_shared/std/datetime/date.d (test for excess errors) program timed out.
FAIL: libphobos.phobos_shared/std/datetime/date.d (test for excess errors)
UNRESOLVED: libphobos.phobos_shared/std/datetime/date.d compilation failed to produce executable
WARNING: libphobos.phobos_shared/std/datetime/systime.d (test for excess errors) program timed out.
FAIL: libphobos.phobos_shared/std/datetime/systime.d (test for excess errors)
UNRESOLVED: libphobos.phobos_shared/std/datetime/systime.d compilation failed to produce executable
FAIL: libphobos.phobos_shared/std/format/internal/floats.d (test for excess errors)
FAIL: libphobos.phobos_shared/std/format/internal/floats.d execution test
FAIL: libphobos.phobos_shared/std/format/internal/write.d execution test
FAIL: libphobos.phobos_shared/std/internal/math/gammafunction.d execution test
FAIL: libphobos.phobos_shared/std/math/algebraic.d execution test
FAIL: libphobos.phobos_shared/std/math/hardware.d execution test
FAIL: libphobos.phobos_shared/std/math/trigonometry.d execution test
FAIL: libphobos.phobos_shared/std/numeric.d execution test
WARNING: libphobos.phobos_shared/std/range/package.d (test for excess errors) program timed out.
FAIL: libphobos.phobos_shared/std/range/package.d (test for excess errors)
UNRESOLVED: libphobos.phobos_shared/std/range/package.d compilation failed to produce executable
WARNING: libphobos.phobos_shared/std/range/primitives.d (test for excess errors) program timed out.
FAIL: libphobos.phobos_shared/std/range/primitives.d (test for excess errors)
UNRESOLVED: libphobos.phobos_shared/std/range/primitives.d compilation failed to produce executable
WARNING: libphobos.phobos_shared/std/string.d (test for excess errors) program timed out.
FAIL: libphobos.phobos_shared/std/string.d (test for excess errors)
UNRESOLVED: libphobos.phobos_shared/std/string.d compilation failed to produce executable
WARNING: libphobos.phobos_shared/std/typecons.d (test for excess errors) program timed out.
FAIL: libphobos.phobos_shared/std/typecons.d (test for excess errors)
UNRESOLVED: libphobos.phobos_shared/std/typecons.d compilation failed to produce executable
WARNING: libphobos.phobos_shared/std/uni/package.d (test for excess errors) program timed out.
FAIL: libphobos.phobos_shared/std/uni/package.d (test for excess errors)
UNRESOLVED: libphobos.phobos_shared/std/uni/package.d compilation failed to produce executable
=== libphobos Summary ===
# of expected passes 1036
# of unexpected failures 42
# of unresolved testcases 23
# of unsupported tests 2
=== libstdc++ tests ===
Running target unix/-mabi=lp64
=== libstdc++ Summary ===
# of expected passes 15807
# of expected failures 95
# of unsupported tests 397
=== acats tests ===
=== acats Summary ===
# of expected passes 2328
# of unexpected failures 0
=== g++ tests ===
Running target unix/-mabi=lp64
FAIL: g++.dg/warn/Waddress-5.C -std=gnu++98 (test for excess errors)
FAIL: g++.dg/warn/Waddress-5.C -std=gnu++14 (test for excess errors)
FAIL: g++.dg/warn/Waddress-5.C -std=gnu++17 (test for excess errors)
FAIL: g++.dg/warn/Waddress-5.C -std=gnu++20 (test for excess errors)
FAIL: g++.dg/gomp/attrs-10.C -std=gnu++14 at line 58 (test for warnings, line 57)
FAIL: g++.dg/gomp/attrs-10.C -std=gnu++14 at line 81 (test for warnings, line 79)
FAIL: g++.dg/gomp/attrs-10.C -std=gnu++14 at line 127 (test for warnings, line 125)
FAIL: g++.dg/gomp/attrs-10.C -std=gnu++14 (test for excess errors)
FAIL: g++.dg/gomp/attrs-10.C -std=gnu++17 at line 58 (test for warnings, line 57)
FAIL: g++.dg/gomp/attrs-10.C -std=gnu++17 at line 81 (test for warnings, line 79)
FAIL: g++.dg/gomp/attrs-10.C -std=gnu++17 at line 127 (test for warnings, line 125)
FAIL: g++.dg/gomp/attrs-10.C -std=gnu++17 (test for excess errors)
FAIL: g++.dg/gomp/attrs-10.C -std=gnu++20 at line 58 (test for warnings, line 57)
FAIL: g++.dg/gomp/attrs-10.C -std=gnu++20 at line 81 (test for warnings, line 79)
FAIL: g++.dg/gomp/attrs-10.C -std=gnu++20 at line 127 (test for warnings, line 125)
FAIL: g++.dg/gomp/attrs-10.C -std=gnu++20 (test for excess errors)
FAIL: g++.dg/gomp/declare-simd-8.C -std=c++98 (test for excess errors)
FAIL: g++.dg/gomp/declare-simd-8.C -std=c++14 (test for excess errors)
FAIL: g++.dg/gomp/declare-simd-8.C -std=c++17 (test for excess errors)
FAIL: g++.dg/gomp/declare-simd-8.C -std=c++20 (test for excess errors)
FAIL: c-c++-common/hwasan/alloca-gets-different-tag.c -O2 -flto -fuse-linker-plugin -fno-fat-lto-objects execution test
FAIL: c-c++-common/hwasan/alloca-outside-caught.c -O2 -flto -fuse-linker-plugin -fno-fat-lto-objects output pattern test
FAIL: c-c++-common/hwasan/heap-overflow.c -O0 output pattern test
FAIL: c-c++-common/hwasan/heap-overflow.c -O1 output pattern test
FAIL: c-c++-common/hwasan/heap-overflow.c -O2 output pattern test
FAIL: c-c++-common/hwasan/heap-overflow.c -O3 -g output pattern test
FAIL: c-c++-common/hwasan/heap-overflow.c -Os output pattern test
FAIL: c-c++-common/hwasan/heap-overflow.c -O2 -flto -fno-use-linker-plugin -flto-partition=none output pattern test
FAIL: c-c++-common/hwasan/heap-overflow.c -O2 -flto -fuse-linker-plugin -fno-fat-lto-objects output pattern test
FAIL: c-c++-common/hwasan/hwasan-thread-access-parent.c -O0 output pattern test
FAIL: c-c++-common/hwasan/hwasan-thread-access-parent.c -O1 output pattern test
FAIL: c-c++-common/hwasan/hwasan-thread-access-parent.c -O2 output pattern test
FAIL: c-c++-common/hwasan/hwasan-thread-access-parent.c -O3 -g output pattern test
FAIL: c-c++-common/hwasan/hwasan-thread-access-parent.c -Os output pattern test
FAIL: c-c++-common/hwasan/hwasan-thread-access-parent.c -O2 -flto -fno-use-linker-plugin -flto-partition=none output pattern test
FAIL: c-c++-common/hwasan/hwasan-thread-access-parent.c -O2 -flto -fuse-linker-plugin -fno-fat-lto-objects output pattern test
FAIL: c-c++-common/hwasan/stack-tagging-basic-1.c -O2 output pattern test
FAIL: c-c++-common/hwasan/stack-tagging-basic-1.c -O3 -g output pattern test
FAIL: c-c++-common/hwasan/stack-tagging-basic-1.c -Os output pattern test
FAIL: c-c++-common/hwasan/stack-tagging-basic-1.c -O2 -flto -fno-use-linker-plugin -flto-partition=none output pattern test
FAIL: c-c++-common/hwasan/stack-tagging-basic-1.c -O2 -flto -fuse-linker-plugin -fno-fat-lto-objects output pattern test
=== g++ Summary ===
# of expected passes 339393
# of unexpected failures 41
# of expected failures 3088
# of unsupported tests 10375
/opt/gcc/gcc-20220405/Build/gcc/xg++ version 12.0.1 20220405 (experimental) [master 5e09bb1b2e7] (GCC)
=== gcc tests ===
Running target unix/-mabi=lp64
XPASS: gcc.dg/guality/pr36728-1.c -O2 -flto -fuse-linker-plugin -fno-fat-lto-objects -DPREVENT_OPTIMIZATION line 16 y == 2
XPASS: gcc.dg/guality/pr36728-3.c -O3 -g -DPREVENT_OPTIMIZATION line 14 y == 2
XPASS: gcc.dg/guality/pr68860-1.c -O2 -DPREVENT_OPTIMIZATION line 14 y == 2
XPASS: gcc.dg/guality/pr68860-1.c -O3 -g -DPREVENT_OPTIMIZATION line 14 y == 2
XPASS: gcc.dg/guality/pr68860-2.c -O3 -g -DPREVENT_OPTIMIZATION line 14 y == 2
FAIL: gcc.dg/guality/sra-1.c -O2 -flto -fuse-linker-plugin -fno-fat-lto-objects -DPREVENT_OPTIMIZATION line 43 a.i == 4
FAIL: c-c++-common/hwasan/alloca-gets-different-tag.c -O2 -flto -fuse-linker-plugin -fno-fat-lto-objects execution test
FAIL: c-c++-common/hwasan/alloca-outside-caught.c -O2 -flto -fuse-linker-plugin -fno-fat-lto-objects output pattern test
FAIL: c-c++-common/hwasan/heap-overflow.c -O0 output pattern test
FAIL: c-c++-common/hwasan/heap-overflow.c -O1 output pattern test
FAIL: c-c++-common/hwasan/heap-overflow.c -O2 output pattern test
FAIL: c-c++-common/hwasan/heap-overflow.c -O3 -g output pattern test
FAIL: c-c++-common/hwasan/heap-overflow.c -Os output pattern test
FAIL: c-c++-common/hwasan/heap-overflow.c -O2 -flto -fno-use-linker-plugin -flto-partition=none output pattern test
FAIL: c-c++-common/hwasan/heap-overflow.c -O2 -flto -fuse-linker-plugin -fno-fat-lto-objects output pattern test
FAIL: c-c++-common/hwasan/hwasan-thread-access-parent.c -O0 output pattern test
FAIL: c-c++-common/hwasan/hwasan-thread-access-parent.c -O1 output pattern test
FAIL: c-c++-common/hwasan/hwasan-thread-access-parent.c -O2 output pattern test
FAIL: c-c++-common/hwasan/hwasan-thread-access-parent.c -O3 -g output pattern test
FAIL: c-c++-common/hwasan/hwasan-thread-access-parent.c -Os output pattern test
FAIL: c-c++-common/hwasan/hwasan-thread-access-parent.c -O2 -flto -fno-use-linker-plugin -flto-partition=none output pattern test
FAIL: c-c++-common/hwasan/hwasan-thread-access-parent.c -O2 -flto -fuse-linker-plugin -fno-fat-lto-objects output pattern test
FAIL: c-c++-common/hwasan/large-aligned-1.c -O3 -g output pattern test
FAIL: c-c++-common/hwasan/large-aligned-1.c -O2 -flto -fno-use-linker-plugin -flto-partition=none output pattern test
FAIL: c-c++-common/hwasan/large-aligned-1.c -O2 -flto -fuse-linker-plugin -fno-fat-lto-objects output pattern test
FAIL: c-c++-common/hwasan/stack-tagging-basic-1.c -O2 output pattern test
FAIL: c-c++-common/hwasan/stack-tagging-basic-1.c -O3 -g output pattern test
FAIL: c-c++-common/hwasan/stack-tagging-basic-1.c -Os output pattern test
FAIL: c-c++-common/hwasan/stack-tagging-basic-1.c -O2 -flto -fno-use-linker-plugin -flto-partition=none output pattern test
FAIL: c-c++-common/hwasan/stack-tagging-basic-1.c -O2 -flto -fuse-linker-plugin -fno-fat-lto-objects output pattern test
FAIL: gcc.dg/simulate-thread/atomic-other-short.c -O0 -g thread simulation test
FAIL: gcc.dg/tree-ssa/ssa-dom-thread-7.c scan-tree-dump thread2 "Jumps threaded: 18"
XPASS: gcc.dg/vect/complex/fast-math-bb-slp-complex-add-pattern-half-float.c scan-tree-dump slp1 "Found COMPLEX_ADD_ROT270"
FAIL: gcc.target/aarch64/combine_bfi_2.c scan-assembler-times \\\\tbfi\\\\t 2
FAIL: gcc.target/aarch64/fcsel_1.c scan-assembler-times \\tfcsel 2
FAIL: gcc.target/aarch64/mgeneral-regs_3.c (test for errors, line 8)
FAIL: gcc.target/aarch64/pr93565.c scan-assembler-times rbit\\t 1
FAIL: gcc.target/aarch64/pr93565.c scan-assembler-times clz\\t 1
FAIL: gcc.target/aarch64/simd/vqdmlalh_laneq_s16_1.c scan-assembler-times sqdmlal[ \\t]+[sS][0-9]+, ?[hH][0-9]+, ?[vV][0-9]+.[hH]\\\\[7\\\\]\\n 1
FAIL: gcc.target/aarch64/simd/vqdmlals_laneq_s32_1.c scan-assembler-times sqdmlal[ \\t]+[dD][0-9]+, ?[sS][0-9]+, ?[vV][0-9]+.[sS]\\\\[3\\\\]\\n 1
FAIL: gcc.target/aarch64/simd/vqdmlslh_laneq_s16_1.c scan-assembler-times sqdmlsl[ \\t]+[sS][0-9]+, ?[hH][0-9]+, ?[vV][0-9]+.[hH]\\\\[4\\\\]\\n 1
FAIL: gcc.target/aarch64/simd/vqdmlsls_laneq_s32_1.c scan-assembler-times sqdmlsl[ \\t]+[dD][0-9]+, ?[sS][0-9]+, ?[vV][0-9]+.[sS]\\\\[3\\\\]\\n 1
=== gcc Summary ===
# of expected passes 276791
# of unexpected failures 36
# of unexpected successes 6
# of expected failures 2608
# of unsupported tests 4333
/opt/gcc/gcc-20220405/Build/gcc/xgcc version 12.0.1 20220405 (experimental) [master 5e09bb1b2e7] (GCC)
=== gdc tests ===
Running target unix/-mabi=lp64
=== gdc Summary ===
# of expected passes 11649
# of unsupported tests 88
/opt/gcc/gcc-20220405/Build/gcc/gdc version 12.0.1 20220405 (experimental) [master 5e09bb1b2e7] (GCC)
=== gfortran tests ===
Running target unix/-mabi=lp64
FAIL: gfortran.dg/unlimited_polymorphic_3.f03 -Os execution test
FAIL: gfortran.dg/vector_subscript_1.f90 -O1 execution test
FAIL: gfortran.dg/vector_subscript_1.f90 -O2 execution test
FAIL: gfortran.dg/vector_subscript_1.f90 -O3 -fomit-frame-pointer -funroll-loops -fpeel-loops -ftracer -finline-functions execution test
FAIL: gfortran.dg/vector_subscript_1.f90 -O3 -g execution test
FAIL: gfortran.dg/vector_subscript_1.f90 -Os execution test
=== gfortran Summary ===
# of expected passes 65151
# of unexpected failures 6
# of expected failures 272
# of unsupported tests 159
/opt/gcc/gcc-20220405/Build/gcc/gfortran version 12.0.1 20220405 (experimental) [master 5e09bb1b2e7] (GCC)
=== gnat tests ===
Running target unix/-mabi=lp64
FAIL: gnat.dg/div_zero.adb execution test
=== gnat Summary ===
# of expected passes 3346
# of unexpected failures 1
# of expected failures 23
# of unsupported tests 24
/opt/gcc/gcc-20220405/Build/gcc/gnatmake version 12.0.1 20220405 (experimental) [master 5e09bb1b2e7]
=== go tests ===
Running target unix/-mabi=lp64
FAIL: ./index0-out.go execution, -O0 -g -fno-var-tracking-assignments
WARNING: ./issue9604b-out.go compilation, -O0 -g -fno-var-tracking-assignments program timed out.
FAIL: ./issue9604b-out.go compilation, -O0 -g -fno-var-tracking-assignments
WARNING: go.test/test/cmplxdivide.go program timed out.
FAIL: go.test/test/cmplxdivide.go
FAIL: go.test/test/fixedbugs/issue10441.go -O (test for excess errors)
FAIL: go.test/test/fixedbugs/issue27836.dir/Äfoo.go -O -I. (test for excess errors)
FAIL: go.test/test/fixedbugs/issue27836.dir/Ämain.go -O -I. (test for excess errors)
=== go Summary ===
# of expected passes 8876
# of unexpected failures 6
# of untested testcases 11
# of unsupported tests 32
/opt/gcc/gcc-20220405/Build/gcc/gccgo version 12.0.1 20220405 (experimental) [master 5e09bb1b2e7] (GCC)
=== obj-c++ tests ===
Running target unix/-mabi=lp64
=== obj-c++ Summary ===
# of expected passes 1502
# of expected failures 10
# of unsupported tests 79
/opt/gcc/gcc-20220405/Build/gcc/xg++ version 12.0.1 20220405 (experimental) [master 5e09bb1b2e7] (GCC)
=== objc tests ===
Running target unix/-mabi=lp64
=== objc Summary ===
# of expected passes 2846
# of unsupported tests 71
/opt/gcc/gcc-20220405/Build/gcc/xgcc version 12.0.1 20220405 (experimental) [master 5e09bb1b2e7] (GCC)
=== gotools tests ===
FAIL: TestScript
FAIL: go test cmd/go
=== gotools Summary ===
# of expected passes 411
# of unexpected failures 2
# of untested testcases 131
/opt/gcc/gcc-20220405/Build/./gcc/gccgo version 12.0.1 20220405 (experimental) [master 5e09bb1b2e7] (GCC)
Compiler version: 12.0.1 20220405 (experimental) [master 5e09bb1b2e7] (GCC)
Platform: aarch64-suse-linux-gnu
configure flags: --prefix=/usr --build=aarch64-suse-linux --enable-shared --with-system-zlib CFLAGS='-O2 -g' CXXFLAGS='-O2 -g' --with-multilib-list=lp64
More information about the Gcc-testresults
mailing list