Results for 12.0.0 20211016 (experimental) [remotes/origin/HEAD r12-4456-g93d183a] (GCC) testsuite on powerpc64-unknown-linux-gnu
Bill Seurer (POWER8 BE)
seurer@linux.ibm.com
Sat Oct 16 13:19:54 GMT 2021
git commit g:93d183a5fff92d80c0545b7a7ce9b77fe7a258f7
gcc-descr r12-4456
Linux 3.10.0-1160.36.2.el7.ppc64 ppc64
GNU C Library (GNU libc) stable release version 2.17
GNU ld (GNU Binutils) 2.36.1
GNU assembler (GNU Binutils) 2.36.1
GNU Make 3.82
DejaGnu:
Expect version is 5.45
Tcl version is 8.5
Framework version is 1.5.1
64-bit
LAST_UPDATED: Sat Oct 16 09:02:37 UTC 2021 (revision r12-4456-g93d183a)
Native configuration is powerpc64-unknown-linux-gnu
=== gcc tests ===
Running target unix/-m32
FAIL: gcc.c-torture/compile/attr-retain-1.c -O0 scan-assembler .rodata.*,"aR"
FAIL: gcc.c-torture/compile/attr-retain-1.c -O1 scan-assembler .rodata.*,"aR"
FAIL: gcc.c-torture/compile/attr-retain-1.c -O2 scan-assembler .rodata.*,"aR"
FAIL: gcc.c-torture/compile/attr-retain-1.c -O2 -flto -fno-use-linker-plugin -flto-partition=none scan-assembler .rodata.*,"aR"
FAIL: gcc.c-torture/compile/attr-retain-1.c -O2 -flto -fuse-linker-plugin -fno-fat-lto-objects scan-assembler .rodata.*,"aR"
FAIL: gcc.c-torture/compile/attr-retain-1.c -O3 -g scan-assembler .rodata.*,"aR"
FAIL: gcc.c-torture/compile/attr-retain-1.c -Os scan-assembler .rodata.*,"aR"
FAIL: gcc.c-torture/compile/attr-retain-2.c -O0 scan-assembler .rodata.used_rodata,"aR"
FAIL: gcc.c-torture/compile/attr-retain-2.c -O0 scan-assembler .rodata.used_rodata2,"aR"
FAIL: gcc.c-torture/compile/attr-retain-2.c -O1 scan-assembler .rodata.used_rodata,"aR"
FAIL: gcc.c-torture/compile/attr-retain-2.c -O1 scan-assembler .rodata.used_rodata2,"aR"
FAIL: gcc.c-torture/compile/attr-retain-2.c -O2 scan-assembler .rodata.used_rodata,"aR"
FAIL: gcc.c-torture/compile/attr-retain-2.c -O2 scan-assembler .rodata.used_rodata2,"aR"
FAIL: gcc.c-torture/compile/attr-retain-2.c -O2 -flto -fno-use-linker-plugin -flto-partition=none scan-assembler .rodata.used_rodata,"aR"
FAIL: gcc.c-torture/compile/attr-retain-2.c -O2 -flto -fno-use-linker-plugin -flto-partition=none scan-assembler .rodata.used_rodata2,"aR"
FAIL: gcc.c-torture/compile/attr-retain-2.c -O2 -flto -fuse-linker-plugin -fno-fat-lto-objects scan-assembler .rodata.used_rodata,"aR"
FAIL: gcc.c-torture/compile/attr-retain-2.c -O2 -flto -fuse-linker-plugin -fno-fat-lto-objects scan-assembler .rodata.used_rodata2,"aR"
FAIL: gcc.c-torture/compile/attr-retain-2.c -O3 -g scan-assembler .rodata.used_rodata,"aR"
FAIL: gcc.c-torture/compile/attr-retain-2.c -O3 -g scan-assembler .rodata.used_rodata2,"aR"
FAIL: gcc.c-torture/compile/attr-retain-2.c -Os scan-assembler .rodata.used_rodata,"aR"
FAIL: gcc.c-torture/compile/attr-retain-2.c -Os scan-assembler .rodata.used_rodata2,"aR"
FAIL: c-c++-common/Wstringop-overflow-2.c -Wc++-compat (test for warnings, line 226)
FAIL: c-c++-common/Wstringop-overflow-2.c -Wc++-compat (test for warnings, line 227)
FAIL: c-c++-common/Wstringop-overflow-2.c -Wc++-compat (test for warnings, line 325)
FAIL: c-c++-common/Wstringop-overflow-2.c -Wc++-compat (test for warnings, line 326)
FAIL: c-c++-common/Wstringop-overflow-2.c -Wc++-compat (test for excess errors)
FAIL: gcc.dg/Warray-parameter-3.c (test for excess errors)
FAIL: gcc.dg/Wstringop-overflow-21.c (test for warnings, line 29)
FAIL: gcc.dg/Wstringop-overflow-21.c (test for warnings, line 56)
FAIL: gcc.dg/Wstringop-overflow-21.c (test for excess errors)
XPASS: gcc.dg/Wstringop-overflow-68.c pr101475 (test for warnings, line 61)
XPASS: gcc.dg/Wstringop-overflow-68.c pr101475 (test for warnings, line 62)
XPASS: gcc.dg/Wstringop-overflow-68.c pr101475 (test for warnings, line 63)
XPASS: gcc.dg/Wstringop-overflow-68.c pr101475 (test for warnings, line 64)
XPASS: gcc.dg/Wstringop-overflow-68.c pr101475 (test for warnings, line 65)
FAIL: gcc.dg/Wstringop-overflow-76.c (test for warnings, line 117)
FAIL: gcc.dg/Wstringop-overflow-76.c (test for warnings, line 33)
FAIL: gcc.dg/Wstringop-overflow-76.c (test for warnings, line 50)
FAIL: gcc.dg/Wstringop-overflow-76.c (test for warnings, line 98)
FAIL: gcc.dg/Wstringop-overflow-76.c (test for excess errors)
FAIL: gcc.dg/Wstringop-overflow-76.c note (test for warnings, line 105)
FAIL: gcc.dg/Wstringop-overflow-76.c note (test for warnings, line 85)
FAIL: gcc.dg/loop-unswitch-4.c execution test
XPASS: gcc.dg/graphite/pr69728.c scan-tree-dump graphite "loop nest optimized"
FAIL: gcc.dg/torture/pr52451.c -O0 execution test
FAIL: gcc.dg/torture/pr52451.c -O1 execution test
FAIL: gcc.dg/torture/pr52451.c -O2 execution test
FAIL: gcc.dg/torture/pr52451.c -O2 -flto -fno-use-linker-plugin -flto-partition=none execution test
FAIL: gcc.dg/torture/pr52451.c -O2 -flto -fuse-linker-plugin -fno-fat-lto-objects execution test
FAIL: gcc.dg/torture/pr52451.c -O3 -g execution test
FAIL: gcc.dg/torture/pr52451.c -Os execution test
FAIL: gcc.dg/torture/pr91323.c -O0 execution test
FAIL: gcc.dg/torture/pr91323.c -O1 execution test
FAIL: gcc.dg/torture/pr91323.c -O2 execution test
FAIL: gcc.dg/torture/pr91323.c -O2 -flto -fno-use-linker-plugin -flto-partition=none execution test
FAIL: gcc.dg/torture/pr91323.c -O2 -flto -fuse-linker-plugin -fno-fat-lto-objects execution test
FAIL: gcc.dg/torture/pr91323.c -O3 -g execution test
FAIL: gcc.dg/torture/pr91323.c -Os execution test
FAIL: gcc.dg/tree-ssa/ldist-strlen-1.c execution test
FAIL: gcc.dg/tree-ssa/ldist-strlen-2.c execution test
XPASS: gcc.dg/vect/slp-24-big-array.c -flto -ffat-lto-objects scan-tree-dump-times vect "vectorized 1 loops" 1
XPASS: gcc.dg/vect/slp-24-big-array.c -flto -ffat-lto-objects scan-tree-dump-times vect "vectorizing stmts using SLP" 2
XPASS: gcc.dg/vect/slp-24-big-array.c scan-tree-dump-times vect "vectorized 1 loops" 1
XPASS: gcc.dg/vect/slp-24-big-array.c scan-tree-dump-times vect "vectorizing stmts using SLP" 2
XPASS: gcc.dg/vect/slp-24.c -flto -ffat-lto-objects scan-tree-dump-times vect "vectorized 1 loops" 1
XPASS: gcc.dg/vect/slp-24.c -flto -ffat-lto-objects scan-tree-dump-times vect "vectorizing stmts using SLP" 2
XPASS: gcc.dg/vect/slp-24.c scan-tree-dump-times vect "vectorized 1 loops" 1
XPASS: gcc.dg/vect/slp-24.c scan-tree-dump-times vect "vectorizing stmts using SLP" 2
FAIL: gcc.target/powerpc/bswap64-4.c scan-assembler-times ldbrx 1
FAIL: gcc.target/powerpc/bswap64-4.c scan-assembler-times stdbrx 1
FAIL: gcc.target/powerpc/divkc3-1.c execution test
FAIL: gcc.target/powerpc/fold-vec-extract-char.p7.c scan-assembler-times \\\\maddi\\\\M 9
FAIL: gcc.target/powerpc/fold-vec-extract-double.p7.c scan-assembler-times \\\\maddi\\\\M|\\\\madd\\\\M 3
FAIL: gcc.target/powerpc/fold-vec-extract-float.p7.c scan-assembler-times \\\\maddi\\\\M|\\\\madd\\\\M 3
FAIL: gcc.target/powerpc/fold-vec-extract-float.p8.c scan-assembler-times \\\\maddi\\\\M 2
FAIL: gcc.target/powerpc/fold-vec-extract-int.p7.c scan-assembler-times \\\\maddi\\\\M|\\\\madd\\\\M 12
FAIL: gcc.target/powerpc/fold-vec-extract-int.p8.c scan-assembler-times \\\\maddi\\\\M 9
FAIL: gcc.target/powerpc/fold-vec-extract-short.p7.c scan-assembler-times \\\\maddi\\\\M|\\\\madd\\\\M 12
FAIL: gcc.target/powerpc/fold-vec-extract-short.p8.c scan-assembler-times \\\\maddi\\\\M 9
FAIL: gcc.target/powerpc/mulkc3-1.c execution test
FAIL: gcc.target/powerpc/pr48344-1.c (internal compiler error)
FAIL: gcc.target/powerpc/pr48344-1.c (test for excess errors)
FAIL: gcc.target/powerpc/pr78102.c (test for excess errors)
FAIL: gcc.target/powerpc/rs6000-fpint.c scan-assembler-not stfiwx
FAIL: gcc.target/powerpc/sse4_2-pcmpgtq.c (test for excess errors)
UNRESOLVED: gcc.target/powerpc/sse4_2-pcmpgtq.c compilation failed to produce executable
FAIL: gcc.target/powerpc/stack-limit.c (internal compiler error)
FAIL: gcc.target/powerpc/stack-limit.c (test for excess errors)
XPASS: gcc.target/powerpc/ppc-fortran/ieee128-math.f90 -O (test for excess errors)
=== gcc Summary for unix/-m32 ===
Running target unix/-m64
FAIL: c-c++-common/asan/alloca_big_alignment.c -O0 output pattern test, is =================================================================
FAIL: c-c++-common/asan/alloca_big_alignment.c -O1 output pattern test, is =================================================================
FAIL: c-c++-common/asan/alloca_big_alignment.c -O2 output pattern test, is =================================================================
FAIL: c-c++-common/asan/alloca_big_alignment.c -O2 -flto -fno-use-linker-plugin -flto-partition=none output pattern test, is =================================================================
FAIL: c-c++-common/asan/alloca_big_alignment.c -O2 -flto -fuse-linker-plugin -fno-fat-lto-objects output pattern test, is =================================================================
FAIL: c-c++-common/asan/alloca_big_alignment.c -O3 -g output pattern test, is =================================================================
FAIL: c-c++-common/asan/alloca_big_alignment.c -Os output pattern test, is =================================================================
FAIL: c-c++-common/asan/alloca_detect_custom_size.c -O0 output pattern test, is =================================================================
FAIL: c-c++-common/asan/alloca_detect_custom_size.c -O1 output pattern test, is =================================================================
FAIL: c-c++-common/asan/alloca_detect_custom_size.c -O2 output pattern test, is =================================================================
FAIL: c-c++-common/asan/alloca_detect_custom_size.c -O2 -flto -fno-use-linker-plugin -flto-partition=none output pattern test, is =================================================================
FAIL: c-c++-common/asan/alloca_detect_custom_size.c -O2 -flto -fuse-linker-plugin -fno-fat-lto-objects output pattern test, is =================================================================
FAIL: c-c++-common/asan/alloca_detect_custom_size.c -O3 -g output pattern test, is =================================================================
FAIL: c-c++-common/asan/alloca_detect_custom_size.c -Os output pattern test, is =================================================================
FAIL: c-c++-common/asan/alloca_overflow_partial.c -O0 output pattern test, is =================================================================
FAIL: c-c++-common/asan/alloca_overflow_partial.c -O1 output pattern test, is =================================================================
FAIL: c-c++-common/asan/alloca_overflow_partial.c -O2 output pattern test, is =================================================================
FAIL: c-c++-common/asan/alloca_overflow_partial.c -O2 -flto -fno-use-linker-plugin -flto-partition=none output pattern test, is =================================================================
FAIL: c-c++-common/asan/alloca_overflow_partial.c -O2 -flto -fuse-linker-plugin -fno-fat-lto-objects output pattern test, is =================================================================
FAIL: c-c++-common/asan/alloca_overflow_partial.c -O3 -g output pattern test, is =================================================================
FAIL: c-c++-common/asan/alloca_overflow_partial.c -Os output pattern test, is =================================================================
FAIL: c-c++-common/asan/alloca_overflow_right.c -O0 output pattern test, is =================================================================
FAIL: c-c++-common/asan/alloca_overflow_right.c -O1 output pattern test, is =================================================================
FAIL: c-c++-common/asan/alloca_overflow_right.c -O2 output pattern test, is =================================================================
FAIL: c-c++-common/asan/alloca_overflow_right.c -O2 -flto -fno-use-linker-plugin -flto-partition=none output pattern test, is =================================================================
FAIL: c-c++-common/asan/alloca_overflow_right.c -O2 -flto -fuse-linker-plugin -fno-fat-lto-objects output pattern test, is =================================================================
FAIL: c-c++-common/asan/alloca_overflow_right.c -O3 -g output pattern test, is =================================================================
FAIL: c-c++-common/asan/alloca_overflow_right.c -Os output pattern test, is =================================================================
FAIL: c-c++-common/asan/alloca_underflow_left.c -O0 output pattern test, is =================================================================
FAIL: c-c++-common/asan/alloca_underflow_left.c -O1 output pattern test, is =================================================================
FAIL: c-c++-common/asan/alloca_underflow_left.c -O2 output pattern test, is =================================================================
FAIL: c-c++-common/asan/alloca_underflow_left.c -O2 -flto -fno-use-linker-plugin -flto-partition=none output pattern test, is =================================================================
FAIL: c-c++-common/asan/alloca_underflow_left.c -O2 -flto -fuse-linker-plugin -fno-fat-lto-objects output pattern test, is =================================================================
FAIL: c-c++-common/asan/alloca_underflow_left.c -O3 -g output pattern test, is =================================================================
FAIL: c-c++-common/asan/alloca_underflow_left.c -Os output pattern test, is =================================================================
FAIL: c-c++-common/asan/global-overflow-1.c -O0 output pattern test, is =================================================================
FAIL: c-c++-common/asan/global-overflow-1.c -O1 output pattern test, is =================================================================
FAIL: c-c++-common/asan/global-overflow-1.c -O2 output pattern test, is =================================================================
FAIL: c-c++-common/asan/global-overflow-1.c -O2 -flto -fno-use-linker-plugin -flto-partition=none output pattern test, is =================================================================
FAIL: c-c++-common/asan/global-overflow-1.c -O2 -flto -fuse-linker-plugin -fno-fat-lto-objects output pattern test, is =================================================================
FAIL: c-c++-common/asan/global-overflow-1.c -O3 -g output pattern test, is =================================================================
FAIL: c-c++-common/asan/global-overflow-1.c -Os output pattern test, is =================================================================
FAIL: c-c++-common/asan/halt_on_error-1.c -O0 execution test
FAIL: c-c++-common/asan/halt_on_error-1.c -O1 execution test
FAIL: c-c++-common/asan/halt_on_error-1.c -O2 execution test
FAIL: c-c++-common/asan/halt_on_error-1.c -O2 -flto -fno-use-linker-plugin -flto-partition=none execution test
FAIL: c-c++-common/asan/halt_on_error-1.c -O2 -flto -fuse-linker-plugin -fno-fat-lto-objects execution test
FAIL: c-c++-common/asan/halt_on_error-1.c -O3 -g execution test
FAIL: c-c++-common/asan/halt_on_error-1.c -Os execution test
FAIL: c-c++-common/asan/heap-overflow-1.c -O0 output pattern test, is =================================================================
FAIL: c-c++-common/asan/heap-overflow-1.c -O1 output pattern test, is =================================================================
FAIL: c-c++-common/asan/heap-overflow-1.c -O2 output pattern test, is =================================================================
FAIL: c-c++-common/asan/heap-overflow-1.c -O2 -flto -fno-use-linker-plugin -flto-partition=none output pattern test, is =================================================================
FAIL: c-c++-common/asan/heap-overflow-1.c -O2 -flto -fuse-linker-plugin -fno-fat-lto-objects output pattern test, is =================================================================
FAIL: c-c++-common/asan/heap-overflow-1.c -O3 -g output pattern test, is =================================================================
FAIL: c-c++-common/asan/heap-overflow-1.c -Os output pattern test, is =================================================================
FAIL: c-c++-common/asan/memcmp-1.c -O0 output pattern test, is =================================================================
FAIL: c-c++-common/asan/memcmp-1.c -O1 output pattern test, is =================================================================
FAIL: c-c++-common/asan/memcmp-1.c -O2 output pattern test, is =================================================================
FAIL: c-c++-common/asan/memcmp-1.c -O2 -flto -fno-use-linker-plugin -flto-partition=none output pattern test, is =================================================================
FAIL: c-c++-common/asan/memcmp-1.c -O2 -flto -fuse-linker-plugin -fno-fat-lto-objects output pattern test, is =================================================================
FAIL: c-c++-common/asan/memcmp-1.c -O3 -g output pattern test, is =================================================================
FAIL: c-c++-common/asan/memcmp-1.c -Os output pattern test, is =================================================================
FAIL: c-c++-common/asan/null-deref-1.c -O0 output pattern test, is AddressSanitizer:DEADLYSIGNAL
FAIL: c-c++-common/asan/null-deref-1.c -O1 output pattern test, is AddressSanitizer:DEADLYSIGNAL
FAIL: c-c++-common/asan/null-deref-1.c -O2 output pattern test, is AddressSanitizer:DEADLYSIGNAL
FAIL: c-c++-common/asan/null-deref-1.c -O2 -flto -fno-use-linker-plugin -flto-partition=none output pattern test, is AddressSanitizer:DEADLYSIGNAL
FAIL: c-c++-common/asan/null-deref-1.c -O2 -flto -fuse-linker-plugin -fno-fat-lto-objects output pattern test, is AddressSanitizer:DEADLYSIGNAL
FAIL: c-c++-common/asan/null-deref-1.c -O3 -g output pattern test, is AddressSanitizer:DEADLYSIGNAL
FAIL: c-c++-common/asan/null-deref-1.c -Os output pattern test, is AddressSanitizer:DEADLYSIGNAL
FAIL: c-c++-common/asan/pointer-compare-1.c -O0 execution test
FAIL: c-c++-common/asan/pointer-compare-1.c -O1 execution test
FAIL: c-c++-common/asan/pointer-compare-1.c -O2 execution test
FAIL: c-c++-common/asan/pointer-compare-1.c -O2 -flto -fno-use-linker-plugin -flto-partition=none execution test
FAIL: c-c++-common/asan/pointer-compare-1.c -O2 -flto -fuse-linker-plugin -fno-fat-lto-objects execution test
FAIL: c-c++-common/asan/pointer-compare-1.c -O3 -g execution test
FAIL: c-c++-common/asan/pointer-compare-1.c -Os execution test
FAIL: c-c++-common/asan/pointer-subtract-1.c -O0 execution test
FAIL: c-c++-common/asan/pointer-subtract-1.c -O1 execution test
FAIL: c-c++-common/asan/pointer-subtract-1.c -O2 execution test
FAIL: c-c++-common/asan/pointer-subtract-1.c -O2 -flto -fno-use-linker-plugin -flto-partition=none execution test
FAIL: c-c++-common/asan/pointer-subtract-1.c -O2 -flto -fuse-linker-plugin -fno-fat-lto-objects execution test
FAIL: c-c++-common/asan/pointer-subtract-1.c -O3 -g execution test
FAIL: c-c++-common/asan/pointer-subtract-1.c -Os execution test
FAIL: c-c++-common/asan/pr64820.c -O0 output pattern test, is =================================================================
FAIL: c-c++-common/asan/pr64820.c -O1 output pattern test, is =================================================================
FAIL: c-c++-common/asan/pr64820.c -O2 output pattern test, is =================================================================
FAIL: c-c++-common/asan/pr64820.c -O2 -flto -fno-use-linker-plugin -flto-partition=none output pattern test, is =================================================================
FAIL: c-c++-common/asan/pr64820.c -O2 -flto -fuse-linker-plugin -fno-fat-lto-objects output pattern test, is =================================================================
FAIL: c-c++-common/asan/pr64820.c -O3 -g output pattern test, is =================================================================
FAIL: c-c++-common/asan/pr64820.c -Os output pattern test, is =================================================================
FAIL: c-c++-common/asan/pr70541.c -O0 output pattern test, is =================================================================
FAIL: c-c++-common/asan/sanity-check-pure-c-1.c -O0 output pattern test, is =================================================================
FAIL: c-c++-common/asan/sanity-check-pure-c-1.c -O1 output pattern test, is =================================================================
FAIL: c-c++-common/asan/sanity-check-pure-c-1.c -O2 output pattern test, is =================================================================
FAIL: c-c++-common/asan/sanity-check-pure-c-1.c -O2 -flto -fno-use-linker-plugin -flto-partition=none output pattern test, is =================================================================
FAIL: c-c++-common/asan/sanity-check-pure-c-1.c -O2 -flto -fuse-linker-plugin -fno-fat-lto-objects output pattern test, is =================================================================
FAIL: c-c++-common/asan/sanity-check-pure-c-1.c -O3 -g output pattern test, is =================================================================
FAIL: c-c++-common/asan/sanity-check-pure-c-1.c -Os output pattern test, is =================================================================
FAIL: c-c++-common/asan/stack-overflow-1.c -O0 output pattern test, is =================================================================
FAIL: c-c++-common/asan/stack-overflow-1.c -O1 output pattern test, is =================================================================
FAIL: c-c++-common/asan/stack-overflow-1.c -O2 output pattern test, is =================================================================
FAIL: c-c++-common/asan/stack-overflow-1.c -O2 -flto -fno-use-linker-plugin -flto-partition=none output pattern test, is =================================================================
FAIL: c-c++-common/asan/stack-overflow-1.c -O2 -flto -fuse-linker-plugin -fno-fat-lto-objects output pattern test, is =================================================================
FAIL: c-c++-common/asan/stack-overflow-1.c -O3 -g output pattern test, is =================================================================
FAIL: c-c++-common/asan/stack-overflow-1.c -Os output pattern test, is =================================================================
FAIL: c-c++-common/asan/strip-path-prefix-1.c -O2 output pattern test, is =================================================================
FAIL: c-c++-common/asan/strip-path-prefix-1.c -O2 -flto -fno-use-linker-plugin -flto-partition=none output pattern test, is =================================================================
FAIL: c-c++-common/asan/strip-path-prefix-1.c -O2 -flto -fuse-linker-plugin -fno-fat-lto-objects output pattern test, is =================================================================
FAIL: c-c++-common/asan/strlen-overflow-1.c -O0 output pattern test, is =================================================================
FAIL: c-c++-common/asan/strlen-overflow-1.c -O1 output pattern test, is =================================================================
FAIL: c-c++-common/asan/strlen-overflow-1.c -O2 output pattern test, is =================================================================
FAIL: c-c++-common/asan/strlen-overflow-1.c -O3 -g output pattern test, is =================================================================
FAIL: c-c++-common/asan/strlen-overflow-1.c -Os output pattern test, is =================================================================
FAIL: c-c++-common/asan/strncpy-overflow-1.c -O0 output pattern test, is =================================================================
FAIL: c-c++-common/asan/strncpy-overflow-1.c -O1 output pattern test, is =================================================================
FAIL: c-c++-common/asan/strncpy-overflow-1.c -O2 output pattern test, is =================================================================
FAIL: c-c++-common/asan/strncpy-overflow-1.c -O2 -flto -fno-use-linker-plugin -flto-partition=none output pattern test, is =================================================================
FAIL: c-c++-common/asan/strncpy-overflow-1.c -O2 -flto -fuse-linker-plugin -fno-fat-lto-objects output pattern test, is =================================================================
FAIL: c-c++-common/asan/strncpy-overflow-1.c -O3 -g output pattern test, is =================================================================
FAIL: c-c++-common/asan/strncpy-overflow-1.c -Os output pattern test, is =================================================================
FAIL: c-c++-common/asan/swapcontext-test-1.c -O0 execution test
FAIL: c-c++-common/asan/swapcontext-test-1.c -O1 execution test
FAIL: c-c++-common/asan/swapcontext-test-1.c -O2 execution test
FAIL: c-c++-common/asan/swapcontext-test-1.c -O2 -flto -fno-use-linker-plugin -flto-partition=none execution test
FAIL: c-c++-common/asan/swapcontext-test-1.c -O2 -flto -fuse-linker-plugin -fno-fat-lto-objects execution test
FAIL: c-c++-common/asan/swapcontext-test-1.c -O3 -fomit-frame-pointer -funroll-loops -fpeel-loops -ftracer -finline-functions execution test
FAIL: c-c++-common/asan/swapcontext-test-1.c -O3 -g execution test
FAIL: c-c++-common/asan/swapcontext-test-1.c -Os execution test
FAIL: c-c++-common/asan/use-after-free-1.c -O0 output pattern test, is =================================================================
FAIL: c-c++-common/asan/use-after-free-1.c -O1 output pattern test, is =================================================================
FAIL: c-c++-common/asan/use-after-free-1.c -O2 output pattern test, is =================================================================
FAIL: c-c++-common/asan/use-after-free-1.c -O2 -flto -fno-use-linker-plugin -flto-partition=none output pattern test, is =================================================================
FAIL: c-c++-common/asan/use-after-free-1.c -O2 -flto -fuse-linker-plugin -fno-fat-lto-objects output pattern test, is =================================================================
FAIL: c-c++-common/asan/use-after-free-1.c -O3 -g output pattern test, is =================================================================
FAIL: c-c++-common/asan/use-after-free-1.c -Os output pattern test, is =================================================================
FAIL: c-c++-common/asan/use-after-return-1.c -O0 output pattern test, is 1: 0x3dffb5689020
FAIL: c-c++-common/asan/use-after-return-1.c -O1 output pattern test, is 1: 0x3dffb5689020
FAIL: c-c++-common/asan/use-after-return-1.c -O2 output pattern test, is 1: 0x3dffb5689020
FAIL: c-c++-common/asan/use-after-return-1.c -O2 -flto -fno-use-linker-plugin -flto-partition=none output pattern test, is 1: 0x3dffb5689020
FAIL: c-c++-common/asan/use-after-return-1.c -O2 -flto -fuse-linker-plugin -fno-fat-lto-objects output pattern test, is 1: 0x3dffb5689020
FAIL: c-c++-common/asan/use-after-return-1.c -O3 -g output pattern test, is 1: 0x3dffb5689020
FAIL: c-c++-common/asan/use-after-return-1.c -Os output pattern test, is 1: 0x3dffb5689020
FAIL: gcc.dg/asan/pr78541.c -O0 output pattern test, is =================================================================
FAIL: gcc.dg/asan/pr78541.c -O1 output pattern test, is =================================================================
FAIL: gcc.dg/asan/pr78541.c -O2 output pattern test, is =================================================================
FAIL: gcc.dg/asan/pr78541.c -O2 -flto -fno-use-linker-plugin -flto-partition=none output pattern test, is =================================================================
FAIL: gcc.dg/asan/pr78541.c -O2 -flto -fuse-linker-plugin -fno-fat-lto-objects output pattern test, is =================================================================
FAIL: gcc.dg/asan/pr78541.c -O3 -g output pattern test, is =================================================================
FAIL: gcc.dg/asan/pr78541.c -Os output pattern test, is =================================================================
FAIL: gcc.dg/asan/use-after-scope-1.c -O0 output pattern test, is =================================================================
FAIL: gcc.dg/asan/use-after-scope-1.c -O1 output pattern test, is =================================================================
FAIL: gcc.dg/asan/use-after-scope-1.c -O2 output pattern test, is =================================================================
FAIL: gcc.dg/asan/use-after-scope-1.c -O2 -flto -fno-use-linker-plugin -flto-partition=none output pattern test, is =================================================================
FAIL: gcc.dg/asan/use-after-scope-1.c -O2 -flto -fuse-linker-plugin -fno-fat-lto-objects output pattern test, is =================================================================
FAIL: gcc.dg/asan/use-after-scope-1.c -O3 -g output pattern test, is =================================================================
FAIL: gcc.dg/asan/use-after-scope-1.c -Os output pattern test, is =================================================================
FAIL: gcc.dg/asan/use-after-scope-10.c -O2 output pattern test, is =================================================================
FAIL: gcc.dg/asan/use-after-scope-10.c -O2 -flto -fno-use-linker-plugin -flto-partition=none output pattern test, is =================================================================
FAIL: gcc.dg/asan/use-after-scope-10.c -O2 -flto -fuse-linker-plugin -fno-fat-lto-objects output pattern test, is =================================================================
FAIL: gcc.dg/asan/use-after-scope-2.c -O0 output pattern test, is =================================================================
FAIL: gcc.dg/asan/use-after-scope-2.c -O1 output pattern test, is =================================================================
FAIL: gcc.dg/asan/use-after-scope-2.c -O2 output pattern test, is =================================================================
FAIL: gcc.dg/asan/use-after-scope-2.c -O2 -flto -fno-use-linker-plugin -flto-partition=none output pattern test, is =================================================================
FAIL: gcc.dg/asan/use-after-scope-2.c -O2 -flto -fuse-linker-plugin -fno-fat-lto-objects output pattern test, is =================================================================
FAIL: gcc.dg/asan/use-after-scope-2.c -O3 -g output pattern test, is =================================================================
FAIL: gcc.dg/asan/use-after-scope-2.c -Os output pattern test, is =================================================================
FAIL: gcc.dg/asan/use-after-scope-3.c -O0 output pattern test, is =================================================================
FAIL: gcc.dg/asan/use-after-scope-5.c -O0 output pattern test, is =================================================================
FAIL: gcc.dg/asan/use-after-scope-5.c -O1 output pattern test, is =================================================================
FAIL: gcc.dg/asan/use-after-scope-5.c -O2 output pattern test, is =================================================================
FAIL: gcc.dg/asan/use-after-scope-5.c -O2 -flto -fno-use-linker-plugin -flto-partition=none output pattern test, is =================================================================
FAIL: gcc.dg/asan/use-after-scope-5.c -O2 -flto -fuse-linker-plugin -fno-fat-lto-objects output pattern test, is =================================================================
FAIL: gcc.dg/asan/use-after-scope-5.c -O3 -fomit-frame-pointer -funroll-loops -fpeel-loops -ftracer -finline-functions output pattern test, is =================================================================
FAIL: gcc.dg/asan/use-after-scope-5.c -O3 -g output pattern test, is =================================================================
FAIL: gcc.dg/asan/use-after-scope-5.c -Os output pattern test, is =================================================================
FAIL: gcc.dg/asan/use-after-scope-9.c -O2 output pattern test, is =================================================================
FAIL: gcc.dg/asan/use-after-scope-9.c -O2 -flto -fno-use-linker-plugin -flto-partition=none output pattern test, is =================================================================
FAIL: gcc.dg/asan/use-after-scope-9.c -O2 -flto -fuse-linker-plugin -fno-fat-lto-objects output pattern test, is =================================================================
FAIL: c-c++-common/Wstringop-overflow-2.c -Wc++-compat (test for warnings, line 226)
FAIL: c-c++-common/Wstringop-overflow-2.c -Wc++-compat (test for warnings, line 227)
FAIL: c-c++-common/Wstringop-overflow-2.c -Wc++-compat (test for warnings, line 325)
FAIL: c-c++-common/Wstringop-overflow-2.c -Wc++-compat (test for warnings, line 326)
FAIL: c-c++-common/Wstringop-overflow-2.c -Wc++-compat (test for excess errors)
FAIL: gcc.dg/Warray-parameter-3.c (test for excess errors)
FAIL: gcc.dg/Wstringop-overflow-21.c (test for warnings, line 29)
FAIL: gcc.dg/Wstringop-overflow-21.c (test for warnings, line 56)
FAIL: gcc.dg/Wstringop-overflow-21.c (test for excess errors)
XPASS: gcc.dg/Wstringop-overflow-68.c pr101475 (test for warnings, line 61)
XPASS: gcc.dg/Wstringop-overflow-68.c pr101475 (test for warnings, line 62)
XPASS: gcc.dg/Wstringop-overflow-68.c pr101475 (test for warnings, line 63)
XPASS: gcc.dg/Wstringop-overflow-68.c pr101475 (test for warnings, line 64)
XPASS: gcc.dg/Wstringop-overflow-68.c pr101475 (test for warnings, line 65)
FAIL: gcc.dg/Wstringop-overflow-76.c (test for warnings, line 117)
FAIL: gcc.dg/Wstringop-overflow-76.c (test for warnings, line 33)
FAIL: gcc.dg/Wstringop-overflow-76.c (test for warnings, line 50)
FAIL: gcc.dg/Wstringop-overflow-76.c (test for warnings, line 98)
FAIL: gcc.dg/Wstringop-overflow-76.c (test for excess errors)
FAIL: gcc.dg/Wstringop-overflow-76.c note (test for warnings, line 105)
FAIL: gcc.dg/Wstringop-overflow-76.c note (test for warnings, line 85)
XPASS: gcc.dg/graphite/pr69728.c scan-tree-dump graphite "loop nest optimized"
FAIL: gcc.dg/torture/pr52451.c -O0 execution test
FAIL: gcc.dg/torture/pr52451.c -O1 execution test
FAIL: gcc.dg/torture/pr52451.c -O2 execution test
FAIL: gcc.dg/torture/pr52451.c -O2 -flto -fno-use-linker-plugin -flto-partition=none execution test
FAIL: gcc.dg/torture/pr52451.c -O2 -flto -fuse-linker-plugin -fno-fat-lto-objects execution test
FAIL: gcc.dg/torture/pr52451.c -O3 -g execution test
FAIL: gcc.dg/torture/pr52451.c -Os execution test
FAIL: gcc.dg/torture/pr91323.c -O0 execution test
FAIL: gcc.dg/torture/pr91323.c -O1 execution test
FAIL: gcc.dg/torture/pr91323.c -O2 execution test
FAIL: gcc.dg/torture/pr91323.c -O2 -flto -fno-use-linker-plugin -flto-partition=none execution test
FAIL: gcc.dg/torture/pr91323.c -O2 -flto -fuse-linker-plugin -fno-fat-lto-objects execution test
FAIL: gcc.dg/torture/pr91323.c -O3 -g execution test
FAIL: gcc.dg/torture/pr91323.c -Os execution test
FAIL: gcc.dg/tree-ssa/ldist-strlen-1.c execution test
FAIL: gcc.dg/tree-ssa/ldist-strlen-2.c execution test
XPASS: gcc.dg/tree-ssa/ssa-dom-cse-2.c scan-tree-dump optimized "return 28;"
WARNING: ThreadSanitizer: data race (pid=125811)
WARNING: ThreadSanitizer: data race (pid=125969)
FAIL: c-c++-common/tsan/race_on_mutex.c -O0 output pattern test, is ==================
FAIL: c-c++-common/tsan/race_on_mutex.c -O2 output pattern test, is ==================
FAIL: gcc.target/powerpc/20050603-3.c scan-assembler-not \\\\mrldic
FAIL: gcc.target/powerpc/pr78102.c (test for excess errors)
FAIL: gcc.target/powerpc/prefix-no-update.c scan-assembler-times \\\\mlwz\\\\M 2
FAIL: gcc.target/powerpc/prefix-no-update.c scan-assembler-times \\\\mplwz\\\\M 2
FAIL: gcc.target/powerpc/prefix-no-update.c scan-assembler-times \\\\mpstw\\\\M 2
FAIL: gcc.target/powerpc/prefix-no-update.c scan-assembler-times \\\\mstw\\\\M 2
FAIL: gcc.target/powerpc/rlwimi-2.c scan-assembler-times (?n)^\\\\s+[a-z] 20217
FAIL: gcc.target/powerpc/rs6000-fpint.c scan-assembler-not stfiwx
FAIL: gcc.target/powerpc/sse4_2-pcmpgtq.c (test for excess errors)
UNRESOLVED: gcc.target/powerpc/sse4_2-pcmpgtq.c compilation failed to produce executable
FAIL: gcc.target/powerpc/stack-limit.c (internal compiler error)
FAIL: gcc.target/powerpc/stack-limit.c (test for excess errors)
XPASS: gcc.target/powerpc/ppc-fortran/ieee128-math.f90 -O (test for excess errors)
=== gcc Summary for unix/-m64 ===
=== gcc Summary ===
/home/gccbuild/build/nightly/build-gcc-trunk/gcc/xgcc version 12.0.0 20211016 (experimental) [remotes/origin/HEAD r12-4456-g93d183a] (GCC)
=== gfortran tests ===
Running target unix/-m32
UNRESOLVED: gfortran.dg/c-interop/cf-descriptor-5.f90 -O0 compilation failed to produce executable
UNRESOLVED: gfortran.dg/c-interop/cf-descriptor-5.f90 -O1 compilation failed to produce executable
UNRESOLVED: gfortran.dg/c-interop/cf-descriptor-5.f90 -O2 compilation failed to produce executable
UNRESOLVED: gfortran.dg/c-interop/cf-descriptor-5.f90 -O3 -fomit-frame-pointer -funroll-loops -fpeel-loops -ftracer -finline-functions compilation failed to produce executable
UNRESOLVED: gfortran.dg/c-interop/cf-descriptor-5.f90 -O3 -g compilation failed to produce executable
UNRESOLVED: gfortran.dg/c-interop/cf-descriptor-5.f90 -Os compilation failed to produce executable
UNRESOLVED: gfortran.dg/c-interop/cf-out-descriptor-5.f90 -O0 compilation failed to produce executable
UNRESOLVED: gfortran.dg/c-interop/cf-out-descriptor-5.f90 -O1 compilation failed to produce executable
UNRESOLVED: gfortran.dg/c-interop/cf-out-descriptor-5.f90 -O2 compilation failed to produce executable
UNRESOLVED: gfortran.dg/c-interop/cf-out-descriptor-5.f90 -O3 -fomit-frame-pointer -funroll-loops -fpeel-loops -ftracer -finline-functions compilation failed to produce executable
UNRESOLVED: gfortran.dg/c-interop/cf-out-descriptor-5.f90 -O3 -g compilation failed to produce executable
UNRESOLVED: gfortran.dg/c-interop/cf-out-descriptor-5.f90 -Os compilation failed to produce executable
UNRESOLVED: gfortran.dg/c-interop/fc-descriptor-5.f90 -O0 compilation failed to produce executable
UNRESOLVED: gfortran.dg/c-interop/fc-descriptor-5.f90 -O1 compilation failed to produce executable
UNRESOLVED: gfortran.dg/c-interop/fc-descriptor-5.f90 -O2 compilation failed to produce executable
UNRESOLVED: gfortran.dg/c-interop/fc-descriptor-5.f90 -O3 -fomit-frame-pointer -funroll-loops -fpeel-loops -ftracer -finline-functions compilation failed to produce executable
UNRESOLVED: gfortran.dg/c-interop/fc-descriptor-5.f90 -O3 -g compilation failed to produce executable
UNRESOLVED: gfortran.dg/c-interop/fc-descriptor-5.f90 -Os compilation failed to produce executable
UNRESOLVED: gfortran.dg/c-interop/fc-out-descriptor-5.f90 -O0 compilation failed to produce executable
UNRESOLVED: gfortran.dg/c-interop/fc-out-descriptor-5.f90 -O1 compilation failed to produce executable
UNRESOLVED: gfortran.dg/c-interop/fc-out-descriptor-5.f90 -O2 compilation failed to produce executable
UNRESOLVED: gfortran.dg/c-interop/fc-out-descriptor-5.f90 -O3 -fomit-frame-pointer -funroll-loops -fpeel-loops -ftracer -finline-functions compilation failed to produce executable
UNRESOLVED: gfortran.dg/c-interop/fc-out-descriptor-5.f90 -O3 -g compilation failed to produce executable
UNRESOLVED: gfortran.dg/c-interop/fc-out-descriptor-5.f90 -Os compilation failed to produce executable
UNRESOLVED: gfortran.dg/c-interop/ff-descriptor-5.f90 -O0 compilation failed to produce executable
UNRESOLVED: gfortran.dg/c-interop/ff-descriptor-5.f90 -O1 compilation failed to produce executable
UNRESOLVED: gfortran.dg/c-interop/ff-descriptor-5.f90 -O2 compilation failed to produce executable
UNRESOLVED: gfortran.dg/c-interop/ff-descriptor-5.f90 -O3 -fomit-frame-pointer -funroll-loops -fpeel-loops -ftracer -finline-functions compilation failed to produce executable
UNRESOLVED: gfortran.dg/c-interop/ff-descriptor-5.f90 -O3 -g compilation failed to produce executable
UNRESOLVED: gfortran.dg/c-interop/ff-descriptor-5.f90 -Os compilation failed to produce executable
FAIL: gfortran.dg/reshape_shape_2.f90 -O (test for errors, line 6)
FAIL: gfortran.dg/reshape_shape_2.f90 -O (internal compiler error)
FAIL: gfortran.dg/reshape_shape_2.f90 -O (test for excess errors)
FAIL: gfortran.dg/ieee/large_2.f90 -O0 execution test
FAIL: gfortran.dg/ieee/large_2.f90 -O1 execution test
FAIL: gfortran.dg/ieee/large_2.f90 -O2 execution test
FAIL: gfortran.dg/ieee/large_2.f90 -O3 -fomit-frame-pointer -funroll-loops -fpeel-loops -ftracer -finline-functions execution test
FAIL: gfortran.dg/ieee/large_2.f90 -O3 -g execution test
FAIL: gfortran.dg/ieee/large_2.f90 -Os execution test
=== gfortran Summary for unix/-m32 ===
# of expected passes 4050
Running target unix/-m64
UNRESOLVED: gfortran.dg/c-interop/cf-descriptor-5.f90 -O0 compilation failed to produce executable
UNRESOLVED: gfortran.dg/c-interop/cf-descriptor-5.f90 -O1 compilation failed to produce executable
UNRESOLVED: gfortran.dg/c-interop/cf-descriptor-5.f90 -O2 compilation failed to produce executable
UNRESOLVED: gfortran.dg/c-interop/cf-descriptor-5.f90 -O3 -fomit-frame-pointer -funroll-loops -fpeel-loops -ftracer -finline-functions compilation failed to produce executable
UNRESOLVED: gfortran.dg/c-interop/cf-descriptor-5.f90 -O3 -g compilation failed to produce executable
UNRESOLVED: gfortran.dg/c-interop/cf-descriptor-5.f90 -Os compilation failed to produce executable
UNRESOLVED: gfortran.dg/c-interop/cf-out-descriptor-5.f90 -O0 compilation failed to produce executable
UNRESOLVED: gfortran.dg/c-interop/cf-out-descriptor-5.f90 -O1 compilation failed to produce executable
UNRESOLVED: gfortran.dg/c-interop/cf-out-descriptor-5.f90 -O2 compilation failed to produce executable
UNRESOLVED: gfortran.dg/c-interop/cf-out-descriptor-5.f90 -O3 -fomit-frame-pointer -funroll-loops -fpeel-loops -ftracer -finline-functions compilation failed to produce executable
UNRESOLVED: gfortran.dg/c-interop/cf-out-descriptor-5.f90 -O3 -g compilation failed to produce executable
UNRESOLVED: gfortran.dg/c-interop/cf-out-descriptor-5.f90 -Os compilation failed to produce executable
UNRESOLVED: gfortran.dg/c-interop/fc-descriptor-5.f90 -O0 compilation failed to produce executable
UNRESOLVED: gfortran.dg/c-interop/fc-descriptor-5.f90 -O1 compilation failed to produce executable
UNRESOLVED: gfortran.dg/c-interop/fc-descriptor-5.f90 -O2 compilation failed to produce executable
UNRESOLVED: gfortran.dg/c-interop/fc-descriptor-5.f90 -O3 -fomit-frame-pointer -funroll-loops -fpeel-loops -ftracer -finline-functions compilation failed to produce executable
UNRESOLVED: gfortran.dg/c-interop/fc-descriptor-5.f90 -O3 -g compilation failed to produce executable
UNRESOLVED: gfortran.dg/c-interop/fc-descriptor-5.f90 -Os compilation failed to produce executable
UNRESOLVED: gfortran.dg/c-interop/fc-out-descriptor-5.f90 -O0 compilation failed to produce executable
UNRESOLVED: gfortran.dg/c-interop/fc-out-descriptor-5.f90 -O1 compilation failed to produce executable
UNRESOLVED: gfortran.dg/c-interop/fc-out-descriptor-5.f90 -O2 compilation failed to produce executable
UNRESOLVED: gfortran.dg/c-interop/fc-out-descriptor-5.f90 -O3 -fomit-frame-pointer -funroll-loops -fpeel-loops -ftracer -finline-functions compilation failed to produce executable
UNRESOLVED: gfortran.dg/c-interop/fc-out-descriptor-5.f90 -O3 -g compilation failed to produce executable
UNRESOLVED: gfortran.dg/c-interop/fc-out-descriptor-5.f90 -Os compilation failed to produce executable
UNRESOLVED: gfortran.dg/c-interop/ff-descriptor-5.f90 -O0 compilation failed to produce executable
UNRESOLVED: gfortran.dg/c-interop/ff-descriptor-5.f90 -O1 compilation failed to produce executable
UNRESOLVED: gfortran.dg/c-interop/ff-descriptor-5.f90 -O2 compilation failed to produce executable
UNRESOLVED: gfortran.dg/c-interop/ff-descriptor-5.f90 -O3 -fomit-frame-pointer -funroll-loops -fpeel-loops -ftracer -finline-functions compilation failed to produce executable
UNRESOLVED: gfortran.dg/c-interop/ff-descriptor-5.f90 -O3 -g compilation failed to produce executable
UNRESOLVED: gfortran.dg/c-interop/ff-descriptor-5.f90 -Os compilation failed to produce executable
FAIL: gfortran.dg/backtrace_1.f90 -O0 execution test
FAIL: gfortran.dg/backtrace_1.f90 -O1 execution test
FAIL: gfortran.dg/backtrace_1.f90 -O2 execution test
FAIL: gfortran.dg/backtrace_1.f90 -O3 -fomit-frame-pointer -funroll-loops -fpeel-loops -ftracer -finline-functions execution test
FAIL: gfortran.dg/backtrace_1.f90 -Os execution test
FAIL: gfortran.dg/reshape_shape_2.f90 -O (test for errors, line 6)
FAIL: gfortran.dg/reshape_shape_2.f90 -O (internal compiler error)
FAIL: gfortran.dg/reshape_shape_2.f90 -O (test for excess errors)
FAIL: gfortran.dg/ieee/large_2.f90 -O0 execution test
FAIL: gfortran.dg/ieee/large_2.f90 -O1 execution test
FAIL: gfortran.dg/ieee/large_2.f90 -O2 execution test
FAIL: gfortran.dg/ieee/large_2.f90 -O3 -fomit-frame-pointer -funroll-loops -fpeel-loops -ftracer -finline-functions execution test
FAIL: gfortran.dg/ieee/large_2.f90 -O3 -g execution test
FAIL: gfortran.dg/ieee/large_2.f90 -Os execution test
=== gfortran Summary for unix/-m64 ===
# of expected passes 4050
=== gfortran Summary ===
# of expected passes 8100
/home/gccbuild/build/nightly/build-gcc-trunk/gcc/testsuite/gfortran/../../gfortran version 12.0.0 20211016 (experimental) [remotes/origin/HEAD r12-4456-g93d183a] (GCC)
=== g++ tests ===
Running target unix/-m32
FAIL: c-c++-common/Wstringop-overflow-2.c -std=gnu++14 (test for warnings, line 226)
FAIL: c-c++-common/Wstringop-overflow-2.c -std=gnu++14 (test for warnings, line 227)
FAIL: c-c++-common/Wstringop-overflow-2.c -std=gnu++14 (test for warnings, line 325)
FAIL: c-c++-common/Wstringop-overflow-2.c -std=gnu++14 (test for warnings, line 326)
FAIL: c-c++-common/Wstringop-overflow-2.c -std=gnu++14 (test for excess errors)
FAIL: c-c++-common/Wstringop-overflow-2.c -std=gnu++17 (test for warnings, line 226)
FAIL: c-c++-common/Wstringop-overflow-2.c -std=gnu++17 (test for warnings, line 227)
FAIL: c-c++-common/Wstringop-overflow-2.c -std=gnu++17 (test for warnings, line 325)
FAIL: c-c++-common/Wstringop-overflow-2.c -std=gnu++17 (test for warnings, line 326)
FAIL: c-c++-common/Wstringop-overflow-2.c -std=gnu++17 (test for excess errors)
FAIL: c-c++-common/Wstringop-overflow-2.c -std=gnu++2a (test for warnings, line 226)
FAIL: c-c++-common/Wstringop-overflow-2.c -std=gnu++2a (test for warnings, line 227)
FAIL: c-c++-common/Wstringop-overflow-2.c -std=gnu++2a (test for warnings, line 325)
FAIL: c-c++-common/Wstringop-overflow-2.c -std=gnu++2a (test for warnings, line 326)
FAIL: c-c++-common/Wstringop-overflow-2.c -std=gnu++2a (test for excess errors)
FAIL: c-c++-common/Wstringop-overflow-2.c -std=gnu++98 (test for warnings, line 226)
FAIL: c-c++-common/Wstringop-overflow-2.c -std=gnu++98 (test for warnings, line 227)
FAIL: c-c++-common/Wstringop-overflow-2.c -std=gnu++98 (test for warnings, line 325)
FAIL: c-c++-common/Wstringop-overflow-2.c -std=gnu++98 (test for warnings, line 326)
FAIL: c-c++-common/Wstringop-overflow-2.c -std=gnu++98 (test for excess errors)
FAIL: g++.dg/warn/Warray-bounds-16.C -std=gnu++14 scan-tree-dump-not optimized "goto"
FAIL: g++.dg/warn/Warray-bounds-16.C -std=gnu++14 (test for excess errors)
FAIL: g++.dg/warn/Warray-bounds-16.C -std=gnu++17 scan-tree-dump-not optimized "goto"
FAIL: g++.dg/warn/Warray-bounds-16.C -std=gnu++17 (test for excess errors)
FAIL: g++.dg/warn/Warray-bounds-16.C -std=gnu++2a scan-tree-dump-not optimized "goto"
FAIL: g++.dg/warn/Warray-bounds-16.C -std=gnu++2a (test for excess errors)
FAIL: g++.dg/warn/Warray-bounds-16.C -std=gnu++98 scan-tree-dump-not optimized "goto"
FAIL: g++.dg/warn/Warray-bounds-16.C -std=gnu++98 (test for excess errors)
FAIL: g++.dg/modules/xtreme-header-3_a.H -std=c++17 (internal compiler error)
FAIL: g++.dg/modules/xtreme-header-3_a.H -std=c++17 (test for excess errors)
FAIL: g++.dg/modules/xtreme-header-3_a.H -std=c++2a (internal compiler error)
FAIL: g++.dg/modules/xtreme-header-3_a.H -std=c++2a (test for excess errors)
FAIL: g++.dg/modules/xtreme-header-3_a.H -std=c++2b (internal compiler error)
FAIL: g++.dg/modules/xtreme-header-3_a.H -std=c++2b (test for excess errors)
FAIL: g++.dg/modules/xtreme-header-3_a.H module-cmi (gcm.cache/\$srcdir/g++.dg/modules/xtreme-header-3_a.H.gcm)
FAIL: g++.dg/modules/xtreme-header-3_a.H module-cmi (gcm.cache/\$srcdir/g++.dg/modules/xtreme-header-3_a.H.gcm)
FAIL: g++.dg/modules/xtreme-header-3_a.H module-cmi (gcm.cache/\$srcdir/g++.dg/modules/xtreme-header-3_a.H.gcm)
FAIL: g++.dg/modules/xtreme-header-3_b.C -std=c++17 (test for excess errors)
FAIL: g++.dg/modules/xtreme-header-3_b.C -std=c++2a (test for excess errors)
FAIL: g++.dg/modules/xtreme-header-3_b.C -std=c++2b (test for excess errors)
FAIL: g++.dg/modules/xtreme-header-3_c.C -std=c++17 (test for excess errors)
FAIL: g++.dg/modules/xtreme-header-3_c.C -std=c++2a (test for excess errors)
FAIL: g++.dg/modules/xtreme-header-3_c.C -std=c++2b (test for excess errors)
FAIL: g++.dg/modules/xtreme-header-5_a.H -std=c++2a (internal compiler error)
FAIL: g++.dg/modules/xtreme-header-5_a.H -std=c++2a (test for excess errors)
FAIL: g++.dg/modules/xtreme-header-5_a.H -std=c++2b (internal compiler error)
FAIL: g++.dg/modules/xtreme-header-5_a.H -std=c++2b (test for excess errors)
FAIL: g++.dg/modules/xtreme-header-5_a.H module-cmi (gcm.cache/\$srcdir/g++.dg/modules/xtreme-header-5_a.H.gcm)
FAIL: g++.dg/modules/xtreme-header-5_a.H module-cmi (gcm.cache/\$srcdir/g++.dg/modules/xtreme-header-5_a.H.gcm)
FAIL: g++.dg/modules/xtreme-header-5_b.C -std=c++2a (test for excess errors)
FAIL: g++.dg/modules/xtreme-header-5_b.C -std=c++2b (test for excess errors)
FAIL: g++.dg/modules/xtreme-header-5_c.C -std=c++2a (test for excess errors)
FAIL: g++.dg/modules/xtreme-header-5_c.C -std=c++2b (test for excess errors)
FAIL: g++.dg/modules/xtreme-header_a.H -std=c++17 (internal compiler error)
FAIL: g++.dg/modules/xtreme-header_a.H -std=c++17 (test for excess errors)
FAIL: g++.dg/modules/xtreme-header_a.H -std=c++2a (internal compiler error)
FAIL: g++.dg/modules/xtreme-header_a.H -std=c++2a (test for excess errors)
FAIL: g++.dg/modules/xtreme-header_a.H -std=c++2b (internal compiler error)
FAIL: g++.dg/modules/xtreme-header_a.H -std=c++2b (test for excess errors)
FAIL: g++.dg/modules/xtreme-header_a.H module-cmi (gcm.cache/\$srcdir/g++.dg/modules/xtreme-header_a.H.gcm)
FAIL: g++.dg/modules/xtreme-header_a.H module-cmi (gcm.cache/\$srcdir/g++.dg/modules/xtreme-header_a.H.gcm)
FAIL: g++.dg/modules/xtreme-header_a.H module-cmi (gcm.cache/\$srcdir/g++.dg/modules/xtreme-header_a.H.gcm)
FAIL: g++.dg/modules/xtreme-header_b.C -std=c++17 (test for excess errors)
FAIL: g++.dg/modules/xtreme-header_b.C -std=c++2a (test for excess errors)
FAIL: g++.dg/modules/xtreme-header_b.C -std=c++2b (test for excess errors)
FAIL: g++.dg/tls/thread_local-order2.C -std=c++14 execution test
FAIL: g++.dg/tls/thread_local-order2.C -std=c++17 execution test
FAIL: g++.dg/tls/thread_local-order2.C -std=c++2a execution test
=== g++ Summary for unix/-m32 ===
Running target unix/-m64
FAIL: c-c++-common/asan/alloca_big_alignment.c -O0 output pattern test, is =================================================================
FAIL: c-c++-common/asan/alloca_big_alignment.c -O1 output pattern test, is =================================================================
FAIL: c-c++-common/asan/alloca_big_alignment.c -O2 output pattern test, is =================================================================
FAIL: c-c++-common/asan/alloca_big_alignment.c -O2 -flto -fno-use-linker-plugin -flto-partition=none output pattern test, is =================================================================
FAIL: c-c++-common/asan/alloca_big_alignment.c -O2 -flto -fuse-linker-plugin -fno-fat-lto-objects output pattern test, is =================================================================
FAIL: c-c++-common/asan/alloca_big_alignment.c -O3 -g output pattern test, is =================================================================
FAIL: c-c++-common/asan/alloca_big_alignment.c -Os output pattern test, is =================================================================
FAIL: c-c++-common/asan/alloca_detect_custom_size.c -O0 output pattern test, is =================================================================
FAIL: c-c++-common/asan/alloca_detect_custom_size.c -O1 output pattern test, is =================================================================
FAIL: c-c++-common/asan/alloca_detect_custom_size.c -O2 output pattern test, is =================================================================
FAIL: c-c++-common/asan/alloca_detect_custom_size.c -O2 -flto -fno-use-linker-plugin -flto-partition=none output pattern test, is =================================================================
FAIL: c-c++-common/asan/alloca_detect_custom_size.c -O2 -flto -fuse-linker-plugin -fno-fat-lto-objects output pattern test, is =================================================================
FAIL: c-c++-common/asan/alloca_detect_custom_size.c -O3 -g output pattern test, is =================================================================
FAIL: c-c++-common/asan/alloca_detect_custom_size.c -Os output pattern test, is =================================================================
FAIL: c-c++-common/asan/alloca_overflow_partial.c -O0 output pattern test, is =================================================================
FAIL: c-c++-common/asan/alloca_overflow_partial.c -O1 output pattern test, is =================================================================
FAIL: c-c++-common/asan/alloca_overflow_partial.c -O2 output pattern test, is =================================================================
FAIL: c-c++-common/asan/alloca_overflow_partial.c -O2 -flto -fno-use-linker-plugin -flto-partition=none output pattern test, is =================================================================
FAIL: c-c++-common/asan/alloca_overflow_partial.c -O2 -flto -fuse-linker-plugin -fno-fat-lto-objects output pattern test, is =================================================================
FAIL: c-c++-common/asan/alloca_overflow_partial.c -O3 -g output pattern test, is =================================================================
FAIL: c-c++-common/asan/alloca_overflow_partial.c -Os output pattern test, is =================================================================
FAIL: c-c++-common/asan/alloca_overflow_right.c -O0 output pattern test, is =================================================================
FAIL: c-c++-common/asan/alloca_overflow_right.c -O1 output pattern test, is =================================================================
FAIL: c-c++-common/asan/alloca_overflow_right.c -O2 output pattern test, is =================================================================
FAIL: c-c++-common/asan/alloca_overflow_right.c -O2 -flto -fno-use-linker-plugin -flto-partition=none output pattern test, is =================================================================
FAIL: c-c++-common/asan/alloca_overflow_right.c -O2 -flto -fuse-linker-plugin -fno-fat-lto-objects output pattern test, is =================================================================
FAIL: c-c++-common/asan/alloca_overflow_right.c -O3 -g output pattern test, is =================================================================
FAIL: c-c++-common/asan/alloca_overflow_right.c -Os output pattern test, is =================================================================
FAIL: c-c++-common/asan/alloca_underflow_left.c -O0 output pattern test, is =================================================================
FAIL: c-c++-common/asan/alloca_underflow_left.c -O1 output pattern test, is =================================================================
FAIL: c-c++-common/asan/alloca_underflow_left.c -O2 output pattern test, is =================================================================
FAIL: c-c++-common/asan/alloca_underflow_left.c -O2 -flto -fno-use-linker-plugin -flto-partition=none output pattern test, is =================================================================
FAIL: c-c++-common/asan/alloca_underflow_left.c -O2 -flto -fuse-linker-plugin -fno-fat-lto-objects output pattern test, is =================================================================
FAIL: c-c++-common/asan/alloca_underflow_left.c -O3 -g output pattern test, is =================================================================
FAIL: c-c++-common/asan/alloca_underflow_left.c -Os output pattern test, is =================================================================
FAIL: c-c++-common/asan/global-overflow-1.c -O0 output pattern test, is =================================================================
FAIL: c-c++-common/asan/global-overflow-1.c -O1 output pattern test, is =================================================================
FAIL: c-c++-common/asan/global-overflow-1.c -O2 output pattern test, is =================================================================
FAIL: c-c++-common/asan/global-overflow-1.c -O2 -flto -fno-use-linker-plugin -flto-partition=none output pattern test, is =================================================================
FAIL: c-c++-common/asan/global-overflow-1.c -O2 -flto -fuse-linker-plugin -fno-fat-lto-objects output pattern test, is =================================================================
FAIL: c-c++-common/asan/global-overflow-1.c -O3 -g output pattern test, is =================================================================
FAIL: c-c++-common/asan/global-overflow-1.c -Os output pattern test, is =================================================================
FAIL: c-c++-common/asan/halt_on_error-1.c -O0 execution test
FAIL: c-c++-common/asan/halt_on_error-1.c -O1 execution test
FAIL: c-c++-common/asan/halt_on_error-1.c -O2 execution test
FAIL: c-c++-common/asan/halt_on_error-1.c -O2 -flto -fno-use-linker-plugin -flto-partition=none execution test
FAIL: c-c++-common/asan/halt_on_error-1.c -O2 -flto -fuse-linker-plugin -fno-fat-lto-objects execution test
FAIL: c-c++-common/asan/halt_on_error-1.c -O3 -g execution test
FAIL: c-c++-common/asan/halt_on_error-1.c -Os execution test
FAIL: c-c++-common/asan/heap-overflow-1.c -O0 output pattern test, is =================================================================
FAIL: c-c++-common/asan/heap-overflow-1.c -O1 output pattern test, is =================================================================
FAIL: c-c++-common/asan/heap-overflow-1.c -O2 output pattern test, is =================================================================
FAIL: c-c++-common/asan/heap-overflow-1.c -O2 -flto -fno-use-linker-plugin -flto-partition=none output pattern test, is =================================================================
FAIL: c-c++-common/asan/heap-overflow-1.c -O2 -flto -fuse-linker-plugin -fno-fat-lto-objects output pattern test, is =================================================================
FAIL: c-c++-common/asan/heap-overflow-1.c -O3 -g output pattern test, is =================================================================
FAIL: c-c++-common/asan/heap-overflow-1.c -Os output pattern test, is =================================================================
FAIL: c-c++-common/asan/memcmp-1.c -O0 output pattern test, is =================================================================
FAIL: c-c++-common/asan/memcmp-1.c -O1 output pattern test, is =================================================================
FAIL: c-c++-common/asan/memcmp-1.c -O2 output pattern test, is =================================================================
FAIL: c-c++-common/asan/memcmp-1.c -O2 -flto -fno-use-linker-plugin -flto-partition=none output pattern test, is =================================================================
FAIL: c-c++-common/asan/memcmp-1.c -O2 -flto -fuse-linker-plugin -fno-fat-lto-objects output pattern test, is =================================================================
FAIL: c-c++-common/asan/memcmp-1.c -O3 -g output pattern test, is =================================================================
FAIL: c-c++-common/asan/memcmp-1.c -Os output pattern test, is =================================================================
FAIL: c-c++-common/asan/null-deref-1.c -O0 output pattern test, is AddressSanitizer:DEADLYSIGNAL
FAIL: c-c++-common/asan/null-deref-1.c -O1 output pattern test, is AddressSanitizer:DEADLYSIGNAL
FAIL: c-c++-common/asan/null-deref-1.c -O2 output pattern test, is AddressSanitizer:DEADLYSIGNAL
FAIL: c-c++-common/asan/null-deref-1.c -O2 -flto -fno-use-linker-plugin -flto-partition=none output pattern test, is AddressSanitizer:DEADLYSIGNAL
FAIL: c-c++-common/asan/null-deref-1.c -O2 -flto -fuse-linker-plugin -fno-fat-lto-objects output pattern test, is AddressSanitizer:DEADLYSIGNAL
FAIL: c-c++-common/asan/null-deref-1.c -O3 -g output pattern test, is AddressSanitizer:DEADLYSIGNAL
FAIL: c-c++-common/asan/null-deref-1.c -Os output pattern test, is AddressSanitizer:DEADLYSIGNAL
FAIL: c-c++-common/asan/pointer-compare-1.c -O0 execution test
FAIL: c-c++-common/asan/pointer-compare-1.c -O1 execution test
FAIL: c-c++-common/asan/pointer-compare-1.c -O2 execution test
FAIL: c-c++-common/asan/pointer-compare-1.c -O2 -flto -fno-use-linker-plugin -flto-partition=none execution test
FAIL: c-c++-common/asan/pointer-compare-1.c -O2 -flto -fuse-linker-plugin -fno-fat-lto-objects execution test
FAIL: c-c++-common/asan/pointer-compare-1.c -O3 -g execution test
FAIL: c-c++-common/asan/pointer-compare-1.c -Os execution test
FAIL: c-c++-common/asan/pointer-subtract-1.c -O0 execution test
FAIL: c-c++-common/asan/pointer-subtract-1.c -O1 execution test
FAIL: c-c++-common/asan/pointer-subtract-1.c -O2 execution test
FAIL: c-c++-common/asan/pointer-subtract-1.c -O2 -flto -fno-use-linker-plugin -flto-partition=none execution test
FAIL: c-c++-common/asan/pointer-subtract-1.c -O2 -flto -fuse-linker-plugin -fno-fat-lto-objects execution test
FAIL: c-c++-common/asan/pointer-subtract-1.c -O3 -g execution test
FAIL: c-c++-common/asan/pointer-subtract-1.c -Os execution test
FAIL: c-c++-common/asan/pr64820.c -O0 output pattern test, is =================================================================
FAIL: c-c++-common/asan/pr64820.c -O1 output pattern test, is =================================================================
FAIL: c-c++-common/asan/pr64820.c -O2 output pattern test, is =================================================================
FAIL: c-c++-common/asan/pr64820.c -O2 -flto -fno-use-linker-plugin -flto-partition=none output pattern test, is =================================================================
FAIL: c-c++-common/asan/pr64820.c -O2 -flto -fuse-linker-plugin -fno-fat-lto-objects output pattern test, is =================================================================
FAIL: c-c++-common/asan/pr64820.c -O3 -g output pattern test, is =================================================================
FAIL: c-c++-common/asan/pr64820.c -Os output pattern test, is =================================================================
FAIL: c-c++-common/asan/pr70541.c -O0 output pattern test, is =================================================================
FAIL: c-c++-common/asan/sanity-check-pure-c-1.c -O0 output pattern test, is =================================================================
FAIL: c-c++-common/asan/sanity-check-pure-c-1.c -O1 output pattern test, is =================================================================
FAIL: c-c++-common/asan/sanity-check-pure-c-1.c -O2 output pattern test, is =================================================================
FAIL: c-c++-common/asan/sanity-check-pure-c-1.c -O2 -flto -fno-use-linker-plugin -flto-partition=none output pattern test, is =================================================================
FAIL: c-c++-common/asan/sanity-check-pure-c-1.c -O2 -flto -fuse-linker-plugin -fno-fat-lto-objects output pattern test, is =================================================================
FAIL: c-c++-common/asan/sanity-check-pure-c-1.c -O3 -g output pattern test, is =================================================================
FAIL: c-c++-common/asan/sanity-check-pure-c-1.c -Os output pattern test, is =================================================================
FAIL: c-c++-common/asan/stack-overflow-1.c -O0 output pattern test, is =================================================================
FAIL: c-c++-common/asan/stack-overflow-1.c -O1 output pattern test, is =================================================================
FAIL: c-c++-common/asan/stack-overflow-1.c -O2 output pattern test, is =================================================================
FAIL: c-c++-common/asan/stack-overflow-1.c -O2 -flto -fno-use-linker-plugin -flto-partition=none output pattern test, is =================================================================
FAIL: c-c++-common/asan/stack-overflow-1.c -O2 -flto -fuse-linker-plugin -fno-fat-lto-objects output pattern test, is =================================================================
FAIL: c-c++-common/asan/stack-overflow-1.c -O3 -g output pattern test, is =================================================================
FAIL: c-c++-common/asan/stack-overflow-1.c -Os output pattern test, is =================================================================
FAIL: c-c++-common/asan/strip-path-prefix-1.c -O2 output pattern test, is =================================================================
FAIL: c-c++-common/asan/strip-path-prefix-1.c -O2 -flto -fno-use-linker-plugin -flto-partition=none output pattern test, is =================================================================
FAIL: c-c++-common/asan/strip-path-prefix-1.c -O2 -flto -fuse-linker-plugin -fno-fat-lto-objects output pattern test, is =================================================================
FAIL: c-c++-common/asan/strlen-overflow-1.c -O0 output pattern test, is =================================================================
FAIL: c-c++-common/asan/strlen-overflow-1.c -O1 output pattern test, is =================================================================
FAIL: c-c++-common/asan/strlen-overflow-1.c -O2 output pattern test, is =================================================================
FAIL: c-c++-common/asan/strlen-overflow-1.c -O3 -g output pattern test, is =================================================================
FAIL: c-c++-common/asan/strlen-overflow-1.c -Os output pattern test, is =================================================================
FAIL: c-c++-common/asan/strncpy-overflow-1.c -O0 output pattern test, is =================================================================
FAIL: c-c++-common/asan/strncpy-overflow-1.c -O1 output pattern test, is =================================================================
FAIL: c-c++-common/asan/strncpy-overflow-1.c -O2 output pattern test, is =================================================================
FAIL: c-c++-common/asan/strncpy-overflow-1.c -O2 -flto -fno-use-linker-plugin -flto-partition=none output pattern test, is =================================================================
FAIL: c-c++-common/asan/strncpy-overflow-1.c -O2 -flto -fuse-linker-plugin -fno-fat-lto-objects output pattern test, is =================================================================
FAIL: c-c++-common/asan/strncpy-overflow-1.c -O3 -g output pattern test, is =================================================================
FAIL: c-c++-common/asan/strncpy-overflow-1.c -Os output pattern test, is =================================================================
FAIL: c-c++-common/asan/swapcontext-test-1.c -O0 execution test
FAIL: c-c++-common/asan/swapcontext-test-1.c -O1 execution test
FAIL: c-c++-common/asan/swapcontext-test-1.c -O2 execution test
FAIL: c-c++-common/asan/swapcontext-test-1.c -O2 -flto -fno-use-linker-plugin -flto-partition=none execution test
FAIL: c-c++-common/asan/swapcontext-test-1.c -O2 -flto -fuse-linker-plugin -fno-fat-lto-objects execution test
FAIL: c-c++-common/asan/swapcontext-test-1.c -O3 -fomit-frame-pointer -funroll-loops -fpeel-loops -ftracer -finline-functions execution test
FAIL: c-c++-common/asan/swapcontext-test-1.c -O3 -g execution test
FAIL: c-c++-common/asan/swapcontext-test-1.c -Os execution test
FAIL: c-c++-common/asan/use-after-free-1.c -O0 output pattern test, is =================================================================
FAIL: c-c++-common/asan/use-after-free-1.c -O1 output pattern test, is =================================================================
FAIL: c-c++-common/asan/use-after-free-1.c -O2 output pattern test, is =================================================================
FAIL: c-c++-common/asan/use-after-free-1.c -O2 -flto -fno-use-linker-plugin -flto-partition=none output pattern test, is =================================================================
FAIL: c-c++-common/asan/use-after-free-1.c -O2 -flto -fuse-linker-plugin -fno-fat-lto-objects output pattern test, is =================================================================
FAIL: c-c++-common/asan/use-after-free-1.c -O3 -g output pattern test, is =================================================================
FAIL: c-c++-common/asan/use-after-free-1.c -Os output pattern test, is =================================================================
FAIL: c-c++-common/asan/use-after-return-1.c -O0 output pattern test, is 1: 0x3dffb5689020
FAIL: c-c++-common/asan/use-after-return-1.c -O1 output pattern test, is 1: 0x3dffb5689020
FAIL: c-c++-common/asan/use-after-return-1.c -O2 output pattern test, is 1: 0x3dffb5689020
FAIL: c-c++-common/asan/use-after-return-1.c -O2 -flto -fno-use-linker-plugin -flto-partition=none output pattern test, is 1: 0x3dffb5689020
FAIL: c-c++-common/asan/use-after-return-1.c -O2 -flto -fuse-linker-plugin -fno-fat-lto-objects output pattern test, is 1: 0x3dffb5689020
FAIL: c-c++-common/asan/use-after-return-1.c -O3 -g output pattern test, is 1: 0x3dffb5689020
FAIL: c-c++-common/asan/use-after-return-1.c -Os output pattern test, is 1: 0x3dffb5689020
FAIL: g++.dg/asan/asan_test.C -O2 AddressSanitizer_AtoiAndFriendsOOBTest Atoi(array + 11) output pattern test
FAIL: g++.dg/asan/asan_test.C -O2 AddressSanitizer_AtoiAndFriendsOOBTest Atoi(array + 11) output pattern test
FAIL: g++.dg/asan/asan_test.C -O2 AddressSanitizer_AtoiAndFriendsOOBTest Atoi(array + 11) output pattern test
FAIL: g++.dg/asan/asan_test.C -O2 AddressSanitizer_AtoiAndFriendsOOBTest Atoi(array + 9) output pattern test
FAIL: g++.dg/asan/asan_test.C -O2 AddressSanitizer_AtoiAndFriendsOOBTest Atoi(array + 9) output pattern test
FAIL: g++.dg/asan/asan_test.C -O2 AddressSanitizer_AtoiAndFriendsOOBTest Atoi(array + 9) output pattern test
FAIL: g++.dg/asan/asan_test.C -O2 AddressSanitizer_AtoiAndFriendsOOBTest Atoi(array - 1) output pattern test
FAIL: g++.dg/asan/asan_test.C -O2 AddressSanitizer_AtoiAndFriendsOOBTest Atoi(array - 1) output pattern test
FAIL: g++.dg/asan/asan_test.C -O2 AddressSanitizer_AtoiAndFriendsOOBTest Atoi(array - 1) output pattern test
FAIL: g++.dg/asan/asan_test.C -O2 AddressSanitizer_AtoiAndFriendsOOBTest Atoi(array) output pattern test
FAIL: g++.dg/asan/asan_test.C -O2 AddressSanitizer_AtoiAndFriendsOOBTest Atoi(array) output pattern test
FAIL: g++.dg/asan/asan_test.C -O2 AddressSanitizer_AtoiAndFriendsOOBTest Atoi(array) output pattern test
FAIL: g++.dg/asan/asan_test.C -O2 AddressSanitizer_AtoiAndFriendsOOBTest Atoi(array) output pattern test
FAIL: g++.dg/asan/asan_test.C -O2 AddressSanitizer_AtoiAndFriendsOOBTest Atoi(array) output pattern test
FAIL: g++.dg/asan/asan_test.C -O2 AddressSanitizer_AtoiAndFriendsOOBTest Atoi(array) output pattern test
FAIL: g++.dg/asan/asan_test.C -O2 AddressSanitizer_AtoiAndFriendsOOBTest Atoi(array) output pattern test
FAIL: g++.dg/asan/asan_test.C -O2 AddressSanitizer_AtoiAndFriendsOOBTest Atoi(array) output pattern test
FAIL: g++.dg/asan/asan_test.C -O2 AddressSanitizer_AtoiAndFriendsOOBTest Atoi(array) output pattern test
FAIL: g++.dg/asan/asan_test.C -O2 AddressSanitizer_DoubleFreeTest DoubleFree() output pattern test
FAIL: g++.dg/asan/asan_test.C -O2 AddressSanitizer_FileNameInGlobalReportTest Ident(p[15]) output pattern test
FAIL: g++.dg/asan/asan_test.C -O2 AddressSanitizer_GlobalStringConstTest Ident(p[15]) output pattern test
FAIL: g++.dg/asan/asan_test.C -O2 AddressSanitizer_GlobalTest Ident(Ident(ConstGlob)[8]) output pattern test
FAIL: g++.dg/asan/asan_test.C -O2 AddressSanitizer_GlobalTest Ident(Ident(StaticConstGlob)[5]) output pattern test
FAIL: g++.dg/asan/asan_test.C -O2 AddressSanitizer_GlobalTest fs2[Ident(-1)] = 0 output pattern test
FAIL: g++.dg/asan/asan_test.C -O2 AddressSanitizer_GlobalTest func_static15[Ident(15 + 9)] = 0 output pattern test
FAIL: g++.dg/asan/asan_test.C -O2 AddressSanitizer_GlobalTest func_static15[Ident(15)] = 0 output pattern test
FAIL: g++.dg/asan/asan_test.C -O2 AddressSanitizer_GlobalTest glob5[Ident(5)] = 0 output pattern test
FAIL: g++.dg/asan/asan_test.C -O2 AddressSanitizer_GlobalTest glob5[Ident(5+6)] = 0 output pattern test
FAIL: g++.dg/asan/asan_test.C -O2 AddressSanitizer_GlobalTest static110[Ident(110)] = 0 output pattern test
FAIL: g++.dg/asan/asan_test.C -O2 AddressSanitizer_GlobalTest static110[Ident(110+7)] = 0 output pattern test
FAIL: g++.dg/asan/asan_test.C -O2 AddressSanitizer_LargeMallocTest Ident((char*)malloc(size))[-1] = 0 output pattern test
FAIL: g++.dg/asan/asan_test.C -O2 AddressSanitizer_LargeMallocTest Ident((char*)malloc(size))[-1] = 0 output pattern test
FAIL: g++.dg/asan/asan_test.C -O2 AddressSanitizer_LargeMallocTest Ident((char*)malloc(size))[-1] = 0 output pattern test
FAIL: g++.dg/asan/asan_test.C -O2 AddressSanitizer_LargeMallocTest Ident((char*)malloc(size))[-1] = 0 output pattern test
FAIL: g++.dg/asan/asan_test.C -O2 AddressSanitizer_LargeMallocTest Ident((char*)malloc(size))[-1] = 0 output pattern test
FAIL: g++.dg/asan/asan_test.C -O2 AddressSanitizer_LargeMallocTest Ident((char*)malloc(size))[-1] = 0 output pattern test
FAIL: g++.dg/asan/asan_test.C -O2 AddressSanitizer_LargeMallocTest Ident((char*)malloc(size))[-1] = 0 output pattern test
FAIL: g++.dg/asan/asan_test.C -O2 AddressSanitizer_LargeMallocTest Ident((char*)malloc(size))[-1] = 0 output pattern test
FAIL: g++.dg/asan/asan_test.C -O2 AddressSanitizer_LargeMallocTest Ident((char*)malloc(size))[-1] = 0 output pattern test
FAIL: g++.dg/asan/asan_test.C -O2 AddressSanitizer_LargeMallocTest Ident((char*)malloc(size))[-1] = 0 output pattern test
FAIL: g++.dg/asan/asan_test.C -O2 AddressSanitizer_LargeMallocTest Ident((char*)malloc(size))[-1] = 0 output pattern test
FAIL: g++.dg/asan/asan_test.C -O2 AddressSanitizer_LargeMallocTest Ident((char*)malloc(size))[-1] = 0 output pattern test
FAIL: g++.dg/asan/asan_test.C -O2 AddressSanitizer_LargeMallocTest Ident((char*)malloc(size))[-1] = 0 output pattern test
FAIL: g++.dg/asan/asan_test.C -O2 AddressSanitizer_LargeMallocTest Ident((char*)malloc(size))[-1] = 0 output pattern test
FAIL: g++.dg/asan/asan_test.C -O2 AddressSanitizer_LargeMallocTest Ident((char*)malloc(size))[-1] = 0 output pattern test
FAIL: g++.dg/asan/asan_test.C -O2 AddressSanitizer_LargeMallocTest Ident((char*)malloc(size))[-1] = 0 output pattern test
FAIL: g++.dg/asan/asan_test.C -O2 AddressSanitizer_LargeMallocTest Ident((char*)malloc(size))[-1] = 0 output pattern test
FAIL: g++.dg/asan/asan_test.C -O2 AddressSanitizer_LargeMallocTest Ident((char*)malloc(size))[-1] = 0 output pattern test
FAIL: g++.dg/asan/asan_test.C -O2 AddressSanitizer_LargeMallocTest Ident((char*)malloc(size))[-1] = 0 output pattern test
FAIL: g++.dg/asan/asan_test.C -O2 AddressSanitizer_LargeMallocTest Ident((char*)malloc(size))[-1] = 0 output pattern test
FAIL: g++.dg/asan/asan_test.C -O2 AddressSanitizer_LargeMallocTest Ident((char*)malloc(size))[-1] = 0 output pattern test
FAIL: g++.dg/asan/asan_test.C -O2 AddressSanitizer_LargeMallocTest Ident((char*)malloc(size))[-1] = 0 output pattern test
FAIL: g++.dg/asan/asan_test.C -O2 AddressSanitizer_LargeOOBInMemset Ident(memset)(x1, 0, size * 2) output pattern test
FAIL: g++.dg/asan/asan_test.C -O2 AddressSanitizer_LargeOOBRightTest p[size] = 0 output pattern test
FAIL: g++.dg/asan/asan_test.C -O2 AddressSanitizer_LargeOOBRightTest p[size] = 0 output pattern test
FAIL: g++.dg/asan/asan_test.C -O2 AddressSanitizer_LargeOOBRightTest p[size] = 0 output pattern test
FAIL: g++.dg/asan/asan_test.C -O2 AddressSanitizer_LargeOOBRightTest p[size] = 0 output pattern test
FAIL: g++.dg/asan/asan_test.C -O2 AddressSanitizer_LargeOOBRightTest p[size] = 0 output pattern test
FAIL: g++.dg/asan/asan_test.C -O2 AddressSanitizer_MallocUsableSizeTest malloc_usable_size((void*)0x123) output pattern test
FAIL: g++.dg/asan/asan_test.C -O2 AddressSanitizer_MallocUsableSizeTest malloc_usable_size(array + kArraySize / 2) output pattern test
FAIL: g++.dg/asan/asan_test.C -O2 AddressSanitizer_MallocUsableSizeTest malloc_usable_size(array) output pattern test
FAIL: g++.dg/asan/asan_test.C -O2 AddressSanitizer_ManyStackObjectsTest Ident(ZZZ)[-1] = 0 output pattern test
FAIL: g++.dg/asan/asan_test.C -O2 AddressSanitizer_MemCmpOOBTest Ident(memcmp)(s1 + 1, s2 + 1, size) output pattern test
FAIL: g++.dg/asan/asan_test.C -O2 AddressSanitizer_MemCmpOOBTest Ident(memcmp)(s1 + size - 1, s2, 2) output pattern test
FAIL: g++.dg/asan/asan_test.C -O2 AddressSanitizer_MemCmpOOBTest Ident(memcmp)(s1 + size, s2, 1) output pattern test
FAIL: g++.dg/asan/asan_test.C -O2 AddressSanitizer_MemCmpOOBTest Ident(memcmp)(s1 - 1, s2, 1) output pattern test
FAIL: g++.dg/asan/asan_test.C -O2 AddressSanitizer_MemCmpOOBTest Ident(memcmp)(s1, s2 + size, 1) output pattern test
FAIL: g++.dg/asan/asan_test.C -O2 AddressSanitizer_MemCmpOOBTest Ident(memcmp)(s1, s2 - 1, 1) output pattern test
FAIL: g++.dg/asan/asan_test.C -O2 AddressSanitizer_MemCmpOOBTest Ident(memcmp)(s1, s2, size + 1) output pattern test
FAIL: g++.dg/asan/asan_test.C -O2 AddressSanitizer_MemCmpOOBTest Ident(memcmp)(s1, s2, size + 1) output pattern test
FAIL: g++.dg/asan/asan_test.C -O2 AddressSanitizer_MemCpyOOBTest M::transfer((char*)(dest + length) - 1, src, 5) output pattern test
FAIL: g++.dg/asan/asan_test.C -O2 AddressSanitizer_MemCpyOOBTest M::transfer((char*)(dest + length) - 1, src, 5) output pattern test
FAIL: g++.dg/asan/asan_test.C -O2 AddressSanitizer_MemCpyOOBTest M::transfer((char*)dest - 3, src, 4) output pattern test
FAIL: g++.dg/asan/asan_test.C -O2 AddressSanitizer_MemCpyOOBTest M::transfer((char*)dest - 3, src, 4) output pattern test
FAIL: g++.dg/asan/asan_test.C -O2 AddressSanitizer_MemCpyOOBTest M::transfer(big_dest, src - 2, size * 2) output pattern test
FAIL: g++.dg/asan/asan_test.C -O2 AddressSanitizer_MemCpyOOBTest M::transfer(big_dest, src - 2, size * 2) output pattern test
FAIL: g++.dg/asan/asan_test.C -O2 AddressSanitizer_MemCpyOOBTest M::transfer(dest + 1, src, size) output pattern test
FAIL: g++.dg/asan/asan_test.C -O2 AddressSanitizer_MemCpyOOBTest M::transfer(dest + 1, src, size) output pattern test
FAIL: g++.dg/asan/asan_test.C -O2 AddressSanitizer_MemCpyOOBTest M::transfer(dest - 1, big_src, size * 2) output pattern test
FAIL: g++.dg/asan/asan_test.C -O2 AddressSanitizer_MemCpyOOBTest M::transfer(dest - 1, big_src, size * 2) output pattern test
FAIL: g++.dg/asan/asan_test.C -O2 AddressSanitizer_MemCpyOOBTest M::transfer(dest - 2, src, size) output pattern test
FAIL: g++.dg/asan/asan_test.C -O2 AddressSanitizer_MemCpyOOBTest M::transfer(dest - 2, src, size) output pattern test
FAIL: g++.dg/asan/asan_test.C -O2 AddressSanitizer_MemCpyOOBTest M::transfer(dest, (char*)(src + length) - 3, 6) output pattern test
FAIL: g++.dg/asan/asan_test.C -O2 AddressSanitizer_MemCpyOOBTest M::transfer(dest, (char*)(src + length) - 3, 6) output pattern test
FAIL: g++.dg/asan/asan_test.C -O2 AddressSanitizer_MemCpyOOBTest M::transfer(dest, (char*)src - 6, 7) output pattern test
FAIL: g++.dg/asan/asan_test.C -O2 AddressSanitizer_MemCpyOOBTest M::transfer(dest, (char*)src - 6, 7) output pattern test
FAIL: g++.dg/asan/asan_test.C -O2 AddressSanitizer_MemCpyOOBTest M::transfer(dest, src + 2, size) output pattern test
FAIL: g++.dg/asan/asan_test.C -O2 AddressSanitizer_MemCpyOOBTest M::transfer(dest, src + 2, size) output pattern test
FAIL: g++.dg/asan/asan_test.C -O2 AddressSanitizer_MemCpyOOBTest M::transfer(dest, src - 1, size) output pattern test
FAIL: g++.dg/asan/asan_test.C -O2 AddressSanitizer_MemCpyOOBTest M::transfer(dest, src - 1, size) output pattern test
FAIL: g++.dg/asan/asan_test.C -O2 AddressSanitizer_MemMoveOOBTest M::transfer((char*)(dest + length) - 1, src, 5) output pattern test
FAIL: g++.dg/asan/asan_test.C -O2 AddressSanitizer_MemMoveOOBTest M::transfer((char*)(dest + length) - 1, src, 5) output pattern test
FAIL: g++.dg/asan/asan_test.C -O2 AddressSanitizer_MemMoveOOBTest M::transfer((char*)dest - 3, src, 4) output pattern test
FAIL: g++.dg/asan/asan_test.C -O2 AddressSanitizer_MemMoveOOBTest M::transfer((char*)dest - 3, src, 4) output pattern test
FAIL: g++.dg/asan/asan_test.C -O2 AddressSanitizer_MemMoveOOBTest M::transfer(big_dest, src - 2, size * 2) output pattern test
FAIL: g++.dg/asan/asan_test.C -O2 AddressSanitizer_MemMoveOOBTest M::transfer(big_dest, src - 2, size * 2) output pattern test
FAIL: g++.dg/asan/asan_test.C -O2 AddressSanitizer_MemMoveOOBTest M::transfer(dest + 1, src, size) output pattern test
FAIL: g++.dg/asan/asan_test.C -O2 AddressSanitizer_MemMoveOOBTest M::transfer(dest + 1, src, size) output pattern test
FAIL: g++.dg/asan/asan_test.C -O2 AddressSanitizer_MemMoveOOBTest M::transfer(dest - 1, big_src, size * 2) output pattern test
FAIL: g++.dg/asan/asan_test.C -O2 AddressSanitizer_MemMoveOOBTest M::transfer(dest - 1, big_src, size * 2) output pattern test
FAIL: g++.dg/asan/asan_test.C -O2 AddressSanitizer_MemMoveOOBTest M::transfer(dest - 2, src, size) output pattern test
FAIL: g++.dg/asan/asan_test.C -O2 AddressSanitizer_MemMoveOOBTest M::transfer(dest - 2, src, size) output pattern test
FAIL: g++.dg/asan/asan_test.C -O2 AddressSanitizer_MemMoveOOBTest M::transfer(dest, (char*)(src + length) - 3, 6) output pattern test
FAIL: g++.dg/asan/asan_test.C -O2 AddressSanitizer_MemMoveOOBTest M::transfer(dest, (char*)(src + length) - 3, 6) output pattern test
FAIL: g++.dg/asan/asan_test.C -O2 AddressSanitizer_MemMoveOOBTest M::transfer(dest, (char*)src - 6, 7) output pattern test
FAIL: g++.dg/asan/asan_test.C -O2 AddressSanitizer_MemMoveOOBTest M::transfer(dest, (char*)src - 6, 7) output pattern test
FAIL: g++.dg/asan/asan_test.C -O2 AddressSanitizer_MemMoveOOBTest M::transfer(dest, src + 2, size) output pattern test
FAIL: g++.dg/asan/asan_test.C -O2 AddressSanitizer_MemMoveOOBTest M::transfer(dest, src + 2, size) output pattern test
FAIL: g++.dg/asan/asan_test.C -O2 AddressSanitizer_MemMoveOOBTest M::transfer(dest, src - 1, size) output pattern test
FAIL: g++.dg/asan/asan_test.C -O2 AddressSanitizer_MemMoveOOBTest M::transfer(dest, src - 1, size) output pattern test
FAIL: g++.dg/asan/asan_test.C -O2 AddressSanitizer_MemSetOOBTest MEMSET((char*)(array + length) - 1, element, 6) output pattern test
FAIL: g++.dg/asan/asan_test.C -O2 AddressSanitizer_MemSetOOBTest MEMSET((char*)(array + length) - 1, element, 6) output pattern test
FAIL: g++.dg/asan/asan_test.C -O2 AddressSanitizer_MemSetOOBTest MEMSET((char*)(array + length) - 1, element, 6) output pattern test
FAIL: g++.dg/asan/asan_test.C -O2 AddressSanitizer_MemSetOOBTest MEMSET((char*)array - 1, element, size) output pattern test
FAIL: g++.dg/asan/asan_test.C -O2 AddressSanitizer_MemSetOOBTest MEMSET((char*)array - 1, element, size) output pattern test
FAIL: g++.dg/asan/asan_test.C -O2 AddressSanitizer_MemSetOOBTest MEMSET((char*)array - 1, element, size) output pattern test
FAIL: g++.dg/asan/asan_test.C -O2 AddressSanitizer_MemSetOOBTest MEMSET((char*)array - 2, element, size + 4) output pattern test
FAIL: g++.dg/asan/asan_test.C -O2 AddressSanitizer_MemSetOOBTest MEMSET((char*)array - 2, element, size + 4) output pattern test
FAIL: g++.dg/asan/asan_test.C -O2 AddressSanitizer_MemSetOOBTest MEMSET((char*)array - 2, element, size + 4) output pattern test
FAIL: g++.dg/asan/asan_test.C -O2 AddressSanitizer_MemSetOOBTest MEMSET((char*)array - 5, 0, 6) output pattern test
FAIL: g++.dg/asan/asan_test.C -O2 AddressSanitizer_MemSetOOBTest MEMSET((char*)array - 5, 0, 6) output pattern test
FAIL: g++.dg/asan/asan_test.C -O2 AddressSanitizer_MemSetOOBTest MEMSET((char*)array - 5, 0, 6) output pattern test
FAIL: g++.dg/asan/asan_test.C -O2 AddressSanitizer_MemSetOOBTest MEMSET(array + 1, element, size + sizeof(T)) output pattern test
FAIL: g++.dg/asan/asan_test.C -O2 AddressSanitizer_MemSetOOBTest MEMSET(array + 1, element, size + sizeof(T)) output pattern test
FAIL: g++.dg/asan/asan_test.C -O2 AddressSanitizer_MemSetOOBTest MEMSET(array + 1, element, size + sizeof(T)) output pattern test
FAIL: g++.dg/asan/asan_test.C -O2 AddressSanitizer_MemSetOOBTest MEMSET(array + length + 1, 0, 10) output pattern test
FAIL: g++.dg/asan/asan_test.C -O2 AddressSanitizer_MemSetOOBTest MEMSET(array + length + 1, 0, 10) output pattern test
FAIL: g++.dg/asan/asan_test.C -O2 AddressSanitizer_MemSetOOBTest MEMSET(array + length + 1, 0, 10) output pattern test
FAIL: g++.dg/asan/asan_test.C -O2 AddressSanitizer_MemSetOOBTest MEMSET(array - 2, 0, sizeof(T)) output pattern test
FAIL: g++.dg/asan/asan_test.C -O2 AddressSanitizer_MemSetOOBTest MEMSET(array - 2, 0, sizeof(T)) output pattern test
FAIL: g++.dg/asan/asan_test.C -O2 AddressSanitizer_MemSetOOBTest MEMSET(array - 2, 0, sizeof(T)) output pattern test
FAIL: g++.dg/asan/asan_test.C -O2 AddressSanitizer_MemSetOOBTest MEMSET(array, 0, size + 1) output pattern test
FAIL: g++.dg/asan/asan_test.C -O2 AddressSanitizer_MemSetOOBTest MEMSET(array, 0, size + 1) output pattern test
FAIL: g++.dg/asan/asan_test.C -O2 AddressSanitizer_MemSetOOBTest MEMSET(array, 0, size + 1) output pattern test
FAIL: g++.dg/asan/asan_test.C -O2 AddressSanitizer_MemSetOOBTest memset(array - 5, element, size + 5 * sizeof(T)) output pattern test
FAIL: g++.dg/asan/asan_test.C -O2 AddressSanitizer_MemSetOOBTest memset(array - 5, element, size + 5 * sizeof(T)) output pattern test
FAIL: g++.dg/asan/asan_test.C -O2 AddressSanitizer_OOBRightTest asan_write_sized_aligned(addr, access_size) output pattern test
FAIL: g++.dg/asan/asan_test.C -O2 AddressSanitizer_OOBRightTest asan_write_sized_aligned(addr, access_size) output pattern test
FAIL: g++.dg/asan/asan_test.C -O2 AddressSanitizer_OOBRightTest asan_write_sized_aligned(addr, access_size) output pattern test
FAIL: g++.dg/asan/asan_test.C -O2 AddressSanitizer_OOBRightTest asan_write_sized_aligned(addr, access_size) output pattern test
FAIL: g++.dg/asan/asan_test.C -O2 AddressSanitizer_OOBRightTest asan_write_sized_aligned(addr, access_size) output pattern test
FAIL: g++.dg/asan/asan_test.C -O2 AddressSanitizer_OOBRightTest asan_write_sized_aligned(addr, access_size) output pattern test
FAIL: g++.dg/asan/asan_test.C -O2 AddressSanitizer_OOBRightTest asan_write_sized_aligned(addr, access_size) output pattern test
FAIL: g++.dg/asan/asan_test.C -O2 AddressSanitizer_OOBRightTest asan_write_sized_aligned(addr, access_size) output pattern test
FAIL: g++.dg/asan/asan_test.C -O2 AddressSanitizer_OOBRightTest asan_write_sized_aligned(addr, access_size) output pattern test
FAIL: g++.dg/asan/asan_test.C -O2 AddressSanitizer_OOBRightTest asan_write_sized_aligned(addr, access_size) output pattern test
FAIL: g++.dg/asan/asan_test.C -O2 AddressSanitizer_OOBRightTest asan_write_sized_aligned(addr, access_size) output pattern test
FAIL: g++.dg/asan/asan_test.C -O2 AddressSanitizer_OOBRightTest asan_write_sized_aligned(addr, access_size) output pattern test
FAIL: g++.dg/asan/asan_test.C -O2 AddressSanitizer_OOBRightTest asan_write_sized_aligned(addr, access_size) output pattern test
FAIL: g++.dg/asan/asan_test.C -O2 AddressSanitizer_OOBRightTest asan_write_sized_aligned(addr, access_size) output pattern test
FAIL: g++.dg/asan/asan_test.C -O2 AddressSanitizer_OOBRightTest asan_write_sized_aligned(addr, access_size) output pattern test
FAIL: g++.dg/asan/asan_test.C -O2 AddressSanitizer_OOBRightTest asan_write_sized_aligned(addr, access_size) output pattern test
FAIL: g++.dg/asan/asan_test.C -O2 AddressSanitizer_OOBRightTest asan_write_sized_aligned(addr, access_size) output pattern test
FAIL: g++.dg/asan/asan_test.C -O2 AddressSanitizer_OOBRightTest asan_write_sized_aligned(addr, access_size) output pattern test
FAIL: g++.dg/asan/asan_test.C -O2 AddressSanitizer_OOBRightTest asan_write_sized_aligned(addr, access_size) output pattern test
FAIL: g++.dg/asan/asan_test.C -O2 AddressSanitizer_OOBRightTest asan_write_sized_aligned(addr, access_size) output pattern test
FAIL: g++.dg/asan/asan_test.C -O2 AddressSanitizer_OOBRightTest asan_write_sized_aligned(addr, access_size) output pattern test
FAIL: g++.dg/asan/asan_test.C -O2 AddressSanitizer_OOBRightTest asan_write_sized_aligned(addr, access_size) output pattern test
FAIL: g++.dg/asan/asan_test.C -O2 AddressSanitizer_OOBRightTest asan_write_sized_aligned(addr, access_size) output pattern test
FAIL: g++.dg/asan/asan_test.C -O2 AddressSanitizer_OOBRightTest asan_write_sized_aligned(addr, access_size) output pattern test
FAIL: g++.dg/asan/asan_test.C -O2 AddressSanitizer_OOBRightTest asan_write_sized_aligned(addr, access_size) output pattern test
FAIL: g++.dg/asan/asan_test.C -O2 AddressSanitizer_OOBRightTest asan_write_sized_aligned(addr, access_size) output pattern test
FAIL: g++.dg/asan/asan_test.C -O2 AddressSanitizer_OOBRightTest asan_write_sized_aligned(addr, access_size) output pattern test
FAIL: g++.dg/asan/asan_test.C -O2 AddressSanitizer_OOBRightTest asan_write_sized_aligned(addr, access_size) output pattern test
FAIL: g++.dg/asan/asan_test.C -O2 AddressSanitizer_OOBRightTest asan_write_sized_aligned(addr, access_size) output pattern test
FAIL: g++.dg/asan/asan_test.C -O2 AddressSanitizer_OOBRightTest asan_write_sized_aligned(addr, access_size) output pattern test
FAIL: g++.dg/asan/asan_test.C -O2 AddressSanitizer_OOBRightTest asan_write_sized_aligned(addr, access_size) output pattern test
FAIL: g++.dg/asan/asan_test.C -O2 AddressSanitizer_OOBRightTest asan_write_sized_aligned(addr, access_size) output pattern test
FAIL: g++.dg/asan/asan_test.C -O2 AddressSanitizer_OOBRightTest asan_write_sized_aligned(addr, access_size) output pattern test
FAIL: g++.dg/asan/asan_test.C -O2 AddressSanitizer_OOBRightTest asan_write_sized_aligned(addr, access_size) output pattern test
FAIL: g++.dg/asan/asan_test.C -O2 AddressSanitizer_OOBRightTest asan_write_sized_aligned(addr, access_size) output pattern test
FAIL: g++.dg/asan/asan_test.C -O2 AddressSanitizer_OOBRightTest asan_write_sized_aligned(addr, access_size) output pattern test
FAIL: g++.dg/asan/asan_test.C -O2 AddressSanitizer_OOBRightTest asan_write_sized_aligned(addr, access_size) output pattern test
FAIL: g++.dg/asan/asan_test.C -O2 AddressSanitizer_OOBRightTest asan_write_sized_aligned(addr, access_size) output pattern test
FAIL: g++.dg/asan/asan_test.C -O2 AddressSanitizer_OOBRightTest asan_write_sized_aligned(addr, access_size) output pattern test
FAIL: g++.dg/asan/asan_test.C -O2 AddressSanitizer_OOBRightTest asan_write_sized_aligned(addr, access_size) output pattern test
FAIL: g++.dg/asan/asan_test.C -O2 AddressSanitizer_OOBRightTest asan_write_sized_aligned(addr, access_size) output pattern test
FAIL: g++.dg/asan/asan_test.C -O2 AddressSanitizer_OOBRightTest asan_write_sized_aligned(addr, access_size) output pattern test
FAIL: g++.dg/asan/asan_test.C -O2 AddressSanitizer_OOBRightTest asan_write_sized_aligned(addr, access_size) output pattern test
FAIL: g++.dg/asan/asan_test.C -O2 AddressSanitizer_OOBRightTest asan_write_sized_aligned(addr, access_size) output pattern test
FAIL: g++.dg/asan/asan_test.C -O2 AddressSanitizer_OOBRightTest asan_write_sized_aligned(addr, access_size) output pattern test
FAIL: g++.dg/asan/asan_test.C -O2 AddressSanitizer_OOBRightTest asan_write_sized_aligned(addr, access_size) output pattern test
FAIL: g++.dg/asan/asan_test.C -O2 AddressSanitizer_OOBRightTest asan_write_sized_aligned(addr, access_size) output pattern test
FAIL: g++.dg/asan/asan_test.C -O2 AddressSanitizer_OOBRightTest asan_write_sized_aligned(addr, access_size) output pattern test
FAIL: g++.dg/asan/asan_test.C -O2 AddressSanitizer_OOBRightTest asan_write_sized_aligned(addr, access_size) output pattern test
FAIL: g++.dg/asan/asan_test.C -O2 AddressSanitizer_OOBRightTest asan_write_sized_aligned(addr, access_size) output pattern test
FAIL: g++.dg/asan/asan_test.C -O2 AddressSanitizer_OOBRightTest asan_write_sized_aligned(addr, access_size) output pattern test
FAIL: g++.dg/asan/asan_test.C -O2 AddressSanitizer_OOBRightTest asan_write_sized_aligned(addr, access_size) output pattern test
FAIL: g++.dg/asan/asan_test.C -O2 AddressSanitizer_OOBRightTest asan_write_sized_aligned(addr, access_size) output pattern test
FAIL: g++.dg/asan/asan_test.C -O2 AddressSanitizer_OOBRightTest asan_write_sized_aligned(addr, access_size) output pattern test
FAIL: g++.dg/asan/asan_test.C -O2 AddressSanitizer_OOBRightTest asan_write_sized_aligned(addr, access_size) output pattern test
FAIL: g++.dg/asan/asan_test.C -O2 AddressSanitizer_OOBRightTest asan_write_sized_aligned(addr, access_size) output pattern test
FAIL: g++.dg/asan/asan_test.C -O2 AddressSanitizer_OOBRightTest asan_write_sized_aligned(addr, access_size) output pattern test
FAIL: g++.dg/asan/asan_test.C -O2 AddressSanitizer_OOBRightTest asan_write_sized_aligned(addr, access_size) output pattern test
FAIL: g++.dg/asan/asan_test.C -O2 AddressSanitizer_OOBRightTest asan_write_sized_aligned(addr, access_size) output pattern test
FAIL: g++.dg/asan/asan_test.C -O2 AddressSanitizer_OOBRightTest asan_write_sized_aligned(addr, access_size) output pattern test
FAIL: g++.dg/asan/asan_test.C -O2 AddressSanitizer_OOBRightTest asan_write_sized_aligned(addr, access_size) output pattern test
FAIL: g++.dg/asan/asan_test.C -O2 AddressSanitizer_OOBRightTest asan_write_sized_aligned(addr, access_size) output pattern test
FAIL: g++.dg/asan/asan_test.C -O2 AddressSanitizer_OOBRightTest asan_write_sized_aligned(addr, access_size) output pattern test
FAIL: g++.dg/asan/asan_test.C -O2 AddressSanitizer_OOBRightTest asan_write_sized_aligned(addr, access_size) output pattern test
FAIL: g++.dg/asan/asan_test.C -O2 AddressSanitizer_OOBRightTest asan_write_sized_aligned(addr, access_size) output pattern test
FAIL: g++.dg/asan/asan_test.C -O2 AddressSanitizer_OOBRightTest asan_write_sized_aligned(addr, access_size) output pattern test
FAIL: g++.dg/asan/asan_test.C -O2 AddressSanitizer_OOBRightTest asan_write_sized_aligned(addr, access_size) output pattern test
FAIL: g++.dg/asan/asan_test.C -O2 AddressSanitizer_OOBRightTest asan_write_sized_aligned(addr, access_size) output pattern test
FAIL: g++.dg/asan/asan_test.C -O2 AddressSanitizer_OOBRightTest asan_write_sized_aligned(addr, access_size) output pattern test
FAIL: g++.dg/asan/asan_test.C -O2 AddressSanitizer_OOBRightTest asan_write_sized_aligned(addr, access_size) output pattern test
FAIL: g++.dg/asan/asan_test.C -O2 AddressSanitizer_OOBRightTest asan_write_sized_aligned(addr, access_size) output pattern test
FAIL: g++.dg/asan/asan_test.C -O2 AddressSanitizer_OOBRightTest asan_write_sized_aligned(addr, access_size) output pattern test
FAIL: g++.dg/asan/asan_test.C -O2 AddressSanitizer_OOBRightTest asan_write_sized_aligned(addr, access_size) output pattern test
FAIL: g++.dg/asan/asan_test.C -O2 AddressSanitizer_OOBRightTest asan_write_sized_aligned(addr, access_size) output pattern test
FAIL: g++.dg/asan/asan_test.C -O2 AddressSanitizer_OOBRightTest asan_write_sized_aligned(addr, access_size) output pattern test
FAIL: g++.dg/asan/asan_test.C -O2 AddressSanitizer_OOBRightTest asan_write_sized_aligned(addr, access_size) output pattern test
FAIL: g++.dg/asan/asan_test.C -O2 AddressSanitizer_OOBRightTest asan_write_sized_aligned(addr, access_size) output pattern test
FAIL: g++.dg/asan/asan_test.C -O2 AddressSanitizer_OOBRightTest asan_write_sized_aligned(addr, access_size) output pattern test
FAIL: g++.dg/asan/asan_test.C -O2 AddressSanitizer_OOBRightTest asan_write_sized_aligned(addr, access_size) output pattern test
FAIL: g++.dg/asan/asan_test.C -O2 AddressSanitizer_OOBRightTest asan_write_sized_aligned(addr, access_size) output pattern test
FAIL: g++.dg/asan/asan_test.C -O2 AddressSanitizer_OOBRightTest asan_write_sized_aligned(addr, access_size) output pattern test
FAIL: g++.dg/asan/asan_test.C -O2 AddressSanitizer_OOBRightTest asan_write_sized_aligned(addr, access_size) output pattern test
FAIL: g++.dg/asan/asan_test.C -O2 AddressSanitizer_OOBRightTest asan_write_sized_aligned(addr, access_size) output pattern test
FAIL: g++.dg/asan/asan_test.C -O2 AddressSanitizer_OOBRightTest asan_write_sized_aligned(addr, access_size) output pattern test
FAIL: g++.dg/asan/asan_test.C -O2 AddressSanitizer_OOBRightTest asan_write_sized_aligned(addr, access_size) output pattern test
FAIL: g++.dg/asan/asan_test.C -O2 AddressSanitizer_OOBRightTest asan_write_sized_aligned(addr, access_size) output pattern test
FAIL: g++.dg/asan/asan_test.C -O2 AddressSanitizer_OOBRightTest asan_write_sized_aligned(addr, access_size) output pattern test
FAIL: g++.dg/asan/asan_test.C -O2 AddressSanitizer_OOBRightTest asan_write_sized_aligned(addr, access_size) output pattern test
FAIL: g++.dg/asan/asan_test.C -O2 AddressSanitizer_OOBRightTest asan_write_sized_aligned(addr, access_size) output pattern test
FAIL: g++.dg/asan/asan_test.C -O2 AddressSanitizer_OOBRightTest asan_write_sized_aligned(addr, access_size) output pattern test
FAIL: g++.dg/asan/asan_test.C -O2 AddressSanitizer_OOBRightTest asan_write_sized_aligned(addr, access_size) output pattern test
FAIL: g++.dg/asan/asan_test.C -O2 AddressSanitizer_OOBRightTest asan_write_sized_aligned(addr, access_size) output pattern test
FAIL: g++.dg/asan/asan_test.C -O2 AddressSanitizer_OOBRightTest asan_write_sized_aligned(addr, access_size) output pattern test
FAIL: g++.dg/asan/asan_test.C -O2 AddressSanitizer_OOB_char oob_test<T>(kLargeMalloc, -1) output pattern test
FAIL: g++.dg/asan/asan_test.C -O2 AddressSanitizer_OOB_char oob_test<T>(kLargeMalloc, kLargeMalloc) output pattern test
FAIL: g++.dg/asan/asan_test.C -O2 AddressSanitizer_OOB_char oob_test<T>(size, i) output pattern test
FAIL: g++.dg/asan/asan_test.C -O2 AddressSanitizer_OOB_char oob_test<T>(size, i) output pattern test
FAIL: g++.dg/asan/asan_test.C -O2 AddressSanitizer_OOB_char oob_test<T>(size, i) output pattern test
FAIL: g++.dg/asan/asan_test.C -O2 AddressSanitizer_OOB_char oob_test<T>(size, i) output pattern test
FAIL: g++.dg/asan/asan_test.C -O2 AddressSanitizer_OOB_char oob_test<T>(size, i) output pattern test
FAIL: g++.dg/asan/asan_test.C -O2 AddressSanitizer_OOB_char oob_test<T>(size, i) output pattern test
FAIL: g++.dg/asan/asan_test.C -O2 AddressSanitizer_OOB_char oob_test<T>(size, i) output pattern test
FAIL: g++.dg/asan/asan_test.C -O2 AddressSanitizer_OOB_char oob_test<T>(size, i) output pattern test
FAIL: g++.dg/asan/asan_test.C -O2 AddressSanitizer_OOB_char oob_test<T>(size, i) output pattern test
FAIL: g++.dg/asan/asan_test.C -O2 AddressSanitizer_OOB_char oob_test<T>(size, i) output pattern test
FAIL: g++.dg/asan/asan_test.C -O2 AddressSanitizer_OOB_char oob_test<T>(size, i) output pattern test
FAIL: g++.dg/asan/asan_test.C -O2 AddressSanitizer_OOB_char oob_test<T>(size, i) output pattern test
FAIL: g++.dg/asan/asan_test.C -O2 AddressSanitizer_OOB_char oob_test<T>(size, i) output pattern test
FAIL: g++.dg/asan/asan_test.C -O2 AddressSanitizer_OOB_char oob_test<T>(size, i) output pattern test
FAIL: g++.dg/asan/asan_test.C -O2 AddressSanitizer_OOB_char oob_test<T>(size, i) output pattern test
FAIL: g++.dg/asan/asan_test.C -O2 AddressSanitizer_OOB_char oob_test<T>(size, i) output pattern test
FAIL: g++.dg/asan/asan_test.C -O2 AddressSanitizer_OOB_char oob_test<T>(size, i) output pattern test
FAIL: g++.dg/asan/asan_test.C -O2 AddressSanitizer_OOB_char oob_test<T>(size, i) output pattern test
FAIL: g++.dg/asan/asan_test.C -O2 AddressSanitizer_OOB_char oob_test<T>(size, i) output pattern test
FAIL: g++.dg/asan/asan_test.C -O2 AddressSanitizer_OOB_char oob_test<T>(size, i) output pattern test
FAIL: g++.dg/asan/asan_test.C -O2 AddressSanitizer_OOB_char oob_test<T>(size, i) output pattern test
FAIL: g++.dg/asan/asan_test.C -O2 AddressSanitizer_OOB_char oob_test<T>(size, i) output pattern test
FAIL: g++.dg/asan/asan_test.C -O2 AddressSanitizer_OOB_char oob_test<T>(size, i) output pattern test
FAIL: g++.dg/asan/asan_test.C -O2 AddressSanitizer_OOB_char oob_test<T>(size, i) output pattern test
FAIL: g++.dg/asan/asan_test.C -O2 AddressSanitizer_OOB_char oob_test<T>(size, i) output pattern test
FAIL: g++.dg/asan/asan_test.C -O2 AddressSanitizer_OOB_char oob_test<T>(size, i) output pattern test
FAIL: g++.dg/asan/asan_test.C -O2 AddressSanitizer_OOB_char oob_test<T>(size, i) output pattern test
FAIL: g++.dg/asan/asan_test.C -O2 AddressSanitizer_OOB_char oob_test<T>(size, i) output pattern test
FAIL: g++.dg/asan/asan_test.C -O2 AddressSanitizer_OOB_char oob_test<T>(size, i) output pattern test
FAIL: g++.dg/asan/asan_test.C -O2 AddressSanitizer_OOB_char oob_test<T>(size, i) output pattern test
FAIL: g++.dg/asan/asan_test.C -O2 AddressSanitizer_OOB_char oob_test<T>(size, i) output pattern test
FAIL: g++.dg/asan/asan_test.C -O2 AddressSanitizer_OOB_char oob_test<T>(size, i) output pattern test
FAIL: g++.dg/asan/asan_test.C -O2 AddressSanitizer_OOB_int oob_test<T>(kLargeMalloc, -1) output pattern test
FAIL: g++.dg/asan/asan_test.C -O2 AddressSanitizer_OOB_int oob_test<T>(kLargeMalloc, kLargeMalloc) output pattern test
FAIL: g++.dg/asan/asan_test.C -O2 AddressSanitizer_OOB_int oob_test<T>(size, i) output pattern test
FAIL: g++.dg/asan/asan_test.C -O2 AddressSanitizer_OOB_int oob_test<T>(size, i) output pattern test
FAIL: g++.dg/asan/asan_test.C -O2 AddressSanitizer_OOB_int oob_test<T>(size, i) output pattern test
FAIL: g++.dg/asan/asan_test.C -O2 AddressSanitizer_OOB_int oob_test<T>(size, i) output pattern test
FAIL: g++.dg/asan/asan_test.C -O2 AddressSanitizer_OOB_int oob_test<T>(size, i) output pattern test
FAIL: g++.dg/asan/asan_test.C -O2 AddressSanitizer_OOB_int oob_test<T>(size, i) output pattern test
FAIL: g++.dg/asan/asan_test.C -O2 AddressSanitizer_OOB_int oob_test<T>(size, i) output pattern test
FAIL: g++.dg/asan/asan_test.C -O2 AddressSanitizer_OOB_int oob_test<T>(size, i) output pattern test
FAIL: g++.dg/asan/asan_test.C -O2 AddressSanitizer_OOB_int oob_test<T>(size, i) output pattern test
FAIL: g++.dg/asan/asan_test.C -O2 AddressSanitizer_OOB_int oob_test<T>(size, i) output pattern test
FAIL: g++.dg/asan/asan_test.C -O2 AddressSanitizer_OOB_int oob_test<T>(size, i) output pattern test
FAIL: g++.dg/asan/asan_test.C -O2 AddressSanitizer_OOB_int oob_test<T>(size, i) output pattern test
FAIL: g++.dg/asan/asan_test.C -O2 AddressSanitizer_OOB_int oob_test<T>(size, i) output pattern test
FAIL: g++.dg/asan/asan_test.C -O2 AddressSanitizer_OOB_int oob_test<T>(size, i) output pattern test
FAIL: g++.dg/asan/asan_test.C -O2 AddressSanitizer_OOB_int oob_test<T>(size, i) output pattern test
FAIL: g++.dg/asan/asan_test.C -O2 AddressSanitizer_OOB_int oob_test<T>(size, i) output pattern test
FAIL: g++.dg/asan/asan_test.C -O2 AddressSanitizer_OOB_int oob_test<T>(size, i) output pattern test
FAIL: g++.dg/asan/asan_test.C -O2 AddressSanitizer_OOB_int oob_test<T>(size, i) output pattern test
FAIL: g++.dg/asan/asan_test.C -O2 AddressSanitizer_OOB_int oob_test<T>(size, i) output pattern test
FAIL: g++.dg/asan/asan_test.C -O2 AddressSanitizer_OOB_int oob_test<T>(size, i) output pattern test
FAIL: g++.dg/asan/asan_test.C -O2 AddressSanitizer_OOB_int oob_test<T>(size, i) output pattern test
FAIL: g++.dg/asan/asan_test.C -O2 AddressSanitizer_OOB_int oob_test<T>(size, i) output pattern test
FAIL: g++.dg/asan/asan_test.C -O2 AddressSanitizer_OOB_int oob_test<T>(size, i) output pattern test
FAIL: g++.dg/asan/asan_test.C -O2 AddressSanitizer_OOB_int oob_test<T>(size, i) output pattern test
FAIL: g++.dg/asan/asan_test.C -O2 AddressSanitizer_OOB_int oob_test<T>(size, i) output pattern test
FAIL: g++.dg/asan/asan_test.C -O2 AddressSanitizer_OOB_int oob_test<T>(size, i) output pattern test
FAIL: g++.dg/asan/asan_test.C -O2 AddressSanitizer_OOB_int oob_test<T>(size, i) output pattern test
FAIL: g++.dg/asan/asan_test.C -O2 AddressSanitizer_OOB_int oob_test<T>(size, i) output pattern test
FAIL: g++.dg/asan/asan_test.C -O2 AddressSanitizer_OOB_int oob_test<T>(size, i) output pattern test
FAIL: g++.dg/asan/asan_test.C -O2 AddressSanitizer_OOB_int oob_test<T>(size, i) output pattern test
FAIL: g++.dg/asan/asan_test.C -O2 AddressSanitizer_OOB_int oob_test<T>(size, i) output pattern test
FAIL: g++.dg/asan/asan_test.C -O2 AddressSanitizer_OOB_int oob_test<T>(size, i) output pattern test
FAIL: g++.dg/asan/asan_test.C -O2 AddressSanitizer_StrArgsOverlapTest Ident(memcpy)(str + 14, str, 15) output pattern test
FAIL: g++.dg/asan/asan_test.C -O2 AddressSanitizer_StrArgsOverlapTest Ident(memcpy)(str, str + 14, 15) output pattern test
FAIL: g++.dg/asan/asan_test.C -O2 AddressSanitizer_StrArgsOverlapTest strcat(str + 10, str) output pattern test
FAIL: g++.dg/asan/asan_test.C -O2 AddressSanitizer_StrArgsOverlapTest strcat(str + 9, str) output pattern test
FAIL: g++.dg/asan/asan_test.C -O2 AddressSanitizer_StrArgsOverlapTest strcat(str, str + 11) output pattern test
FAIL: g++.dg/asan/asan_test.C -O2 AddressSanitizer_StrArgsOverlapTest strcat(str, str + 9) output pattern test
FAIL: g++.dg/asan/asan_test.C -O2 AddressSanitizer_StrArgsOverlapTest strcpy(str + 9, str) output pattern test
FAIL: g++.dg/asan/asan_test.C -O2 AddressSanitizer_StrArgsOverlapTest strcpy(str, str + 4) output pattern test
FAIL: g++.dg/asan/asan_test.C -O2 AddressSanitizer_StrArgsOverlapTest strncat(str + 5, str, 6) output pattern test
FAIL: g++.dg/asan/asan_test.C -O2 AddressSanitizer_StrArgsOverlapTest strncat(str, str + 11, 10) output pattern test
FAIL: g++.dg/asan/asan_test.C -O2 AddressSanitizer_StrArgsOverlapTest strncat(str, str + 9, 10) output pattern test
FAIL: g++.dg/asan/asan_test.C -O2 AddressSanitizer_StrArgsOverlapTest strncpy(str + 10, str, 20) output pattern test
FAIL: g++.dg/asan/asan_test.C -O2 AddressSanitizer_StrArgsOverlapTest strncpy(str + 9, str, 10) output pattern test
FAIL: g++.dg/asan/asan_test.C -O2 AddressSanitizer_StrArgsOverlapTest strncpy(str, str + 9, 10) output pattern test
FAIL: g++.dg/asan/asan_test.C -O2 AddressSanitizer_StrCaseCmpOOBTest Ident(StrCmp)(s1 + size - 1, s2) output pattern test
FAIL: g++.dg/asan/asan_test.C -O2 AddressSanitizer_StrCaseCmpOOBTest Ident(StrCmp)(s1 + size, s2) output pattern test
FAIL: g++.dg/asan/asan_test.C -O2 AddressSanitizer_StrCaseCmpOOBTest Ident(StrCmp)(s1 - 1, s2) output pattern test
FAIL: g++.dg/asan/asan_test.C -O2 AddressSanitizer_StrCaseCmpOOBTest Ident(StrCmp)(s1, s1) output pattern test
FAIL: g++.dg/asan/asan_test.C -O2 AddressSanitizer_StrCaseCmpOOBTest Ident(StrCmp)(s1, s2 + size) output pattern test
FAIL: g++.dg/asan/asan_test.C -O2 AddressSanitizer_StrCaseCmpOOBTest Ident(StrCmp)(s1, s2 - 1) output pattern test
FAIL: g++.dg/asan/asan_test.C -O2 AddressSanitizer_StrCatOOBTest strcat(to + to_size, from) output pattern test
FAIL: g++.dg/asan/asan_test.C -O2 AddressSanitizer_StrCatOOBTest strcat(to - 1, from + from_size - 1) output pattern test
FAIL: g++.dg/asan/asan_test.C -O2 AddressSanitizer_StrCatOOBTest strcat(to - 1, from) output pattern test
FAIL: g++.dg/asan/asan_test.C -O2 AddressSanitizer_StrCatOOBTest strcat(to, from + from_size) output pattern test
FAIL: g++.dg/asan/asan_test.C -O2 AddressSanitizer_StrCatOOBTest strcat(to, from - 1) output pattern test
FAIL: g++.dg/asan/asan_test.C -O2 AddressSanitizer_StrCatOOBTest strcat(to, from) output pattern test
FAIL: g++.dg/asan/asan_test.C -O2 AddressSanitizer_StrCatOOBTest strcat(to, from) output pattern test
FAIL: g++.dg/asan/asan_test.C -O2 AddressSanitizer_StrCatOOBTest strcat(to, from) output pattern test
FAIL: g++.dg/asan/asan_test.C -O2 AddressSanitizer_StrChrAndIndexOOBTest Ident(StrChr(str + size, 'z')) output pattern test
FAIL: g++.dg/asan/asan_test.C -O2 AddressSanitizer_StrChrAndIndexOOBTest Ident(StrChr(str + size, 'z')) output pattern test
FAIL: g++.dg/asan/asan_test.C -O2 AddressSanitizer_StrChrAndIndexOOBTest Ident(StrChr(str - 1, 'z')) output pattern test
FAIL: g++.dg/asan/asan_test.C -O2 AddressSanitizer_StrChrAndIndexOOBTest Ident(StrChr(str - 1, 'z')) output pattern test
FAIL: g++.dg/asan/asan_test.C -O2 AddressSanitizer_StrChrAndIndexOOBTest Ident(StrChr(str, 'a')) output pattern test
FAIL: g++.dg/asan/asan_test.C -O2 AddressSanitizer_StrChrAndIndexOOBTest Ident(StrChr(str, 'a')) output pattern test
FAIL: g++.dg/asan/asan_test.C -O2 AddressSanitizer_StrCmpOOBTest Ident(StrCmp)(s1 + size - 1, s2) output pattern test
FAIL: g++.dg/asan/asan_test.C -O2 AddressSanitizer_StrCmpOOBTest Ident(StrCmp)(s1 + size, s2) output pattern test
FAIL: g++.dg/asan/asan_test.C -O2 AddressSanitizer_StrCmpOOBTest Ident(StrCmp)(s1 - 1, s2) output pattern test
FAIL: g++.dg/asan/asan_test.C -O2 AddressSanitizer_StrCmpOOBTest Ident(StrCmp)(s1, s1) output pattern test
FAIL: g++.dg/asan/asan_test.C -O2 AddressSanitizer_StrCmpOOBTest Ident(StrCmp)(s1, s2 + size) output pattern test
FAIL: g++.dg/asan/asan_test.C -O2 AddressSanitizer_StrCmpOOBTest Ident(StrCmp)(s1, s2 - 1) output pattern test
FAIL: g++.dg/asan/asan_test.C -O2 AddressSanitizer_StrCpyOOBTest Ident(strcpy(from, "hello2")) output pattern test
FAIL: g++.dg/asan/asan_test.C -O2 AddressSanitizer_StrCpyOOBTest Ident(strcpy(to + to_size, from)) output pattern test
FAIL: g++.dg/asan/asan_test.C -O2 AddressSanitizer_StrCpyOOBTest Ident(strcpy(to - 1, from)) output pattern test
FAIL: g++.dg/asan/asan_test.C -O2 AddressSanitizer_StrCpyOOBTest Ident(strcpy(to, from + from_size)) output pattern test
FAIL: g++.dg/asan/asan_test.C -O2 AddressSanitizer_StrCpyOOBTest Ident(strcpy(to, from - 1)) output pattern test
FAIL: g++.dg/asan/asan_test.C -O2 AddressSanitizer_StrCpyOOBTest Ident(strcpy(to, from)) output pattern test
FAIL: g++.dg/asan/asan_test.C -O2 AddressSanitizer_StrDupOOBTest Ident(strdup(str + size)) output pattern test
FAIL: g++.dg/asan/asan_test.C -O2 AddressSanitizer_StrDupOOBTest Ident(strdup(str - 1)) output pattern test
FAIL: g++.dg/asan/asan_test.C -O2 AddressSanitizer_StrDupOOBTest Ident(strdup(str)) output pattern test
FAIL: g++.dg/asan/asan_test.C -O2 AddressSanitizer_StrLenOOBTest Ident(strlen(str + length + 1)) output pattern test
FAIL: g++.dg/asan/asan_test.C -O2 AddressSanitizer_StrLenOOBTest Ident(strlen(str + length + 1)) output pattern test
FAIL: g++.dg/asan/asan_test.C -O2 AddressSanitizer_StrLenOOBTest Ident(strlen(str + length)) output pattern test
FAIL: g++.dg/asan/asan_test.C -O2 AddressSanitizer_StrLenOOBTest Ident(strlen(str + length)) output pattern test
FAIL: g++.dg/asan/asan_test.C -O2 AddressSanitizer_StrLenOOBTest Ident(strlen(str - 1)) output pattern test
FAIL: g++.dg/asan/asan_test.C -O2 AddressSanitizer_StrLenOOBTest Ident(strlen(str - 5)) output pattern test
FAIL: g++.dg/asan/asan_test.C -O2 AddressSanitizer_StrLenOOBTest Ident(strlen(str)) output pattern test
FAIL: g++.dg/asan/asan_test.C -O2 AddressSanitizer_StrLenOOBTest Ident(strlen(str)) output pattern test
FAIL: g++.dg/asan/asan_test.C -O2 AddressSanitizer_StrNCaseCmpOOBTest Ident(StrNCmp)(s1 + 1, s2 + 1, size) output pattern test
FAIL: g++.dg/asan/asan_test.C -O2 AddressSanitizer_StrNCaseCmpOOBTest Ident(StrNCmp)(s1 + size - 1, s2, 2) output pattern test
FAIL: g++.dg/asan/asan_test.C -O2 AddressSanitizer_StrNCaseCmpOOBTest Ident(StrNCmp)(s1 + size, s2, 1) output pattern test
FAIL: g++.dg/asan/asan_test.C -O2 AddressSanitizer_StrNCaseCmpOOBTest Ident(StrNCmp)(s1 - 1, s2, 1) output pattern test
FAIL: g++.dg/asan/asan_test.C -O2 AddressSanitizer_StrNCaseCmpOOBTest Ident(StrNCmp)(s1, s2 + size, 1) output pattern test
FAIL: g++.dg/asan/asan_test.C -O2 AddressSanitizer_StrNCaseCmpOOBTest Ident(StrNCmp)(s1, s2 - 1, 1) output pattern test
FAIL: g++.dg/asan/asan_test.C -O2 AddressSanitizer_StrNCatOOBTest strncat(to + 1, from, 1) output pattern test
FAIL: g++.dg/asan/asan_test.C -O2 AddressSanitizer_StrNCatOOBTest strncat(to + to_size, from, 2) output pattern test
FAIL: g++.dg/asan/asan_test.C -O2 AddressSanitizer_StrNCatOOBTest strncat(to - 1, from, 0) output pattern test
FAIL: g++.dg/asan/asan_test.C -O2 AddressSanitizer_StrNCatOOBTest strncat(to - 1, from, 2) output pattern test
FAIL: g++.dg/asan/asan_test.C -O2 AddressSanitizer_StrNCatOOBTest strncat(to, from + from_size, 2) output pattern test
FAIL: g++.dg/asan/asan_test.C -O2 AddressSanitizer_StrNCatOOBTest strncat(to, from - 1, 2) output pattern test
FAIL: g++.dg/asan/asan_test.C -O2 AddressSanitizer_StrNCatOOBTest strncat(to, from, from_size + 1) output pattern test
FAIL: g++.dg/asan/asan_test.C -O2 AddressSanitizer_StrNCatOOBTest strncat(to, from, from_size - 1) output pattern test
FAIL: g++.dg/asan/asan_test.C -O2 AddressSanitizer_StrNCmpOOBTest Ident(StrNCmp)(s1 + 1, s2 + 1, size) output pattern test
FAIL: g++.dg/asan/asan_test.C -O2 AddressSanitizer_StrNCmpOOBTest Ident(StrNCmp)(s1 + size - 1, s2, 2) output pattern test
FAIL: g++.dg/asan/asan_test.C -O2 AddressSanitizer_StrNCmpOOBTest Ident(StrNCmp)(s1 + size, s2, 1) output pattern test
FAIL: g++.dg/asan/asan_test.C -O2 AddressSanitizer_StrNCmpOOBTest Ident(StrNCmp)(s1 - 1, s2, 1) output pattern test
FAIL: g++.dg/asan/asan_test.C -O2 AddressSanitizer_StrNCmpOOBTest Ident(StrNCmp)(s1, s2 + size, 1) output pattern test
FAIL: g++.dg/asan/asan_test.C -O2 AddressSanitizer_StrNCmpOOBTest Ident(StrNCmp)(s1, s2 - 1, 1) output pattern test
FAIL: g++.dg/asan/asan_test.C -O2 AddressSanitizer_StrNCpyOOBTest Ident(strncpy(to + 1, from, to_size)) output pattern test
FAIL: g++.dg/asan/asan_test.C -O2 AddressSanitizer_StrNCpyOOBTest Ident(strncpy(to + to_size - from_size + 1, from, from_size)) output pattern test
FAIL: g++.dg/asan/asan_test.C -O2 AddressSanitizer_StrNCpyOOBTest Ident(strncpy(to + to_size, from, 1)) output pattern test
FAIL: g++.dg/asan/asan_test.C -O2 AddressSanitizer_StrNCpyOOBTest Ident(strncpy(to - 1, from, from_size)) output pattern test
FAIL: g++.dg/asan/asan_test.C -O2 AddressSanitizer_StrNCpyOOBTest Ident(strncpy(to, from + from_size, 1)) output pattern test
FAIL: g++.dg/asan/asan_test.C -O2 AddressSanitizer_StrNCpyOOBTest Ident(strncpy(to, from - 1, from_size)) output pattern test
FAIL: g++.dg/asan/asan_test.C -O2 AddressSanitizer_StrNCpyOOBTest Ident(strncpy(to, from, to_size)) output pattern test
FAIL: g++.dg/asan/asan_test.C -O2 AddressSanitizer_StrNLenOOBTest Ident(strnlen(str + size, 1)) output pattern test
FAIL: g++.dg/asan/asan_test.C -O2 AddressSanitizer_StrNLenOOBTest Ident(strnlen(str - 1, 1)) output pattern test
FAIL: g++.dg/asan/asan_test.C -O2 AddressSanitizer_StrNLenOOBTest Ident(strnlen(str, size + 1)) output pattern test
FAIL: g++.dg/asan/asan_test.C -O2 AddressSanitizer_StrtolOOBTest Strtol(array + 3, NULL, 0) output pattern test
FAIL: g++.dg/asan/asan_test.C -O2 AddressSanitizer_StrtolOOBTest Strtol(array - 1, NULL, 0) output pattern test
FAIL: g++.dg/asan/asan_test.C -O2 AddressSanitizer_StrtolOOBTest Strtol(array, NULL, 0) output pattern test
FAIL: g++.dg/asan/asan_test.C -O2 AddressSanitizer_StrtolOOBTest Strtol(array, NULL, 0) output pattern test
FAIL: g++.dg/asan/asan_test.C -O2 AddressSanitizer_StrtolOOBTest Strtol(array, NULL, 0) output pattern test
FAIL: g++.dg/asan/asan_test.C -O2 AddressSanitizer_StrtolOOBTest Strtol(array, NULL, 0) output pattern test
FAIL: g++.dg/asan/asan_test.C -O2 AddressSanitizer_StrtolOOBTest Strtol(array, NULL, 36) output pattern test
FAIL: g++.dg/asan/asan_test.C -O2 AddressSanitizer_StrtollOOBTest Strtol(array + 3, NULL, 0) output pattern test
FAIL: g++.dg/asan/asan_test.C -O2 AddressSanitizer_StrtollOOBTest Strtol(array - 1, NULL, 0) output pattern test
FAIL: g++.dg/asan/asan_test.C -O2 AddressSanitizer_StrtollOOBTest Strtol(array, NULL, 0) output pattern test
FAIL: g++.dg/asan/asan_test.C -O2 AddressSanitizer_StrtollOOBTest Strtol(array, NULL, 0) output pattern test
FAIL: g++.dg/asan/asan_test.C -O2 AddressSanitizer_StrtollOOBTest Strtol(array, NULL, 0) output pattern test
FAIL: g++.dg/asan/asan_test.C -O2 AddressSanitizer_StrtollOOBTest Strtol(array, NULL, 0) output pattern test
FAIL: g++.dg/asan/asan_test.C -O2 AddressSanitizer_StrtollOOBTest Strtol(array, NULL, 36) output pattern test
FAIL: g++.dg/asan/asan_test.C -O2 AddressSanitizer_UseThenFreeThenUseTest UseThenFreeThenUse() output pattern test
FAIL: g++.dg/asan/asan_test.C -O2 AddressSanitizer_WcsLenTest Ident(wcslen(heap_string + 14)) output pattern test
FAIL: g++.dg/asan/asan_test.C -O2 AddressSanitizer_WrongFreeTest WrongFree() output pattern test
FAIL: g++.dg/asan/asan_test.C -O2 AddressSanitizer_memalign MemalignRun(align, size, -1) output pattern test
FAIL: g++.dg/asan/asan_test.C -O2 AddressSanitizer_memalign MemalignRun(align, size, -1) output pattern test
FAIL: g++.dg/asan/asan_test.C -O2 AddressSanitizer_memalign MemalignRun(align, size, -1) output pattern test
FAIL: g++.dg/asan/asan_test.C -O2 AddressSanitizer_memalign MemalignRun(align, size, -1) output pattern test
FAIL: g++.dg/asan/asan_test.C -O2 AddressSanitizer_memalign MemalignRun(align, size, -1) output pattern test
FAIL: g++.dg/asan/asan_test.C -O2 AddressSanitizer_memalign MemalignRun(align, size, -1) output pattern test
FAIL: g++.dg/asan/asan_test.C -O2 AddressSanitizer_memalign MemalignRun(align, size, -1) output pattern test
FAIL: g++.dg/asan/asan_test.C -O2 AddressSanitizer_memalign MemalignRun(align, size, -1) output pattern test
FAIL: g++.dg/asan/asan_test.C -O2 AddressSanitizer_memalign MemalignRun(align, size, -1) output pattern test
FAIL: g++.dg/asan/asan_test.C -O2 AddressSanitizer_memalign MemalignRun(align, size, -1) output pattern test
FAIL: g++.dg/asan/asan_test.C -O2 AddressSanitizer_memalign MemalignRun(align, size, -1) output pattern test
FAIL: g++.dg/asan/asan_test.C -O2 AddressSanitizer_memalign MemalignRun(align, size, -1) output pattern test
FAIL: g++.dg/asan/asan_test.C -O2 AddressSanitizer_memalign MemalignRun(align, size, -1) output pattern test
FAIL: g++.dg/asan/asan_test.C -O2 AddressSanitizer_memalign MemalignRun(align, size, -1) output pattern test
FAIL: g++.dg/asan/asan_test.C -O2 AddressSanitizer_memalign MemalignRun(align, size, -1) output pattern test
FAIL: g++.dg/asan/asan_test.C -O2 AddressSanitizer_memalign MemalignRun(align, size, -1) output pattern test
FAIL: g++.dg/asan/asan_test.C -O2 AddressSanitizer_memalign MemalignRun(align, size, -1) output pattern test
FAIL: g++.dg/asan/asan_test.C -O2 AddressSanitizer_memalign MemalignRun(align, size, -1) output pattern test
FAIL: g++.dg/asan/asan_test.C -O2 AddressSanitizer_memalign MemalignRun(align, size, -1) output pattern test
FAIL: g++.dg/asan/asan_test.C -O2 AddressSanitizer_memalign MemalignRun(align, size, -1) output pattern test
FAIL: g++.dg/asan/asan_test.C -O2 AddressSanitizer_memalign MemalignRun(align, size, size + 1) output pattern test
FAIL: g++.dg/asan/asan_test.C -O2 AddressSanitizer_memalign MemalignRun(align, size, size + 1) output pattern test
FAIL: g++.dg/asan/asan_test.C -O2 AddressSanitizer_memalign MemalignRun(align, size, size + 1) output pattern test
FAIL: g++.dg/asan/asan_test.C -O2 AddressSanitizer_memalign MemalignRun(align, size, size + 1) output pattern test
FAIL: g++.dg/asan/asan_test.C -O2 AddressSanitizer_memalign MemalignRun(align, size, size + 1) output pattern test
FAIL: g++.dg/asan/asan_test.C -O2 AddressSanitizer_memalign MemalignRun(align, size, size + 1) output pattern test
FAIL: g++.dg/asan/asan_test.C -O2 AddressSanitizer_memalign MemalignRun(align, size, size + 1) output pattern test
FAIL: g++.dg/asan/asan_test.C -O2 AddressSanitizer_memalign MemalignRun(align, size, size + 1) output pattern test
FAIL: g++.dg/asan/asan_test.C -O2 AddressSanitizer_memalign MemalignRun(align, size, size + 1) output pattern test
FAIL: g++.dg/asan/asan_test.C -O2 AddressSanitizer_memalign MemalignRun(align, size, size + 1) output pattern test
FAIL: g++.dg/asan/asan_test.C -O2 AddressSanitizer_memalign MemalignRun(align, size, size + 1) output pattern test
FAIL: g++.dg/asan/asan_test.C -O2 AddressSanitizer_memalign MemalignRun(align, size, size + 1) output pattern test
FAIL: g++.dg/asan/asan_test.C -O2 AddressSanitizer_memalign MemalignRun(align, size, size + 1) output pattern test
FAIL: g++.dg/asan/asan_test.C -O2 AddressSanitizer_memalign MemalignRun(align, size, size + 1) output pattern test
FAIL: g++.dg/asan/asan_test.C -O2 AddressSanitizer_memalign MemalignRun(align, size, size + 1) output pattern test
FAIL: g++.dg/asan/asan_test.C -O2 AddressSanitizer_memalign MemalignRun(align, size, size + 1) output pattern test
FAIL: g++.dg/asan/asan_test.C -O2 AddressSanitizer_memalign MemalignRun(align, size, size + 1) output pattern test
FAIL: g++.dg/asan/asan_test.C -O2 AddressSanitizer_memalign MemalignRun(align, size, size + 1) output pattern test
FAIL: g++.dg/asan/asan_test.C -O2 AddressSanitizer_memalign MemalignRun(align, size, size + 1) output pattern test
FAIL: g++.dg/asan/asan_test.C -O2 AddressSanitizer_memalign MemalignRun(align, size, size + 1) output pattern test
FAIL: g++.dg/asan/asan_test.C -O2 AddressSanitizer_pread pread(fd, x, 15, 0) output pattern test
FAIL: g++.dg/asan/asan_test.C -O2 AddressSanitizer_pread64 pread64(fd, x, 15, 0) output pattern test
FAIL: g++.dg/asan/asan_test.C -O2 AddressSanitizer_read read(fd, x, 15) output pattern test
FAIL: g++.dg/asan/deep-stack-uaf-1.C -O0 output pattern test, is =================================================================
FAIL: g++.dg/asan/deep-stack-uaf-1.C -O1 output pattern test, is =================================================================
FAIL: g++.dg/asan/deep-stack-uaf-1.C -O2 output pattern test, is =================================================================
FAIL: g++.dg/asan/deep-stack-uaf-1.C -O3 -g output pattern test, is =================================================================
FAIL: g++.dg/asan/deep-stack-uaf-1.C -Os output pattern test, is =================================================================
FAIL: g++.dg/asan/deep-tail-call-1.C -O0 output pattern test, is =================================================================
FAIL: g++.dg/asan/deep-tail-call-1.C -O1 output pattern test, is =================================================================
FAIL: g++.dg/asan/deep-tail-call-1.C -O2 output pattern test, is =================================================================
FAIL: g++.dg/asan/deep-tail-call-1.C -O2 -flto -fno-use-linker-plugin -flto-partition=none output pattern test, is =================================================================
FAIL: g++.dg/asan/deep-tail-call-1.C -O2 -flto -fuse-linker-plugin -fno-fat-lto-objects output pattern test, is =================================================================
FAIL: g++.dg/asan/deep-tail-call-1.C -O3 -g output pattern test, is =================================================================
FAIL: g++.dg/asan/deep-tail-call-1.C -Os output pattern test, is =================================================================
FAIL: g++.dg/asan/function-argument-1.C -O0 output pattern test, is =================================================================
FAIL: g++.dg/asan/function-argument-1.C -O1 output pattern test, is =================================================================
FAIL: g++.dg/asan/function-argument-1.C -O2 output pattern test, is =================================================================
FAIL: g++.dg/asan/function-argument-1.C -O2 -flto -fno-use-linker-plugin -flto-partition=none output pattern test, is =================================================================
FAIL: g++.dg/asan/function-argument-1.C -O2 -flto -fuse-linker-plugin -fno-fat-lto-objects output pattern test, is =================================================================
FAIL: g++.dg/asan/function-argument-1.C -O3 -g output pattern test, is =================================================================
FAIL: g++.dg/asan/function-argument-1.C -Os output pattern test, is =================================================================
FAIL: g++.dg/asan/function-argument-2.C -O0 output pattern test, is =================================================================
FAIL: g++.dg/asan/function-argument-2.C -O1 output pattern test, is =================================================================
FAIL: g++.dg/asan/function-argument-2.C -O2 output pattern test, is =================================================================
FAIL: g++.dg/asan/function-argument-2.C -O2 -flto -fno-use-linker-plugin -flto-partition=none output pattern test, is =================================================================
FAIL: g++.dg/asan/function-argument-2.C -O2 -flto -fuse-linker-plugin -fno-fat-lto-objects output pattern test, is =================================================================
FAIL: g++.dg/asan/function-argument-2.C -O3 -g output pattern test, is =================================================================
FAIL: g++.dg/asan/function-argument-2.C -Os output pattern test, is =================================================================
FAIL: g++.dg/asan/function-argument-3.C -O0 output pattern test, is =================================================================
FAIL: g++.dg/asan/function-argument-3.C -O1 output pattern test, is =================================================================
FAIL: g++.dg/asan/function-argument-3.C -O2 output pattern test, is =================================================================
FAIL: g++.dg/asan/function-argument-3.C -O2 -flto -fno-use-linker-plugin -flto-partition=none output pattern test, is =================================================================
FAIL: g++.dg/asan/function-argument-3.C -O2 -flto -fuse-linker-plugin -fno-fat-lto-objects output pattern test, is =================================================================
FAIL: g++.dg/asan/function-argument-3.C -O3 -g output pattern test, is =================================================================
FAIL: g++.dg/asan/function-argument-3.C -Os output pattern test, is =================================================================
FAIL: g++.dg/asan/function-argument-4.C -O0 output pattern test, is =================================================================
FAIL: g++.dg/asan/function-argument-4.C -O1 output pattern test, is =================================================================
FAIL: g++.dg/asan/function-argument-4.C -O2 output pattern test, is =================================================================
FAIL: g++.dg/asan/function-argument-4.C -O2 -flto -fno-use-linker-plugin -flto-partition=none output pattern test, is =================================================================
FAIL: g++.dg/asan/function-argument-4.C -O2 -flto -fuse-linker-plugin -fno-fat-lto-objects output pattern test, is =================================================================
FAIL: g++.dg/asan/function-argument-4.C -O3 -g output pattern test, is =================================================================
FAIL: g++.dg/asan/function-argument-4.C -Os output pattern test, is =================================================================
FAIL: g++.dg/asan/large-func-test-1.C -O0 output pattern test, is =================================================================
FAIL: g++.dg/asan/large-func-test-1.C -O1 output pattern test, is =================================================================
FAIL: g++.dg/asan/large-func-test-1.C -O2 output pattern test, is =================================================================
FAIL: g++.dg/asan/large-func-test-1.C -O2 -flto -fno-use-linker-plugin -flto-partition=none output pattern test, is =================================================================
FAIL: g++.dg/asan/large-func-test-1.C -O2 -flto -fuse-linker-plugin -fno-fat-lto-objects output pattern test, is =================================================================
FAIL: g++.dg/asan/large-func-test-1.C -O3 -g output pattern test, is =================================================================
FAIL: g++.dg/asan/large-func-test-1.C -Os output pattern test, is =================================================================
FAIL: g++.dg/asan/pr69276.C -O0 output pattern test, is =================================================================
FAIL: g++.dg/asan/use-after-scope-1.C -O0 output pattern test, is =================================================================
FAIL: g++.dg/asan/use-after-scope-1.C -O1 output pattern test, is =================================================================
FAIL: g++.dg/asan/use-after-scope-1.C -O2 output pattern test, is =================================================================
FAIL: g++.dg/asan/use-after-scope-1.C -O2 -flto -fno-use-linker-plugin -flto-partition=none output pattern test, is =================================================================
FAIL: g++.dg/asan/use-after-scope-1.C -O2 -flto -fuse-linker-plugin -fno-fat-lto-objects output pattern test, is =================================================================
FAIL: g++.dg/asan/use-after-scope-1.C -O3 -g output pattern test, is =================================================================
FAIL: g++.dg/asan/use-after-scope-1.C -Os output pattern test, is =================================================================
FAIL: g++.dg/asan/use-after-scope-2.C -O0 output pattern test, is =================================================================
FAIL: g++.dg/asan/use-after-scope-2.C -O1 output pattern test, is =================================================================
FAIL: g++.dg/asan/use-after-scope-2.C -O2 output pattern test, is =================================================================
FAIL: g++.dg/asan/use-after-scope-2.C -O2 -flto -fno-use-linker-plugin -flto-partition=none output pattern test, is =================================================================
FAIL: g++.dg/asan/use-after-scope-2.C -O2 -flto -fuse-linker-plugin -fno-fat-lto-objects output pattern test, is =================================================================
FAIL: g++.dg/asan/use-after-scope-2.C -O3 -g output pattern test, is =================================================================
FAIL: g++.dg/asan/use-after-scope-2.C -Os output pattern test, is =================================================================
FAIL: g++.dg/asan/use-after-scope-3.C -O0 output pattern test, is =================================================================
FAIL: g++.dg/asan/use-after-scope-3.C -O1 output pattern test, is =================================================================
FAIL: g++.dg/asan/use-after-scope-3.C -O2 output pattern test, is =================================================================
FAIL: g++.dg/asan/use-after-scope-3.C -O2 -flto -fno-use-linker-plugin -flto-partition=none output pattern test, is =================================================================
FAIL: g++.dg/asan/use-after-scope-3.C -O2 -flto -fuse-linker-plugin -fno-fat-lto-objects output pattern test, is =================================================================
FAIL: g++.dg/asan/use-after-scope-3.C -O3 -g output pattern test, is =================================================================
FAIL: g++.dg/asan/use-after-scope-3.C -Os output pattern test, is =================================================================
FAIL: g++.dg/asan/use-after-scope-types-1.C -O0 output pattern test, is =================================================================
FAIL: g++.dg/asan/use-after-scope-types-1.C -O1 output pattern test, is =================================================================
FAIL: g++.dg/asan/use-after-scope-types-1.C -O2 output pattern test, is =================================================================
FAIL: g++.dg/asan/use-after-scope-types-1.C -O2 -flto -fno-use-linker-plugin -flto-partition=none output pattern test, is =================================================================
FAIL: g++.dg/asan/use-after-scope-types-1.C -O2 -flto -fuse-linker-plugin -fno-fat-lto-objects output pattern test, is =================================================================
FAIL: g++.dg/asan/use-after-scope-types-1.C -O3 -g output pattern test, is =================================================================
FAIL: g++.dg/asan/use-after-scope-types-1.C -Os output pattern test, is =================================================================
FAIL: g++.dg/asan/use-after-scope-types-2.C -O0 output pattern test, is =================================================================
FAIL: g++.dg/asan/use-after-scope-types-2.C -O1 output pattern test, is =================================================================
FAIL: g++.dg/asan/use-after-scope-types-2.C -O2 output pattern test, is =================================================================
FAIL: g++.dg/asan/use-after-scope-types-2.C -O2 -flto -fno-use-linker-plugin -flto-partition=none output pattern test, is =================================================================
FAIL: g++.dg/asan/use-after-scope-types-2.C -O2 -flto -fuse-linker-plugin -fno-fat-lto-objects output pattern test, is =================================================================
FAIL: g++.dg/asan/use-after-scope-types-2.C -O3 -g output pattern test, is =================================================================
FAIL: g++.dg/asan/use-after-scope-types-2.C -Os output pattern test, is =================================================================
FAIL: g++.dg/asan/use-after-scope-types-3.C -O0 output pattern test, is =================================================================
FAIL: g++.dg/asan/use-after-scope-types-3.C -O1 output pattern test, is =================================================================
FAIL: g++.dg/asan/use-after-scope-types-3.C -O2 output pattern test, is =================================================================
FAIL: g++.dg/asan/use-after-scope-types-3.C -O2 -flto -fno-use-linker-plugin -flto-partition=none output pattern test, is =================================================================
FAIL: g++.dg/asan/use-after-scope-types-3.C -O2 -flto -fuse-linker-plugin -fno-fat-lto-objects output pattern test, is =================================================================
FAIL: g++.dg/asan/use-after-scope-types-3.C -O3 -g output pattern test, is =================================================================
FAIL: g++.dg/asan/use-after-scope-types-3.C -Os output pattern test, is =================================================================
FAIL: g++.dg/asan/use-after-scope-types-4.C -O0 output pattern test, is =================================================================
FAIL: g++.dg/asan/use-after-scope-types-4.C -O1 output pattern test, is =================================================================
FAIL: g++.dg/asan/use-after-scope-types-4.C -O2 output pattern test, is =================================================================
FAIL: g++.dg/asan/use-after-scope-types-4.C -O2 -flto -fno-use-linker-plugin -flto-partition=none output pattern test, is =================================================================
FAIL: g++.dg/asan/use-after-scope-types-4.C -O2 -flto -fuse-linker-plugin -fno-fat-lto-objects output pattern test, is =================================================================
FAIL: g++.dg/asan/use-after-scope-types-4.C -O3 -g output pattern test, is =================================================================
FAIL: g++.dg/asan/use-after-scope-types-4.C -Os output pattern test, is =================================================================
FAIL: g++.dg/asan/use-after-scope-types-5.C -O0 output pattern test, is =================================================================
FAIL: g++.dg/asan/use-after-scope-types-5.C -O1 output pattern test, is =================================================================
FAIL: g++.dg/asan/use-after-scope-types-5.C -O2 output pattern test, is =================================================================
FAIL: g++.dg/asan/use-after-scope-types-5.C -O2 -flto -fno-use-linker-plugin -flto-partition=none output pattern test, is =================================================================
FAIL: g++.dg/asan/use-after-scope-types-5.C -O2 -flto -fuse-linker-plugin -fno-fat-lto-objects output pattern test, is =================================================================
FAIL: g++.dg/asan/use-after-scope-types-5.C -O3 -g output pattern test, is =================================================================
FAIL: g++.dg/asan/use-after-scope-types-5.C -Os output pattern test, is =================================================================
FAIL: c-c++-common/Wstringop-overflow-2.c -std=gnu++14 (test for warnings, line 226)
FAIL: c-c++-common/Wstringop-overflow-2.c -std=gnu++14 (test for warnings, line 227)
FAIL: c-c++-common/Wstringop-overflow-2.c -std=gnu++14 (test for warnings, line 325)
FAIL: c-c++-common/Wstringop-overflow-2.c -std=gnu++14 (test for warnings, line 326)
FAIL: c-c++-common/Wstringop-overflow-2.c -std=gnu++14 (test for excess errors)
FAIL: c-c++-common/Wstringop-overflow-2.c -std=gnu++17 (test for warnings, line 226)
FAIL: c-c++-common/Wstringop-overflow-2.c -std=gnu++17 (test for warnings, line 227)
FAIL: c-c++-common/Wstringop-overflow-2.c -std=gnu++17 (test for warnings, line 325)
FAIL: c-c++-common/Wstringop-overflow-2.c -std=gnu++17 (test for warnings, line 326)
FAIL: c-c++-common/Wstringop-overflow-2.c -std=gnu++17 (test for excess errors)
FAIL: c-c++-common/Wstringop-overflow-2.c -std=gnu++2a (test for warnings, line 226)
FAIL: c-c++-common/Wstringop-overflow-2.c -std=gnu++2a (test for warnings, line 227)
FAIL: c-c++-common/Wstringop-overflow-2.c -std=gnu++2a (test for warnings, line 325)
FAIL: c-c++-common/Wstringop-overflow-2.c -std=gnu++2a (test for warnings, line 326)
FAIL: c-c++-common/Wstringop-overflow-2.c -std=gnu++2a (test for excess errors)
FAIL: c-c++-common/Wstringop-overflow-2.c -std=gnu++98 (test for warnings, line 226)
FAIL: c-c++-common/Wstringop-overflow-2.c -std=gnu++98 (test for warnings, line 227)
FAIL: c-c++-common/Wstringop-overflow-2.c -std=gnu++98 (test for warnings, line 325)
FAIL: c-c++-common/Wstringop-overflow-2.c -std=gnu++98 (test for warnings, line 326)
FAIL: c-c++-common/Wstringop-overflow-2.c -std=gnu++98 (test for excess errors)
FAIL: g++.dg/abi/forced.C -std=gnu++14 execution test
FAIL: g++.dg/abi/forced.C -std=gnu++17 execution test
FAIL: g++.dg/abi/forced.C -std=gnu++2a execution test
FAIL: g++.dg/abi/forced.C -std=gnu++98 execution test
FAIL: g++.dg/eh/forced1.C -std=c++14 execution test
FAIL: g++.dg/eh/forced1.C -std=c++17 execution test
FAIL: g++.dg/eh/forced1.C -std=c++2a execution test
FAIL: g++.dg/eh/forced1.C -std=c++98 execution test
FAIL: g++.dg/warn/Warray-bounds-16.C -std=gnu++14 scan-tree-dump-not optimized "goto"
FAIL: g++.dg/warn/Warray-bounds-16.C -std=gnu++14 (test for excess errors)
FAIL: g++.dg/warn/Warray-bounds-16.C -std=gnu++17 scan-tree-dump-not optimized "goto"
FAIL: g++.dg/warn/Warray-bounds-16.C -std=gnu++17 (test for excess errors)
FAIL: g++.dg/warn/Warray-bounds-16.C -std=gnu++2a scan-tree-dump-not optimized "goto"
FAIL: g++.dg/warn/Warray-bounds-16.C -std=gnu++2a (test for excess errors)
FAIL: g++.dg/warn/Warray-bounds-16.C -std=gnu++98 scan-tree-dump-not optimized "goto"
FAIL: g++.dg/warn/Warray-bounds-16.C -std=gnu++98 (test for excess errors)
FAIL: g++.dg/modules/xtreme-header-3_a.H -std=c++17 (internal compiler error)
FAIL: g++.dg/modules/xtreme-header-3_a.H -std=c++17 (test for excess errors)
FAIL: g++.dg/modules/xtreme-header-3_a.H -std=c++2a (internal compiler error)
FAIL: g++.dg/modules/xtreme-header-3_a.H -std=c++2a (test for excess errors)
FAIL: g++.dg/modules/xtreme-header-3_a.H -std=c++2b (internal compiler error)
FAIL: g++.dg/modules/xtreme-header-3_a.H -std=c++2b (test for excess errors)
FAIL: g++.dg/modules/xtreme-header-3_a.H module-cmi (gcm.cache/\$srcdir/g++.dg/modules/xtreme-header-3_a.H.gcm)
FAIL: g++.dg/modules/xtreme-header-3_a.H module-cmi (gcm.cache/\$srcdir/g++.dg/modules/xtreme-header-3_a.H.gcm)
FAIL: g++.dg/modules/xtreme-header-3_a.H module-cmi (gcm.cache/\$srcdir/g++.dg/modules/xtreme-header-3_a.H.gcm)
FAIL: g++.dg/modules/xtreme-header-3_b.C -std=c++17 (test for excess errors)
FAIL: g++.dg/modules/xtreme-header-3_b.C -std=c++2a (test for excess errors)
FAIL: g++.dg/modules/xtreme-header-3_b.C -std=c++2b (test for excess errors)
FAIL: g++.dg/modules/xtreme-header-3_c.C -std=c++17 (test for excess errors)
FAIL: g++.dg/modules/xtreme-header-3_c.C -std=c++2a (test for excess errors)
FAIL: g++.dg/modules/xtreme-header-3_c.C -std=c++2b (test for excess errors)
FAIL: g++.dg/modules/xtreme-header-5_a.H -std=c++2a (internal compiler error)
FAIL: g++.dg/modules/xtreme-header-5_a.H -std=c++2a (test for excess errors)
FAIL: g++.dg/modules/xtreme-header-5_a.H -std=c++2b (internal compiler error)
FAIL: g++.dg/modules/xtreme-header-5_a.H -std=c++2b (test for excess errors)
FAIL: g++.dg/modules/xtreme-header-5_a.H module-cmi (gcm.cache/\$srcdir/g++.dg/modules/xtreme-header-5_a.H.gcm)
FAIL: g++.dg/modules/xtreme-header-5_a.H module-cmi (gcm.cache/\$srcdir/g++.dg/modules/xtreme-header-5_a.H.gcm)
FAIL: g++.dg/modules/xtreme-header-5_b.C -std=c++2a (test for excess errors)
FAIL: g++.dg/modules/xtreme-header-5_b.C -std=c++2b (test for excess errors)
FAIL: g++.dg/modules/xtreme-header-5_c.C -std=c++2a (test for excess errors)
FAIL: g++.dg/modules/xtreme-header-5_c.C -std=c++2b (test for excess errors)
FAIL: g++.dg/modules/xtreme-header_a.H -std=c++17 (internal compiler error)
FAIL: g++.dg/modules/xtreme-header_a.H -std=c++17 (test for excess errors)
FAIL: g++.dg/modules/xtreme-header_a.H -std=c++2a (internal compiler error)
FAIL: g++.dg/modules/xtreme-header_a.H -std=c++2a (test for excess errors)
FAIL: g++.dg/modules/xtreme-header_a.H -std=c++2b (internal compiler error)
FAIL: g++.dg/modules/xtreme-header_a.H -std=c++2b (test for excess errors)
FAIL: g++.dg/modules/xtreme-header_a.H module-cmi (gcm.cache/\$srcdir/g++.dg/modules/xtreme-header_a.H.gcm)
FAIL: g++.dg/modules/xtreme-header_a.H module-cmi (gcm.cache/\$srcdir/g++.dg/modules/xtreme-header_a.H.gcm)
FAIL: g++.dg/modules/xtreme-header_a.H module-cmi (gcm.cache/\$srcdir/g++.dg/modules/xtreme-header_a.H.gcm)
FAIL: g++.dg/modules/xtreme-header_b.C -std=c++17 (test for excess errors)
FAIL: g++.dg/modules/xtreme-header_b.C -std=c++2a (test for excess errors)
FAIL: g++.dg/modules/xtreme-header_b.C -std=c++2b (test for excess errors)
FAIL: g++.dg/tls/thread_local-order2.C -std=c++14 execution test
FAIL: g++.dg/tls/thread_local-order2.C -std=c++17 execution test
FAIL: g++.dg/tls/thread_local-order2.C -std=c++2a execution test
WARNING: ThreadSanitizer: data race (pid=121710)
WARNING: ThreadSanitizer: data race (pid=121843)
FAIL: c-c++-common/tsan/race_on_mutex.c -O0 output pattern test, is ==================
FAIL: c-c++-common/tsan/race_on_mutex.c -O2 output pattern test, is ==================
FAIL: g++.dg/tsan/pthread_cond_clockwait.C -O0 (test for excess errors)
UNRESOLVED: g++.dg/tsan/pthread_cond_clockwait.C -O0 compilation failed to produce executable
FAIL: g++.dg/tsan/pthread_cond_clockwait.C -O2 (test for excess errors)
UNRESOLVED: g++.dg/tsan/pthread_cond_clockwait.C -O2 compilation failed to produce executable
=== g++ Summary for unix/-m64 ===
=== g++ Summary ===
/home/gccbuild/build/nightly/build-gcc-trunk/gcc/testsuite/g++/../../xg++ version 12.0.0 20211016 (experimental) [remotes/origin/HEAD r12-4456-g93d183a] (GCC)
=== obj-c++ tests ===
Running target unix/-m32
=== obj-c++ Summary for unix/-m32 ===
# of expected passes 56
Running target unix/-m64
=== obj-c++ Summary for unix/-m64 ===
# of expected passes 56
=== obj-c++ Summary ===
# of expected passes 3012
# of expected failures 12
# of unsupported tests 158
/home/gccbuild/build/nightly/build-gcc-trunk/gcc/testsuite/obj-c++/../../xg++ version 12.0.0 20211016 (experimental) [remotes/origin/HEAD r12-4456-g93d183a] (GCC)
=== objc tests ===
Running target unix/-m32
=== objc Summary for unix/-m32 ===
# of expected passes 56
Running target unix/-m64
=== objc Summary for unix/-m64 ===
# of expected passes 56
=== objc Summary ===
# of expected passes 112
/home/gccbuild/build/nightly/build-gcc-trunk/gcc/xgcc version 12.0.0 20211016 (experimental) [remotes/origin/HEAD r12-4456-g93d183a] (GCC)
=== libatomic tests ===
Running target unix/-m32
=== libatomic Summary for unix/-m32 ===
# of expected passes 44
# of unsupported tests 5
Running target unix/-m64
=== libatomic Summary for unix/-m64 ===
# of expected passes 54
=== libatomic Summary ===
# of expected passes 98
# of unsupported tests 5
=== libgomp tests ===
Running target unix/-m32
FAIL: libgomp.c/places-10.c execution test
=== libgomp Summary for unix/-m32 ===
# of expected passes 4182
# of expected failures 54
# of unsupported tests 146
Running target unix/-m64
FAIL: libgomp.c/places-10.c execution test
=== libgomp Summary for unix/-m64 ===
# of expected passes 4182
# of expected failures 54
# of unsupported tests 146
=== libgomp Summary ===
# of expected passes 23316
# of unexpected failures 2
# of expected failures 208
# of unsupported tests 1222
=== libitm tests ===
Running target unix/-m32
=== libitm Summary for unix/-m32 ===
# of expected passes 18
# of expected failures 1
# of unsupported tests 1
Running target unix/-m64
=== libitm Summary for unix/-m64 ===
# of expected passes 18
# of expected failures 1
# of unsupported tests 1
=== libitm Summary ===
# of expected passes 88
# of expected failures 6
# of unsupported tests 2
=== libstdc++ tests ===
Running target unix/-m32
FAIL: 27_io/ios_base/failure/dual_abi.cc execution test
=== libstdc++ Summary for unix/-m32 ===
# of unsupported tests 1
Running target unix/-m64
FAIL: 27_io/ios_base/failure/dual_abi.cc execution test
=== libstdc++ Summary for unix/-m64 ===
# of unsupported tests 1
=== libstdc++ Summary ===
# of unsupported tests 2
Compiler version: 12.0.0 20211016 (experimental) [remotes/origin/HEAD r12-4456-g93d183a] (GCC)
Platform: powerpc64-unknown-linux-gnu
configure flags: --prefix=/opt/gcc-nightly/trunk --with-as=/home/gccbuild/binutils/install/bin/as --with-ld=/home/gccbuild/binutils/install/bin/ld --enable-languages=c,c++,fortran,objc,obj-c++ --enable-multilib --with-cpu=power8
fail WARNING: Could not generate test framework tests
fail WARNING: Could not generate test framework tests
fail XPASS: gcc.test-framework/dg-bogus-exp-XF.c (test for excess errors)
fail FAIL: gcc.test-framework/dg-do-assemble-exp-P.c (test for excess errors) (PRMS 42)
fail FAIL: gcc.test-framework/dg-do-compile-exp-P.c (test for excess errors) (PRMS 42)
fail FAIL: gcc.test-framework/dg-do-link-exp-P.c (test for excess errors) (PRMS 42)
fail FAIL: gcc.test-framework/dg-do-run-exp-P.c (test for excess errors) (PRMS 42)
fail FAIL: gcc.test-framework/dg-dot-run-exp-P.c (test for excess errors) (PRMS 42)
fail FAIL: gcc.test-framework/dg-dox-run-exp-XF.c (test for excess errors) (PRMS 42)
fail FAIL: gcc.test-framework/dg-output-exp-P.c (test for excess errors) (PRMS 42)
fail FAIL: gcc.test-framework/dg-output-exp-XF.c (test for excess errors) (PRMS 42)
fail ERROR: gcc.test-framework/dg-scan-symbol-section-1-exp-F.S: error executing dg-final: syntax error in target selector ""
fail UNRESOLVED: gcc.test-framework/dg-scan-symbol-section-1-exp-F.S: error executing dg-final: syntax error in target selector "" (PRMS 42)
fail ERROR: gcc.test-framework/dg-scan-symbol-section-2-exp-F.S: error executing dg-final: syntax error in target selector ""
fail UNRESOLVED: gcc.test-framework/dg-scan-symbol-section-2-exp-F.S: error executing dg-final: syntax error in target selector "" (PRMS 42)
fail ERROR: gcc.test-framework/dg-scan-symbol-section-3-exp-F.S: error executing dg-final: syntax error in target selector ""
fail UNRESOLVED: gcc.test-framework/dg-scan-symbol-section-3-exp-F.S: error executing dg-final: syntax error in target selector "" (PRMS 42)
fail ERROR: gcc.test-framework/dg-scan-symbol-section-exp-P.S: error executing dg-final: syntax error in target selector ""
fail UNRESOLVED: gcc.test-framework/dg-scan-symbol-section-exp-P.S: error executing dg-final: syntax error in target selector "" (PRMS 42)
fail FAIL: gcc.test-framework/dg-warning-exp-P.c warning test (test for warnings, line 9) (PRMS 42)
=== Test Framework Summary ===
# of expected passes 68
# of unexpected failures 20
More information about the Gcc-testresults
mailing list