Results for 12.0.0 20211015 (experimental) [master revision 7bfe7d634f60b0a9ba1a456be59a1ee88abf112e] (GCC) testsuite on i386-pc-solaris2.11
Rainer Orth
ro@CeBiTec.Uni-Bielefeld.DE
Fri Oct 15 12:25:18 GMT 2021
LAST_UPDATED: Fri Oct 15 08:57:45 UTC 2021 (revision 7bfe7d634f60b0a9ba1a456be59a1ee88abf112e)
=== acats tests ===
=== acats Summary ===
# of expected passes 2328
# of unexpected failures 0
Native configuration is i386-pc-solaris2.11
=== g++ tests ===
Running target unix
FAIL: c-c++-common/asan/swapcontext-test-1.c -O0 execution test
FAIL: c-c++-common/asan/swapcontext-test-1.c -O1 execution test
FAIL: c-c++-common/asan/swapcontext-test-1.c -O2 execution test
FAIL: c-c++-common/asan/swapcontext-test-1.c -O2 -flto execution test
FAIL: c-c++-common/asan/swapcontext-test-1.c -O2 -flto -flto-partition=none execution test
FAIL: c-c++-common/asan/swapcontext-test-1.c -O3 -fomit-frame-pointer -funroll-loops -fpeel-loops -ftracer -finline-functions execution test
FAIL: c-c++-common/asan/swapcontext-test-1.c -O3 -g execution test
FAIL: c-c++-common/asan/swapcontext-test-1.c -Os execution test
FAIL: g++.dg/asan/default-options-1.C -O0 execution test
FAIL: g++.dg/asan/default-options-1.C -O1 execution test
FAIL: g++.dg/asan/default-options-1.C -O2 execution test
FAIL: g++.dg/asan/default-options-1.C -O2 -flto execution test
FAIL: g++.dg/asan/default-options-1.C -O2 -flto -flto-partition=none execution test
FAIL: g++.dg/asan/default-options-1.C -O3 -g execution test
FAIL: g++.dg/asan/default-options-1.C -Os execution test
FAIL: g++.dg/warn/Warray-bounds-16.C -std=gnu++14 scan-tree-dump-not optimized "goto"
FAIL: g++.dg/warn/Warray-bounds-16.C -std=gnu++14 (test for excess errors)
FAIL: g++.dg/warn/Warray-bounds-16.C -std=gnu++17 scan-tree-dump-not optimized "goto"
FAIL: g++.dg/warn/Warray-bounds-16.C -std=gnu++17 (test for excess errors)
FAIL: g++.dg/warn/Warray-bounds-16.C -std=gnu++2a scan-tree-dump-not optimized "goto"
FAIL: g++.dg/warn/Warray-bounds-16.C -std=gnu++2a (test for excess errors)
FAIL: g++.dg/warn/Warray-bounds-16.C -std=gnu++98 scan-tree-dump-not optimized "goto"
FAIL: g++.dg/warn/Warray-bounds-16.C -std=gnu++98 (test for excess errors)
FAIL: g++.dg/gcov/pr16855-priority.C -std=gnu++14 gcov: 12 failures in line counts, 0 in branch percentages, 0 in return percentages, 0 in intermediate format
FAIL: g++.dg/gcov/pr16855-priority.C -std=gnu++14 line 14: is 2:should be 1
FAIL: g++.dg/gcov/pr16855-priority.C -std=gnu++14 line 21: is 2:should be 1
FAIL: g++.dg/gcov/pr16855-priority.C -std=gnu++14 line 22: is #####:should be 1
FAIL: g++.dg/gcov/pr16855-priority.C -std=gnu++14 line 35: is 2:should be 1
FAIL: g++.dg/gcov/pr16855-priority.C -std=gnu++14 line 41: is 2:should be 1
FAIL: g++.dg/gcov/pr16855-priority.C -std=gnu++14 line 46: is 2:should be 1
FAIL: g++.dg/gcov/pr16855-priority.C -std=gnu++14 line 51: is 2:should be 1
FAIL: g++.dg/gcov/pr16855-priority.C -std=gnu++14 line 56: is 2:should be 1
FAIL: g++.dg/gcov/pr16855-priority.C -std=gnu++14 line 61: is 2:should be 1
FAIL: g++.dg/gcov/pr16855-priority.C -std=gnu++14 line 66: is 2:should be 1
FAIL: g++.dg/gcov/pr16855-priority.C -std=gnu++14 line 71: is 2:should be 1
FAIL: g++.dg/gcov/pr16855-priority.C -std=gnu++14 line 76: is 2:should be 1
FAIL: g++.dg/gcov/pr16855-priority.C -std=gnu++17 gcov: 12 failures in line counts, 0 in branch percentages, 0 in return percentages, 0 in intermediate format
FAIL: g++.dg/gcov/pr16855-priority.C -std=gnu++17 line 14: is 3:should be 1
FAIL: g++.dg/gcov/pr16855-priority.C -std=gnu++17 line 21: is 3:should be 1
FAIL: g++.dg/gcov/pr16855-priority.C -std=gnu++17 line 22: is #####:should be 1
FAIL: g++.dg/gcov/pr16855-priority.C -std=gnu++17 line 35: is 3:should be 1
FAIL: g++.dg/gcov/pr16855-priority.C -std=gnu++17 line 41: is 3:should be 1
FAIL: g++.dg/gcov/pr16855-priority.C -std=gnu++17 line 46: is 3:should be 1
FAIL: g++.dg/gcov/pr16855-priority.C -std=gnu++17 line 51: is 3:should be 1
FAIL: g++.dg/gcov/pr16855-priority.C -std=gnu++17 line 56: is 3:should be 1
FAIL: g++.dg/gcov/pr16855-priority.C -std=gnu++17 line 61: is 3:should be 1
FAIL: g++.dg/gcov/pr16855-priority.C -std=gnu++17 line 66: is 3:should be 1
FAIL: g++.dg/gcov/pr16855-priority.C -std=gnu++17 line 71: is 3:should be 1
FAIL: g++.dg/gcov/pr16855-priority.C -std=gnu++17 line 76: is 3:should be 1
FAIL: g++.dg/gcov/pr16855-priority.C -std=gnu++2a gcov: 12 failures in line counts, 0 in branch percentages, 0 in return percentages, 0 in intermediate format
FAIL: g++.dg/gcov/pr16855-priority.C -std=gnu++2a line 14: is 4:should be 1
FAIL: g++.dg/gcov/pr16855-priority.C -std=gnu++2a line 21: is 4:should be 1
FAIL: g++.dg/gcov/pr16855-priority.C -std=gnu++2a line 22: is #####:should be 1
FAIL: g++.dg/gcov/pr16855-priority.C -std=gnu++2a line 35: is 4:should be 1
FAIL: g++.dg/gcov/pr16855-priority.C -std=gnu++2a line 41: is 4:should be 1
FAIL: g++.dg/gcov/pr16855-priority.C -std=gnu++2a line 46: is 4:should be 1
FAIL: g++.dg/gcov/pr16855-priority.C -std=gnu++2a line 51: is 4:should be 1
FAIL: g++.dg/gcov/pr16855-priority.C -std=gnu++2a line 56: is 4:should be 1
FAIL: g++.dg/gcov/pr16855-priority.C -std=gnu++2a line 61: is 4:should be 1
FAIL: g++.dg/gcov/pr16855-priority.C -std=gnu++2a line 66: is 4:should be 1
FAIL: g++.dg/gcov/pr16855-priority.C -std=gnu++2a line 71: is 4:should be 1
FAIL: g++.dg/gcov/pr16855-priority.C -std=gnu++2a line 76: is 4:should be 1
FAIL: g++.dg/gcov/pr16855-priority.C -std=gnu++98 gcov: 1 failures in line counts, 0 in branch percentages, 0 in return percentages, 0 in intermediate format
FAIL: g++.dg/gcov/pr16855-priority.C -std=gnu++98 line 22: is #####:should be 1
FAIL: g++.dg/gcov/pr16855.C -std=gnu++14 gcov: 6 failures in line counts, 0 in branch percentages, 0 in return percentages, 0 in intermediate format
FAIL: g++.dg/gcov/pr16855.C -std=gnu++14 line 15: is 2:should be 1
FAIL: g++.dg/gcov/pr16855.C -std=gnu++14 line 22: is 2:should be 1
FAIL: g++.dg/gcov/pr16855.C -std=gnu++14 line 24: is #####:should be 1
FAIL: g++.dg/gcov/pr16855.C -std=gnu++14 line 38: is 2:should be 1
FAIL: g++.dg/gcov/pr16855.C -std=gnu++14 line 44: is 2:should be 1
FAIL: g++.dg/gcov/pr16855.C -std=gnu++14 line 49: is 2:should be 1
FAIL: g++.dg/gcov/pr16855.C -std=gnu++17 gcov: 6 failures in line counts, 0 in branch percentages, 0 in return percentages, 0 in intermediate format
FAIL: g++.dg/gcov/pr16855.C -std=gnu++17 line 15: is 3:should be 1
FAIL: g++.dg/gcov/pr16855.C -std=gnu++17 line 22: is 3:should be 1
FAIL: g++.dg/gcov/pr16855.C -std=gnu++17 line 24: is #####:should be 1
FAIL: g++.dg/gcov/pr16855.C -std=gnu++17 line 38: is 3:should be 1
FAIL: g++.dg/gcov/pr16855.C -std=gnu++17 line 44: is 3:should be 1
FAIL: g++.dg/gcov/pr16855.C -std=gnu++17 line 49: is 3:should be 1
FAIL: g++.dg/gcov/pr16855.C -std=gnu++2a gcov: 6 failures in line counts, 0 in branch percentages, 0 in return percentages, 0 in intermediate format
FAIL: g++.dg/gcov/pr16855.C -std=gnu++2a line 15: is 4:should be 1
FAIL: g++.dg/gcov/pr16855.C -std=gnu++2a line 22: is 4:should be 1
FAIL: g++.dg/gcov/pr16855.C -std=gnu++2a line 24: is #####:should be 1
FAIL: g++.dg/gcov/pr16855.C -std=gnu++2a line 38: is 4:should be 1
FAIL: g++.dg/gcov/pr16855.C -std=gnu++2a line 44: is 4:should be 1
FAIL: g++.dg/gcov/pr16855.C -std=gnu++2a line 49: is 4:should be 1
FAIL: g++.dg/gcov/pr16855.C -std=gnu++98 gcov: 1 failures in line counts, 0 in branch percentages, 0 in return percentages, 0 in intermediate format
FAIL: g++.dg/gcov/pr16855.C -std=gnu++98 line 24: is #####:should be 1
FAIL: g++.dg/modules/stdio-1_a.H -std=c++17 scan-lang-dump module "Depset:0 decl entity:[0-9]* function_decl:'::printf'"
FAIL: g++.dg/modules/stdio-1_a.H -std=c++2a scan-lang-dump module "Depset:0 decl entity:[0-9]* function_decl:'::printf'"
FAIL: g++.dg/modules/stdio-1_a.H -std=c++2b scan-lang-dump module "Depset:0 decl entity:[0-9]* function_decl:'::printf'"
FAIL: g++.dg/modules/xtreme-header-3_a.H -std=c++17 (internal compiler error)
FAIL: g++.dg/modules/xtreme-header-3_a.H -std=c++17 (test for excess errors)
FAIL: g++.dg/modules/xtreme-header-3_a.H -std=c++2a (internal compiler error)
FAIL: g++.dg/modules/xtreme-header-3_a.H -std=c++2a (test for excess errors)
FAIL: g++.dg/modules/xtreme-header-3_a.H -std=c++2b (internal compiler error)
FAIL: g++.dg/modules/xtreme-header-3_a.H -std=c++2b (test for excess errors)
FAIL: g++.dg/modules/xtreme-header-3_a.H module-cmi (gcm.cache/\$srcdir/g++.dg/modules/xtreme-header-3_a.H.gcm)
FAIL: g++.dg/modules/xtreme-header-3_a.H module-cmi (gcm.cache/\$srcdir/g++.dg/modules/xtreme-header-3_a.H.gcm)
FAIL: g++.dg/modules/xtreme-header-3_a.H module-cmi (gcm.cache/\$srcdir/g++.dg/modules/xtreme-header-3_a.H.gcm)
FAIL: g++.dg/modules/xtreme-header-3_b.C -std=c++17 (test for excess errors)
FAIL: g++.dg/modules/xtreme-header-3_b.C -std=c++2a (test for excess errors)
FAIL: g++.dg/modules/xtreme-header-3_b.C -std=c++2b (test for excess errors)
FAIL: g++.dg/modules/xtreme-header-3_c.C -std=c++17 (test for excess errors)
FAIL: g++.dg/modules/xtreme-header-3_c.C -std=c++2a (test for excess errors)
FAIL: g++.dg/modules/xtreme-header-3_c.C -std=c++2b (test for excess errors)
FAIL: g++.dg/modules/xtreme-header-5_a.H -std=c++2a (internal compiler error)
FAIL: g++.dg/modules/xtreme-header-5_a.H -std=c++2a (test for excess errors)
FAIL: g++.dg/modules/xtreme-header-5_a.H -std=c++2b (internal compiler error)
FAIL: g++.dg/modules/xtreme-header-5_a.H -std=c++2b (test for excess errors)
FAIL: g++.dg/modules/xtreme-header-5_a.H module-cmi (gcm.cache/\$srcdir/g++.dg/modules/xtreme-header-5_a.H.gcm)
FAIL: g++.dg/modules/xtreme-header-5_a.H module-cmi (gcm.cache/\$srcdir/g++.dg/modules/xtreme-header-5_a.H.gcm)
FAIL: g++.dg/modules/xtreme-header-5_b.C -std=c++2a (test for excess errors)
FAIL: g++.dg/modules/xtreme-header-5_b.C -std=c++2b (test for excess errors)
FAIL: g++.dg/modules/xtreme-header-5_c.C -std=c++2a (test for excess errors)
FAIL: g++.dg/modules/xtreme-header-5_c.C -std=c++2b (test for excess errors)
FAIL: g++.dg/modules/xtreme-header_a.H -std=c++17 (internal compiler error)
FAIL: g++.dg/modules/xtreme-header_a.H -std=c++17 (test for excess errors)
FAIL: g++.dg/modules/xtreme-header_a.H -std=c++2a (internal compiler error)
FAIL: g++.dg/modules/xtreme-header_a.H -std=c++2a (test for excess errors)
FAIL: g++.dg/modules/xtreme-header_a.H -std=c++2b (internal compiler error)
FAIL: g++.dg/modules/xtreme-header_a.H -std=c++2b (test for excess errors)
FAIL: g++.dg/modules/xtreme-header_a.H module-cmi (gcm.cache/\$srcdir/g++.dg/modules/xtreme-header_a.H.gcm)
FAIL: g++.dg/modules/xtreme-header_a.H module-cmi (gcm.cache/\$srcdir/g++.dg/modules/xtreme-header_a.H.gcm)
FAIL: g++.dg/modules/xtreme-header_a.H module-cmi (gcm.cache/\$srcdir/g++.dg/modules/xtreme-header_a.H.gcm)
FAIL: g++.dg/modules/xtreme-header_b.C -std=c++17 (test for excess errors)
FAIL: g++.dg/modules/xtreme-header_b.C -std=c++2a (test for excess errors)
FAIL: g++.dg/modules/xtreme-header_b.C -std=c++2b (test for excess errors)
FAIL: g++.dg/torture/pr80334.C -O0 execution test
FAIL: g++.dg/torture/pr80334.C -O1 execution test
FAIL: g++.dg/torture/pr80334.C -O2 execution test
FAIL: g++.dg/torture/pr80334.C -O2 -flto execution test
FAIL: g++.dg/torture/pr80334.C -O2 -flto -flto-partition=none execution test
FAIL: g++.dg/torture/pr80334.C -O3 -fomit-frame-pointer -funroll-loops -fpeel-loops -ftracer -finline-functions execution test
FAIL: g++.dg/torture/pr80334.C -O3 -g execution test
FAIL: g++.dg/torture/pr80334.C -Os execution test
XPASS: g++.dg/vect/slp-pr98855.cc -std=c++14 scan-tree-dump-times slp1 "not vectorized: vectorization is not profitable" 2
XPASS: g++.dg/vect/slp-pr98855.cc -std=c++17 scan-tree-dump-times slp1 "not vectorized: vectorization is not profitable" 2
XPASS: g++.dg/vect/slp-pr98855.cc -std=c++2a scan-tree-dump-times slp1 "not vectorized: vectorization is not profitable" 2
XPASS: g++.dg/vect/slp-pr98855.cc -std=c++98 scan-tree-dump-times slp1 "not vectorized: vectorization is not profitable" 2
=== g++ Summary for unix ===
# of expected passes 214515
# of unexpected failures 135
# of unexpected successes 4
# of expected failures 1399
# of unsupported tests 9809
Running target unix/-m64
FAIL: g++.dg/warn/Warray-bounds-16.C -std=gnu++14 scan-tree-dump-not optimized "goto"
FAIL: g++.dg/warn/Warray-bounds-16.C -std=gnu++14 (test for excess errors)
FAIL: g++.dg/warn/Warray-bounds-16.C -std=gnu++17 scan-tree-dump-not optimized "goto"
FAIL: g++.dg/warn/Warray-bounds-16.C -std=gnu++17 (test for excess errors)
FAIL: g++.dg/warn/Warray-bounds-16.C -std=gnu++2a scan-tree-dump-not optimized "goto"
FAIL: g++.dg/warn/Warray-bounds-16.C -std=gnu++2a (test for excess errors)
FAIL: g++.dg/warn/Warray-bounds-16.C -std=gnu++98 scan-tree-dump-not optimized "goto"
FAIL: g++.dg/warn/Warray-bounds-16.C -std=gnu++98 (test for excess errors)
FAIL: g++.dg/gcov/pr16855-priority.C -std=gnu++14 gcov: 12 failures in line counts, 0 in branch percentages, 0 in return percentages, 0 in intermediate format
FAIL: g++.dg/gcov/pr16855-priority.C -std=gnu++14 line 14: is 2:should be 1
FAIL: g++.dg/gcov/pr16855-priority.C -std=gnu++14 line 21: is 2:should be 1
FAIL: g++.dg/gcov/pr16855-priority.C -std=gnu++14 line 22: is #####:should be 1
FAIL: g++.dg/gcov/pr16855-priority.C -std=gnu++14 line 35: is 2:should be 1
FAIL: g++.dg/gcov/pr16855-priority.C -std=gnu++14 line 41: is 2:should be 1
FAIL: g++.dg/gcov/pr16855-priority.C -std=gnu++14 line 46: is 2:should be 1
FAIL: g++.dg/gcov/pr16855-priority.C -std=gnu++14 line 51: is 2:should be 1
FAIL: g++.dg/gcov/pr16855-priority.C -std=gnu++14 line 56: is 2:should be 1
FAIL: g++.dg/gcov/pr16855-priority.C -std=gnu++14 line 61: is 2:should be 1
FAIL: g++.dg/gcov/pr16855-priority.C -std=gnu++14 line 66: is 2:should be 1
FAIL: g++.dg/gcov/pr16855-priority.C -std=gnu++14 line 71: is 2:should be 1
FAIL: g++.dg/gcov/pr16855-priority.C -std=gnu++14 line 76: is 2:should be 1
FAIL: g++.dg/gcov/pr16855-priority.C -std=gnu++17 gcov: 12 failures in line counts, 0 in branch percentages, 0 in return percentages, 0 in intermediate format
FAIL: g++.dg/gcov/pr16855-priority.C -std=gnu++17 line 14: is 3:should be 1
FAIL: g++.dg/gcov/pr16855-priority.C -std=gnu++17 line 21: is 3:should be 1
FAIL: g++.dg/gcov/pr16855-priority.C -std=gnu++17 line 22: is #####:should be 1
FAIL: g++.dg/gcov/pr16855-priority.C -std=gnu++17 line 35: is 3:should be 1
FAIL: g++.dg/gcov/pr16855-priority.C -std=gnu++17 line 41: is 3:should be 1
FAIL: g++.dg/gcov/pr16855-priority.C -std=gnu++17 line 46: is 3:should be 1
FAIL: g++.dg/gcov/pr16855-priority.C -std=gnu++17 line 51: is 3:should be 1
FAIL: g++.dg/gcov/pr16855-priority.C -std=gnu++17 line 56: is 3:should be 1
FAIL: g++.dg/gcov/pr16855-priority.C -std=gnu++17 line 61: is 3:should be 1
FAIL: g++.dg/gcov/pr16855-priority.C -std=gnu++17 line 66: is 3:should be 1
FAIL: g++.dg/gcov/pr16855-priority.C -std=gnu++17 line 71: is 3:should be 1
FAIL: g++.dg/gcov/pr16855-priority.C -std=gnu++17 line 76: is 3:should be 1
FAIL: g++.dg/gcov/pr16855-priority.C -std=gnu++2a gcov: 12 failures in line counts, 0 in branch percentages, 0 in return percentages, 0 in intermediate format
FAIL: g++.dg/gcov/pr16855-priority.C -std=gnu++2a line 14: is 4:should be 1
FAIL: g++.dg/gcov/pr16855-priority.C -std=gnu++2a line 21: is 4:should be 1
FAIL: g++.dg/gcov/pr16855-priority.C -std=gnu++2a line 22: is #####:should be 1
FAIL: g++.dg/gcov/pr16855-priority.C -std=gnu++2a line 35: is 4:should be 1
FAIL: g++.dg/gcov/pr16855-priority.C -std=gnu++2a line 41: is 4:should be 1
FAIL: g++.dg/gcov/pr16855-priority.C -std=gnu++2a line 46: is 4:should be 1
FAIL: g++.dg/gcov/pr16855-priority.C -std=gnu++2a line 51: is 4:should be 1
FAIL: g++.dg/gcov/pr16855-priority.C -std=gnu++2a line 56: is 4:should be 1
FAIL: g++.dg/gcov/pr16855-priority.C -std=gnu++2a line 61: is 4:should be 1
FAIL: g++.dg/gcov/pr16855-priority.C -std=gnu++2a line 66: is 4:should be 1
FAIL: g++.dg/gcov/pr16855-priority.C -std=gnu++2a line 71: is 4:should be 1
FAIL: g++.dg/gcov/pr16855-priority.C -std=gnu++2a line 76: is 4:should be 1
FAIL: g++.dg/gcov/pr16855-priority.C -std=gnu++98 gcov: 1 failures in line counts, 0 in branch percentages, 0 in return percentages, 0 in intermediate format
FAIL: g++.dg/gcov/pr16855-priority.C -std=gnu++98 line 22: is #####:should be 1
FAIL: g++.dg/gcov/pr16855.C -std=gnu++14 gcov: 6 failures in line counts, 0 in branch percentages, 0 in return percentages, 0 in intermediate format
FAIL: g++.dg/gcov/pr16855.C -std=gnu++14 line 15: is 2:should be 1
FAIL: g++.dg/gcov/pr16855.C -std=gnu++14 line 22: is 2:should be 1
FAIL: g++.dg/gcov/pr16855.C -std=gnu++14 line 24: is #####:should be 1
FAIL: g++.dg/gcov/pr16855.C -std=gnu++14 line 38: is 2:should be 1
FAIL: g++.dg/gcov/pr16855.C -std=gnu++14 line 44: is 2:should be 1
FAIL: g++.dg/gcov/pr16855.C -std=gnu++14 line 49: is 2:should be 1
FAIL: g++.dg/gcov/pr16855.C -std=gnu++17 gcov: 6 failures in line counts, 0 in branch percentages, 0 in return percentages, 0 in intermediate format
FAIL: g++.dg/gcov/pr16855.C -std=gnu++17 line 15: is 3:should be 1
FAIL: g++.dg/gcov/pr16855.C -std=gnu++17 line 22: is 3:should be 1
FAIL: g++.dg/gcov/pr16855.C -std=gnu++17 line 24: is #####:should be 1
FAIL: g++.dg/gcov/pr16855.C -std=gnu++17 line 38: is 3:should be 1
FAIL: g++.dg/gcov/pr16855.C -std=gnu++17 line 44: is 3:should be 1
FAIL: g++.dg/gcov/pr16855.C -std=gnu++17 line 49: is 3:should be 1
FAIL: g++.dg/gcov/pr16855.C -std=gnu++2a gcov: 6 failures in line counts, 0 in branch percentages, 0 in return percentages, 0 in intermediate format
FAIL: g++.dg/gcov/pr16855.C -std=gnu++2a line 15: is 4:should be 1
FAIL: g++.dg/gcov/pr16855.C -std=gnu++2a line 22: is 4:should be 1
FAIL: g++.dg/gcov/pr16855.C -std=gnu++2a line 24: is #####:should be 1
FAIL: g++.dg/gcov/pr16855.C -std=gnu++2a line 38: is 4:should be 1
FAIL: g++.dg/gcov/pr16855.C -std=gnu++2a line 44: is 4:should be 1
FAIL: g++.dg/gcov/pr16855.C -std=gnu++2a line 49: is 4:should be 1
FAIL: g++.dg/gcov/pr16855.C -std=gnu++98 gcov: 1 failures in line counts, 0 in branch percentages, 0 in return percentages, 0 in intermediate format
FAIL: g++.dg/gcov/pr16855.C -std=gnu++98 line 24: is #####:should be 1
FAIL: g++.dg/modules/stdio-1_a.H -std=c++17 scan-lang-dump module "Depset:0 decl entity:[0-9]* function_decl:'::printf'"
FAIL: g++.dg/modules/stdio-1_a.H -std=c++2a scan-lang-dump module "Depset:0 decl entity:[0-9]* function_decl:'::printf'"
FAIL: g++.dg/modules/stdio-1_a.H -std=c++2b scan-lang-dump module "Depset:0 decl entity:[0-9]* function_decl:'::printf'"
FAIL: g++.dg/modules/xtreme-header-3_a.H -std=c++17 (internal compiler error)
FAIL: g++.dg/modules/xtreme-header-3_a.H -std=c++17 (test for excess errors)
FAIL: g++.dg/modules/xtreme-header-3_a.H -std=c++2a (internal compiler error)
FAIL: g++.dg/modules/xtreme-header-3_a.H -std=c++2a (test for excess errors)
FAIL: g++.dg/modules/xtreme-header-3_a.H -std=c++2b (internal compiler error)
FAIL: g++.dg/modules/xtreme-header-3_a.H -std=c++2b (test for excess errors)
FAIL: g++.dg/modules/xtreme-header-3_a.H module-cmi (gcm.cache/\$srcdir/g++.dg/modules/xtreme-header-3_a.H.gcm)
FAIL: g++.dg/modules/xtreme-header-3_a.H module-cmi (gcm.cache/\$srcdir/g++.dg/modules/xtreme-header-3_a.H.gcm)
FAIL: g++.dg/modules/xtreme-header-3_a.H module-cmi (gcm.cache/\$srcdir/g++.dg/modules/xtreme-header-3_a.H.gcm)
FAIL: g++.dg/modules/xtreme-header-3_b.C -std=c++17 (test for excess errors)
FAIL: g++.dg/modules/xtreme-header-3_b.C -std=c++2a (test for excess errors)
FAIL: g++.dg/modules/xtreme-header-3_b.C -std=c++2b (test for excess errors)
FAIL: g++.dg/modules/xtreme-header-3_c.C -std=c++17 (test for excess errors)
FAIL: g++.dg/modules/xtreme-header-3_c.C -std=c++2a (test for excess errors)
FAIL: g++.dg/modules/xtreme-header-3_c.C -std=c++2b (test for excess errors)
FAIL: g++.dg/modules/xtreme-header-5_a.H -std=c++2a (internal compiler error)
FAIL: g++.dg/modules/xtreme-header-5_a.H -std=c++2a (test for excess errors)
FAIL: g++.dg/modules/xtreme-header-5_a.H -std=c++2b (internal compiler error)
FAIL: g++.dg/modules/xtreme-header-5_a.H -std=c++2b (test for excess errors)
FAIL: g++.dg/modules/xtreme-header-5_a.H module-cmi (gcm.cache/\$srcdir/g++.dg/modules/xtreme-header-5_a.H.gcm)
FAIL: g++.dg/modules/xtreme-header-5_a.H module-cmi (gcm.cache/\$srcdir/g++.dg/modules/xtreme-header-5_a.H.gcm)
FAIL: g++.dg/modules/xtreme-header-5_b.C -std=c++2a (test for excess errors)
FAIL: g++.dg/modules/xtreme-header-5_b.C -std=c++2b (test for excess errors)
FAIL: g++.dg/modules/xtreme-header-5_c.C -std=c++2a (test for excess errors)
FAIL: g++.dg/modules/xtreme-header-5_c.C -std=c++2b (test for excess errors)
FAIL: g++.dg/modules/xtreme-header_a.H -std=c++17 (internal compiler error)
FAIL: g++.dg/modules/xtreme-header_a.H -std=c++17 (test for excess errors)
FAIL: g++.dg/modules/xtreme-header_a.H -std=c++2a (internal compiler error)
FAIL: g++.dg/modules/xtreme-header_a.H -std=c++2a (test for excess errors)
FAIL: g++.dg/modules/xtreme-header_a.H -std=c++2b (internal compiler error)
FAIL: g++.dg/modules/xtreme-header_a.H -std=c++2b (test for excess errors)
FAIL: g++.dg/modules/xtreme-header_a.H module-cmi (gcm.cache/\$srcdir/g++.dg/modules/xtreme-header_a.H.gcm)
FAIL: g++.dg/modules/xtreme-header_a.H module-cmi (gcm.cache/\$srcdir/g++.dg/modules/xtreme-header_a.H.gcm)
FAIL: g++.dg/modules/xtreme-header_a.H module-cmi (gcm.cache/\$srcdir/g++.dg/modules/xtreme-header_a.H.gcm)
FAIL: g++.dg/modules/xtreme-header_b.C -std=c++17 (test for excess errors)
FAIL: g++.dg/modules/xtreme-header_b.C -std=c++2a (test for excess errors)
FAIL: g++.dg/modules/xtreme-header_b.C -std=c++2b (test for excess errors)
FAIL: g++.target/i386/pr97054.C -std=gnu++14 (test for excess errors)
UNRESOLVED: g++.target/i386/pr97054.C -std=gnu++14 compilation failed to produce executable
FAIL: g++.target/i386/pr97054.C -std=gnu++17 (test for excess errors)
UNRESOLVED: g++.target/i386/pr97054.C -std=gnu++17 compilation failed to produce executable
FAIL: g++.target/i386/pr97054.C -std=gnu++2a (test for excess errors)
UNRESOLVED: g++.target/i386/pr97054.C -std=gnu++2a compilation failed to produce executable
FAIL: g++.target/i386/pr97054.C -std=gnu++98 (test for excess errors)
UNRESOLVED: g++.target/i386/pr97054.C -std=gnu++98 compilation failed to produce executable
=== g++ Summary for unix/-m64 ===
# of expected passes 214869
# of unexpected failures 116
# of expected failures 1411
# of unresolved testcases 4
# of unsupported tests 9761
=== g++ Summary ===
# of expected passes 429384
# of unexpected failures 251
# of unexpected successes 4
# of expected failures 2810
# of unresolved testcases 4
# of unsupported tests 19570
/var/gcc/regression/master/11.4-gcc/build/gcc/xg++ version 12.0.0 20211015 (experimental) [master revision 7bfe7d634f60b0a9ba1a456be59a1ee88abf112e] (GCC)
=== gcc tests ===
Running target unix
FAIL: gcc.c-torture/compile/pr61159.c -O0 (test for excess errors)
FAIL: gcc.c-torture/compile/pr61159.c -O1 (test for excess errors)
FAIL: gcc.c-torture/compile/pr61159.c -O2 (test for excess errors)
FAIL: gcc.c-torture/compile/pr61159.c -O2 -flto (test for excess errors)
FAIL: gcc.c-torture/compile/pr61159.c -O2 -flto -flto-partition=none (test for excess errors)
FAIL: gcc.c-torture/compile/pr61159.c -O3 -g (test for excess errors)
FAIL: gcc.c-torture/compile/pr61159.c -Os (test for excess errors)
FAIL: gcc.dg/analyzer/capacity-1.c (test for excess errors)
FAIL: gcc.dg/analyzer/capacity-3.c (test for excess errors)
FAIL: c-c++-common/asan/swapcontext-test-1.c -O0 execution test
FAIL: c-c++-common/asan/swapcontext-test-1.c -O1 execution test
FAIL: c-c++-common/asan/swapcontext-test-1.c -O2 execution test
FAIL: c-c++-common/asan/swapcontext-test-1.c -O2 -flto execution test
FAIL: c-c++-common/asan/swapcontext-test-1.c -O2 -flto -flto-partition=none execution test
FAIL: c-c++-common/asan/swapcontext-test-1.c -O3 -fomit-frame-pointer -funroll-loops -fpeel-loops -ftracer -finline-functions execution test
FAIL: c-c++-common/asan/swapcontext-test-1.c -O3 -g execution test
FAIL: c-c++-common/asan/swapcontext-test-1.c -Os execution test
XPASS: gcc.dg/debug/dwarf2/inline5.c scan-assembler-not \\\\(DIE \\\\(0x([0-9a-f]*)\\\\) DW_TAG_lexical_block\\\\)[^#/!@;\\\\|]*[#/!@;\\\\|]+ +DW_AT.*DW_TAG_lexical_block\\\\)[^#/!@;\\\\|x]*x\\\\1[^#/!@;\\\\|]*[#/!@;\\\\|] +DW_AT_abstract_origin
FAIL: gcc.dg/attr-weakref-1.c (test for excess errors)
UNRESOLVED: gcc.dg/attr-weakref-1.c compilation failed to produce executable
FAIL: gcc.dg/ipa/iinline-attr.c scan-ipa-dump inline "hooray[^\\\\n]*inline copy in test"
FAIL: gcc.dg/ipa/ipa-icf-38.c scan-ltrans-tree-dump-not optimized "Function bar"
FAIL: gcc-dg-lto-modref-3-01.exe scan-wpa-ipa-dump modref "parm 1 flags: nodirectescape"
FAIL: gcc-dg-lto-modref-4-01.exe scan-wpa-ipa-dump modref "parm 1 flags: nodirectescape"
FAIL: gcc.dg/lto/modref-3 c_lto_modref-3_0.o-c_lto_modref-3_1.o execute -O2 -flto-partition=max -fdump-ipa-modref -fno-ipa-sra -fno-ipa-cp -flto
FAIL: gcc.dg/lto/modref-4 c_lto_modref-4_0.o-c_lto_modref-4_1.o execute -O2 -flto-partition=max -fdump-ipa-modref -fno-ipa-sra -flto
FAIL: gcc.dg/tree-prof/20050826-2.c scan-tree-dump-not dom2 "Invalid sum"
FAIL: gcc.dg/tree-ssa/ldist-strlen-1.c execution test
FAIL: gcc.dg/tree-ssa/ldist-strlen-2.c execution test
FAIL: gcc.dg/tree-ssa/scev-3.c scan-tree-dump-times ivopts "&a" 1
FAIL: gcc.dg/tree-ssa/scev-4.c scan-tree-dump-times ivopts "&a" 1
FAIL: gcc.dg/tree-ssa/scev-5.c scan-tree-dump-times ivopts "&a" 1
FAIL: gcc.dg/vect/bb-slp-17.c -flto -ffat-lto-objects scan-tree-dump-times slp2 "optimized: basic block" 1
FAIL: gcc.dg/vect/bb-slp-17.c scan-tree-dump-times slp2 "optimized: basic block" 1
FAIL: gcc.target/i386/avx-1.c (internal compiler error)
FAIL: gcc.target/i386/avx-1.c (test for excess errors)
FAIL: gcc.target/i386/avx-2.c (internal compiler error)
FAIL: gcc.target/i386/avx-2.c (test for excess errors)
FAIL: gcc.target/i386/avx512f-pr96891-3.c scan-assembler-times (?n)vpcmp[bwdq][ \\\\t]*\\\\\$7 4
FAIL: gcc.target/i386/avx512fp16-trunchf.c scan-assembler-times vcvttsh2si[ \\\\t]+[^{\\n]*(?:%xmm[0-9]|\\\\(%esp\\\\))+, %eax(?:\\n|[ \\\\t]+#) 3
FAIL: gcc.target/i386/avx512fp16-trunchf.c scan-assembler-times vcvttsh2usi[ \\\\t]+[^{\\n]*(?:%xmm[0-9]|\\\\(%esp\\\\))+, %eax(?:\\n|[ \\\\t]+#) 2
FAIL: gcc.target/i386/keylocker-aesdecwide128kl.c (internal compiler error)
FAIL: gcc.target/i386/keylocker-aesdecwide128kl.c (test for excess errors)
UNRESOLVED: gcc.target/i386/keylocker-aesdecwide128kl.c scan-assembler (?:movdqu|movups)[ \\\\t]+[^\\\\n\\\\r]*%xmm0,[^\\\\n\\\\r]*
UNRESOLVED: gcc.target/i386/keylocker-aesdecwide128kl.c scan-assembler (?:movdqu|movups)[ \\\\t]+[^\\\\n\\\\r]*%xmm1,[^\\\\n\\\\r]*16[^\\\\n\\\\r]*
UNRESOLVED: gcc.target/i386/keylocker-aesdecwide128kl.c scan-assembler (?:movdqu|movups)[ \\\\t]+[^\\\\n\\\\r]*%xmm2,[^\\\\n\\\\r]*32[^\\\\n\\\\r]*
UNRESOLVED: gcc.target/i386/keylocker-aesdecwide128kl.c scan-assembler (?:movdqu|movups)[ \\\\t]+[^\\\\n\\\\r]*%xmm3,[^\\\\n\\\\r]*48[^\\\\n\\\\r]*
UNRESOLVED: gcc.target/i386/keylocker-aesdecwide128kl.c scan-assembler (?:movdqu|movups)[ \\\\t]+[^\\\\n\\\\r]*%xmm4,[^\\\\n\\\\r]*64[^\\\\n\\\\r]*
UNRESOLVED: gcc.target/i386/keylocker-aesdecwide128kl.c scan-assembler (?:movdqu|movups)[ \\\\t]+[^\\\\n\\\\r]*%xmm5,[^\\\\n\\\\r]*80[^\\\\n\\\\r]*
UNRESOLVED: gcc.target/i386/keylocker-aesdecwide128kl.c scan-assembler (?:movdqu|movups)[ \\\\t]+[^\\\\n\\\\r]*%xmm6,[^\\\\n\\\\r]*96[^\\\\n\\\\r]*
UNRESOLVED: gcc.target/i386/keylocker-aesdecwide128kl.c scan-assembler (?:movdqu|movups)[ \\\\t]+[^\\\\n\\\\r]*%xmm7,[^\\\\n\\\\r]*112[^\\\\n\\\\r]*
UNRESOLVED: gcc.target/i386/keylocker-aesdecwide128kl.c scan-assembler aesdecwide128kl[ \\\\t]+[^\\\\n\\\\r]*
UNRESOLVED: gcc.target/i386/keylocker-aesdecwide128kl.c scan-assembler j[ez]
UNRESOLVED: gcc.target/i386/keylocker-aesdecwide128kl.c scan-assembler movdqu[ \\\\t]+[^\\\\n\\\\r]*, %xmm0
UNRESOLVED: gcc.target/i386/keylocker-aesdecwide128kl.c scan-assembler movdqu[ \\\\t]+[^\\\\n\\\\r]*112[^\\\\n\\\\r]*, %xmm7
UNRESOLVED: gcc.target/i386/keylocker-aesdecwide128kl.c scan-assembler movdqu[ \\\\t]+[^\\\\n\\\\r]*16[^\\\\n\\\\r]*, %xmm1
UNRESOLVED: gcc.target/i386/keylocker-aesdecwide128kl.c scan-assembler movdqu[ \\\\t]+[^\\\\n\\\\r]*32[^\\\\n\\\\r]*, %xmm2
UNRESOLVED: gcc.target/i386/keylocker-aesdecwide128kl.c scan-assembler movdqu[ \\\\t]+[^\\\\n\\\\r]*48[^\\\\n\\\\r]*, %xmm3
UNRESOLVED: gcc.target/i386/keylocker-aesdecwide128kl.c scan-assembler movdqu[ \\\\t]+[^\\\\n\\\\r]*64[^\\\\n\\\\r]*, %xmm4
UNRESOLVED: gcc.target/i386/keylocker-aesdecwide128kl.c scan-assembler movdqu[ \\\\t]+[^\\\\n\\\\r]*80[^\\\\n\\\\r]*, %xmm5
UNRESOLVED: gcc.target/i386/keylocker-aesdecwide128kl.c scan-assembler movdqu[ \\\\t]+[^\\\\n\\\\r]*96[^\\\\n\\\\r]*, %xmm6
UNRESOLVED: gcc.target/i386/keylocker-aesdecwide128kl.c scan-assembler pxor[ \\t]+%xmm0, %xmm0
UNRESOLVED: gcc.target/i386/keylocker-aesdecwide128kl.c scan-assembler pxor[ \\t]+%xmm1, %xmm1
UNRESOLVED: gcc.target/i386/keylocker-aesdecwide128kl.c scan-assembler pxor[ \\t]+%xmm2, %xmm2
UNRESOLVED: gcc.target/i386/keylocker-aesdecwide128kl.c scan-assembler pxor[ \\t]+%xmm3, %xmm3
UNRESOLVED: gcc.target/i386/keylocker-aesdecwide128kl.c scan-assembler pxor[ \\t]+%xmm4, %xmm4
UNRESOLVED: gcc.target/i386/keylocker-aesdecwide128kl.c scan-assembler pxor[ \\t]+%xmm5, %xmm5
UNRESOLVED: gcc.target/i386/keylocker-aesdecwide128kl.c scan-assembler pxor[ \\t]+%xmm6, %xmm6
UNRESOLVED: gcc.target/i386/keylocker-aesdecwide128kl.c scan-assembler pxor[ \\t]+%xmm7, %xmm7
UNRESOLVED: gcc.target/i386/keylocker-aesdecwide128kl.c scan-assembler sete
FAIL: gcc.target/i386/keylocker-aesdecwide256kl.c (internal compiler error)
FAIL: gcc.target/i386/keylocker-aesdecwide256kl.c (test for excess errors)
UNRESOLVED: gcc.target/i386/keylocker-aesdecwide256kl.c scan-assembler (?:movdqu|movups)[ \\\\t]+[^\\\\n\\\\r]*%xmm0,[^\\\\n\\\\r]*
UNRESOLVED: gcc.target/i386/keylocker-aesdecwide256kl.c scan-assembler (?:movdqu|movups)[ \\\\t]+[^\\\\n\\\\r]*%xmm1,[^\\\\n\\\\r]*16[^\\\\n\\\\r]*
UNRESOLVED: gcc.target/i386/keylocker-aesdecwide256kl.c scan-assembler (?:movdqu|movups)[ \\\\t]+[^\\\\n\\\\r]*%xmm2,[^\\\\n\\\\r]*32[^\\\\n\\\\r]*
UNRESOLVED: gcc.target/i386/keylocker-aesdecwide256kl.c scan-assembler (?:movdqu|movups)[ \\\\t]+[^\\\\n\\\\r]*%xmm3,[^\\\\n\\\\r]*48[^\\\\n\\\\r]*
UNRESOLVED: gcc.target/i386/keylocker-aesdecwide256kl.c scan-assembler (?:movdqu|movups)[ \\\\t]+[^\\\\n\\\\r]*%xmm4,[^\\\\n\\\\r]*64[^\\\\n\\\\r]*
UNRESOLVED: gcc.target/i386/keylocker-aesdecwide256kl.c scan-assembler (?:movdqu|movups)[ \\\\t]+[^\\\\n\\\\r]*%xmm5,[^\\\\n\\\\r]*80[^\\\\n\\\\r]*
UNRESOLVED: gcc.target/i386/keylocker-aesdecwide256kl.c scan-assembler (?:movdqu|movups)[ \\\\t]+[^\\\\n\\\\r]*%xmm6,[^\\\\n\\\\r]*96[^\\\\n\\\\r]*
UNRESOLVED: gcc.target/i386/keylocker-aesdecwide256kl.c scan-assembler (?:movdqu|movups)[ \\\\t]+[^\\\\n\\\\r]*%xmm7,[^\\\\n\\\\r]*112[^\\\\n\\\\r]*
UNRESOLVED: gcc.target/i386/keylocker-aesdecwide256kl.c scan-assembler aesdecwide256kl[ \\\\t]+[^\\\\n\\\\r]*
UNRESOLVED: gcc.target/i386/keylocker-aesdecwide256kl.c scan-assembler j[ez]
UNRESOLVED: gcc.target/i386/keylocker-aesdecwide256kl.c scan-assembler movdqu[ \\\\t]+[^\\\\n\\\\r]*, %xmm0
UNRESOLVED: gcc.target/i386/keylocker-aesdecwide256kl.c scan-assembler movdqu[ \\\\t]+[^\\\\n\\\\r]*112[^\\\\n\\\\r]*, %xmm7
UNRESOLVED: gcc.target/i386/keylocker-aesdecwide256kl.c scan-assembler movdqu[ \\\\t]+[^\\\\n\\\\r]*16[^\\\\n\\\\r]*, %xmm1
UNRESOLVED: gcc.target/i386/keylocker-aesdecwide256kl.c scan-assembler movdqu[ \\\\t]+[^\\\\n\\\\r]*32[^\\\\n\\\\r]*, %xmm2
UNRESOLVED: gcc.target/i386/keylocker-aesdecwide256kl.c scan-assembler movdqu[ \\\\t]+[^\\\\n\\\\r]*48[^\\\\n\\\\r]*, %xmm3
UNRESOLVED: gcc.target/i386/keylocker-aesdecwide256kl.c scan-assembler movdqu[ \\\\t]+[^\\\\n\\\\r]*64[^\\\\n\\\\r]*, %xmm4
UNRESOLVED: gcc.target/i386/keylocker-aesdecwide256kl.c scan-assembler movdqu[ \\\\t]+[^\\\\n\\\\r]*80[^\\\\n\\\\r]*, %xmm5
UNRESOLVED: gcc.target/i386/keylocker-aesdecwide256kl.c scan-assembler movdqu[ \\\\t]+[^\\\\n\\\\r]*96[^\\\\n\\\\r]*, %xmm6
UNRESOLVED: gcc.target/i386/keylocker-aesdecwide256kl.c scan-assembler pxor[ \\t]+%xmm0, %xmm0
UNRESOLVED: gcc.target/i386/keylocker-aesdecwide256kl.c scan-assembler pxor[ \\t]+%xmm1, %xmm1
UNRESOLVED: gcc.target/i386/keylocker-aesdecwide256kl.c scan-assembler pxor[ \\t]+%xmm2, %xmm2
UNRESOLVED: gcc.target/i386/keylocker-aesdecwide256kl.c scan-assembler pxor[ \\t]+%xmm3, %xmm3
UNRESOLVED: gcc.target/i386/keylocker-aesdecwide256kl.c scan-assembler pxor[ \\t]+%xmm4, %xmm4
UNRESOLVED: gcc.target/i386/keylocker-aesdecwide256kl.c scan-assembler pxor[ \\t]+%xmm5, %xmm5
UNRESOLVED: gcc.target/i386/keylocker-aesdecwide256kl.c scan-assembler pxor[ \\t]+%xmm6, %xmm6
UNRESOLVED: gcc.target/i386/keylocker-aesdecwide256kl.c scan-assembler pxor[ \\t]+%xmm7, %xmm7
UNRESOLVED: gcc.target/i386/keylocker-aesdecwide256kl.c scan-assembler sete
FAIL: gcc.target/i386/keylocker-aesencwide128kl.c (internal compiler error)
FAIL: gcc.target/i386/keylocker-aesencwide128kl.c (test for excess errors)
UNRESOLVED: gcc.target/i386/keylocker-aesencwide128kl.c scan-assembler (?:movdqu|movups)[ \\\\t]+[^\\\\n\\\\r]*%xmm0,[^\\\\n\\\\r]*
UNRESOLVED: gcc.target/i386/keylocker-aesencwide128kl.c scan-assembler (?:movdqu|movups)[ \\\\t]+[^\\\\n\\\\r]*%xmm1,[^\\\\n\\\\r]*16[^\\\\n\\\\r]*
UNRESOLVED: gcc.target/i386/keylocker-aesencwide128kl.c scan-assembler (?:movdqu|movups)[ \\\\t]+[^\\\\n\\\\r]*%xmm2,[^\\\\n\\\\r]*32[^\\\\n\\\\r]*
UNRESOLVED: gcc.target/i386/keylocker-aesencwide128kl.c scan-assembler (?:movdqu|movups)[ \\\\t]+[^\\\\n\\\\r]*%xmm3,[^\\\\n\\\\r]*48[^\\\\n\\\\r]*
UNRESOLVED: gcc.target/i386/keylocker-aesencwide128kl.c scan-assembler (?:movdqu|movups)[ \\\\t]+[^\\\\n\\\\r]*%xmm4,[^\\\\n\\\\r]*64[^\\\\n\\\\r]*
UNRESOLVED: gcc.target/i386/keylocker-aesencwide128kl.c scan-assembler (?:movdqu|movups)[ \\\\t]+[^\\\\n\\\\r]*%xmm5,[^\\\\n\\\\r]*80[^\\\\n\\\\r]*
UNRESOLVED: gcc.target/i386/keylocker-aesencwide128kl.c scan-assembler (?:movdqu|movups)[ \\\\t]+[^\\\\n\\\\r]*%xmm6,[^\\\\n\\\\r]*96[^\\\\n\\\\r]*
UNRESOLVED: gcc.target/i386/keylocker-aesencwide128kl.c scan-assembler (?:movdqu|movups)[ \\\\t]+[^\\\\n\\\\r]*%xmm7,[^\\\\n\\\\r]*112[^\\\\n\\\\r]*
UNRESOLVED: gcc.target/i386/keylocker-aesencwide128kl.c scan-assembler aesencwide128kl[ \\\\t]+[^\\\\n\\\\r]*
UNRESOLVED: gcc.target/i386/keylocker-aesencwide128kl.c scan-assembler j[ez]
UNRESOLVED: gcc.target/i386/keylocker-aesencwide128kl.c scan-assembler movdqu[ \\\\t]+[^\\\\n\\\\r]*, %xmm0
UNRESOLVED: gcc.target/i386/keylocker-aesencwide128kl.c scan-assembler movdqu[ \\\\t]+[^\\\\n\\\\r]*112[^\\\\n\\\\r]*, %xmm7
UNRESOLVED: gcc.target/i386/keylocker-aesencwide128kl.c scan-assembler movdqu[ \\\\t]+[^\\\\n\\\\r]*16[^\\\\n\\\\r]*, %xmm1
UNRESOLVED: gcc.target/i386/keylocker-aesencwide128kl.c scan-assembler movdqu[ \\\\t]+[^\\\\n\\\\r]*32[^\\\\n\\\\r]*, %xmm2
UNRESOLVED: gcc.target/i386/keylocker-aesencwide128kl.c scan-assembler movdqu[ \\\\t]+[^\\\\n\\\\r]*48[^\\\\n\\\\r]*, %xmm3
UNRESOLVED: gcc.target/i386/keylocker-aesencwide128kl.c scan-assembler movdqu[ \\\\t]+[^\\\\n\\\\r]*64[^\\\\n\\\\r]*, %xmm4
UNRESOLVED: gcc.target/i386/keylocker-aesencwide128kl.c scan-assembler movdqu[ \\\\t]+[^\\\\n\\\\r]*80[^\\\\n\\\\r]*, %xmm5
UNRESOLVED: gcc.target/i386/keylocker-aesencwide128kl.c scan-assembler movdqu[ \\\\t]+[^\\\\n\\\\r]*96[^\\\\n\\\\r]*, %xmm6
UNRESOLVED: gcc.target/i386/keylocker-aesencwide128kl.c scan-assembler pxor[ \\t]+%xmm0, %xmm0
UNRESOLVED: gcc.target/i386/keylocker-aesencwide128kl.c scan-assembler pxor[ \\t]+%xmm1, %xmm1
UNRESOLVED: gcc.target/i386/keylocker-aesencwide128kl.c scan-assembler pxor[ \\t]+%xmm2, %xmm2
UNRESOLVED: gcc.target/i386/keylocker-aesencwide128kl.c scan-assembler pxor[ \\t]+%xmm3, %xmm3
UNRESOLVED: gcc.target/i386/keylocker-aesencwide128kl.c scan-assembler pxor[ \\t]+%xmm4, %xmm4
UNRESOLVED: gcc.target/i386/keylocker-aesencwide128kl.c scan-assembler pxor[ \\t]+%xmm5, %xmm5
UNRESOLVED: gcc.target/i386/keylocker-aesencwide128kl.c scan-assembler pxor[ \\t]+%xmm6, %xmm6
UNRESOLVED: gcc.target/i386/keylocker-aesencwide128kl.c scan-assembler pxor[ \\t]+%xmm7, %xmm7
UNRESOLVED: gcc.target/i386/keylocker-aesencwide128kl.c scan-assembler sete
FAIL: gcc.target/i386/keylocker-aesencwide256kl.c (internal compiler error)
FAIL: gcc.target/i386/keylocker-aesencwide256kl.c (test for excess errors)
UNRESOLVED: gcc.target/i386/keylocker-aesencwide256kl.c scan-assembler (?:movdqu|movups)[ \\\\t]+[^\\\\n\\\\r]*%xmm0,[^\\\\n\\\\r]*
UNRESOLVED: gcc.target/i386/keylocker-aesencwide256kl.c scan-assembler (?:movdqu|movups)[ \\\\t]+[^\\\\n\\\\r]*%xmm1,[^\\\\n\\\\r]*16[^\\\\n\\\\r]*
UNRESOLVED: gcc.target/i386/keylocker-aesencwide256kl.c scan-assembler (?:movdqu|movups)[ \\\\t]+[^\\\\n\\\\r]*%xmm2,[^\\\\n\\\\r]*32[^\\\\n\\\\r]*
UNRESOLVED: gcc.target/i386/keylocker-aesencwide256kl.c scan-assembler (?:movdqu|movups)[ \\\\t]+[^\\\\n\\\\r]*%xmm3,[^\\\\n\\\\r]*48[^\\\\n\\\\r]*
UNRESOLVED: gcc.target/i386/keylocker-aesencwide256kl.c scan-assembler (?:movdqu|movups)[ \\\\t]+[^\\\\n\\\\r]*%xmm4,[^\\\\n\\\\r]*64[^\\\\n\\\\r]*
UNRESOLVED: gcc.target/i386/keylocker-aesencwide256kl.c scan-assembler (?:movdqu|movups)[ \\\\t]+[^\\\\n\\\\r]*%xmm5,[^\\\\n\\\\r]*80[^\\\\n\\\\r]*
UNRESOLVED: gcc.target/i386/keylocker-aesencwide256kl.c scan-assembler (?:movdqu|movups)[ \\\\t]+[^\\\\n\\\\r]*%xmm6,[^\\\\n\\\\r]*96[^\\\\n\\\\r]*
UNRESOLVED: gcc.target/i386/keylocker-aesencwide256kl.c scan-assembler (?:movdqu|movups)[ \\\\t]+[^\\\\n\\\\r]*%xmm7,[^\\\\n\\\\r]*112[^\\\\n\\\\r]*
UNRESOLVED: gcc.target/i386/keylocker-aesencwide256kl.c scan-assembler aesencwide256kl[ \\\\t]+[^\\\\n\\\\r]*
UNRESOLVED: gcc.target/i386/keylocker-aesencwide256kl.c scan-assembler j[ez]
UNRESOLVED: gcc.target/i386/keylocker-aesencwide256kl.c scan-assembler movdqu[ \\\\t]+[^\\\\n\\\\r]*, %xmm0
UNRESOLVED: gcc.target/i386/keylocker-aesencwide256kl.c scan-assembler movdqu[ \\\\t]+[^\\\\n\\\\r]*112[^\\\\n\\\\r]*, %xmm7
UNRESOLVED: gcc.target/i386/keylocker-aesencwide256kl.c scan-assembler movdqu[ \\\\t]+[^\\\\n\\\\r]*16[^\\\\n\\\\r]*, %xmm1
UNRESOLVED: gcc.target/i386/keylocker-aesencwide256kl.c scan-assembler movdqu[ \\\\t]+[^\\\\n\\\\r]*32[^\\\\n\\\\r]*, %xmm2
UNRESOLVED: gcc.target/i386/keylocker-aesencwide256kl.c scan-assembler movdqu[ \\\\t]+[^\\\\n\\\\r]*48[^\\\\n\\\\r]*, %xmm3
UNRESOLVED: gcc.target/i386/keylocker-aesencwide256kl.c scan-assembler movdqu[ \\\\t]+[^\\\\n\\\\r]*64[^\\\\n\\\\r]*, %xmm4
UNRESOLVED: gcc.target/i386/keylocker-aesencwide256kl.c scan-assembler movdqu[ \\\\t]+[^\\\\n\\\\r]*80[^\\\\n\\\\r]*, %xmm5
UNRESOLVED: gcc.target/i386/keylocker-aesencwide256kl.c scan-assembler movdqu[ \\\\t]+[^\\\\n\\\\r]*96[^\\\\n\\\\r]*, %xmm6
UNRESOLVED: gcc.target/i386/keylocker-aesencwide256kl.c scan-assembler pxor[ \\t]+%xmm0, %xmm0
UNRESOLVED: gcc.target/i386/keylocker-aesencwide256kl.c scan-assembler pxor[ \\t]+%xmm1, %xmm1
UNRESOLVED: gcc.target/i386/keylocker-aesencwide256kl.c scan-assembler pxor[ \\t]+%xmm2, %xmm2
UNRESOLVED: gcc.target/i386/keylocker-aesencwide256kl.c scan-assembler pxor[ \\t]+%xmm3, %xmm3
UNRESOLVED: gcc.target/i386/keylocker-aesencwide256kl.c scan-assembler pxor[ \\t]+%xmm4, %xmm4
UNRESOLVED: gcc.target/i386/keylocker-aesencwide256kl.c scan-assembler pxor[ \\t]+%xmm5, %xmm5
UNRESOLVED: gcc.target/i386/keylocker-aesencwide256kl.c scan-assembler pxor[ \\t]+%xmm6, %xmm6
UNRESOLVED: gcc.target/i386/keylocker-aesencwide256kl.c scan-assembler pxor[ \\t]+%xmm7, %xmm7
UNRESOLVED: gcc.target/i386/keylocker-aesencwide256kl.c scan-assembler sete
FAIL: gcc.target/i386/pieces-memset-1.c scan-assembler-not %[re]bp
FAIL: gcc.target/i386/pieces-memset-4.c scan-assembler-not %[re]bp
FAIL: gcc.target/i386/pieces-memset-41.c scan-assembler-not %[re]bp
FAIL: gcc.target/i386/pieces-memset-7.c scan-assembler-not %[re]bp
FAIL: gcc.target/i386/pieces-memset-8.c scan-assembler-not %[re]bp
FAIL: gcc.target/i386/pr101346.c (test for excess errors)
FAIL: gcc.target/i386/pr80569.c (test for excess errors)
FAIL: gcc.target/i386/pr90773-1.c scan-assembler-times movq[\\\\t ]+7\\\\(%[^,]+\\\\), 1
FAIL: gcc.target/i386/pr90773-1.c scan-assembler-times movq[\\\\t ]+\\\\(%[^,]+\\\\), 1
FAIL: gcc.target/i386/sse-13.c (internal compiler error)
FAIL: gcc.target/i386/sse-13.c (test for excess errors)
FAIL: gcc.target/i386/sse-14.c (internal compiler error)
FAIL: gcc.target/i386/sse-14.c (test for excess errors)
FAIL: gcc.target/i386/sse-22.c (internal compiler error)
FAIL: gcc.target/i386/sse-22.c (test for excess errors)
FAIL: gcc.target/i386/sse-22a.c (internal compiler error)
FAIL: gcc.target/i386/sse-22a.c (test for excess errors)
FAIL: gcc.target/i386/sse-23.c (internal compiler error)
FAIL: gcc.target/i386/sse-23.c (test for excess errors)
FAIL: gcc.target/i386/sse-24.c (internal compiler error)
FAIL: gcc.target/i386/sse-24.c (test for excess errors)
FAIL: gcc.target/i386/sse-25.c (internal compiler error)
FAIL: gcc.target/i386/sse-25.c (test for excess errors)
FAIL: gcc.target/i386/sse-26.c (internal compiler error)
FAIL: gcc.target/i386/sse-26.c (test for excess errors)
=== gcc Summary for unix ===
# of expected passes 160608
# of unexpected failures 72
# of unexpected successes 1
# of expected failures 972
# of unresolved testcases 109
# of unsupported tests 4697
Running target unix/-m64
FAIL: gcc.c-torture/compile/pr61159.c -O0 (test for excess errors)
FAIL: gcc.c-torture/compile/pr61159.c -O1 (test for excess errors)
FAIL: gcc.c-torture/compile/pr61159.c -O2 (test for excess errors)
FAIL: gcc.c-torture/compile/pr61159.c -O2 -flto (test for excess errors)
FAIL: gcc.c-torture/compile/pr61159.c -O2 -flto -flto-partition=none (test for excess errors)
FAIL: gcc.c-torture/compile/pr61159.c -O3 -g (test for excess errors)
FAIL: gcc.c-torture/compile/pr61159.c -Os (test for excess errors)
FAIL: gcc.dg/analyzer/capacity-1.c (test for excess errors)
FAIL: gcc.dg/analyzer/capacity-3.c (test for excess errors)
XPASS: gcc.dg/debug/dwarf2/inline5.c scan-assembler-not \\\\(DIE \\\\(0x([0-9a-f]*)\\\\) DW_TAG_lexical_block\\\\)[^#/!@;\\\\|]*[#/!@;\\\\|]+ +DW_AT.*DW_TAG_lexical_block\\\\)[^#/!@;\\\\|x]*x\\\\1[^#/!@;\\\\|]*[#/!@;\\\\|] +DW_AT_abstract_origin
FAIL: gcc.dg/attr-weakref-1.c (test for excess errors)
UNRESOLVED: gcc.dg/attr-weakref-1.c compilation failed to produce executable
FAIL: gcc.dg/ipa/iinline-attr.c scan-ipa-dump inline "hooray[^\\\\n]*inline copy in test"
FAIL: gcc.dg/ipa/ipa-icf-38.c scan-ltrans-tree-dump-not optimized "Function bar"
FAIL: gcc-dg-lto-modref-3-01.exe scan-wpa-ipa-dump modref "parm 1 flags: nodirectescape"
FAIL: gcc-dg-lto-modref-4-01.exe scan-wpa-ipa-dump modref "parm 1 flags: nodirectescape"
FAIL: gcc.dg/lto/modref-3 c_lto_modref-3_0.o-c_lto_modref-3_1.o execute -O2 -flto-partition=max -fdump-ipa-modref -fno-ipa-sra -fno-ipa-cp -flto
FAIL: gcc.dg/lto/modref-4 c_lto_modref-4_0.o-c_lto_modref-4_1.o execute -O2 -flto-partition=max -fdump-ipa-modref -fno-ipa-sra -flto
FAIL: gcc.dg/tree-prof/20050826-2.c scan-tree-dump-not dom2 "Invalid sum"
XPASS: gcc.dg/tree-ssa/builtin-snprintf-6.c scan-tree-dump-times optimized "Function test_assign_aggregate" 1
FAIL: gcc.dg/tree-ssa/ldist-strlen-1.c execution test
FAIL: gcc.dg/tree-ssa/ldist-strlen-2.c execution test
FAIL: gcc.target/i386/auto-init-5.c scan-assembler-times \\\\.long\\t0 14
FAIL: gcc.target/i386/pr100704-1.c scan-assembler-not pushq
FAIL: gcc.target/i386/pr100704-2.c scan-assembler-not pushq
FAIL: gcc.target/i386/pr101346.c (test for excess errors)
FAIL: gcc.target/i386/pr61599-1.c (test for excess errors)
UNRESOLVED: gcc.target/i386/pr61599-1.c compilation failed to produce executable
FAIL: gcc.target/i386/pr71321.c scan-assembler-not lea.*0
FAIL: gcc.target/i386/pr80569.c (test for excess errors)
=== gcc Summary for unix/-m64 ===
# of expected passes 161593
# of unexpected failures 26
# of unexpected successes 2
# of expected failures 965
# of unresolved testcases 2
# of unsupported tests 3965
=== gcc Summary ===
# of expected passes 322201
# of unexpected failures 98
# of unexpected successes 3
# of expected failures 1937
# of unresolved testcases 111
# of unsupported tests 8662
/var/gcc/regression/master/11.4-gcc/build/gcc/xgcc version 12.0.0 20211015 (experimental) [master revision 7bfe7d634f60b0a9ba1a456be59a1ee88abf112e] (GCC)
=== gdc tests ===
Running target unix
FAIL: gdc.dg/extern-c++/pr101664.d (test for excess errors)
=== gdc Summary for unix ===
# of expected passes 4026
# of unexpected failures 1
# of unsupported tests 1078
Running target unix/-m64
FAIL: gdc.dg/extern-c++/pr101664.d (test for excess errors)
=== gdc Summary for unix/-m64 ===
# of expected passes 4026
# of unexpected failures 1
# of unsupported tests 1078
=== gdc Summary ===
# of expected passes 8052
# of unexpected failures 2
# of unsupported tests 2156
/var/gcc/regression/master/11.4-gcc/build/gcc/gdc version 12.0.0 20211015 (experimental) [master revision 7bfe7d634f60b0a9ba1a456be59a1ee88abf112e] (GCC)
=== gfortran tests ===
Running target unix
UNRESOLVED: gfortran.dg/c-interop/cf-descriptor-5.f90 -O0 compilation failed to produce executable
UNRESOLVED: gfortran.dg/c-interop/cf-descriptor-5.f90 -O1 compilation failed to produce executable
UNRESOLVED: gfortran.dg/c-interop/cf-descriptor-5.f90 -O2 compilation failed to produce executable
UNRESOLVED: gfortran.dg/c-interop/cf-descriptor-5.f90 -O3 -fomit-frame-pointer -funroll-loops -fpeel-loops -ftracer -finline-functions compilation failed to produce executable
UNRESOLVED: gfortran.dg/c-interop/cf-descriptor-5.f90 -O3 -g compilation failed to produce executable
UNRESOLVED: gfortran.dg/c-interop/cf-descriptor-5.f90 -Os compilation failed to produce executable
UNRESOLVED: gfortran.dg/c-interop/cf-out-descriptor-5.f90 -O0 compilation failed to produce executable
UNRESOLVED: gfortran.dg/c-interop/cf-out-descriptor-5.f90 -O1 compilation failed to produce executable
UNRESOLVED: gfortran.dg/c-interop/cf-out-descriptor-5.f90 -O2 compilation failed to produce executable
UNRESOLVED: gfortran.dg/c-interop/cf-out-descriptor-5.f90 -O3 -fomit-frame-pointer -funroll-loops -fpeel-loops -ftracer -finline-functions compilation failed to produce executable
UNRESOLVED: gfortran.dg/c-interop/cf-out-descriptor-5.f90 -O3 -g compilation failed to produce executable
UNRESOLVED: gfortran.dg/c-interop/cf-out-descriptor-5.f90 -Os compilation failed to produce executable
UNRESOLVED: gfortran.dg/c-interop/fc-descriptor-5.f90 -O0 compilation failed to produce executable
UNRESOLVED: gfortran.dg/c-interop/fc-descriptor-5.f90 -O1 compilation failed to produce executable
UNRESOLVED: gfortran.dg/c-interop/fc-descriptor-5.f90 -O2 compilation failed to produce executable
UNRESOLVED: gfortran.dg/c-interop/fc-descriptor-5.f90 -O3 -fomit-frame-pointer -funroll-loops -fpeel-loops -ftracer -finline-functions compilation failed to produce executable
UNRESOLVED: gfortran.dg/c-interop/fc-descriptor-5.f90 -O3 -g compilation failed to produce executable
UNRESOLVED: gfortran.dg/c-interop/fc-descriptor-5.f90 -Os compilation failed to produce executable
UNRESOLVED: gfortran.dg/c-interop/fc-out-descriptor-5.f90 -O0 compilation failed to produce executable
UNRESOLVED: gfortran.dg/c-interop/fc-out-descriptor-5.f90 -O1 compilation failed to produce executable
UNRESOLVED: gfortran.dg/c-interop/fc-out-descriptor-5.f90 -O2 compilation failed to produce executable
UNRESOLVED: gfortran.dg/c-interop/fc-out-descriptor-5.f90 -O3 -fomit-frame-pointer -funroll-loops -fpeel-loops -ftracer -finline-functions compilation failed to produce executable
UNRESOLVED: gfortran.dg/c-interop/fc-out-descriptor-5.f90 -O3 -g compilation failed to produce executable
UNRESOLVED: gfortran.dg/c-interop/fc-out-descriptor-5.f90 -Os compilation failed to produce executable
UNRESOLVED: gfortran.dg/c-interop/ff-descriptor-5.f90 -O0 compilation failed to produce executable
UNRESOLVED: gfortran.dg/c-interop/ff-descriptor-5.f90 -O1 compilation failed to produce executable
UNRESOLVED: gfortran.dg/c-interop/ff-descriptor-5.f90 -O2 compilation failed to produce executable
UNRESOLVED: gfortran.dg/c-interop/ff-descriptor-5.f90 -O3 -fomit-frame-pointer -funroll-loops -fpeel-loops -ftracer -finline-functions compilation failed to produce executable
UNRESOLVED: gfortran.dg/c-interop/ff-descriptor-5.f90 -O3 -g compilation failed to produce executable
UNRESOLVED: gfortran.dg/c-interop/ff-descriptor-5.f90 -Os compilation failed to produce executable
FAIL: gfortran.dg/default_format_1.f90 -O0 execution test
FAIL: gfortran.dg/default_format_1.f90 -O1 execution test
FAIL: gfortran.dg/default_format_1.f90 -O2 execution test
FAIL: gfortran.dg/default_format_1.f90 -O3 -fomit-frame-pointer -funroll-loops -fpeel-loops -ftracer -finline-functions execution test
FAIL: gfortran.dg/default_format_1.f90 -O3 -g execution test
FAIL: gfortran.dg/default_format_1.f90 -Os execution test
FAIL: gfortran.dg/fmt_g0_1.f08 -O0 execution test
FAIL: gfortran.dg/fmt_g0_1.f08 -O1 execution test
FAIL: gfortran.dg/fmt_g0_1.f08 -O2 execution test
FAIL: gfortran.dg/fmt_g0_1.f08 -O3 -fomit-frame-pointer -funroll-loops -fpeel-loops -ftracer -finline-functions execution test
FAIL: gfortran.dg/fmt_g0_1.f08 -O3 -g execution test
FAIL: gfortran.dg/fmt_g0_1.f08 -Os execution test
FAIL: gfortran.dg/round_4.f90 -O0 execution test
FAIL: gfortran.dg/round_4.f90 -O1 execution test
FAIL: gfortran.dg/round_4.f90 -O2 execution test
FAIL: gfortran.dg/round_4.f90 -O3 -fomit-frame-pointer -funroll-loops -fpeel-loops -ftracer -finline-functions execution test
FAIL: gfortran.dg/round_4.f90 -O3 -g execution test
FAIL: gfortran.dg/round_4.f90 -Os execution test
=== gfortran Summary for unix ===
# of expected passes 60605
# of unexpected failures 18
# of expected failures 457
# of unresolved testcases 30
# of unsupported tests 228
Running target unix/-m64
UNRESOLVED: gfortran.dg/c-interop/cf-descriptor-5.f90 -O0 compilation failed to produce executable
UNRESOLVED: gfortran.dg/c-interop/cf-descriptor-5.f90 -O1 compilation failed to produce executable
UNRESOLVED: gfortran.dg/c-interop/cf-descriptor-5.f90 -O2 compilation failed to produce executable
UNRESOLVED: gfortran.dg/c-interop/cf-descriptor-5.f90 -O3 -fomit-frame-pointer -funroll-loops -fpeel-loops -ftracer -finline-functions compilation failed to produce executable
UNRESOLVED: gfortran.dg/c-interop/cf-descriptor-5.f90 -O3 -g compilation failed to produce executable
UNRESOLVED: gfortran.dg/c-interop/cf-descriptor-5.f90 -Os compilation failed to produce executable
UNRESOLVED: gfortran.dg/c-interop/cf-out-descriptor-5.f90 -O0 compilation failed to produce executable
UNRESOLVED: gfortran.dg/c-interop/cf-out-descriptor-5.f90 -O1 compilation failed to produce executable
UNRESOLVED: gfortran.dg/c-interop/cf-out-descriptor-5.f90 -O2 compilation failed to produce executable
UNRESOLVED: gfortran.dg/c-interop/cf-out-descriptor-5.f90 -O3 -fomit-frame-pointer -funroll-loops -fpeel-loops -ftracer -finline-functions compilation failed to produce executable
UNRESOLVED: gfortran.dg/c-interop/cf-out-descriptor-5.f90 -O3 -g compilation failed to produce executable
UNRESOLVED: gfortran.dg/c-interop/cf-out-descriptor-5.f90 -Os compilation failed to produce executable
UNRESOLVED: gfortran.dg/c-interop/fc-descriptor-5.f90 -O0 compilation failed to produce executable
UNRESOLVED: gfortran.dg/c-interop/fc-descriptor-5.f90 -O1 compilation failed to produce executable
UNRESOLVED: gfortran.dg/c-interop/fc-descriptor-5.f90 -O2 compilation failed to produce executable
UNRESOLVED: gfortran.dg/c-interop/fc-descriptor-5.f90 -O3 -fomit-frame-pointer -funroll-loops -fpeel-loops -ftracer -finline-functions compilation failed to produce executable
UNRESOLVED: gfortran.dg/c-interop/fc-descriptor-5.f90 -O3 -g compilation failed to produce executable
UNRESOLVED: gfortran.dg/c-interop/fc-descriptor-5.f90 -Os compilation failed to produce executable
UNRESOLVED: gfortran.dg/c-interop/fc-out-descriptor-5.f90 -O0 compilation failed to produce executable
UNRESOLVED: gfortran.dg/c-interop/fc-out-descriptor-5.f90 -O1 compilation failed to produce executable
UNRESOLVED: gfortran.dg/c-interop/fc-out-descriptor-5.f90 -O2 compilation failed to produce executable
UNRESOLVED: gfortran.dg/c-interop/fc-out-descriptor-5.f90 -O3 -fomit-frame-pointer -funroll-loops -fpeel-loops -ftracer -finline-functions compilation failed to produce executable
UNRESOLVED: gfortran.dg/c-interop/fc-out-descriptor-5.f90 -O3 -g compilation failed to produce executable
UNRESOLVED: gfortran.dg/c-interop/fc-out-descriptor-5.f90 -Os compilation failed to produce executable
UNRESOLVED: gfortran.dg/c-interop/ff-descriptor-5.f90 -O0 compilation failed to produce executable
UNRESOLVED: gfortran.dg/c-interop/ff-descriptor-5.f90 -O1 compilation failed to produce executable
UNRESOLVED: gfortran.dg/c-interop/ff-descriptor-5.f90 -O2 compilation failed to produce executable
UNRESOLVED: gfortran.dg/c-interop/ff-descriptor-5.f90 -O3 -fomit-frame-pointer -funroll-loops -fpeel-loops -ftracer -finline-functions compilation failed to produce executable
UNRESOLVED: gfortran.dg/c-interop/ff-descriptor-5.f90 -O3 -g compilation failed to produce executable
UNRESOLVED: gfortran.dg/c-interop/ff-descriptor-5.f90 -Os compilation failed to produce executable
=== gfortran Summary for unix/-m64 ===
# of expected passes 60866
# of expected failures 473
# of unresolved testcases 30
# of unsupported tests 101
=== gfortran Summary ===
# of expected passes 121471
# of unexpected failures 18
# of expected failures 930
# of unresolved testcases 60
# of unsupported tests 329
/var/gcc/regression/master/11.4-gcc/build/gcc/gfortran version 12.0.0 20211015 (experimental) [master revision 7bfe7d634f60b0a9ba1a456be59a1ee88abf112e] (GCC)
=== gnat tests ===
Running target unix
=== gnat Summary for unix ===
# of expected passes 3362
# of expected failures 23
# of unsupported tests 12
Running target unix/-m64
=== gnat Summary for unix/-m64 ===
# of expected passes 3363
# of expected failures 23
# of unsupported tests 10
=== gnat Summary ===
# of expected passes 6725
# of expected failures 46
# of unsupported tests 22
/var/gcc/regression/master/11.4-gcc/build/gcc/gnatmake version 12.0.0 20211015 (experimental) [master revision 7bfe7d634f60b0a9ba1a456be59a1ee88abf112e]
=== go tests ===
Running target unix
FAIL: ./index0-out.go execution, -O0 -g -fno-var-tracking-assignments
FAIL: go.test/test/fixedbugs/issue10441.go -O (test for excess errors)
FAIL: go.test/test/fixedbugs/issue16016.go execution, -O2 -g
FAIL: go.test/test/fixedbugs/issue27836.dir/Ãfoo.go -O -I. (test for excess errors)
FAIL: go.test/test/fixedbugs/issue27836.dir/Ãmain.go -O -I. (test for excess errors)
FAIL: issue4458.go -O (test for errors, line 19)
FAIL: issue4458.go -O (test for excess errors)
=== go Summary for unix ===
# of expected passes 8994
# of unexpected failures 7
# of untested testcases 10
# of unsupported tests 34
Running target unix/-m64
FAIL: ./index0-out.go execution, -O0 -g -fno-var-tracking-assignments
FAIL: go.test/test/fixedbugs/issue10441.go -O (test for excess errors)
FAIL: go.test/test/fixedbugs/issue23781.go -O (test for excess errors)
FAIL: go.test/test/fixedbugs/issue27836.dir/Ãfoo.go -O -I. (test for excess errors)
FAIL: go.test/test/fixedbugs/issue27836.dir/Ãmain.go -O -I. (test for excess errors)
FAIL: issue4458.go -O (test for errors, line 19)
FAIL: issue4458.go -O (test for excess errors)
=== go Summary for unix/-m64 ===
# of expected passes 8882
# of unexpected failures 7
# of untested testcases 10
# of unsupported tests 28
=== go Summary ===
# of expected passes 17876
# of unexpected failures 14
# of untested testcases 20
# of unsupported tests 62
=== obj-c++ tests ===
Running target unix
=== obj-c++ Summary for unix ===
# of expected passes 1510
# of expected failures 2
# of unsupported tests 79
Running target unix/-m64
=== obj-c++ Summary for unix/-m64 ===
# of expected passes 1502
# of expected failures 10
# of unsupported tests 79
=== obj-c++ Summary ===
# of expected passes 3012
# of expected failures 12
# of unsupported tests 158
/var/gcc/regression/master/11.4-gcc/build/gcc/xg++ version 12.0.0 20211015 (experimental) [master revision 7bfe7d634f60b0a9ba1a456be59a1ee88abf112e] (GCC)
=== objc tests ===
Running target unix
=== objc Summary for unix ===
# of expected passes 2838
# of expected failures 6
# of unsupported tests 71
Running target unix/-m64
=== objc Summary for unix/-m64 ===
# of expected passes 2838
# of expected failures 6
# of unsupported tests 71
=== objc Summary ===
# of expected passes 5676
# of expected failures 12
# of unsupported tests 142
/var/gcc/regression/master/11.4-gcc/build/gcc/xgcc version 12.0.0 20211015 (experimental) [master revision 7bfe7d634f60b0a9ba1a456be59a1ee88abf112e] (GCC)
=== gotools tests ===
FAIL: TestScript
FAIL: go test cmd/go
FAIL: TestGccgoCrashTracebackNodebug
FAIL: TestMemmoveAtomicity
FAIL: go test runtime
FAIL: TestSignalForwardingExternal
FAIL: go test misc/cgo/testcarchive
=== gotools Summary ===
# of expected passes 392
# of unexpected failures 7
# of untested testcases 128
/var/gcc/regression/master/11.4-gcc/build/./gcc/gccgo version 12.0.0 20211015 (experimental) [master revision 7bfe7d634f60b0a9ba1a456be59a1ee88abf112e] (GCC)
=== libatomic tests ===
Running target unix
=== libatomic Summary for unix ===
# of expected passes 44
# of unsupported tests 5
Running target unix/-m64
=== libatomic Summary for unix/-m64 ===
# of expected passes 54
=== libatomic Summary ===
# of expected passes 98
# of unsupported tests 5
=== libffi tests ===
Running target unix
=== libffi Summary for unix ===
# of expected passes 2814
Running target unix/-m64
=== libffi Summary for unix/-m64 ===
# of expected passes 2229
=== libffi Summary ===
# of expected passes 5043
=== libgo tests ===
Running target unix
FAIL: net
FAIL: runtime
FAIL: time
=== libgo Summary for unix ===
# of expected passes 187
# of unexpected failures 3
Running target unix/-m64
FAIL: net
=== libgo Summary for unix/-m64 ===
# of expected passes 189
# of unexpected failures 1
=== libgo Summary ===
# of expected passes 376
# of unexpected failures 4
/var/gcc/regression/master/11.4-gcc/build/./gcc/gccgo version 12.0.0 20211015 (experimental) [master revision 7bfe7d634f60b0a9ba1a456be59a1ee88abf112e] (GCC)
=== libgomp tests ===
Running target unix
FAIL: libgomp.c++/../libgomp.c-c++-common/for-1.c execution test
FAIL: libgomp.c++/../libgomp.c-c++-common/for-11.c execution test
FAIL: libgomp.c++/../libgomp.c-c++-common/for-12.c execution test
FAIL: libgomp.c++/../libgomp.c-c++-common/for-14.c execution test
FAIL: libgomp.c++/../libgomp.c-c++-common/for-15.c execution test
FAIL: libgomp.c++/../libgomp.c-c++-common/for-16.c execution test
FAIL: libgomp.c++/../libgomp.c-c++-common/for-2.c execution test
FAIL: libgomp.c++/../libgomp.c-c++-common/for-7.c execution test
FAIL: libgomp.c++/../libgomp.c-c++-common/for-8.c execution test
FAIL: libgomp.c++/../libgomp.c-c++-common/lastprivate-conditional-5.c execution test
FAIL: libgomp.c++/../libgomp.c-c++-common/task-reduction-11.c execution test
FAIL: libgomp.c++/../libgomp.c-c++-common/task-reduction-13.c execution test
FAIL: libgomp.c++/loop-11.C execution test
FAIL: libgomp.c++/loop-8.C execution test
WARNING: libgomp.c++/task-reduction-10.C execution test program timed out.
FAIL: libgomp.c++/task-reduction-10.C execution test
FAIL: libgomp.c++/task-reduction-17.C execution test
FAIL: libgomp.c++/task-reduction-18.C execution test
WARNING: libgomp.c++/task-reduction-8.C execution test program timed out.
FAIL: libgomp.c++/task-reduction-8.C execution test
FAIL: libgomp.c/../libgomp.c-c++-common/for-1.c execution test
FAIL: libgomp.c/../libgomp.c-c++-common/for-16.c execution test
FAIL: libgomp.c/../libgomp.c-c++-common/for-2.c execution test
FAIL: libgomp.c/../libgomp.c-c++-common/for-3.c execution test
FAIL: libgomp.c/../libgomp.c-c++-common/for-5.c execution test
FAIL: libgomp.c/../libgomp.c-c++-common/for-6.c execution test
FAIL: libgomp.c/../libgomp.c-c++-common/for-7.c execution test
FAIL: libgomp.c/../libgomp.c-c++-common/for-8.c execution test
FAIL: libgomp.c/../libgomp.c-c++-common/for-9.c execution test
FAIL: libgomp.c/../libgomp.c-c++-common/lastprivate-conditional-1.c execution test
FAIL: libgomp.c/../libgomp.c-c++-common/nonmonotonic-2.c execution test
FAIL: libgomp.c/../libgomp.c-c++-common/task-reduction-11.c execution test
FAIL: libgomp.c/loop-12.c execution test
FAIL: libgomp.c/loop-6.c execution test
FAIL: libgomp.fortran/pointer2.f90 -O2 execution test
FAIL: libgomp.fortran/pointer2.f90 -O3 -fomit-frame-pointer -funroll-loops -fpeel-loops -ftracer -finline-functions execution test
FAIL: libgomp.fortran/pointer2.f90 -O3 -g execution test
FAIL: libgomp.oacc-c++/../libgomp.oacc-c-c++-common/host_data-7.c -DACC_DEVICE_TYPE_host=1 -DACC_MEM_SHARED=1 -foffload=disable -O2 (test for excess errors)
FAIL: libgomp.oacc-c/../libgomp.oacc-c-c++-common/host_data-7.c -DACC_DEVICE_TYPE_host=1 -DACC_MEM_SHARED=1 -foffload=disable -O2 (test for excess errors)
=== libgomp Summary for unix ===
# of expected passes 11612
# of unexpected failures 37
# of expected failures 104
# of unsupported tests 615
Running target unix/-m64
WARNING: libgomp.c++/task-reduction-10.C execution test program timed out.
FAIL: libgomp.c++/task-reduction-10.C execution test
FAIL: libgomp.oacc-c++/../libgomp.oacc-c-c++-common/host_data-7.c -DACC_DEVICE_TYPE_host=1 -DACC_MEM_SHARED=1 -foffload=disable -O2 (test for excess errors)
FAIL: libgomp.oacc-c/../libgomp.oacc-c-c++-common/host_data-7.c -DACC_DEVICE_TYPE_host=1 -DACC_MEM_SHARED=1 -foffload=disable -O2 (test for excess errors)
=== libgomp Summary for unix/-m64 ===
# of expected passes 11647
# of unexpected failures 3
# of expected failures 104
# of unsupported tests 614
=== libgomp Summary ===
# of expected passes 23259
# of unexpected failures 40
# of expected failures 208
# of unsupported tests 1229
=== libitm tests ===
Running target unix
=== libitm Summary for unix ===
# of expected passes 44
# of expected failures 3
# of unsupported tests 1
Running target unix/-m64
=== libitm Summary for unix/-m64 ===
# of expected passes 44
# of expected failures 3
# of unsupported tests 1
=== libitm Summary ===
# of expected passes 88
# of expected failures 6
# of unsupported tests 2
=== libstdc++ tests ===
Running target unix
FAIL: 17_intro/names.cc (test for excess errors)
FAIL: 28_regex/basic_regex/84110.cc (test for excess errors)
UNRESOLVED: 28_regex/basic_regex/84110.cc compilation failed to produce executable
WARNING: 29_atomics/atomic_integral/wait_notify.cc execution test program timed out.
FAIL: 29_atomics/atomic_integral/wait_notify.cc execution test
WARNING: 29_atomics/atomic_ref/wait_notify.cc execution test program timed out.
FAIL: 29_atomics/atomic_ref/wait_notify.cc execution test
FAIL: 30_threads/future/members/poll.cc execution test
FAIL: experimental/names.cc (test for excess errors)
FAIL: ext/random/k_distribution/operators/serialize.cc execution test
FAIL: libstdc++-prettyprinters/cxx11.cc print arrptr
FAIL: libstdc++-prettyprinters/cxx11.cc print arrptr
FAIL: libstdc++-prettyprinters/cxx11.cc print empty_ptr
FAIL: libstdc++-prettyprinters/cxx11.cc print empty_ptr
FAIL: libstdc++-prettyprinters/cxx11.cc print rarrptr
FAIL: libstdc++-prettyprinters/cxx11.cc print rarrptr
FAIL: libstdc++-prettyprinters/cxx11.cc print rempty_ptr
FAIL: libstdc++-prettyprinters/cxx11.cc print rempty_ptr
FAIL: libstdc++-prettyprinters/cxx11.cc print ruptr
FAIL: libstdc++-prettyprinters/cxx11.cc print ruptr
FAIL: libstdc++-prettyprinters/cxx11.cc print uptr
FAIL: libstdc++-prettyprinters/cxx11.cc print uptr
FAIL: libstdc++-prettyprinters/cxx17.cc print path0
FAIL: libstdc++-prettyprinters/cxx17.cc print path0
FAIL: libstdc++-prettyprinters/cxx17.cc print path1
FAIL: libstdc++-prettyprinters/cxx17.cc print path1
FAIL: libstdc++-prettyprinters/cxx17.cc print path2
FAIL: libstdc++-prettyprinters/cxx17.cc print path2
FAIL: libstdc++-xmethods/unique_ptr.cc
=== libstdc++ Summary for unix ===
# of expected passes 14854
# of unexpected failures 26
# of expected failures 96
# of unresolved testcases 1
# of unsupported tests 717
Running target unix/-m64
FAIL: 17_intro/names.cc (test for excess errors)
FAIL: 28_regex/basic_regex/84110.cc (test for excess errors)
UNRESOLVED: 28_regex/basic_regex/84110.cc compilation failed to produce executable
WARNING: 29_atomics/atomic_float/wait_notify.cc execution test program timed out.
FAIL: 29_atomics/atomic_float/wait_notify.cc execution test
WARNING: 29_atomics/atomic_integral/wait_notify.cc execution test program timed out.
FAIL: 29_atomics/atomic_integral/wait_notify.cc execution test
WARNING: 30_threads/barrier/completion.cc execution test program timed out.
FAIL: 30_threads/barrier/completion.cc execution test
FAIL: 30_threads/future/members/poll.cc execution test
FAIL: experimental/names.cc (test for excess errors)
FAIL: libstdc++-prettyprinters/cxx11.cc print arrptr
FAIL: libstdc++-prettyprinters/cxx11.cc print arrptr
FAIL: libstdc++-prettyprinters/cxx11.cc print empty_ptr
FAIL: libstdc++-prettyprinters/cxx11.cc print empty_ptr
FAIL: libstdc++-prettyprinters/cxx11.cc print rarrptr
FAIL: libstdc++-prettyprinters/cxx11.cc print rarrptr
FAIL: libstdc++-prettyprinters/cxx11.cc print rempty_ptr
FAIL: libstdc++-prettyprinters/cxx11.cc print rempty_ptr
FAIL: libstdc++-prettyprinters/cxx11.cc print ruptr
FAIL: libstdc++-prettyprinters/cxx11.cc print ruptr
FAIL: libstdc++-prettyprinters/cxx11.cc print uptr
FAIL: libstdc++-prettyprinters/cxx11.cc print uptr
FAIL: libstdc++-prettyprinters/cxx17.cc print path0
FAIL: libstdc++-prettyprinters/cxx17.cc print path0
FAIL: libstdc++-prettyprinters/cxx17.cc print path1
FAIL: libstdc++-prettyprinters/cxx17.cc print path1
FAIL: libstdc++-prettyprinters/cxx17.cc print path2
FAIL: libstdc++-prettyprinters/cxx17.cc print path2
FAIL: libstdc++-xmethods/unique_ptr.cc
=== libstdc++ Summary for unix/-m64 ===
# of expected passes 14842
# of unexpected failures 26
# of expected failures 96
# of unresolved testcases 1
# of unsupported tests 723
=== libstdc++ Summary ===
# of expected passes 29696
# of unexpected failures 52
# of expected failures 192
# of unresolved testcases 2
# of unsupported tests 1440
Compiler version: 12.0.0 20211015 (experimental) [master revision 7bfe7d634f60b0a9ba1a456be59a1ee88abf112e] (GCC)
Platform: i386-pc-solaris2.11
configure flags: --prefix=/vol/gcc --target=i386-pc-solaris2.11 --enable-objc-gc --with-target-bdw-gc-include=/vol/gcc/include --with-target-bdw-gc-lib=/vol/gcc/lib,amd64=/vol/gcc/lib/amd64 --with-as=/usr/ccs/bin/as --without-gnu-as --with-gmp-include=/vol/gcc/include --with-gmp-lib=/vol/gcc/lib --with-mpfr-include=/vol/gcc/include --with-mpfr-lib=/vol/gcc/lib --with-mpc-include=/vol/gcc/include --with-mpc-lib=/vol/gcc/lib --enable-languages=all,ada,obj-c++,go --with-isl-include=/vol/gcc/include --with-isl-lib=/vol/gcc/lib --with-zstd-include=/vol/gcc/include --with-zstd-lib=/vol/gcc/lib --build=i386-pc-solaris2.11 --host=i386-pc-solaris2.11
BOOT_CFLAGS=-g -O2
More information about the Gcc-testresults
mailing list