Results for 12.0.0 (DEFMODE=default DEFARCH=default DEFCPU=default DEFFPU=default TESTFLAGS=-mthumb/-mfloat-abi=soft/-march=armv6s-m) [r12-4279] (GCC) testsuite on arm-none-eabi
Christophe LYON
christophe.lyon@foss.st.com
Mon Oct 11 02:28:36 GMT 2021
LAST_UPDATED: Mon Oct 11 00:32:07 UTC 2021 (revision r12-4279-g8cd172ebedf25223798c389c30dba69d6d63f85f) TARGET=arm-none-eabi ARCH=default CPU=default FPU=default MODE=default
Target is arm-none-eabi
Host is arm-none-eabi
=== libstdc++ tests ===
Running target myarm-sim/-mthumb/-mfloat-abi=soft/-march=armv6s-m
FAIL: 27_io/basic_filebuf/underflow/wchar_t/11603.cc execution test
FAIL: 27_io/basic_fstream/53984.cc execution test
FAIL: 29_atomics/atomic_ref/generic.cc (test for excess errors)
UNRESOLVED: 29_atomics/atomic_ref/generic.cc compilation failed to produce executable
FAIL: 29_atomics/atomic_ref/integral.cc (test for excess errors)
UNRESOLVED: 29_atomics/atomic_ref/integral.cc compilation failed to produce executable
FAIL: 29_atomics/atomic_ref/pointer.cc (test for excess errors)
UNRESOLVED: 29_atomics/atomic_ref/pointer.cc compilation failed to produce executable
FAIL: abi/header_cxxabi.c (test for excess errors)
FAIL: experimental/net/headers.cc (test for excess errors)
FAIL: experimental/net/timer/waitable/cons.cc (test for excess errors)
UNRESOLVED: experimental/net/timer/waitable/cons.cc compilation failed to produce executable
FAIL: experimental/net/timer/waitable/dest.cc (test for excess errors)
UNRESOLVED: experimental/net/timer/waitable/dest.cc compilation failed to produce executable
FAIL: experimental/net/timer/waitable/ops.cc (test for excess errors)
UNRESOLVED: experimental/net/timer/waitable/ops.cc compilation failed to produce executable
XPASS: ext/stdio_filebuf/char/10063-2.cc execution test
XPASS: ext/stdio_filebuf/char/10063-3.cc execution test
=== libstdc++ Summary ===
# of expected passes 12868
# of unexpected failures 10
# of unexpected successes 2
# of expected failures 101
# of unresolved testcases 6
# of unsupported tests 928
Host is x86_64-pc-linux-gnu
=== gcc tests ===
Running target myarm-sim/-mthumb/-mfloat-abi=soft/-march=armv6s-m
FAIL: c-c++-common/Wstringop-overflow-2.c -Wc++-compat (test for warnings, line 193)
FAIL: c-c++-common/Wstringop-overflow-2.c -Wc++-compat (test for warnings, line 210)
FAIL: c-c++-common/Wstringop-overflow-2.c -Wc++-compat (test for warnings, line 226)
FAIL: c-c++-common/Wstringop-overflow-2.c -Wc++-compat (test for warnings, line 227)
FAIL: c-c++-common/Wstringop-overflow-2.c -Wc++-compat (test for warnings, line 292)
FAIL: c-c++-common/Wstringop-overflow-2.c -Wc++-compat (test for warnings, line 309)
FAIL: c-c++-common/Wstringop-overflow-2.c -Wc++-compat (test for warnings, line 325)
FAIL: c-c++-common/Wstringop-overflow-2.c -Wc++-compat (test for warnings, line 326)
FAIL: c-c++-common/Wstringop-overflow-2.c -Wc++-compat (test for excess errors)
FAIL: c-c++-common/auto-init-1.c -Wc++-compat scan-tree-dump gimple "temp4 = .DEFERRED_INIT \\\\(4, 2, 0\\\\)"
FAIL: c-c++-common/auto-init-2.c -Wc++-compat scan-tree-dump gimple "temp4 = .DEFERRED_INIT \\\\(4, 1, 0\\\\)"
FAIL: gcc.dg/Warray-bounds-48.c (test for excess errors)
FAIL: gcc.dg/Warray-bounds-51.c (test for excess errors)
FAIL: gcc.dg/Wstringop-overflow-21.c (test for warnings, line 29)
FAIL: gcc.dg/Wstringop-overflow-21.c (test for warnings, line 56)
FAIL: gcc.dg/Wstringop-overflow-21.c (test for excess errors)
XPASS: gcc.dg/Wstringop-overflow-47.c pr97027 (test for warnings, line 72)
XPASS: gcc.dg/Wstringop-overflow-47.c pr97027 (test for warnings, line 77)
XPASS: gcc.dg/Wstringop-overflow-47.c pr97027 note (test for warnings, line 68)
XPASS: gcc.dg/Wstringop-overflow-68.c pr101475 (test for warnings, line 61)
XPASS: gcc.dg/Wstringop-overflow-68.c pr101475 (test for warnings, line 62)
XPASS: gcc.dg/Wstringop-overflow-68.c pr101475 (test for warnings, line 63)
XPASS: gcc.dg/Wstringop-overflow-68.c pr101475 (test for warnings, line 64)
XPASS: gcc.dg/Wstringop-overflow-68.c pr101475 (test for warnings, line 65)
FAIL: gcc.dg/loop-8.c scan-rtl-dump-not loop2_invariant "without introducing a new temporary register"
FAIL: gcc.dg/loop-8.c scan-rtl-dump-times loop2_invariant "Decided" 1
XPASS: gcc.dg/sibcall-3.c execution test
XPASS: gcc.dg/sibcall-4.c execution test
FAIL: gcc.dg/uninit-pred-9_b.c pr101674 (test for bogus messages, line 23)
FAIL: gcc.dg/fixed-point/composite-type.c (test for excess errors)
FAIL: gcc.dg/ipa/iinline-attr.c scan-ipa-dump inline "hooray[^\\\\n]*inline copy in test"
FAIL: outputs-22 exe savetmp namedb-2: outputs.ld1_args
FAIL: outputs-23 exe savetmp named2-2: outputs.ld1_args
FAIL: outputs-24 exe savetmp named2-3: outputs.ld1_args
FAIL: outputs-25 exe savetmp named2-4: outputs.ld1_args
FAIL: outputs-294 lto sing unnamed-3: a.ld1_args
FAIL: outputs-294 lto sing unnamed-3: a.ld_args
FAIL: gcc.target/arm/armv8_2-fp16-neon-2.c scan-assembler-times vdup\\\\.16\\\\tq[0-9]+, r[0-9]+ 3
UNRESOLVED: gcc.target/arm/cortex-m55-nodsp-flag-hard.c scan-assembler .arch_extension fp
UNRESOLVED: gcc.target/arm/cortex-m55-nodsp-flag-hard.c scan-assembler .arch_extension fp.dp
UNRESOLVED: gcc.target/arm/cortex-m55-nodsp-flag-hard.c scan-assembler .fpu fpv5-d16
UNRESOLVED: gcc.target/arm/cortex-m55-nodsp-flag-hard.c scan-assembler-not .arch_extension dsp
UNRESOLVED: gcc.target/arm/cortex-m55-nodsp-flag-hard.c scan-assembler-not .arch_extension mve
UNRESOLVED: gcc.target/arm/cortex-m55-nodsp-flag-hard.c scan-assembler-not .arch_extension mve.fp
FAIL: gcc.target/arm/cortex-m55-nodsp-flag-softfp.c scan-assembler .arch_extension fp
FAIL: gcc.target/arm/cortex-m55-nodsp-flag-softfp.c scan-assembler .arch_extension fp.dp
FAIL: gcc.target/arm/cortex-m55-nodsp-flag-softfp.c scan-assembler .fpu fpv5-d16
UNRESOLVED: gcc.target/arm/cortex-m55-nofp-flag-hard.c scan-assembler .arch_extension dsp
UNRESOLVED: gcc.target/arm/cortex-m55-nofp-flag-hard.c scan-assembler .arch_extension mve
UNRESOLVED: gcc.target/arm/cortex-m55-nofp-flag-hard.c scan-assembler .fpu softvfp
UNRESOLVED: gcc.target/arm/cortex-m55-nofp-flag-hard.c scan-assembler-not .arch_extension fp
UNRESOLVED: gcc.target/arm/cortex-m55-nofp-flag-hard.c scan-assembler-not .arch_extension fp.dp
UNRESOLVED: gcc.target/arm/cortex-m55-nofp-flag-hard.c scan-assembler-not .arch_extension mve.fp
FAIL: gcc.target/arm/cortex-m55-nofp-flag-softfp.c scan-assembler .arch_extension dsp
FAIL: gcc.target/arm/cortex-m55-nofp-flag-softfp.c scan-assembler .arch_extension mve
FAIL: gcc.target/arm/cortex-m55-nofp-nomve-flag-softfp.c scan-assembler .arch_extension dsp
UNRESOLVED: gcc.target/arm/cortex-m55-nomve-flag-hard.c scan-assembler .arch_extension dsp
UNRESOLVED: gcc.target/arm/cortex-m55-nomve-flag-hard.c scan-assembler .arch_extension fp
UNRESOLVED: gcc.target/arm/cortex-m55-nomve-flag-hard.c scan-assembler .arch_extension fp.dp
UNRESOLVED: gcc.target/arm/cortex-m55-nomve-flag-hard.c scan-assembler .fpu fpv5-d16
UNRESOLVED: gcc.target/arm/cortex-m55-nomve-flag-hard.c scan-assembler-not .arch_extension mve
UNRESOLVED: gcc.target/arm/cortex-m55-nomve-flag-hard.c scan-assembler-not .arch_extension mve.fp
FAIL: gcc.target/arm/cortex-m55-nomve-flag-softfp.c scan-assembler .arch_extension dsp
FAIL: gcc.target/arm/cortex-m55-nomve-flag-softfp.c scan-assembler .arch_extension fp
FAIL: gcc.target/arm/cortex-m55-nomve-flag-softfp.c scan-assembler .arch_extension fp.dp
FAIL: gcc.target/arm/cortex-m55-nomve-flag-softfp.c scan-assembler .fpu fpv5-d16
UNRESOLVED: gcc.target/arm/cortex-m55-nomve.fp-flag-hard.c scan-assembler .arch_extension dsp
UNRESOLVED: gcc.target/arm/cortex-m55-nomve.fp-flag-hard.c scan-assembler .arch_extension fp
UNRESOLVED: gcc.target/arm/cortex-m55-nomve.fp-flag-hard.c scan-assembler .arch_extension fp.dp
UNRESOLVED: gcc.target/arm/cortex-m55-nomve.fp-flag-hard.c scan-assembler .arch_extension mve
UNRESOLVED: gcc.target/arm/cortex-m55-nomve.fp-flag-hard.c scan-assembler .fpu fpv5-d16
UNRESOLVED: gcc.target/arm/cortex-m55-nomve.fp-flag-hard.c scan-assembler-not .arch_extension mve.fp
FAIL: gcc.target/arm/cortex-m55-nomve.fp-flag-softfp.c scan-assembler .arch_extension dsp
FAIL: gcc.target/arm/cortex-m55-nomve.fp-flag-softfp.c scan-assembler .arch_extension fp
FAIL: gcc.target/arm/cortex-m55-nomve.fp-flag-softfp.c scan-assembler .arch_extension fp.dp
FAIL: gcc.target/arm/cortex-m55-nomve.fp-flag-softfp.c scan-assembler .arch_extension mve
FAIL: gcc.target/arm/cortex-m55-nomve.fp-flag-softfp.c scan-assembler .fpu fpv5-d16
FAIL: gcc.target/arm/pr45701-1.c scan-assembler push\\t{r3
FAIL: gcc.target/arm/reg_equal_test.c scan-rtl-dump expand "expr_list:REG_EQUAL \\\\(const_int -942519458"
FAIL: gcc.target/arm/unsigned-extend-1.c scan-assembler-not uxtb
FAIL: gcc.target/arm/mve/intrinsics/pr97327.c (test for excess errors)
=== gcc Summary ===
# of expected passes 129096
# of unexpected failures 47
# of unexpected successes 10
# of expected failures 633
# of unresolved testcases 24
# of unsupported tests 3990
/tmp/9156192_34.tmpdir/aci-gcc-fsf/builds/gcc-fsf-gccsrc/obj-arm-none-eabi/gcc3/gcc/xgcc version 12.0.0 (DEFMODE=default DEFARCH=default DEFCPU=default DEFFPU=default TESTFLAGS=-mthumb/-mfloat-abi=soft/-march=armv6s-m) [r12-4279] (GCC)
Host is x86_64-pc-linux-gnu
=== g++ tests ===
Running target myarm-sim/-mthumb/-mfloat-abi=soft/-march=armv6s-m
FAIL: c-c++-common/Wstringop-overflow-2.c -std=gnu++14 (test for warnings, line 193)
FAIL: c-c++-common/Wstringop-overflow-2.c -std=gnu++14 (test for warnings, line 210)
FAIL: c-c++-common/Wstringop-overflow-2.c -std=gnu++14 (test for warnings, line 226)
FAIL: c-c++-common/Wstringop-overflow-2.c -std=gnu++14 (test for warnings, line 227)
FAIL: c-c++-common/Wstringop-overflow-2.c -std=gnu++14 (test for warnings, line 292)
FAIL: c-c++-common/Wstringop-overflow-2.c -std=gnu++14 (test for warnings, line 309)
FAIL: c-c++-common/Wstringop-overflow-2.c -std=gnu++14 (test for warnings, line 325)
FAIL: c-c++-common/Wstringop-overflow-2.c -std=gnu++14 (test for warnings, line 326)
FAIL: c-c++-common/Wstringop-overflow-2.c -std=gnu++14 (test for excess errors)
FAIL: c-c++-common/Wstringop-overflow-2.c -std=gnu++17 (test for warnings, line 193)
FAIL: c-c++-common/Wstringop-overflow-2.c -std=gnu++17 (test for warnings, line 210)
FAIL: c-c++-common/Wstringop-overflow-2.c -std=gnu++17 (test for warnings, line 226)
FAIL: c-c++-common/Wstringop-overflow-2.c -std=gnu++17 (test for warnings, line 227)
FAIL: c-c++-common/Wstringop-overflow-2.c -std=gnu++17 (test for warnings, line 292)
FAIL: c-c++-common/Wstringop-overflow-2.c -std=gnu++17 (test for warnings, line 309)
FAIL: c-c++-common/Wstringop-overflow-2.c -std=gnu++17 (test for warnings, line 325)
FAIL: c-c++-common/Wstringop-overflow-2.c -std=gnu++17 (test for warnings, line 326)
FAIL: c-c++-common/Wstringop-overflow-2.c -std=gnu++17 (test for excess errors)
FAIL: c-c++-common/Wstringop-overflow-2.c -std=gnu++2a (test for warnings, line 193)
FAIL: c-c++-common/Wstringop-overflow-2.c -std=gnu++2a (test for warnings, line 210)
FAIL: c-c++-common/Wstringop-overflow-2.c -std=gnu++2a (test for warnings, line 226)
FAIL: c-c++-common/Wstringop-overflow-2.c -std=gnu++2a (test for warnings, line 227)
FAIL: c-c++-common/Wstringop-overflow-2.c -std=gnu++2a (test for warnings, line 292)
FAIL: c-c++-common/Wstringop-overflow-2.c -std=gnu++2a (test for warnings, line 309)
FAIL: c-c++-common/Wstringop-overflow-2.c -std=gnu++2a (test for warnings, line 325)
FAIL: c-c++-common/Wstringop-overflow-2.c -std=gnu++2a (test for warnings, line 326)
FAIL: c-c++-common/Wstringop-overflow-2.c -std=gnu++2a (test for excess errors)
FAIL: c-c++-common/Wstringop-overflow-2.c -std=gnu++98 (test for warnings, line 193)
FAIL: c-c++-common/Wstringop-overflow-2.c -std=gnu++98 (test for warnings, line 210)
FAIL: c-c++-common/Wstringop-overflow-2.c -std=gnu++98 (test for warnings, line 226)
FAIL: c-c++-common/Wstringop-overflow-2.c -std=gnu++98 (test for warnings, line 227)
FAIL: c-c++-common/Wstringop-overflow-2.c -std=gnu++98 (test for warnings, line 292)
FAIL: c-c++-common/Wstringop-overflow-2.c -std=gnu++98 (test for warnings, line 309)
FAIL: c-c++-common/Wstringop-overflow-2.c -std=gnu++98 (test for warnings, line 325)
FAIL: c-c++-common/Wstringop-overflow-2.c -std=gnu++98 (test for warnings, line 326)
FAIL: c-c++-common/Wstringop-overflow-2.c -std=gnu++98 (test for excess errors)
FAIL: c-c++-common/auto-init-1.c -std=gnu++14 scan-tree-dump gimple "temp4 = .DEFERRED_INIT \\\\(4, 2, 0\\\\)"
FAIL: c-c++-common/auto-init-1.c -std=gnu++17 scan-tree-dump gimple "temp4 = .DEFERRED_INIT \\\\(4, 2, 0\\\\)"
FAIL: c-c++-common/auto-init-1.c -std=gnu++2a scan-tree-dump gimple "temp4 = .DEFERRED_INIT \\\\(4, 2, 0\\\\)"
FAIL: c-c++-common/auto-init-1.c -std=gnu++98 scan-tree-dump gimple "temp4 = .DEFERRED_INIT \\\\(4, 2, 0\\\\)"
FAIL: c-c++-common/auto-init-2.c -std=gnu++14 scan-tree-dump gimple "temp4 = .DEFERRED_INIT \\\\(4, 1, 0\\\\)"
FAIL: c-c++-common/auto-init-2.c -std=gnu++17 scan-tree-dump gimple "temp4 = .DEFERRED_INIT \\\\(4, 1, 0\\\\)"
FAIL: c-c++-common/auto-init-2.c -std=gnu++2a scan-tree-dump gimple "temp4 = .DEFERRED_INIT \\\\(4, 1, 0\\\\)"
FAIL: c-c++-common/auto-init-2.c -std=gnu++98 scan-tree-dump gimple "temp4 = .DEFERRED_INIT \\\\(4, 1, 0\\\\)"
FAIL: g++.dg/cpp2a/constexpr-dtor3.C -std=c++2a (test for warnings, line 154)
FAIL: g++.dg/opt/pr97315-1.C -std=gnu++14 (test for excess errors)
FAIL: g++.dg/opt/pr97315-1.C -std=gnu++17 (test for excess errors)
FAIL: g++.dg/opt/pr97315-1.C -std=gnu++2a (test for excess errors)
FAIL: g++.dg/opt/pr97315-1.C -std=gnu++98 (test for excess errors)
FAIL: g++.dg/warn/Waddress-5.C -std=gnu++14 (test for excess errors)
FAIL: g++.dg/warn/Waddress-5.C -std=gnu++17 (test for excess errors)
FAIL: g++.dg/warn/Waddress-5.C -std=gnu++2a (test for excess errors)
FAIL: g++.dg/warn/Waddress-5.C -std=gnu++98 (test for excess errors)
FAIL: g++.dg/warn/Wstringop-overflow-6.C -std=gnu++14 (test for excess errors)
FAIL: g++.dg/warn/Wstringop-overflow-6.C -std=gnu++17 (test for excess errors)
FAIL: g++.dg/warn/Wstringop-overflow-6.C -std=gnu++2a (test for excess errors)
FAIL: g++.dg/warn/Wuninitialized-13.C -std=gnu++14 (test for warnings, line 8)
FAIL: g++.dg/warn/Wuninitialized-13.C -std=gnu++17 (test for warnings, line 8)
FAIL: g++.dg/warn/Wuninitialized-13.C -std=gnu++2a (test for warnings, line 8)
FAIL: g++.dg/warn/Wuninitialized-13.C -std=gnu++98 (test for warnings, line 8)
XPASS: g++.dg/warn/pr33738.C -std=gnu++14 (test for warnings, line 18)
XPASS: g++.dg/warn/pr33738.C -std=gnu++14 (test for warnings, line 22)
XPASS: g++.dg/warn/pr33738.C -std=gnu++17 (test for warnings, line 18)
XPASS: g++.dg/warn/pr33738.C -std=gnu++17 (test for warnings, line 22)
XPASS: g++.dg/warn/pr33738.C -std=gnu++2a (test for warnings, line 18)
XPASS: g++.dg/warn/pr33738.C -std=gnu++2a (test for warnings, line 22)
XPASS: g++.dg/warn/pr33738.C -std=gnu++98 (test for warnings, line 18)
XPASS: g++.dg/warn/pr33738.C -std=gnu++98 (test for warnings, line 22)
FAIL: g++.dg/lto/pr65276 cp_lto_pr65276_0.o-cp_lto_pr65276_1.o link, -flto -O0 -std=c++11
FAIL: g++.dg/modules/bad-mapper-3.C -std=c++17 (test for errors, line )
FAIL: g++.dg/modules/bad-mapper-3.C -std=c++17 (test for excess errors)
FAIL: g++.dg/modules/bad-mapper-3.C -std=c++2a (test for errors, line )
FAIL: g++.dg/modules/bad-mapper-3.C -std=c++2a (test for excess errors)
FAIL: g++.dg/modules/bad-mapper-3.C -std=c++2b (test for errors, line )
FAIL: g++.dg/modules/bad-mapper-3.C -std=c++2b (test for excess errors)
FAIL: g++.dg/modules/virt-2_a.C -std=c++17 scan-assembler _ZTI7Visitor:
FAIL: g++.dg/modules/virt-2_a.C -std=c++17 scan-assembler _ZTS7Visitor:
FAIL: g++.dg/modules/virt-2_a.C -std=c++17 scan-assembler _ZTV7Visitor:
FAIL: g++.dg/modules/virt-2_a.C -std=c++2a scan-assembler _ZTI7Visitor:
FAIL: g++.dg/modules/virt-2_a.C -std=c++2a scan-assembler _ZTS7Visitor:
FAIL: g++.dg/modules/virt-2_a.C -std=c++2a scan-assembler _ZTV7Visitor:
FAIL: g++.dg/modules/virt-2_a.C -std=c++2b scan-assembler _ZTI7Visitor:
FAIL: g++.dg/modules/virt-2_a.C -std=c++2b scan-assembler _ZTS7Visitor:
FAIL: g++.dg/modules/virt-2_a.C -std=c++2b scan-assembler _ZTV7Visitor:
FAIL: g++.dg/modules/xtreme-header-3_a.H -std=c++17 (internal compiler error)
FAIL: g++.dg/modules/xtreme-header-3_a.H -std=c++17 (test for excess errors)
FAIL: g++.dg/modules/xtreme-header-3_a.H -std=c++2a (internal compiler error)
FAIL: g++.dg/modules/xtreme-header-3_a.H -std=c++2a (test for excess errors)
FAIL: g++.dg/modules/xtreme-header-3_a.H -std=c++2b (internal compiler error)
FAIL: g++.dg/modules/xtreme-header-3_a.H -std=c++2b (test for excess errors)
FAIL: g++.dg/modules/xtreme-header-3_a.H module-cmi (gcm.cache/\$srcdir/g++.dg/modules/xtreme-header-3_a.H.gcm)
FAIL: g++.dg/modules/xtreme-header-3_a.H module-cmi (gcm.cache/\$srcdir/g++.dg/modules/xtreme-header-3_a.H.gcm)
FAIL: g++.dg/modules/xtreme-header-3_a.H module-cmi (gcm.cache/\$srcdir/g++.dg/modules/xtreme-header-3_a.H.gcm)
FAIL: g++.dg/modules/xtreme-header-3_b.C -std=c++17 (test for excess errors)
FAIL: g++.dg/modules/xtreme-header-3_b.C -std=c++2a (test for excess errors)
FAIL: g++.dg/modules/xtreme-header-3_b.C -std=c++2b (test for excess errors)
FAIL: g++.dg/modules/xtreme-header-3_c.C -std=c++17 (test for excess errors)
FAIL: g++.dg/modules/xtreme-header-3_c.C -std=c++2a (test for excess errors)
FAIL: g++.dg/modules/xtreme-header-3_c.C -std=c++2b (test for excess errors)
FAIL: g++.dg/modules/xtreme-header-5_a.H -std=c++2a (internal compiler error)
FAIL: g++.dg/modules/xtreme-header-5_a.H -std=c++2a (test for excess errors)
FAIL: g++.dg/modules/xtreme-header-5_a.H -std=c++2b (internal compiler error)
FAIL: g++.dg/modules/xtreme-header-5_a.H -std=c++2b (test for excess errors)
FAIL: g++.dg/modules/xtreme-header-5_a.H module-cmi (gcm.cache/\$srcdir/g++.dg/modules/xtreme-header-5_a.H.gcm)
FAIL: g++.dg/modules/xtreme-header-5_a.H module-cmi (gcm.cache/\$srcdir/g++.dg/modules/xtreme-header-5_a.H.gcm)
FAIL: g++.dg/modules/xtreme-header-5_b.C -std=c++2a (test for excess errors)
FAIL: g++.dg/modules/xtreme-header-5_b.C -std=c++2b (test for excess errors)
FAIL: g++.dg/modules/xtreme-header-5_c.C -std=c++2a (test for excess errors)
FAIL: g++.dg/modules/xtreme-header-5_c.C -std=c++2b (test for excess errors)
FAIL: g++.dg/modules/xtreme-header_a.H -std=c++17 (internal compiler error)
FAIL: g++.dg/modules/xtreme-header_a.H -std=c++17 (test for excess errors)
FAIL: g++.dg/modules/xtreme-header_a.H -std=c++2a (internal compiler error)
FAIL: g++.dg/modules/xtreme-header_a.H -std=c++2a (test for excess errors)
FAIL: g++.dg/modules/xtreme-header_a.H -std=c++2b (internal compiler error)
FAIL: g++.dg/modules/xtreme-header_a.H -std=c++2b (test for excess errors)
FAIL: g++.dg/modules/xtreme-header_a.H module-cmi (gcm.cache/\$srcdir/g++.dg/modules/xtreme-header_a.H.gcm)
FAIL: g++.dg/modules/xtreme-header_a.H module-cmi (gcm.cache/\$srcdir/g++.dg/modules/xtreme-header_a.H.gcm)
FAIL: g++.dg/modules/xtreme-header_a.H module-cmi (gcm.cache/\$srcdir/g++.dg/modules/xtreme-header_a.H.gcm)
FAIL: g++.dg/modules/xtreme-header_b.C -std=c++17 (test for excess errors)
FAIL: g++.dg/modules/xtreme-header_b.C -std=c++2a (test for excess errors)
FAIL: g++.dg/modules/xtreme-header_b.C -std=c++2b (test for excess errors)
XPASS: g++.dg/torture/pr101373.C -O0 execution test
XPASS: g++.dg/torture/pr101373.C -O1 execution test
XPASS: g++.dg/torture/pr101373.C -O2 execution test
XPASS: g++.dg/torture/pr101373.C -O2 -flto -fno-use-linker-plugin -flto-partition=none execution test
XPASS: g++.dg/torture/pr101373.C -O2 -flto -fuse-linker-plugin -fno-fat-lto-objects execution test
XPASS: g++.dg/torture/pr101373.C -O3 -g execution test
XPASS: g++.dg/torture/pr101373.C -Os execution test
FAIL: g++.dg/torture/pr81812.C -O0 (test for excess errors)
FAIL: g++.dg/torture/pr81812.C -O1 (test for excess errors)
FAIL: g++.dg/torture/pr81812.C -O2 (test for excess errors)
FAIL: g++.dg/torture/pr81812.C -O2 -flto -fno-use-linker-plugin -flto-partition=none (test for excess errors)
FAIL: g++.dg/torture/pr81812.C -O2 -flto -fuse-linker-plugin -fno-fat-lto-objects (test for excess errors)
FAIL: g++.dg/torture/pr81812.C -O3 -g (test for excess errors)
FAIL: g++.dg/torture/pr81812.C -Os (test for excess errors)
XPASS: g++.target/arm/bfloat_cpp_typecheck.C (test for bogus messages, line 10)
XPASS: g++.target/arm/bfloat_cpp_typecheck.C (test for bogus messages, line 11)
FAIL: g++.target/arm/no_unique_address_1.C check-function-bodies _Z8caller_pR1P
FAIL: g++.target/arm/no_unique_address_2.C (test for warnings, line 163)
FAIL: g++.target/arm/no_unique_address_2.C check-function-bodies _Z8caller_pR1P
FAIL: g++.target/arm/../../gcc.target/arm/mve/intrinsics/pr97327.c (test for excess errors)
=== g++ Summary ===
# of expected passes 185816
# of unexpected failures 124
# of unexpected successes 17
# of expected failures 799
# of unsupported tests 9989
/tmp/9156192_34.tmpdir/aci-gcc-fsf/builds/gcc-fsf-gccsrc/obj-arm-none-eabi/gcc3/gcc/xg++ version 12.0.0 (DEFMODE=default DEFARCH=default DEFCPU=default DEFFPU=default TESTFLAGS=-mthumb/-mfloat-abi=soft/-march=armv6s-m) [r12-4279] (GCC)
Compiler version: 12.0.0 (DEFMODE=default DEFARCH=default DEFCPU=default DEFFPU=default TESTFLAGS=-mthumb/-mfloat-abi=soft/-march=armv6s-m) [r12-4279] (GCC)
Platform: arm-none-eabi
configure flags: --target=arm-none-eabi --prefix=/tmp/9156192_34.tmpdir/aci-gcc-fsf/builds/gcc-fsf-gccsrc/tools --with-sysroot=/tmp/9156192_34.tmpdir/aci-gcc-fsf/builds/gcc-fsf-gccsrc/sysroot-arm-none-eabi --disable-nls --disable-libgomp --disable-libmudflap --disable-libcilkrts --enable-checking --enable-languages=c,c++ --with-newlib --disable-tls --enable-multilib --with-multilib-list=rmprofile
More information about the Gcc-testresults
mailing list