Results for 10.3.1 (DEFMODE=default DEFARCH=default DEFCPU=default DEFFPU=default TESTFLAGS=-mthumb/-mcpu=cortex-m4/-mfloat-abi=hard) [r10-10171] (GCC) testsuite on arm-none-eabi
Christophe LYON
christophe.lyon@foss.st.com
Wed Oct 6 04:34:54 GMT 2021
LAST_UPDATED: Wed Oct 6 03:07:01 UTC 2021 (revision r10-10171-g653f955beea5db9157db90f7777ec2e2b18a6900) TARGET=arm-none-eabi ARCH=default CPU=default FPU=default MODE=default
Target is arm-none-eabi
Host is arm-none-eabi
=== libstdc++ tests ===
Running target myarm-sim/-mthumb/-mcpu=cortex-m4/-mfloat-abi=hard
ERROR: (DejaGnu) proc "elseif {[string match "*(TIMED OUT)*" \$output]} {
ERROR: (DejaGnu) proc "elseif {[string match "*(TIMED OUT)*" \$output]} {
ERROR: (DejaGnu) proc "elseif {[string match "*(TIMED OUT)*" \$output]} {
=== libstdc++ Summary ===
# of DejaGnu errors 3
# of expected passes 3686
# of expected failures 1
# of unsupported tests 322
Host is x86_64-pc-linux-gnu
=== gcc tests ===
Running target myarm-sim/-mthumb/-mcpu=cortex-m4/-mfloat-abi=hard
FAIL: gcc.dg/debug/dwarf2/pr97060.c scan-assembler-times DW_AT_declaration 2
ERROR: (DejaGnu) proc "elseif {[string match "*(TIMED OUT)*" \$output]} {
FAIL: gcc.dg/pr41574.c (test for excess errors)
FAIL: gcc.dg/pr59418.c (test for excess errors)
ERROR: (DejaGnu) proc "elseif {[string match "*(TIMED OUT)*" \$output]} {
ERROR: (DejaGnu) proc "elseif {[string match "*(TIMED OUT)*" \$output]} {
ERROR: (DejaGnu) proc "elseif {[string match "*(TIMED OUT)*" \$output]} {
ERROR: (DejaGnu) proc "elseif {[string match "*(TIMED OUT)*" \$output]} {
ERROR: (DejaGnu) proc "elseif {[string match "*(TIMED OUT)*" \$output]} {
=== gcc Summary ===
# of DejaGnu errors 6
# of expected passes 99407
# of unexpected failures 3
# of expected failures 437
# of unsupported tests 2449
/tmp/7776823_34.tmpdir/aci-gcc-fsf/builds/gcc-fsf-gccsrc/obj-arm-none-eabi/gcc3/gcc/xgcc version 10.3.1 (DEFMODE=default DEFARCH=default DEFCPU=default DEFFPU=default TESTFLAGS=-mthumb/-mcpu=cortex-m4/-mfloat-abi=hard) [r10-10171] (GCC)
Host is x86_64-pc-linux-gnu
=== g++ tests ===
Running target myarm-sim/-mthumb/-mcpu=cortex-m4/-mfloat-abi=hard
ERROR: (DejaGnu) proc "elseif {[string match "*(TIMED OUT)*" \$output]} {
FAIL: g++.dg/eh/arm-vfp-unwind.C -std=c++14 (test for excess errors)
UNRESOLVED: g++.dg/eh/arm-vfp-unwind.C -std=c++14 compilation failed to produce executable
FAIL: g++.dg/eh/arm-vfp-unwind.C -std=c++17 (test for excess errors)
UNRESOLVED: g++.dg/eh/arm-vfp-unwind.C -std=c++17 compilation failed to produce executable
FAIL: g++.dg/eh/arm-vfp-unwind.C -std=c++2a (test for excess errors)
UNRESOLVED: g++.dg/eh/arm-vfp-unwind.C -std=c++2a compilation failed to produce executable
FAIL: g++.dg/eh/arm-vfp-unwind.C -std=c++98 (test for excess errors)
UNRESOLVED: g++.dg/eh/arm-vfp-unwind.C -std=c++98 compilation failed to produce executable
FAIL: g++.dg/ipa/devirt-28a.C -std=gnu++14 (test for excess errors)
FAIL: g++.dg/ipa/devirt-28a.C -std=gnu++17 (test for excess errors)
FAIL: g++.dg/ipa/devirt-28a.C -std=gnu++2a (test for excess errors)
FAIL: g++.dg/ipa/devirt-28a.C -std=gnu++98 (test for excess errors)
FAIL: g++.dg/ipa/pr94856.C -std=gnu++14 (test for excess errors)
FAIL: g++.dg/ipa/pr94856.C -std=gnu++17 (test for excess errors)
FAIL: g++.dg/ipa/pr94856.C -std=gnu++2a (test for excess errors)
FAIL: g++.dg/ipa/pr94856.C -std=gnu++98 (test for excess errors)
FAIL: g++.dg/opt/pr69175.C -std=gnu++14 (test for excess errors)
FAIL: g++.dg/opt/pr69175.C -std=gnu++17 (test for excess errors)
FAIL: g++.dg/opt/pr69175.C -std=gnu++2a (test for excess errors)
FAIL: g++.dg/opt/pr69175.C -std=gnu++98 (test for excess errors)
FAIL: g++.dg/opt/store-merging-2.C -std=gnu++14 scan-tree-dump store-merging "New sequence of 2 stores to replace old one of 3 stores"
FAIL: g++.dg/opt/store-merging-2.C -std=gnu++17 scan-tree-dump store-merging "New sequence of 2 stores to replace old one of 3 stores"
FAIL: g++.dg/opt/store-merging-2.C -std=gnu++2a scan-tree-dump store-merging "New sequence of 2 stores to replace old one of 3 stores"
FAIL: g++.dg/opt/store-merging-2.C -std=gnu++98 scan-tree-dump store-merging "New sequence of 2 stores to replace old one of 3 stores"
FAIL: g++.dg/other/pr56184.C -std=gnu++14 (test for excess errors)
FAIL: g++.dg/other/pr56184.C -std=gnu++17 (test for excess errors)
FAIL: g++.dg/other/pr56184.C -std=gnu++2a (test for excess errors)
FAIL: g++.dg/other/pr56184.C -std=gnu++98 (test for excess errors)
FAIL: g++.dg/other/pr59985.C -std=gnu++14 (test for excess errors)
FAIL: g++.dg/other/pr59985.C -std=gnu++17 (test for excess errors)
FAIL: g++.dg/other/pr59985.C -std=gnu++2a (test for excess errors)
FAIL: g++.dg/other/pr59985.C -std=gnu++98 (test for excess errors)
XPASS: g++.dg/warn/pr33738.C -std=gnu++14 (test for warnings, line 18)
XPASS: g++.dg/warn/pr33738.C -std=gnu++14 (test for warnings, line 22)
XPASS: g++.dg/warn/pr33738.C -std=gnu++17 (test for warnings, line 18)
XPASS: g++.dg/warn/pr33738.C -std=gnu++17 (test for warnings, line 22)
XPASS: g++.dg/warn/pr33738.C -std=gnu++2a (test for warnings, line 18)
XPASS: g++.dg/warn/pr33738.C -std=gnu++2a (test for warnings, line 22)
XPASS: g++.dg/warn/pr33738.C -std=gnu++98 (test for warnings, line 18)
XPASS: g++.dg/warn/pr33738.C -std=gnu++98 (test for warnings, line 22)
FAIL: g++.dg/lto/pr65276 cp_lto_pr65276_0.o-cp_lto_pr65276_1.o link, -flto -O0 -std=c++11
ERROR: (DejaGnu) proc "elseif {[string match "*(TIMED OUT)*" \$output]} {
=== g++ Summary ===
# of DejaGnu errors 2
# of expected passes 158151
# of unexpected failures 29
# of unexpected successes 8
# of expected failures 572
# of unresolved testcases 4
# of unsupported tests 11188
/tmp/7776823_34.tmpdir/aci-gcc-fsf/builds/gcc-fsf-gccsrc/obj-arm-none-eabi/gcc3/gcc/xg++ version 10.3.1 (DEFMODE=default DEFARCH=default DEFCPU=default DEFFPU=default TESTFLAGS=-mthumb/-mcpu=cortex-m4/-mfloat-abi=hard) [r10-10171] (GCC)
Compiler version: 10.3.1 (DEFMODE=default DEFARCH=default DEFCPU=default DEFFPU=default TESTFLAGS=-mthumb/-mcpu=cortex-m4/-mfloat-abi=hard) [r10-10171] (GCC)
Platform: arm-none-eabi
configure flags: --target=arm-none-eabi --prefix=/tmp/7776823_34.tmpdir/aci-gcc-fsf/builds/gcc-fsf-gccsrc/tools --with-sysroot=/tmp/7776823_34.tmpdir/aci-gcc-fsf/builds/gcc-fsf-gccsrc/sysroot-arm-none-eabi --disable-nls --disable-libgomp --disable-libmudflap --disable-libcilkrts --enable-checking --enable-languages=c,c++ --with-newlib --disable-tls --enable-multilib --with-multilib-list=rmprofile
More information about the Gcc-testresults
mailing list