Results for 9.4.1 (DEFMODE=thumb DEFARCH=default DEFCPU=cortex-a9 DEFFPU=default TESTFLAGS=-march=armv5t) [r9-9758] (GCC) testsuite on arm-none-linux-gnueabi
Christophe LYON
christophe.lyon@foss.st.com
Wed Oct 6 03:19:06 GMT 2021
LAST_UPDATED: Wed Oct 6 01:45:30 UTC 2021 (revision r9-9758-g6b5fe908596fa212d9f744afa132c924fb5a93f3) TARGET=arm-none-linux-gnueabi ARCH=default CPU=cortex-a9 FPU=default MODE=thumb
Target is arm-none-linux-gnueabi
Host is arm-none-linux-gnueabi
=== libatomic tests ===
Running target qemu/-march=armv5t
=== libatomic Summary ===
# of expected passes 44
# of unsupported tests 5
Host is arm-none-linux-gnueabi
=== libitm tests ===
Running target qemu/-march=armv5t
ERROR: (DejaGnu) proc "elseif {[string match "*(TIMED OUT)*" \$output]} {
=== libitm Summary ===
# of expected passes 7
Host is arm-none-linux-gnueabi
=== libstdc++ tests ===
Running target qemu/-march=armv5t
ERROR: (DejaGnu) proc "elseif {[string match "*(TIMED OUT)*" \$output]} {
ERROR: (DejaGnu) proc "elseif {[string match "*(TIMED OUT)*" \$output]} {
ERROR: (DejaGnu) proc "elseif {[string match "*(TIMED OUT)*" \$output]} {
ERROR: (DejaGnu) proc "elseif {[string match "*(TIMED OUT)*" \$output]} {
=== libstdc++ Summary ===
# of DejaGnu errors 4
# of expected passes 3554
# of expected failures 1
# of unsupported tests 308
Host is x86_64-pc-linux-gnu
=== gcc tests ===
Running target qemu/-march=armv5t
WARNING: skipping asan tests due to ulimit -v
WARNING: skipping asan tests due to ulimit -v
WARNING: skipping asan tests due to ulimit -v
WARNING: skipping asan tests due to ulimit -v
WARNING: skipping asan tests due to ulimit -v
WARNING: skipping asan tests due to ulimit -v
WARNING: skipping asan tests due to ulimit -v
ERROR: (DejaGnu) proc "elseif {[string match "*(TIMED OUT)*" \$output]} {
ERROR: (DejaGnu) proc "elseif {[string match "*(TIMED OUT)*" \$output]} {
ERROR: (DejaGnu) proc "elseif {[string match "*(TIMED OUT)*" \$output]} {
FAIL: gcc.dg/loop-8.c scan-rtl-dump-not loop2_invariant "without introducing a new temporary register"
FAIL: gcc.dg/loop-8.c scan-rtl-dump-times loop2_invariant "Decided" 1
FAIL: gcc.dg/ipa/iinline-attr.c scan-ipa-dump inline "hooray[^\\\\n]*inline copy in test"
WARNING: gcc.dg/noncompile/930301-1.c -O0 (test for errors, line 5) program timed out.
WARNING: gcc.dg/noncompile/971104-1.c -O0 (test for errors, line 30) program timed out.
FAIL: c-c++-common/ubsan/overflow-2.c -Os (test for excess errors)
UNRESOLVED: c-c++-common/ubsan/overflow-2.c -Os compilation failed to produce executable
FAIL: gcc.target/arm/20131120.c scan-rtl-dump-not expand "\\\\(set \\\\(reg:SI [0-9]*\\\\)[\\n\\r]+[ \\t]*\\\\(const_int 4000"
FAIL: gcc.target/arm/armv8_2-fp16-scalar-2.c scan-assembler-times vmov.f16\\\\ts[0-9]+, #1\\\\.0e\\\\+0 4
FAIL: gcc.target/arm/empty_fiq_handler.c (test for excess errors)
FAIL: gcc.target/arm/fma.c (test for excess errors)
UNRESOLVED: gcc.target/arm/fma.c scan-assembler-times vfma.f32\\ts[0-9] 1
UNRESOLVED: gcc.target/arm/fma.c scan-assembler-times vfma.f64\\td[0-9] 1
UNRESOLVED: gcc.target/arm/fma.c scan-assembler-times vfms.f32\\ts[0-9] 1
UNRESOLVED: gcc.target/arm/fma.c scan-assembler-times vfms.f64\\td[0-9] 1
UNRESOLVED: gcc.target/arm/fma.c scan-assembler-times vfnma.f32\\ts[0-9] 1
UNRESOLVED: gcc.target/arm/fma.c scan-assembler-times vfnma.f64\\td[0-9] 1
UNRESOLVED: gcc.target/arm/fma.c scan-assembler-times vfnms.f32\\ts[0-9] 1
UNRESOLVED: gcc.target/arm/fma.c scan-assembler-times vfnms.f64\\td[0-9] 1
FAIL: gcc.target/arm/pr45701-1.c scan-assembler push\\t{r3
FAIL: gcc.target/arm/reg_equal_test.c scan-rtl-dump expand "expr_list:REG_EQUAL \\\\(const_int -942519458"
=== gcc Summary ===
# of DejaGnu errors 3
# of expected passes 111192
# of unexpected failures 10
# of expected failures 398
# of unresolved testcases 9
# of unsupported tests 3299
/tmp/7775625_9.tmpdir/aci-gcc-fsf/builds/gcc-fsf-gccsrc-thumb/obj-arm-none-linux-gnueabi/gcc3/gcc/xgcc version 9.4.1 (DEFMODE=thumb DEFARCH=default DEFCPU=cortex-a9 DEFFPU=default TESTFLAGS=-march=armv5t) [r9-9758] (GCC)
Host is x86_64-pc-linux-gnu
=== gfortran tests ===
Running target qemu/-march=armv5t
ERROR: (DejaGnu) proc "elseif {[string match "*(TIMED OUT)*" \$output]} {
ERROR: (DejaGnu) proc "elseif {[string match "*(TIMED OUT)*" \$output]} {
=== gfortran Summary ===
# of DejaGnu errors 2
# of expected passes 12688
# of expected failures 22
# of unsupported tests 60
/tmp/7775625_9.tmpdir/aci-gcc-fsf/builds/gcc-fsf-gccsrc-thumb/obj-arm-none-linux-gnueabi/gcc3/gcc/gfortran version 9.4.1 (DEFMODE=thumb DEFARCH=default DEFCPU=cortex-a9 DEFFPU=default TESTFLAGS=-march=armv5t) [r9-9758] (GCC)
Host is x86_64-pc-linux-gnu
=== g++ tests ===
Running target qemu/-march=armv5t
WARNING: skipping asan tests due to ulimit -v
WARNING: skipping asan tests due to ulimit -v
ERROR: (DejaGnu) proc "elseif {[string match "*(TIMED OUT)*" \$output]} {
ERROR: (DejaGnu) proc "elseif {[string match "*(TIMED OUT)*" \$output]} {
=== g++ Summary ===
# of DejaGnu errors 2
# of expected passes 80373
# of expected failures 337
# of unsupported tests 5519
/tmp/7775625_9.tmpdir/aci-gcc-fsf/builds/gcc-fsf-gccsrc-thumb/obj-arm-none-linux-gnueabi/gcc3/gcc/xg++ version 9.4.1 (DEFMODE=thumb DEFARCH=default DEFCPU=cortex-a9 DEFFPU=default TESTFLAGS=-march=armv5t) [r9-9758] (GCC)
Compiler version: 9.4.1 (DEFMODE=thumb DEFARCH=default DEFCPU=cortex-a9 DEFFPU=default TESTFLAGS=-march=armv5t) [r9-9758] (GCC)
Platform: arm-none-linux-gnueabi
configure flags: --target=arm-none-linux-gnueabi --prefix=/tmp/7775625_9.tmpdir/aci-gcc-fsf/builds/gcc-fsf-gccsrc-thumb/tools --with-sysroot=/tmp/7775625_9.tmpdir/aci-gcc-fsf/builds/gcc-fsf-gccsrc-thumb/sysroot-arm-none-linux-gnueabi --disable-nls --disable-libgomp --disable-libmudflap --disable-libcilkrts --enable-checking --enable-languages=c,c++,fortran --with-float=soft --enable-build-with-cxx --with-mode=thumb --with-cpu=cortex-a9
More information about the Gcc-testresults
mailing list