Results for 12.0.0 (DEFMODE=default DEFARCH=default DEFCPU=default DEFFPU=default TESTFLAGS=) [r12-4201] (GCC) testsuite on arm-none-eabi
Christophe LYON
christophe.lyon@foss.st.com
Wed Oct 6 02:34:03 GMT 2021
LAST_UPDATED: Wed Oct 6 00:31:50 UTC 2021 (revision r12-4201-gbb6194e0b44a8262d8de304be3bd3ee65187772a) TARGET=arm-none-eabi ARCH=default CPU=default FPU=default MODE=default
Target is arm-none-eabi
Host is arm-none-eabi
=== libstdc++ tests ===
Running target myarm-sim
ERROR: (DejaGnu) proc "elseif {[string match "*(TIMED OUT)*" \$output]} {
ERROR: (DejaGnu) proc "elseif {[string match "*(TIMED OUT)*" \$output]} {
ERROR: (DejaGnu) proc "elseif {[string match "*(TIMED OUT)*" \$output]} {
ERROR: (DejaGnu) proc "elseif {[string match "*(TIMED OUT)*" \$output]} {
FAIL: 20_util/to_address/debug.cc (test for excess errors)
UNRESOLVED: 20_util/to_address/debug.cc compilation failed to produce executable
FAIL: 21_strings/basic_string/cons/char/self_move.cc (test for excess errors)
UNRESOLVED: 21_strings/basic_string/cons/char/self_move.cc compilation failed to produce executable
FAIL: 21_strings/basic_string/debug/1_neg.cc (test for excess errors)
UNRESOLVED: 21_strings/basic_string/debug/1_neg.cc compilation failed to produce executable
FAIL: 21_strings/basic_string/debug/2_neg.cc (test for excess errors)
UNRESOLVED: 21_strings/basic_string/debug/2_neg.cc compilation failed to produce executable
FAIL: 21_strings/basic_string/hash/debug.cc (test for excess errors)
UNRESOLVED: 21_strings/basic_string/hash/debug.cc compilation failed to produce executable
FAIL: 21_strings/basic_string/requirements/citerators.cc (test for excess errors)
UNRESOLVED: 21_strings/basic_string/requirements/citerators.cc compilation failed to produce executable
FAIL: 21_strings/basic_string/requirements/exception/basic.cc (test for excess errors)
UNRESOLVED: 21_strings/basic_string/requirements/exception/basic.cc compilation failed to produce executable
FAIL: 21_strings/basic_string/requirements/exception/generation_prohibited.cc (test for excess errors)
UNRESOLVED: 21_strings/basic_string/requirements/exception/generation_prohibited.cc compilation failed to produce executable
FAIL: 21_strings/basic_string/requirements/exception/propagation_consistent.cc (test for excess errors)
UNRESOLVED: 21_strings/basic_string/requirements/exception/propagation_consistent.cc compilation failed to produce executable
FAIL: 21_strings/debug/shrink_to_fit.cc (test for excess errors)
UNRESOLVED: 21_strings/debug/shrink_to_fit.cc compilation failed to produce executable
FAIL: 23_containers/deque/cons/self_move.cc (test for excess errors)
UNRESOLVED: 23_containers/deque/cons/self_move.cc compilation failed to produce executable
FAIL: 23_containers/deque/debug/98466.cc (test for excess errors)
UNRESOLVED: 23_containers/deque/debug/98466.cc compilation failed to produce executable
FAIL: 23_containers/deque/debug/assign4_neg.cc (test for excess errors)
UNRESOLVED: 23_containers/deque/debug/assign4_neg.cc compilation failed to produce executable
FAIL: 23_containers/deque/debug/construct4_neg.cc (test for excess errors)
UNRESOLVED: 23_containers/deque/debug/construct4_neg.cc compilation failed to produce executable
FAIL: 23_containers/deque/debug/insert4_neg.cc (test for excess errors)
UNRESOLVED: 23_containers/deque/debug/insert4_neg.cc compilation failed to produce executable
FAIL: 23_containers/deque/debug/invalidation/1.cc (test for excess errors)
UNRESOLVED: 23_containers/deque/debug/invalidation/1.cc compilation failed to produce executable
FAIL: 23_containers/deque/debug/invalidation/2.cc (test for excess errors)
UNRESOLVED: 23_containers/deque/debug/invalidation/2.cc compilation failed to produce executable
FAIL: 23_containers/deque/debug/invalidation/3.cc (test for excess errors)
UNRESOLVED: 23_containers/deque/debug/invalidation/3.cc compilation failed to produce executable
FAIL: 23_containers/deque/debug/invalidation/4.cc (test for excess errors)
UNRESOLVED: 23_containers/deque/debug/invalidation/4.cc compilation failed to produce executable
FAIL: 23_containers/forward_list/cons/self_move.cc (test for excess errors)
UNRESOLVED: 23_containers/forward_list/cons/self_move.cc compilation failed to produce executable
FAIL: 23_containers/forward_list/debug/construct4_neg.cc (test for excess errors)
UNRESOLVED: 23_containers/forward_list/debug/construct4_neg.cc compilation failed to produce executable
FAIL: 23_containers/forward_list/debug/move_assign_neg.cc (test for excess errors)
UNRESOLVED: 23_containers/forward_list/debug/move_assign_neg.cc compilation failed to produce executable
FAIL: 23_containers/forward_list/debug/move_neg.cc (test for excess errors)
UNRESOLVED: 23_containers/forward_list/debug/move_neg.cc compilation failed to produce executable
FAIL: 23_containers/list/cons/self_move.cc (test for excess errors)
UNRESOLVED: 23_containers/list/cons/self_move.cc compilation failed to produce executable
FAIL: 23_containers/list/debug/assign4_neg.cc (test for excess errors)
UNRESOLVED: 23_containers/list/debug/assign4_neg.cc compilation failed to produce executable
FAIL: 23_containers/list/debug/construct4_neg.cc (test for excess errors)
UNRESOLVED: 23_containers/list/debug/construct4_neg.cc compilation failed to produce executable
FAIL: 23_containers/list/debug/insert4_neg.cc (test for excess errors)
UNRESOLVED: 23_containers/list/debug/insert4_neg.cc compilation failed to produce executable
FAIL: 23_containers/list/debug/invalidation/1.cc (test for excess errors)
UNRESOLVED: 23_containers/list/debug/invalidation/1.cc compilation failed to produce executable
FAIL: 23_containers/list/debug/invalidation/2.cc (test for excess errors)
UNRESOLVED: 23_containers/list/debug/invalidation/2.cc compilation failed to produce executable
FAIL: 23_containers/list/debug/invalidation/3.cc (test for excess errors)
UNRESOLVED: 23_containers/list/debug/invalidation/3.cc compilation failed to produce executable
FAIL: 23_containers/list/debug/invalidation/4.cc (test for excess errors)
UNRESOLVED: 23_containers/list/debug/invalidation/4.cc compilation failed to produce executable
FAIL: 23_containers/map/debug/construct4_neg.cc (test for excess errors)
UNRESOLVED: 23_containers/map/debug/construct4_neg.cc compilation failed to produce executable
FAIL: 23_containers/map/debug/construct5_neg.cc (test for excess errors)
UNRESOLVED: 23_containers/map/debug/construct5_neg.cc compilation failed to produce executable
FAIL: 23_containers/map/debug/insert4_neg.cc (test for excess errors)
UNRESOLVED: 23_containers/map/debug/insert4_neg.cc compilation failed to produce executable
FAIL: 23_containers/map/debug/invalidation/1.cc (test for excess errors)
UNRESOLVED: 23_containers/map/debug/invalidation/1.cc compilation failed to produce executable
FAIL: 23_containers/map/debug/invalidation/2.cc (test for excess errors)
UNRESOLVED: 23_containers/map/debug/invalidation/2.cc compilation failed to produce executable
FAIL: 23_containers/map/debug/move_assign_neg.cc (test for excess errors)
UNRESOLVED: 23_containers/map/debug/move_assign_neg.cc compilation failed to produce executable
FAIL: 23_containers/map/debug/move_neg.cc (test for excess errors)
UNRESOLVED: 23_containers/map/debug/move_neg.cc compilation failed to produce executable
FAIL: 23_containers/multimap/debug/construct4_neg.cc (test for excess errors)
UNRESOLVED: 23_containers/multimap/debug/construct4_neg.cc compilation failed to produce executable
FAIL: 23_containers/multimap/debug/construct5_neg.cc (test for excess errors)
UNRESOLVED: 23_containers/multimap/debug/construct5_neg.cc compilation failed to produce executable
FAIL: 23_containers/multimap/debug/insert4_neg.cc (test for excess errors)
UNRESOLVED: 23_containers/multimap/debug/insert4_neg.cc compilation failed to produce executable
FAIL: 23_containers/multimap/debug/invalidation/1.cc (test for excess errors)
UNRESOLVED: 23_containers/multimap/debug/invalidation/1.cc compilation failed to produce executable
FAIL: 23_containers/multimap/debug/invalidation/2.cc (test for excess errors)
UNRESOLVED: 23_containers/multimap/debug/invalidation/2.cc compilation failed to produce executable
FAIL: 23_containers/multimap/debug/move_assign_neg.cc (test for excess errors)
UNRESOLVED: 23_containers/multimap/debug/move_assign_neg.cc compilation failed to produce executable
FAIL: 23_containers/multimap/debug/move_neg.cc (test for excess errors)
UNRESOLVED: 23_containers/multimap/debug/move_neg.cc compilation failed to produce executable
FAIL: 23_containers/multiset/debug/construct4_neg.cc (test for excess errors)
UNRESOLVED: 23_containers/multiset/debug/construct4_neg.cc compilation failed to produce executable
FAIL: 23_containers/multiset/debug/construct5_neg.cc (test for excess errors)
UNRESOLVED: 23_containers/multiset/debug/construct5_neg.cc compilation failed to produce executable
FAIL: 23_containers/multiset/debug/insert4_neg.cc (test for excess errors)
UNRESOLVED: 23_containers/multiset/debug/insert4_neg.cc compilation failed to produce executable
FAIL: 23_containers/multiset/debug/invalidation/1.cc (test for excess errors)
UNRESOLVED: 23_containers/multiset/debug/invalidation/1.cc compilation failed to produce executable
FAIL: 23_containers/multiset/debug/invalidation/2.cc (test for excess errors)
UNRESOLVED: 23_containers/multiset/debug/invalidation/2.cc compilation failed to produce executable
FAIL: 23_containers/multiset/debug/move_assign_neg.cc (test for excess errors)
UNRESOLVED: 23_containers/multiset/debug/move_assign_neg.cc compilation failed to produce executable
FAIL: 23_containers/multiset/debug/move_neg.cc (test for excess errors)
UNRESOLVED: 23_containers/multiset/debug/move_neg.cc compilation failed to produce executable
FAIL: 23_containers/set/cons/self_move.cc (test for excess errors)
UNRESOLVED: 23_containers/set/cons/self_move.cc compilation failed to produce executable
FAIL: 23_containers/set/debug/construct4_neg.cc (test for excess errors)
UNRESOLVED: 23_containers/set/debug/construct4_neg.cc compilation failed to produce executable
FAIL: 23_containers/set/debug/construct5_neg.cc (test for excess errors)
UNRESOLVED: 23_containers/set/debug/construct5_neg.cc compilation failed to produce executable
FAIL: 23_containers/set/debug/insert4_neg.cc (test for excess errors)
UNRESOLVED: 23_containers/set/debug/insert4_neg.cc compilation failed to produce executable
FAIL: 23_containers/set/debug/invalidation/1.cc (test for excess errors)
UNRESOLVED: 23_containers/set/debug/invalidation/1.cc compilation failed to produce executable
FAIL: 23_containers/set/debug/invalidation/2.cc (test for excess errors)
UNRESOLVED: 23_containers/set/debug/invalidation/2.cc compilation failed to produce executable
FAIL: 23_containers/set/debug/move_assign_neg.cc (test for excess errors)
UNRESOLVED: 23_containers/set/debug/move_assign_neg.cc compilation failed to produce executable
FAIL: 23_containers/set/debug/move_neg.cc (test for excess errors)
UNRESOLVED: 23_containers/set/debug/move_neg.cc compilation failed to produce executable
=== libstdc++ Summary ===
# of DejaGnu errors 4
# of expected passes 5015
# of unexpected failures 60
# of expected failures 1
# of unresolved testcases 60
# of unsupported tests 395
Host is x86_64-pc-linux-gnu
=== gcc tests ===
Running target myarm-sim
ERROR: (DejaGnu) proc "elseif {[string match "*(TIMED OUT)*" \$output]} {
FAIL: c-c++-common/auto-init-1.c -Wc++-compat scan-tree-dump gimple "temp4 = .DEFERRED_INIT \\\\(4, 2, 0\\\\)"
FAIL: c-c++-common/auto-init-2.c -Wc++-compat scan-tree-dump gimple "temp4 = .DEFERRED_INIT \\\\(4, 1, 0\\\\)"
XPASS: gcc.dg/Wstringop-overflow-68.c pr101475 (test for warnings, line 61)
XPASS: gcc.dg/Wstringop-overflow-68.c pr101475 (test for warnings, line 62)
XPASS: gcc.dg/Wstringop-overflow-68.c pr101475 (test for warnings, line 63)
XPASS: gcc.dg/Wstringop-overflow-68.c pr101475 (test for warnings, line 64)
XPASS: gcc.dg/Wstringop-overflow-68.c pr101475 (test for warnings, line 65)
FAIL: gcc.dg/ira-shrinkwrap-prep-1.c scan-rtl-dump pro_and_epilogue "Performing shrink-wrapping"
FAIL: gcc.dg/fixed-point/composite-type.c (test for excess errors)
FAIL: gcc.dg/vect/complex/bb-slp-complex-add-pattern-long.c -flto -ffat-lto-objects scan-tree-dump-times slp1 "stmt.*COMPLEX_ADD_ROT270" 1
FAIL: gcc.dg/vect/complex/bb-slp-complex-add-pattern-long.c -flto -ffat-lto-objects scan-tree-dump-times slp1 "stmt.*COMPLEX_ADD_ROT90" 1
FAIL: gcc.dg/vect/complex/bb-slp-complex-add-pattern-long.c scan-tree-dump-times slp1 "stmt.*COMPLEX_ADD_ROT270" 1
FAIL: gcc.dg/vect/complex/bb-slp-complex-add-pattern-long.c scan-tree-dump-times slp1 "stmt.*COMPLEX_ADD_ROT90" 1
FAIL: gcc.dg/vect/complex/vect-complex-add-pattern-long.c -flto -ffat-lto-objects scan-tree-dump-times vect "stmt.*COMPLEX_ADD_ROT270" 1
FAIL: gcc.dg/vect/complex/vect-complex-add-pattern-long.c -flto -ffat-lto-objects scan-tree-dump-times vect "stmt.*COMPLEX_ADD_ROT90" 1
FAIL: gcc.dg/vect/complex/vect-complex-add-pattern-long.c scan-tree-dump-times vect "stmt.*COMPLEX_ADD_ROT270" 1
FAIL: gcc.dg/vect/complex/vect-complex-add-pattern-long.c scan-tree-dump-times vect "stmt.*COMPLEX_ADD_ROT90" 1
FAIL: gcc.dg/vect/complex/vect-complex-add-pattern-unsigned-long.c -flto -ffat-lto-objects scan-tree-dump-times vect "stmt.*COMPLEX_ADD_ROT270" 1
FAIL: gcc.dg/vect/complex/vect-complex-add-pattern-unsigned-long.c -flto -ffat-lto-objects scan-tree-dump-times vect "stmt.*COMPLEX_ADD_ROT90" 1
FAIL: gcc.dg/vect/complex/vect-complex-add-pattern-unsigned-long.c scan-tree-dump-times vect "stmt.*COMPLEX_ADD_ROT270" 1
FAIL: gcc.dg/vect/complex/vect-complex-add-pattern-unsigned-long.c scan-tree-dump-times vect "stmt.*COMPLEX_ADD_ROT90" 1
FAIL: gcc.dg/vect/pr97428.c -flto -ffat-lto-objects scan-tree-dump vect "Detected interleaving load of size 8"
FAIL: gcc.dg/vect/pr97428.c -flto -ffat-lto-objects scan-tree-dump vect "Detected interleaving store of size 16"
FAIL: gcc.dg/vect/pr97428.c scan-tree-dump vect "Detected interleaving load of size 8"
FAIL: gcc.dg/vect/pr97428.c scan-tree-dump vect "Detected interleaving store of size 16"
XPASS: gcc.dg/vect/vect-cond-1.c -flto -ffat-lto-objects scan-tree-dump-times vect "OUTER LOOP VECTORIZED" 1
XPASS: gcc.dg/vect/vect-cond-1.c scan-tree-dump-times vect "OUTER LOOP VECTORIZED" 1
XPASS: gcc.dg/vect/vect-cond-3.c -flto -ffat-lto-objects scan-tree-dump-times vect "OUTER LOOP VECTORIZED" 1
XPASS: gcc.dg/vect/vect-cond-3.c scan-tree-dump-times vect "OUTER LOOP VECTORIZED" 1
XPASS: gcc.dg/vect/vect-cond-4.c -flto -ffat-lto-objects scan-tree-dump-times vect "OUTER LOOP VECTORIZED" 1
XPASS: gcc.dg/vect/vect-cond-4.c scan-tree-dump-times vect "OUTER LOOP VECTORIZED" 1
FAIL: outputs-22 exe savetmp namedb-2: outputs.ld1_args
FAIL: outputs-23 exe savetmp named2-2: outputs.ld1_args
FAIL: outputs-24 exe savetmp named2-3: outputs.ld1_args
FAIL: outputs-25 exe savetmp named2-4: outputs.ld1_args
FAIL: outputs-294 lto sing unnamed-3: a.ld1_args
FAIL: outputs-294 lto sing unnamed-3: a.ld_args
UNRESOLVED: gcc.target/aarch64/advsimd-intrinsics/vld1x2.c -O0 compilation failed to produce executable
UNRESOLVED: gcc.target/aarch64/advsimd-intrinsics/vld1x2.c -O1 compilation failed to produce executable
UNRESOLVED: gcc.target/aarch64/advsimd-intrinsics/vld1x2.c -O2 compilation failed to produce executable
UNRESOLVED: gcc.target/aarch64/advsimd-intrinsics/vld1x2.c -O2 -flto -fno-use-linker-plugin -flto-partition=none compilation failed to produce executable
UNRESOLVED: gcc.target/aarch64/advsimd-intrinsics/vld1x2.c -O2 -flto -fuse-linker-plugin -fno-fat-lto-objects compilation failed to produce executable
UNRESOLVED: gcc.target/aarch64/advsimd-intrinsics/vld1x2.c -O3 -fomit-frame-pointer -funroll-loops -fpeel-loops -ftracer -finline-functions compilation failed to produce executable
UNRESOLVED: gcc.target/aarch64/advsimd-intrinsics/vld1x2.c -O3 -g compilation failed to produce executable
UNRESOLVED: gcc.target/aarch64/advsimd-intrinsics/vld1x2.c -Og -g compilation failed to produce executable
UNRESOLVED: gcc.target/aarch64/advsimd-intrinsics/vld1x2.c -Os compilation failed to produce executable
UNRESOLVED: gcc.target/aarch64/advsimd-intrinsics/vld1x3.c -O0 compilation failed to produce executable
UNRESOLVED: gcc.target/aarch64/advsimd-intrinsics/vld1x3.c -O1 compilation failed to produce executable
UNRESOLVED: gcc.target/aarch64/advsimd-intrinsics/vld1x3.c -O2 compilation failed to produce executable
UNRESOLVED: gcc.target/aarch64/advsimd-intrinsics/vld1x3.c -O2 -flto -fno-use-linker-plugin -flto-partition=none compilation failed to produce executable
UNRESOLVED: gcc.target/aarch64/advsimd-intrinsics/vld1x3.c -O2 -flto -fuse-linker-plugin -fno-fat-lto-objects compilation failed to produce executable
UNRESOLVED: gcc.target/aarch64/advsimd-intrinsics/vld1x3.c -O3 -fomit-frame-pointer -funroll-loops -fpeel-loops -ftracer -finline-functions compilation failed to produce executable
UNRESOLVED: gcc.target/aarch64/advsimd-intrinsics/vld1x3.c -O3 -g compilation failed to produce executable
UNRESOLVED: gcc.target/aarch64/advsimd-intrinsics/vld1x3.c -Og -g compilation failed to produce executable
UNRESOLVED: gcc.target/aarch64/advsimd-intrinsics/vld1x3.c -Os compilation failed to produce executable
UNRESOLVED: gcc.target/aarch64/advsimd-intrinsics/vld1x4.c -O0 compilation failed to produce executable
UNRESOLVED: gcc.target/aarch64/advsimd-intrinsics/vld1x4.c -O1 compilation failed to produce executable
UNRESOLVED: gcc.target/aarch64/advsimd-intrinsics/vld1x4.c -O2 compilation failed to produce executable
UNRESOLVED: gcc.target/aarch64/advsimd-intrinsics/vld1x4.c -O2 -flto -fno-use-linker-plugin -flto-partition=none compilation failed to produce executable
UNRESOLVED: gcc.target/aarch64/advsimd-intrinsics/vld1x4.c -O2 -flto -fuse-linker-plugin -fno-fat-lto-objects compilation failed to produce executable
UNRESOLVED: gcc.target/aarch64/advsimd-intrinsics/vld1x4.c -O3 -fomit-frame-pointer -funroll-loops -fpeel-loops -ftracer -finline-functions compilation failed to produce executable
UNRESOLVED: gcc.target/aarch64/advsimd-intrinsics/vld1x4.c -O3 -g compilation failed to produce executable
UNRESOLVED: gcc.target/aarch64/advsimd-intrinsics/vld1x4.c -Og -g compilation failed to produce executable
UNRESOLVED: gcc.target/aarch64/advsimd-intrinsics/vld1x4.c -Os compilation failed to produce executable
UNRESOLVED: gcc.target/aarch64/advsimd-intrinsics/vst1x2.c -O0 compilation failed to produce executable
UNRESOLVED: gcc.target/aarch64/advsimd-intrinsics/vst1x2.c -O1 compilation failed to produce executable
UNRESOLVED: gcc.target/aarch64/advsimd-intrinsics/vst1x2.c -O2 compilation failed to produce executable
UNRESOLVED: gcc.target/aarch64/advsimd-intrinsics/vst1x2.c -O2 -flto -fno-use-linker-plugin -flto-partition=none compilation failed to produce executable
UNRESOLVED: gcc.target/aarch64/advsimd-intrinsics/vst1x2.c -O2 -flto -fuse-linker-plugin -fno-fat-lto-objects compilation failed to produce executable
UNRESOLVED: gcc.target/aarch64/advsimd-intrinsics/vst1x2.c -O3 -fomit-frame-pointer -funroll-loops -fpeel-loops -ftracer -finline-functions compilation failed to produce executable
UNRESOLVED: gcc.target/aarch64/advsimd-intrinsics/vst1x2.c -O3 -g compilation failed to produce executable
UNRESOLVED: gcc.target/aarch64/advsimd-intrinsics/vst1x2.c -Og -g compilation failed to produce executable
UNRESOLVED: gcc.target/aarch64/advsimd-intrinsics/vst1x2.c -Os compilation failed to produce executable
UNRESOLVED: gcc.target/aarch64/advsimd-intrinsics/vst1x3.c -O0 compilation failed to produce executable
UNRESOLVED: gcc.target/aarch64/advsimd-intrinsics/vst1x3.c -O1 compilation failed to produce executable
UNRESOLVED: gcc.target/aarch64/advsimd-intrinsics/vst1x3.c -O2 compilation failed to produce executable
UNRESOLVED: gcc.target/aarch64/advsimd-intrinsics/vst1x3.c -O2 -flto -fno-use-linker-plugin -flto-partition=none compilation failed to produce executable
UNRESOLVED: gcc.target/aarch64/advsimd-intrinsics/vst1x3.c -O2 -flto -fuse-linker-plugin -fno-fat-lto-objects compilation failed to produce executable
UNRESOLVED: gcc.target/aarch64/advsimd-intrinsics/vst1x3.c -O3 -fomit-frame-pointer -funroll-loops -fpeel-loops -ftracer -finline-functions compilation failed to produce executable
UNRESOLVED: gcc.target/aarch64/advsimd-intrinsics/vst1x3.c -O3 -g compilation failed to produce executable
UNRESOLVED: gcc.target/aarch64/advsimd-intrinsics/vst1x3.c -Og -g compilation failed to produce executable
UNRESOLVED: gcc.target/aarch64/advsimd-intrinsics/vst1x3.c -Os compilation failed to produce executable
UNRESOLVED: gcc.target/aarch64/advsimd-intrinsics/vst1x4.c -O0 compilation failed to produce executable
UNRESOLVED: gcc.target/aarch64/advsimd-intrinsics/vst1x4.c -O1 compilation failed to produce executable
UNRESOLVED: gcc.target/aarch64/advsimd-intrinsics/vst1x4.c -O2 compilation failed to produce executable
UNRESOLVED: gcc.target/aarch64/advsimd-intrinsics/vst1x4.c -O2 -flto -fno-use-linker-plugin -flto-partition=none compilation failed to produce executable
UNRESOLVED: gcc.target/aarch64/advsimd-intrinsics/vst1x4.c -O2 -flto -fuse-linker-plugin -fno-fat-lto-objects compilation failed to produce executable
UNRESOLVED: gcc.target/aarch64/advsimd-intrinsics/vst1x4.c -O3 -fomit-frame-pointer -funroll-loops -fpeel-loops -ftracer -finline-functions compilation failed to produce executable
UNRESOLVED: gcc.target/aarch64/advsimd-intrinsics/vst1x4.c -O3 -g compilation failed to produce executable
UNRESOLVED: gcc.target/aarch64/advsimd-intrinsics/vst1x4.c -Og -g compilation failed to produce executable
UNRESOLVED: gcc.target/aarch64/advsimd-intrinsics/vst1x4.c -Os compilation failed to produce executable
FAIL: gcc.target/arm/addr-modes-float.c scan-assembler vst3.8\\t{d[02468], d[02468], d[02468]}, \\\\[r[0-9]+\\\\]!
FAIL: gcc.target/arm/armv8_2-fp16-neon-2.c scan-assembler-times vdup\\\\.16\\\\tq[0-9]+, r[0-9]+ 3
FAIL: gcc.target/arm/memcpy-aligned-1.c scan-assembler-not ldr\\t
FAIL: gcc.target/arm/memcpy-aligned-1.c scan-assembler-times str\\t 1
FAIL: gcc.target/arm/pr42575.c scan-assembler-not mov
FAIL: gcc.target/arm/pr45701-1.c scan-assembler push\\t{r3
FAIL: gcc.target/arm/pr51534.c scan-assembler-times mov[ \\t]+r[0-9]+, #-1 6
FAIL: gcc.target/arm/reg_equal_test.c scan-rtl-dump expand "expr_list:REG_EQUAL \\\\(const_int -942519458"
=== gcc Summary ===
# of DejaGnu errors 1
# of expected passes 139258
# of unexpected failures 34
# of unexpected successes 11
# of expected failures 739
# of unresolved testcases 54
# of unsupported tests 7149
/tmp/7775429_29.tmpdir/aci-gcc-fsf/builds/gcc-fsf-gccsrc/obj-arm-none-eabi/gcc3/gcc/xgcc version 12.0.0 (DEFMODE=default DEFARCH=default DEFCPU=default DEFFPU=default TESTFLAGS=) [r12-4201] (GCC)
Host is x86_64-pc-linux-gnu
=== g++ tests ===
Running target myarm-sim
ERROR: (DejaGnu) proc "elseif {[string match "*(TIMED OUT)*" \$output]} {
FAIL: c-c++-common/auto-init-1.c -std=gnu++14 scan-tree-dump gimple "temp4 = .DEFERRED_INIT \\\\(4, 2, 0\\\\)"
FAIL: c-c++-common/auto-init-1.c -std=gnu++17 scan-tree-dump gimple "temp4 = .DEFERRED_INIT \\\\(4, 2, 0\\\\)"
FAIL: c-c++-common/auto-init-1.c -std=gnu++2a scan-tree-dump gimple "temp4 = .DEFERRED_INIT \\\\(4, 2, 0\\\\)"
FAIL: c-c++-common/auto-init-1.c -std=gnu++98 scan-tree-dump gimple "temp4 = .DEFERRED_INIT \\\\(4, 2, 0\\\\)"
FAIL: c-c++-common/auto-init-2.c -std=gnu++14 scan-tree-dump gimple "temp4 = .DEFERRED_INIT \\\\(4, 1, 0\\\\)"
FAIL: c-c++-common/auto-init-2.c -std=gnu++17 scan-tree-dump gimple "temp4 = .DEFERRED_INIT \\\\(4, 1, 0\\\\)"
FAIL: c-c++-common/auto-init-2.c -std=gnu++2a scan-tree-dump gimple "temp4 = .DEFERRED_INIT \\\\(4, 1, 0\\\\)"
FAIL: c-c++-common/auto-init-2.c -std=gnu++98 scan-tree-dump gimple "temp4 = .DEFERRED_INIT \\\\(4, 1, 0\\\\)"
FAIL: g++.dg/cpp2a/constexpr-dtor3.C -std=c++2a (test for warnings, line 154)
FAIL: g++.dg/init/array54.C -std=c++14 (test for excess errors)
UNRESOLVED: g++.dg/init/array54.C -std=c++14 compilation failed to produce executable
FAIL: g++.dg/init/array54.C -std=c++17 (test for excess errors)
UNRESOLVED: g++.dg/init/array54.C -std=c++17 compilation failed to produce executable
FAIL: g++.dg/init/array54.C -std=c++2a (test for excess errors)
UNRESOLVED: g++.dg/init/array54.C -std=c++2a compilation failed to produce executable
FAIL: g++.dg/ipa/devirt-28a.C -std=gnu++14 (test for excess errors)
FAIL: g++.dg/ipa/devirt-28a.C -std=gnu++17 (test for excess errors)
FAIL: g++.dg/ipa/devirt-28a.C -std=gnu++2a (test for excess errors)
FAIL: g++.dg/ipa/devirt-28a.C -std=gnu++98 (test for excess errors)
FAIL: g++.dg/opt/pr97315-1.C -std=gnu++14 (test for excess errors)
FAIL: g++.dg/opt/pr97315-1.C -std=gnu++17 (test for excess errors)
FAIL: g++.dg/opt/pr97315-1.C -std=gnu++2a (test for excess errors)
FAIL: g++.dg/opt/pr97315-1.C -std=gnu++98 (test for excess errors)
FAIL: g++.dg/warn/Waddress-5.C -std=gnu++14 (test for excess errors)
FAIL: g++.dg/warn/Waddress-5.C -std=gnu++17 (test for excess errors)
FAIL: g++.dg/warn/Waddress-5.C -std=gnu++2a (test for excess errors)
FAIL: g++.dg/warn/Waddress-5.C -std=gnu++98 (test for excess errors)
FAIL: g++.dg/warn/Wstringop-overflow-6.C -std=gnu++14 (test for excess errors)
FAIL: g++.dg/warn/Wstringop-overflow-6.C -std=gnu++17 (test for excess errors)
FAIL: g++.dg/warn/Wstringop-overflow-6.C -std=gnu++2a (test for excess errors)
XPASS: g++.dg/warn/pr33738.C -std=gnu++14 (test for warnings, line 18)
XPASS: g++.dg/warn/pr33738.C -std=gnu++14 (test for warnings, line 22)
XPASS: g++.dg/warn/pr33738.C -std=gnu++17 (test for warnings, line 18)
XPASS: g++.dg/warn/pr33738.C -std=gnu++17 (test for warnings, line 22)
XPASS: g++.dg/warn/pr33738.C -std=gnu++2a (test for warnings, line 18)
XPASS: g++.dg/warn/pr33738.C -std=gnu++2a (test for warnings, line 22)
XPASS: g++.dg/warn/pr33738.C -std=gnu++98 (test for warnings, line 18)
XPASS: g++.dg/warn/pr33738.C -std=gnu++98 (test for warnings, line 22)
FAIL: g++.dg/lto/pr65276 cp_lto_pr65276_0.o-cp_lto_pr65276_1.o link, -flto -O0 -std=c++11
FAIL: g++.dg/modules/bad-mapper-3.C -std=c++17 (test for errors, line )
FAIL: g++.dg/modules/bad-mapper-3.C -std=c++17 (test for excess errors)
FAIL: g++.dg/modules/bad-mapper-3.C -std=c++2a (test for errors, line )
FAIL: g++.dg/modules/bad-mapper-3.C -std=c++2a (test for excess errors)
FAIL: g++.dg/modules/bad-mapper-3.C -std=c++2b (test for errors, line )
FAIL: g++.dg/modules/bad-mapper-3.C -std=c++2b (test for excess errors)
FAIL: g++.dg/modules/virt-2_a.C -std=c++17 scan-assembler _ZTI7Visitor:
FAIL: g++.dg/modules/virt-2_a.C -std=c++17 scan-assembler _ZTS7Visitor:
FAIL: g++.dg/modules/virt-2_a.C -std=c++17 scan-assembler _ZTV7Visitor:
FAIL: g++.dg/modules/virt-2_a.C -std=c++2a scan-assembler _ZTI7Visitor:
FAIL: g++.dg/modules/virt-2_a.C -std=c++2a scan-assembler _ZTS7Visitor:
FAIL: g++.dg/modules/virt-2_a.C -std=c++2a scan-assembler _ZTV7Visitor:
FAIL: g++.dg/modules/virt-2_a.C -std=c++2b scan-assembler _ZTI7Visitor:
FAIL: g++.dg/modules/virt-2_a.C -std=c++2b scan-assembler _ZTS7Visitor:
FAIL: g++.dg/modules/virt-2_a.C -std=c++2b scan-assembler _ZTV7Visitor:
FAIL: g++.dg/modules/xtreme-header-3_a.H -std=c++17 (internal compiler error)
FAIL: g++.dg/modules/xtreme-header-3_a.H -std=c++17 (test for excess errors)
FAIL: g++.dg/modules/xtreme-header-3_a.H -std=c++2a (internal compiler error)
FAIL: g++.dg/modules/xtreme-header-3_a.H -std=c++2a (test for excess errors)
FAIL: g++.dg/modules/xtreme-header-3_a.H -std=c++2b (internal compiler error)
FAIL: g++.dg/modules/xtreme-header-3_a.H -std=c++2b (test for excess errors)
FAIL: g++.dg/modules/xtreme-header-3_a.H module-cmi (gcm.cache/\$srcdir/g++.dg/modules/xtreme-header-3_a.H.gcm)
FAIL: g++.dg/modules/xtreme-header-3_a.H module-cmi (gcm.cache/\$srcdir/g++.dg/modules/xtreme-header-3_a.H.gcm)
FAIL: g++.dg/modules/xtreme-header-3_a.H module-cmi (gcm.cache/\$srcdir/g++.dg/modules/xtreme-header-3_a.H.gcm)
FAIL: g++.dg/modules/xtreme-header-3_b.C -std=c++17 (test for excess errors)
FAIL: g++.dg/modules/xtreme-header-3_b.C -std=c++2a (test for excess errors)
FAIL: g++.dg/modules/xtreme-header-3_b.C -std=c++2b (test for excess errors)
FAIL: g++.dg/modules/xtreme-header-3_c.C -std=c++17 (test for excess errors)
FAIL: g++.dg/modules/xtreme-header-3_c.C -std=c++2a (test for excess errors)
FAIL: g++.dg/modules/xtreme-header-3_c.C -std=c++2b (test for excess errors)
FAIL: g++.dg/modules/xtreme-header_a.H -std=c++17 (internal compiler error)
FAIL: g++.dg/modules/xtreme-header_a.H -std=c++17 (test for excess errors)
FAIL: g++.dg/modules/xtreme-header_a.H -std=c++2a (internal compiler error)
FAIL: g++.dg/modules/xtreme-header_a.H -std=c++2a (test for excess errors)
FAIL: g++.dg/modules/xtreme-header_a.H -std=c++2b (internal compiler error)
FAIL: g++.dg/modules/xtreme-header_a.H -std=c++2b (test for excess errors)
FAIL: g++.dg/modules/xtreme-header_a.H module-cmi (gcm.cache/\$srcdir/g++.dg/modules/xtreme-header_a.H.gcm)
FAIL: g++.dg/modules/xtreme-header_a.H module-cmi (gcm.cache/\$srcdir/g++.dg/modules/xtreme-header_a.H.gcm)
FAIL: g++.dg/modules/xtreme-header_a.H module-cmi (gcm.cache/\$srcdir/g++.dg/modules/xtreme-header_a.H.gcm)
FAIL: g++.dg/modules/xtreme-header_b.C -std=c++17 (test for excess errors)
FAIL: g++.dg/modules/xtreme-header_b.C -std=c++2a (test for excess errors)
FAIL: g++.dg/modules/xtreme-header_b.C -std=c++2b (test for excess errors)
ERROR: (DejaGnu) proc "elseif {[string match "*(TIMED OUT)*" \$output]} {
XPASS: g++.dg/torture/pr101373.C -O0 execution test
XPASS: g++.dg/torture/pr101373.C -O1 execution test
XPASS: g++.dg/torture/pr101373.C -O2 execution test
XPASS: g++.dg/torture/pr101373.C -O2 -flto -fno-use-linker-plugin -flto-partition=none execution test
XPASS: g++.dg/torture/pr101373.C -O2 -flto -fuse-linker-plugin -fno-fat-lto-objects execution test
XPASS: g++.dg/torture/pr101373.C -O3 -g execution test
XPASS: g++.dg/torture/pr101373.C -Os execution test
XPASS: g++.dg/vect/slp-pr98855.cc -std=c++14 scan-tree-dump-times slp1 "not vectorized: vectorization is not profitable" 2
XPASS: g++.dg/vect/slp-pr98855.cc -std=c++17 scan-tree-dump-times slp1 "not vectorized: vectorization is not profitable" 2
XPASS: g++.dg/vect/slp-pr98855.cc -std=c++2a scan-tree-dump-times slp1 "not vectorized: vectorization is not profitable" 2
XPASS: g++.dg/vect/slp-pr98855.cc -std=c++98 scan-tree-dump-times slp1 "not vectorized: vectorization is not profitable" 2
XPASS: g++.target/arm/bfloat_cpp_typecheck.C (test for bogus messages, line 10)
XPASS: g++.target/arm/bfloat_cpp_typecheck.C (test for bogus messages, line 11)
FAIL: g++.target/arm/no_unique_address_1.C check-function-bodies _Z8caller_pR1P
FAIL: g++.target/arm/no_unique_address_2.C (test for warnings, line 163)
FAIL: g++.target/arm/no_unique_address_2.C check-function-bodies _Z8caller_pR1P
=== g++ Summary ===
# of DejaGnu errors 2
# of expected passes 186210
# of unexpected failures 73
# of unexpected successes 21
# of expected failures 803
# of unresolved testcases 3
# of unsupported tests 9959
/tmp/7775429_29.tmpdir/aci-gcc-fsf/builds/gcc-fsf-gccsrc/obj-arm-none-eabi/gcc3/gcc/xg++ version 12.0.0 (DEFMODE=default DEFARCH=default DEFCPU=default DEFFPU=default TESTFLAGS=) [r12-4201] (GCC)
Compiler version: 12.0.0 (DEFMODE=default DEFARCH=default DEFCPU=default DEFFPU=default TESTFLAGS=) [r12-4201] (GCC)
Platform: arm-none-eabi
configure flags: --target=arm-none-eabi --prefix=/tmp/7775429_29.tmpdir/aci-gcc-fsf/builds/gcc-fsf-gccsrc/tools --with-sysroot=/tmp/7775429_29.tmpdir/aci-gcc-fsf/builds/gcc-fsf-gccsrc/sysroot-arm-none-eabi --disable-nls --disable-libgomp --disable-libmudflap --disable-libcilkrts --enable-checking --enable-languages=c,c++ --with-newlib --disable-tls --enable-multilib --with-multilib-list=aprofile,rmprofile
More information about the Gcc-testresults
mailing list