Results for 12.0.0 (DEFMODE=arm DEFARCH=default DEFCPU=arm10tdmi DEFFPU=vfp TESTFLAGS=) [r12-4201] (GCC) testsuite on arm-none-linux-gnueabihf
Christophe LYON
christophe.lyon@foss.st.com
Wed Oct 6 02:05:36 GMT 2021
LAST_UPDATED: Wed Oct 6 00:31:57 UTC 2021 (revision r12-4201-gbb6194e0b44a8262d8de304be3bd3ee65187772a) TARGET=arm-none-linux-gnueabihf ARCH=default CPU=arm10tdmi FPU=vfp MODE=arm
Target is arm-none-linux-gnueabihf
Host is arm-none-linux-gnueabihf
=== libatomic tests ===
Running target qemu
=== libatomic Summary ===
# of expected passes 44
# of unsupported tests 5
Host is arm-none-linux-gnueabihf
=== libitm tests ===
Running target qemu
FAIL: libitm.c/alloc-1.c (test for excess errors)
UNRESOLVED: libitm.c/alloc-1.c compilation failed to produce executable
FAIL: libitm.c/cancel.c (test for excess errors)
UNRESOLVED: libitm.c/cancel.c compilation failed to produce executable
FAIL: libitm.c/clone-1.c (test for excess errors)
UNRESOLVED: libitm.c/clone-1.c compilation failed to produce executable
FAIL: libitm.c/dropref-2.c (test for excess errors)
UNRESOLVED: libitm.c/dropref-2.c compilation failed to produce executable
FAIL: libitm.c/dropref.c (test for excess errors)
UNRESOLVED: libitm.c/dropref.c compilation failed to produce executable
FAIL: libitm.c/memcpy-1.c (test for excess errors)
UNRESOLVED: libitm.c/memcpy-1.c compilation failed to produce executable
FAIL: libitm.c/memset-1.c (test for excess errors)
UNRESOLVED: libitm.c/memset-1.c compilation failed to produce executable
FAIL: libitm.c/notx.c (test for excess errors)
UNRESOLVED: libitm.c/notx.c compilation failed to produce executable
FAIL: libitm.c/priv-1.c (test for excess errors)
UNRESOLVED: libitm.c/priv-1.c compilation failed to produce executable
FAIL: libitm.c/reentrant.c (test for excess errors)
UNRESOLVED: libitm.c/reentrant.c compilation failed to produce executable
FAIL: libitm.c/simple-1.c (test for excess errors)
UNRESOLVED: libitm.c/simple-1.c compilation failed to produce executable
FAIL: libitm.c/simple-2.c (test for excess errors)
UNRESOLVED: libitm.c/simple-2.c compilation failed to produce executable
FAIL: libitm.c/stackundo.c (test for excess errors)
UNRESOLVED: libitm.c/stackundo.c compilation failed to produce executable
FAIL: libitm.c/txrelease.c (test for excess errors)
UNRESOLVED: libitm.c/txrelease.c compilation failed to produce executable
FAIL: libitm.c++/dropref.C (test for excess errors)
UNRESOLVED: libitm.c++/dropref.C compilation failed to produce executable
FAIL: libitm.c++/eh-1.C (test for excess errors)
UNRESOLVED: libitm.c++/eh-1.C compilation failed to produce executable
FAIL: libitm.c++/eh-2.C (test for excess errors)
UNRESOLVED: libitm.c++/eh-2.C compilation failed to produce executable
FAIL: libitm.c++/eh-3.C (test for excess errors)
UNRESOLVED: libitm.c++/eh-3.C compilation failed to produce executable
FAIL: libitm.c++/eh-4.C (test for excess errors)
UNRESOLVED: libitm.c++/eh-4.C compilation failed to produce executable
FAIL: libitm.c++/eh-5.C (test for excess errors)
UNRESOLVED: libitm.c++/eh-5.C compilation failed to produce executable
FAIL: libitm.c++/libstdc++-pr91488.C (test for excess errors)
UNRESOLVED: libitm.c++/libstdc++-pr91488.C compilation failed to produce executable
FAIL: libitm.c++/libstdc++-safeexc.C (test for excess errors)
UNRESOLVED: libitm.c++/libstdc++-safeexc.C compilation failed to produce executable
FAIL: libitm.c++/newdelete.C (test for excess errors)
UNRESOLVED: libitm.c++/newdelete.C compilation failed to produce executable
=== libitm Summary ===
# of expected passes 1
# of unexpected failures 23
# of unresolved testcases 23
# of unsupported tests 1
Host is arm-none-linux-gnueabihf
=== libstdc++ tests ===
Running target qemu
ERROR: (DejaGnu) proc "elseif {[string match "*(TIMED OUT)*" \$output]} {
ERROR: (DejaGnu) proc "elseif {[string match "*(TIMED OUT)*" \$output]} {
=== libstdc++ Summary ===
# of DejaGnu errors 2
# of expected passes 3365
# of expected failures 1
# of unsupported tests 25
Host is x86_64-pc-linux-gnu
=== gcc tests ===
Running target qemu
ERROR: (DejaGnu) proc "elseif {[string match "*(TIMED OUT)*" \$output]} {
XPASS: gcc.dg/Wstringop-overflow-68.c pr101475 (test for warnings, line 61)
XPASS: gcc.dg/Wstringop-overflow-68.c pr101475 (test for warnings, line 62)
XPASS: gcc.dg/Wstringop-overflow-68.c pr101475 (test for warnings, line 63)
XPASS: gcc.dg/Wstringop-overflow-68.c pr101475 (test for warnings, line 64)
XPASS: gcc.dg/Wstringop-overflow-68.c pr101475 (test for warnings, line 65)
FAIL: gcc.dg/ira-shrinkwrap-prep-1.c scan-rtl-dump pro_and_epilogue "Performing shrink-wrapping"
FAIL: gcc.dg/fixed-point/composite-type.c (test for excess errors)
FAIL: c-c++-common/gomp/atomic-29.c scan-tree-dump-times ompexp ".ATOMIC_COMPARE_EXCHANGE \\\\([^\\n\\r]*, 264, 5, 0\\\\);" 1
FAIL: c-c++-common/gomp/atomic-29.c scan-tree-dump-times ompexp ".ATOMIC_COMPARE_EXCHANGE \\\\([^\\n\\r]*, 8, 0, 0\\\\);" 1
FAIL: c-c++-common/gomp/atomic-29.c scan-tree-dump-times ompexp ".ATOMIC_COMPARE_EXCHANGE \\\\([^\\n\\r]*, 8, 4, 2\\\\);" 1
FAIL: c-c++-common/gomp/atomic-29.c scan-tree-dump-times ompexp ".ATOMIC_COMPARE_EXCHANGE \\\\([^\\n\\r]*, 8, 5, 5\\\\);" 1
WARNING: gcc.dg/ipa/20040703-wpa.c (test for excess errors) program timed out.
WARNING: gcc.dg/special/weak-2.c (test for excess errors) program timed out.
FAIL: gcc.dg/tree-prof/20050826-2.c scan-tree-dump-not dom2 "Invalid sum"
FAIL: gcc.dg/vect/complex/bb-slp-complex-add-pattern-long.c -flto -ffat-lto-objects scan-tree-dump-times slp1 "stmt.*COMPLEX_ADD_ROT270" 1
FAIL: gcc.dg/vect/complex/bb-slp-complex-add-pattern-long.c -flto -ffat-lto-objects scan-tree-dump-times slp1 "stmt.*COMPLEX_ADD_ROT90" 1
FAIL: gcc.dg/vect/complex/bb-slp-complex-add-pattern-long.c scan-tree-dump-times slp1 "stmt.*COMPLEX_ADD_ROT270" 1
FAIL: gcc.dg/vect/complex/bb-slp-complex-add-pattern-long.c scan-tree-dump-times slp1 "stmt.*COMPLEX_ADD_ROT90" 1
FAIL: gcc.dg/vect/complex/vect-complex-add-pattern-long.c -flto -ffat-lto-objects scan-tree-dump-times vect "stmt.*COMPLEX_ADD_ROT270" 1
FAIL: gcc.dg/vect/complex/vect-complex-add-pattern-long.c -flto -ffat-lto-objects scan-tree-dump-times vect "stmt.*COMPLEX_ADD_ROT90" 1
FAIL: gcc.dg/vect/complex/vect-complex-add-pattern-long.c scan-tree-dump-times vect "stmt.*COMPLEX_ADD_ROT270" 1
FAIL: gcc.dg/vect/complex/vect-complex-add-pattern-long.c scan-tree-dump-times vect "stmt.*COMPLEX_ADD_ROT90" 1
FAIL: gcc.dg/vect/complex/vect-complex-add-pattern-unsigned-long.c -flto -ffat-lto-objects scan-tree-dump-times vect "stmt.*COMPLEX_ADD_ROT270" 1
FAIL: gcc.dg/vect/complex/vect-complex-add-pattern-unsigned-long.c -flto -ffat-lto-objects scan-tree-dump-times vect "stmt.*COMPLEX_ADD_ROT90" 1
FAIL: gcc.dg/vect/complex/vect-complex-add-pattern-unsigned-long.c scan-tree-dump-times vect "stmt.*COMPLEX_ADD_ROT270" 1
FAIL: gcc.dg/vect/complex/vect-complex-add-pattern-unsigned-long.c scan-tree-dump-times vect "stmt.*COMPLEX_ADD_ROT90" 1
ERROR: (DejaGnu) proc "elseif {[string match "*(TIMED OUT)*" \$output]} {
ERROR: (DejaGnu) proc "elseif {[string match "*(TIMED OUT)*" \$output]} {
ERROR: (DejaGnu) proc "elseif {[string match "*(TIMED OUT)*" \$output]} {
ERROR: (DejaGnu) proc "elseif {[string match "*(TIMED OUT)*" \$output]} {
ERROR: (DejaGnu) proc "elseif {[string match "*(TIMED OUT)*" \$output]} {
FAIL: gcc.dg/vect/pr97428.c scan-tree-dump vect "Detected interleaving load of size 8"
FAIL: gcc.dg/vect/pr97428.c scan-tree-dump vect "Detected interleaving store of size 16"
XPASS: gcc.dg/vect/vect-cond-1.c scan-tree-dump-times vect "OUTER LOOP VECTORIZED" 1
=== gcc Summary ===
# of DejaGnu errors 6
# of expected passes 124685
# of unexpected failures 21
# of unexpected successes 6
# of expected failures 815
# of unsupported tests 2859
/tmp/7775407_14.tmpdir/aci-gcc-fsf/builds/gcc-fsf-gccsrc/obj-arm-none-linux-gnueabihf/gcc3/gcc/xgcc version 12.0.0 (DEFMODE=arm DEFARCH=default DEFCPU=arm10tdmi DEFFPU=vfp TESTFLAGS=) [r12-4201] (GCC)
Host is x86_64-pc-linux-gnu
=== gfortran tests ===
Running target qemu
ERROR: (DejaGnu) proc "elseif {[string match "*(TIMED OUT)*" \$output]} {
=== gfortran Summary ===
# of DejaGnu errors 1
# of expected passes 16
/tmp/7775407_14.tmpdir/aci-gcc-fsf/builds/gcc-fsf-gccsrc/obj-arm-none-linux-gnueabihf/gcc3/gcc/gfortran version 12.0.0 (DEFMODE=arm DEFARCH=default DEFCPU=arm10tdmi DEFFPU=vfp TESTFLAGS=) [r12-4201] (GCC)
Host is x86_64-pc-linux-gnu
=== g++ tests ===
Running target qemu
ERROR: (DejaGnu) proc "elseif {[string match "*(TIMED OUT)*" \$output]} {
FAIL: g++.dg/cpp2a/constexpr-dtor3.C -std=c++2a (test for warnings, line 154)
FAIL: g++.dg/inherit/thunk10.C -std=gnu++14 (test for excess errors)
UNRESOLVED: g++.dg/inherit/thunk10.C -std=gnu++14 compilation failed to produce executable
FAIL: g++.dg/inherit/thunk10.C -std=gnu++17 (test for excess errors)
UNRESOLVED: g++.dg/inherit/thunk10.C -std=gnu++17 compilation failed to produce executable
FAIL: g++.dg/inherit/thunk10.C -std=gnu++2a (test for excess errors)
UNRESOLVED: g++.dg/inherit/thunk10.C -std=gnu++2a compilation failed to produce executable
FAIL: g++.dg/inherit/thunk10.C -std=gnu++98 (test for excess errors)
UNRESOLVED: g++.dg/inherit/thunk10.C -std=gnu++98 compilation failed to produce executable
FAIL: g++.dg/warn/Waddress-5.C -std=gnu++14 (test for excess errors)
FAIL: g++.dg/warn/Waddress-5.C -std=gnu++17 (test for excess errors)
FAIL: g++.dg/warn/Waddress-5.C -std=gnu++2a (test for excess errors)
FAIL: g++.dg/warn/Waddress-5.C -std=gnu++98 (test for excess errors)
FAIL: c-c++-common/gomp/atomic-29.c -std=c++14 scan-tree-dump-times ompexp ".ATOMIC_COMPARE_EXCHANGE \\\\([^\\n\\r]*, 264, 5, 0\\\\);" 1
FAIL: c-c++-common/gomp/atomic-29.c -std=c++14 scan-tree-dump-times ompexp ".ATOMIC_COMPARE_EXCHANGE \\\\([^\\n\\r]*, 8, 0, 0\\\\);" 1
FAIL: c-c++-common/gomp/atomic-29.c -std=c++14 scan-tree-dump-times ompexp ".ATOMIC_COMPARE_EXCHANGE \\\\([^\\n\\r]*, 8, 4, 2\\\\);" 1
FAIL: c-c++-common/gomp/atomic-29.c -std=c++14 scan-tree-dump-times ompexp ".ATOMIC_COMPARE_EXCHANGE \\\\([^\\n\\r]*, 8, 5, 5\\\\);" 1
FAIL: c-c++-common/gomp/atomic-29.c -std=c++17 scan-tree-dump-times ompexp ".ATOMIC_COMPARE_EXCHANGE \\\\([^\\n\\r]*, 264, 5, 0\\\\);" 1
FAIL: c-c++-common/gomp/atomic-29.c -std=c++17 scan-tree-dump-times ompexp ".ATOMIC_COMPARE_EXCHANGE \\\\([^\\n\\r]*, 8, 0, 0\\\\);" 1
FAIL: c-c++-common/gomp/atomic-29.c -std=c++17 scan-tree-dump-times ompexp ".ATOMIC_COMPARE_EXCHANGE \\\\([^\\n\\r]*, 8, 4, 2\\\\);" 1
FAIL: c-c++-common/gomp/atomic-29.c -std=c++17 scan-tree-dump-times ompexp ".ATOMIC_COMPARE_EXCHANGE \\\\([^\\n\\r]*, 8, 5, 5\\\\);" 1
FAIL: c-c++-common/gomp/atomic-29.c -std=c++2a scan-tree-dump-times ompexp ".ATOMIC_COMPARE_EXCHANGE \\\\([^\\n\\r]*, 264, 5, 0\\\\);" 1
FAIL: c-c++-common/gomp/atomic-29.c -std=c++2a scan-tree-dump-times ompexp ".ATOMIC_COMPARE_EXCHANGE \\\\([^\\n\\r]*, 8, 0, 0\\\\);" 1
FAIL: c-c++-common/gomp/atomic-29.c -std=c++2a scan-tree-dump-times ompexp ".ATOMIC_COMPARE_EXCHANGE \\\\([^\\n\\r]*, 8, 4, 2\\\\);" 1
FAIL: c-c++-common/gomp/atomic-29.c -std=c++2a scan-tree-dump-times ompexp ".ATOMIC_COMPARE_EXCHANGE \\\\([^\\n\\r]*, 8, 5, 5\\\\);" 1
FAIL: c-c++-common/gomp/atomic-29.c -std=c++98 scan-tree-dump-times ompexp ".ATOMIC_COMPARE_EXCHANGE \\\\([^\\n\\r]*, 264, 5, 0\\\\);" 1
FAIL: c-c++-common/gomp/atomic-29.c -std=c++98 scan-tree-dump-times ompexp ".ATOMIC_COMPARE_EXCHANGE \\\\([^\\n\\r]*, 8, 0, 0\\\\);" 1
FAIL: c-c++-common/gomp/atomic-29.c -std=c++98 scan-tree-dump-times ompexp ".ATOMIC_COMPARE_EXCHANGE \\\\([^\\n\\r]*, 8, 4, 2\\\\);" 1
FAIL: c-c++-common/gomp/atomic-29.c -std=c++98 scan-tree-dump-times ompexp ".ATOMIC_COMPARE_EXCHANGE \\\\([^\\n\\r]*, 8, 5, 5\\\\);" 1
WARNING: g++.dg/lto/20080709 cp_lto_20080709_0.o assemble, -O0 -flto -flto-partition=none -fuse-linker-plugin program timed out.
FAIL: g++.dg/lto/pr65276 cp_lto_pr65276_0.o-cp_lto_pr65276_1.o link, -flto -O0 -std=c++11
FAIL: g++.dg/modules/bad-mapper-3.C -std=c++17 (test for errors, line )
FAIL: g++.dg/modules/bad-mapper-3.C -std=c++17 (test for excess errors)
FAIL: g++.dg/modules/bad-mapper-3.C -std=c++2a (test for errors, line )
FAIL: g++.dg/modules/bad-mapper-3.C -std=c++2a (test for excess errors)
FAIL: g++.dg/modules/bad-mapper-3.C -std=c++2b (test for errors, line )
FAIL: g++.dg/modules/bad-mapper-3.C -std=c++2b (test for excess errors)
WARNING: g++.dg/modules/friend-1_a.C -std=c++17 (test for excess errors) program timed out.
FAIL: g++.dg/modules/virt-2_a.C -std=c++17 scan-assembler _ZTI7Visitor:
FAIL: g++.dg/modules/virt-2_a.C -std=c++17 scan-assembler _ZTS7Visitor:
FAIL: g++.dg/modules/virt-2_a.C -std=c++17 scan-assembler _ZTV7Visitor:
FAIL: g++.dg/modules/virt-2_a.C -std=c++2a scan-assembler _ZTI7Visitor:
FAIL: g++.dg/modules/virt-2_a.C -std=c++2a scan-assembler _ZTS7Visitor:
FAIL: g++.dg/modules/virt-2_a.C -std=c++2a scan-assembler _ZTV7Visitor:
FAIL: g++.dg/modules/virt-2_a.C -std=c++2b scan-assembler _ZTI7Visitor:
FAIL: g++.dg/modules/virt-2_a.C -std=c++2b scan-assembler _ZTS7Visitor:
FAIL: g++.dg/modules/virt-2_a.C -std=c++2b scan-assembler _ZTV7Visitor:
FAIL: g++.dg/modules/xtreme-header-3_a.H -std=c++17 (internal compiler error)
FAIL: g++.dg/modules/xtreme-header-3_a.H -std=c++17 (test for excess errors)
FAIL: g++.dg/modules/xtreme-header-3_a.H -std=c++2a (internal compiler error)
FAIL: g++.dg/modules/xtreme-header-3_a.H -std=c++2a (test for excess errors)
FAIL: g++.dg/modules/xtreme-header-3_a.H -std=c++2b (internal compiler error)
FAIL: g++.dg/modules/xtreme-header-3_a.H -std=c++2b (test for excess errors)
FAIL: g++.dg/modules/xtreme-header-3_a.H module-cmi (gcm.cache/\$srcdir/g++.dg/modules/xtreme-header-3_a.H.gcm)
FAIL: g++.dg/modules/xtreme-header-3_a.H module-cmi (gcm.cache/\$srcdir/g++.dg/modules/xtreme-header-3_a.H.gcm)
FAIL: g++.dg/modules/xtreme-header-3_a.H module-cmi (gcm.cache/\$srcdir/g++.dg/modules/xtreme-header-3_a.H.gcm)
FAIL: g++.dg/modules/xtreme-header-3_b.C -std=c++17 (test for excess errors)
FAIL: g++.dg/modules/xtreme-header-3_b.C -std=c++2a (test for excess errors)
FAIL: g++.dg/modules/xtreme-header-3_b.C -std=c++2b (test for excess errors)
FAIL: g++.dg/modules/xtreme-header-3_c.C -std=c++17 (test for excess errors)
FAIL: g++.dg/modules/xtreme-header-3_c.C -std=c++2a (test for excess errors)
FAIL: g++.dg/modules/xtreme-header-3_c.C -std=c++2b (test for excess errors)
FAIL: g++.dg/modules/xtreme-header_a.H -std=c++17 (internal compiler error)
FAIL: g++.dg/modules/xtreme-header_a.H -std=c++17 (test for excess errors)
FAIL: g++.dg/modules/xtreme-header_a.H -std=c++2a (internal compiler error)
FAIL: g++.dg/modules/xtreme-header_a.H -std=c++2a (test for excess errors)
FAIL: g++.dg/modules/xtreme-header_a.H -std=c++2b (internal compiler error)
FAIL: g++.dg/modules/xtreme-header_a.H -std=c++2b (test for excess errors)
FAIL: g++.dg/modules/xtreme-header_a.H module-cmi (gcm.cache/\$srcdir/g++.dg/modules/xtreme-header_a.H.gcm)
FAIL: g++.dg/modules/xtreme-header_a.H module-cmi (gcm.cache/\$srcdir/g++.dg/modules/xtreme-header_a.H.gcm)
FAIL: g++.dg/modules/xtreme-header_a.H module-cmi (gcm.cache/\$srcdir/g++.dg/modules/xtreme-header_a.H.gcm)
FAIL: g++.dg/modules/xtreme-header_b.C -std=c++17 (test for excess errors)
FAIL: g++.dg/modules/xtreme-header_b.C -std=c++2a (test for excess errors)
FAIL: g++.dg/modules/xtreme-header_b.C -std=c++2b (test for excess errors)
ERROR: (DejaGnu) proc "elseif {[string match "*(TIMED OUT)*" \$output]} {
FAIL: g++.dg/vect/pr95401.cc -std=c++14 (test for excess errors)
FAIL: g++.dg/vect/pr95401.cc -std=c++17 (test for excess errors)
FAIL: g++.dg/vect/pr95401.cc -std=c++2a (test for excess errors)
FAIL: g++.dg/vect/pr95401.cc -std=c++98 (test for excess errors)
XPASS: g++.dg/vect/slp-pr98855.cc -std=c++14 scan-tree-dump-times slp1 "not vectorized: vectorization is not profitable" 2
XPASS: g++.dg/vect/slp-pr98855.cc -std=c++17 scan-tree-dump-times slp1 "not vectorized: vectorization is not profitable" 2
XPASS: g++.dg/vect/slp-pr98855.cc -std=c++2a scan-tree-dump-times slp1 "not vectorized: vectorization is not profitable" 2
XPASS: g++.dg/vect/slp-pr98855.cc -std=c++98 scan-tree-dump-times slp1 "not vectorized: vectorization is not profitable" 2
XPASS: g++.target/arm/bfloat_cpp_typecheck.C (test for bogus messages, line 10)
XPASS: g++.target/arm/bfloat_cpp_typecheck.C (test for bogus messages, line 11)
FAIL: g++.target/arm/no_unique_address_1.C check-function-bodies _Z8caller_pR1P
FAIL: g++.target/arm/no_unique_address_2.C (test for warnings, line 163)
FAIL: g++.target/arm/no_unique_address_2.C check-function-bodies _Z8caller_pR1P
=== g++ Summary ===
# of DejaGnu errors 2
# of expected passes 216479
# of unexpected failures 75
# of unexpected successes 6
# of expected failures 1347
# of unresolved testcases 4
# of unsupported tests 9781
/tmp/7775407_14.tmpdir/aci-gcc-fsf/builds/gcc-fsf-gccsrc/obj-arm-none-linux-gnueabihf/gcc3/gcc/xg++ version 12.0.0 (DEFMODE=arm DEFARCH=default DEFCPU=arm10tdmi DEFFPU=vfp TESTFLAGS=) [r12-4201] (GCC)
Compiler version: 12.0.0 (DEFMODE=arm DEFARCH=default DEFCPU=arm10tdmi DEFFPU=vfp TESTFLAGS=) [r12-4201] (GCC)
Platform: arm-none-linux-gnueabihf
configure flags: --target=arm-none-linux-gnueabihf --prefix=/tmp/7775407_14.tmpdir/aci-gcc-fsf/builds/gcc-fsf-gccsrc/tools --with-sysroot=/tmp/7775407_14.tmpdir/aci-gcc-fsf/builds/gcc-fsf-gccsrc/sysroot-arm-none-linux-gnueabihf --disable-nls --disable-libgomp --disable-libmudflap --disable-libcilkrts --enable-checking --enable-languages=c,c++,fortran --with-float=hard --enable-build-with-cxx --with-mode=arm --with-cpu=arm10tdmi --with-fpu=vfp
More information about the Gcc-testresults
mailing list