Results for 12.0.0 20211002 (experimental) [src r12-4094-gd7705b0ada9] (GCC) testsuite on powerpc-ibm-aix7.2.3.0
David Edelsohn
edelsohn@p980aix1.watson.ibm.com
Sun Oct 3 16:28:12 GMT 2021
LAST_UPDATED: Sat Oct 2 18:25:04 UTC 2021 (revision r12-4094-gd7705b0ada9)
Native configuration is powerpc-ibm-aix7.2.3.0
=== g++ tests ===
Running target unix
FAIL: g++.dg/compat/eh/new1 cp_compat_x_tst.o-cp_compat_y_tst.o execute
XPASS: g++.dg/debug/pr56294.C -gdwarf-2 (test for excess errors)
XPASS: g++.dg/debug/pr56294.C -gdwarf-2 -g1 (test for excess errors)
XPASS: g++.dg/debug/pr56294.C -gdwarf-2 -g3 (test for excess errors)
XPASS: g++.dg/debug/pr56294.C -gxcoff (test for excess errors)
XPASS: g++.dg/debug/pr56294.C -gxcoff+ (test for excess errors)
XPASS: g++.dg/debug/pr56294.C -gxcoff+1 (test for excess errors)
XPASS: g++.dg/debug/pr56294.C -gxcoff+3 (test for excess errors)
XPASS: g++.dg/debug/pr56294.C -gxcoff1 (test for excess errors)
XPASS: g++.dg/debug/pr56294.C -gxcoff3 (test for excess errors)
XPASS: g++.dg/debug/pr56819.C -gdwarf-2 (test for excess errors)
XPASS: g++.dg/debug/pr56819.C -gdwarf-2 -g1 (test for excess errors)
XPASS: g++.dg/debug/pr56819.C -gdwarf-2 -g3 (test for excess errors)
XPASS: g++.dg/debug/pr56819.C -gxcoff (test for excess errors)
XPASS: g++.dg/debug/pr56819.C -gxcoff+ (test for excess errors)
XPASS: g++.dg/debug/pr56819.C -gxcoff+1 (test for excess errors)
XPASS: g++.dg/debug/pr56819.C -gxcoff+3 (test for excess errors)
XPASS: g++.dg/debug/pr56819.C -gxcoff1 (test for excess errors)
XPASS: g++.dg/debug/pr56819.C -gxcoff3 (test for excess errors)
XPASS: g++.dg/debug/dwarf2/constexpr-var-1.C scan-assembler-times DW_AT_const_expr 2
XPASS: g++.dg/debug/dwarf2/deleted-member-function.C scan-assembler-times DW_AT_deleted 2
FAIL: c-c++-common/attr-opt-1.c -std=c++14 (test for excess errors)
FAIL: c-c++-common/attr-opt-1.c -std=c++17 (test for excess errors)
FAIL: c-c++-common/attr-opt-1.c -std=c++2a (test for excess errors)
FAIL: c-c++-common/attr-opt-1.c -std=c++98 (test for excess errors)
FAIL: c-c++-common/attributes-3.c -std=c++14 (test for excess errors)
FAIL: c-c++-common/attributes-3.c -std=c++17 (test for excess errors)
FAIL: c-c++-common/attributes-3.c -std=c++2a (test for excess errors)
FAIL: c-c++-common/attributes-3.c -std=c++98 (test for excess errors)
FAIL: c-c++-common/pr84293.c -std=c++14 (test for excess errors)
FAIL: c-c++-common/pr84293.c -std=c++17 (test for excess errors)
FAIL: c-c++-common/pr84293.c -std=c++2a (test for excess errors)
FAIL: c-c++-common/pr84293.c -std=c++98 (test for excess errors)
FAIL: g++.dg/cpp2a/nontype-float1.C -std=c++2a (test for excess errors)
XPASS: g++.dg/eh/new1.C -std=c++98 execution test
FAIL: g++.dg/ext/attr-access.C -std=gnu++14 (test for warnings, line 103)
FAIL: g++.dg/ext/attr-access.C -std=gnu++14 (test for warnings, line 104)
FAIL: g++.dg/ext/attr-access.C -std=gnu++14 (test for warnings, line 107)
FAIL: g++.dg/ext/attr-access.C -std=gnu++14 (test for warnings, line 108)
FAIL: g++.dg/ext/attr-access.C -std=gnu++14 (test for warnings, line 36)
FAIL: g++.dg/ext/attr-access.C -std=gnu++14 (test for warnings, line 37)
FAIL: g++.dg/ext/attr-access.C -std=gnu++14 (test for warnings, line 45)
FAIL: g++.dg/ext/attr-access.C -std=gnu++14 (test for warnings, line 46)
FAIL: g++.dg/ext/attr-access.C -std=gnu++14 (test for warnings, line 54)
FAIL: g++.dg/ext/attr-access.C -std=gnu++14 (test for warnings, line 55)
FAIL: g++.dg/ext/attr-access.C -std=gnu++14 (test for warnings, line 71)
FAIL: g++.dg/ext/attr-access.C -std=gnu++14 (test for warnings, line 72)
FAIL: g++.dg/ext/attr-access.C -std=gnu++14 (test for warnings, line 75)
FAIL: g++.dg/ext/attr-access.C -std=gnu++14 (test for warnings, line 76)
FAIL: g++.dg/ext/attr-access.C -std=gnu++14 (test for warnings, line 87)
FAIL: g++.dg/ext/attr-access.C -std=gnu++14 (test for warnings, line 88)
FAIL: g++.dg/ext/attr-access.C -std=gnu++14 (test for warnings, line 91)
FAIL: g++.dg/ext/attr-access.C -std=gnu++14 (test for warnings, line 92)
FAIL: g++.dg/ext/attr-access.C -std=gnu++14 (test for excess errors)
FAIL: g++.dg/ext/attr-access.C -std=gnu++17 (test for warnings, line 103)
FAIL: g++.dg/ext/attr-access.C -std=gnu++17 (test for warnings, line 104)
FAIL: g++.dg/ext/attr-access.C -std=gnu++17 (test for warnings, line 107)
FAIL: g++.dg/ext/attr-access.C -std=gnu++17 (test for warnings, line 108)
FAIL: g++.dg/ext/attr-access.C -std=gnu++17 (test for warnings, line 36)
FAIL: g++.dg/ext/attr-access.C -std=gnu++17 (test for warnings, line 37)
FAIL: g++.dg/ext/attr-access.C -std=gnu++17 (test for warnings, line 45)
FAIL: g++.dg/ext/attr-access.C -std=gnu++17 (test for warnings, line 46)
FAIL: g++.dg/ext/attr-access.C -std=gnu++17 (test for warnings, line 54)
FAIL: g++.dg/ext/attr-access.C -std=gnu++17 (test for warnings, line 55)
FAIL: g++.dg/ext/attr-access.C -std=gnu++17 (test for warnings, line 71)
FAIL: g++.dg/ext/attr-access.C -std=gnu++17 (test for warnings, line 72)
FAIL: g++.dg/ext/attr-access.C -std=gnu++17 (test for warnings, line 75)
FAIL: g++.dg/ext/attr-access.C -std=gnu++17 (test for warnings, line 76)
FAIL: g++.dg/ext/attr-access.C -std=gnu++17 (test for warnings, line 87)
FAIL: g++.dg/ext/attr-access.C -std=gnu++17 (test for warnings, line 88)
FAIL: g++.dg/ext/attr-access.C -std=gnu++17 (test for warnings, line 91)
FAIL: g++.dg/ext/attr-access.C -std=gnu++17 (test for warnings, line 92)
FAIL: g++.dg/ext/attr-access.C -std=gnu++17 (test for excess errors)
FAIL: g++.dg/ext/attr-access.C -std=gnu++2a (test for warnings, line 103)
FAIL: g++.dg/ext/attr-access.C -std=gnu++2a (test for warnings, line 104)
FAIL: g++.dg/ext/attr-access.C -std=gnu++2a (test for warnings, line 107)
FAIL: g++.dg/ext/attr-access.C -std=gnu++2a (test for warnings, line 108)
FAIL: g++.dg/ext/attr-access.C -std=gnu++2a (test for warnings, line 36)
FAIL: g++.dg/ext/attr-access.C -std=gnu++2a (test for warnings, line 37)
FAIL: g++.dg/ext/attr-access.C -std=gnu++2a (test for warnings, line 45)
FAIL: g++.dg/ext/attr-access.C -std=gnu++2a (test for warnings, line 46)
FAIL: g++.dg/ext/attr-access.C -std=gnu++2a (test for warnings, line 54)
FAIL: g++.dg/ext/attr-access.C -std=gnu++2a (test for warnings, line 55)
FAIL: g++.dg/ext/attr-access.C -std=gnu++2a (test for warnings, line 71)
FAIL: g++.dg/ext/attr-access.C -std=gnu++2a (test for warnings, line 72)
FAIL: g++.dg/ext/attr-access.C -std=gnu++2a (test for warnings, line 75)
FAIL: g++.dg/ext/attr-access.C -std=gnu++2a (test for warnings, line 76)
FAIL: g++.dg/ext/attr-access.C -std=gnu++2a (test for warnings, line 87)
FAIL: g++.dg/ext/attr-access.C -std=gnu++2a (test for warnings, line 88)
FAIL: g++.dg/ext/attr-access.C -std=gnu++2a (test for warnings, line 91)
FAIL: g++.dg/ext/attr-access.C -std=gnu++2a (test for warnings, line 92)
FAIL: g++.dg/ext/attr-access.C -std=gnu++2a (test for excess errors)
FAIL: g++.dg/ext/attr-access.C -std=gnu++98 (test for warnings, line 103)
FAIL: g++.dg/ext/attr-access.C -std=gnu++98 (test for warnings, line 104)
FAIL: g++.dg/ext/attr-access.C -std=gnu++98 (test for warnings, line 107)
FAIL: g++.dg/ext/attr-access.C -std=gnu++98 (test for warnings, line 108)
FAIL: g++.dg/ext/attr-access.C -std=gnu++98 (test for warnings, line 36)
FAIL: g++.dg/ext/attr-access.C -std=gnu++98 (test for warnings, line 37)
FAIL: g++.dg/ext/attr-access.C -std=gnu++98 (test for warnings, line 45)
FAIL: g++.dg/ext/attr-access.C -std=gnu++98 (test for warnings, line 46)
FAIL: g++.dg/ext/attr-access.C -std=gnu++98 (test for warnings, line 54)
FAIL: g++.dg/ext/attr-access.C -std=gnu++98 (test for warnings, line 55)
FAIL: g++.dg/ext/attr-access.C -std=gnu++98 (test for warnings, line 71)
FAIL: g++.dg/ext/attr-access.C -std=gnu++98 (test for warnings, line 72)
FAIL: g++.dg/ext/attr-access.C -std=gnu++98 (test for warnings, line 75)
FAIL: g++.dg/ext/attr-access.C -std=gnu++98 (test for warnings, line 76)
FAIL: g++.dg/ext/attr-access.C -std=gnu++98 (test for warnings, line 87)
FAIL: g++.dg/ext/attr-access.C -std=gnu++98 (test for warnings, line 88)
FAIL: g++.dg/ext/attr-access.C -std=gnu++98 (test for warnings, line 91)
FAIL: g++.dg/ext/attr-access.C -std=gnu++98 (test for warnings, line 92)
FAIL: g++.dg/ext/attr-access.C -std=gnu++98 (test for excess errors)
UNRESOLVED: g++.dg/ext/attr-optimize.C -std=gnu++14 scan-tree-dump-not optimized "foptimize_none_special_failed *\\\\(\\\\)"
UNRESOLVED: g++.dg/ext/attr-optimize.C -std=gnu++14 scan-tree-dump-times optimized "__builtin_snprintf" 1
UNRESOLVED: g++.dg/ext/attr-optimize.C -std=gnu++14 scan-tree-dump-times optimized "foptimize_none_primary_failed *\\\\(\\\\)" 1
FAIL: g++.dg/ext/attr-optimize.C -std=gnu++14 (test for excess errors)
UNRESOLVED: g++.dg/ext/attr-optimize.C -std=gnu++17 scan-tree-dump-not optimized "foptimize_none_special_failed *\\\\(\\\\)"
UNRESOLVED: g++.dg/ext/attr-optimize.C -std=gnu++17 scan-tree-dump-times optimized "__builtin_snprintf" 1
UNRESOLVED: g++.dg/ext/attr-optimize.C -std=gnu++17 scan-tree-dump-times optimized "foptimize_none_primary_failed *\\\\(\\\\)" 1
FAIL: g++.dg/ext/attr-optimize.C -std=gnu++17 (test for excess errors)
UNRESOLVED: g++.dg/ext/attr-optimize.C -std=gnu++2a scan-tree-dump-not optimized "foptimize_none_special_failed *\\\\(\\\\)"
UNRESOLVED: g++.dg/ext/attr-optimize.C -std=gnu++2a scan-tree-dump-times optimized "__builtin_snprintf" 1
UNRESOLVED: g++.dg/ext/attr-optimize.C -std=gnu++2a scan-tree-dump-times optimized "foptimize_none_primary_failed *\\\\(\\\\)" 1
FAIL: g++.dg/ext/attr-optimize.C -std=gnu++2a (test for excess errors)
UNRESOLVED: g++.dg/ext/attr-optimize.C -std=gnu++98 scan-tree-dump-not optimized "foptimize_none_special_failed *\\\\(\\\\)"
UNRESOLVED: g++.dg/ext/attr-optimize.C -std=gnu++98 scan-tree-dump-times optimized "__builtin_snprintf" 1
UNRESOLVED: g++.dg/ext/attr-optimize.C -std=gnu++98 scan-tree-dump-times optimized "foptimize_none_primary_failed *\\\\(\\\\)" 1
FAIL: g++.dg/ext/attr-optimize.C -std=gnu++98 (test for excess errors)
FAIL: g++.dg/ext/attrib58.C -std=gnu++14 (test for excess errors)
FAIL: g++.dg/ext/attrib58.C -std=gnu++17 (test for excess errors)
FAIL: g++.dg/ext/attrib58.C -std=gnu++2a (test for excess errors)
FAIL: g++.dg/ext/attrib58.C -std=gnu++98 (test for excess errors)
FAIL: g++.dg/ext/attrib59.C -std=gnu++14 (test for excess errors)
FAIL: g++.dg/ext/attrib59.C -std=gnu++17 (test for excess errors)
FAIL: g++.dg/ext/attrib59.C -std=gnu++2a (test for excess errors)
FAIL: g++.dg/ext/attrib59.C -std=gnu++98 (test for excess errors)
UNRESOLVED: g++.dg/ipa/pr63595.C -std=gnu++14 scan-ipa-dump icf "Equal symbols: 0"
FAIL: g++.dg/ipa/pr63595.C -std=gnu++14 (test for excess errors)
UNRESOLVED: g++.dg/ipa/pr63595.C -std=gnu++17 scan-ipa-dump icf "Equal symbols: 0"
FAIL: g++.dg/ipa/pr63595.C -std=gnu++17 (test for excess errors)
UNRESOLVED: g++.dg/ipa/pr63595.C -std=gnu++2a scan-ipa-dump icf "Equal symbols: 0"
FAIL: g++.dg/ipa/pr63595.C -std=gnu++2a (test for excess errors)
UNRESOLVED: g++.dg/ipa/pr63595.C -std=gnu++98 scan-ipa-dump icf "Equal symbols: 0"
FAIL: g++.dg/ipa/pr63595.C -std=gnu++98 (test for excess errors)
FAIL: g++.dg/ipa/pr93223.C (test for excess errors)
FAIL: g++.dg/opt/pr59947.C -std=gnu++14 (test for excess errors)
FAIL: g++.dg/opt/pr59947.C -std=gnu++17 (test for excess errors)
FAIL: g++.dg/opt/pr59947.C -std=gnu++2a (test for excess errors)
XPASS: g++.dg/template/linkage1.C -std=c++98 scan-assembler-not (weak|glob)[^\\n]*_Z3fooIXadL_ZL11static_funcvEEEvv
FAIL: g++.dg/warn/Wmismatched-new-delete-2.C -std=gnu++14 (test for warnings, line 132)
FAIL: g++.dg/warn/Wmismatched-new-delete-2.C -std=gnu++14 (test for warnings, line 136)
FAIL: g++.dg/warn/Wmismatched-new-delete-2.C -std=gnu++14 (test for warnings, line 140)
FAIL: g++.dg/warn/Wmismatched-new-delete-2.C -std=gnu++14 (test for warnings, line 155)
FAIL: g++.dg/warn/Wmismatched-new-delete-2.C -std=gnu++14 (test for warnings, line 180)
FAIL: g++.dg/warn/Wmismatched-new-delete-2.C -std=gnu++14 (test for warnings, line 210)
FAIL: g++.dg/warn/Wmismatched-new-delete-2.C -std=gnu++14 (test for warnings, line 233)
FAIL: g++.dg/warn/Wmismatched-new-delete-2.C -std=gnu++14 (test for warnings, line 241)
FAIL: g++.dg/warn/Wmismatched-new-delete-2.C -std=gnu++14 (test for warnings, line 41)
FAIL: g++.dg/warn/Wmismatched-new-delete-2.C -std=gnu++14 (test for warnings, line 43)
FAIL: g++.dg/warn/Wmismatched-new-delete-2.C -std=gnu++14 (test for excess errors)
FAIL: g++.dg/warn/Wmismatched-new-delete-2.C -std=gnu++14 note (test for warnings, line 178)
FAIL: g++.dg/warn/Wmismatched-new-delete-2.C -std=gnu++14 note (test for warnings, line 208)
FAIL: g++.dg/warn/Wmismatched-new-delete-2.C -std=gnu++14 note (test for warnings, line 231)
FAIL: g++.dg/warn/Wmismatched-new-delete-2.C -std=gnu++14 note (test for warnings, line 238)
FAIL: g++.dg/warn/Wmismatched-new-delete-2.C -std=gnu++17 (test for warnings, line 132)
FAIL: g++.dg/warn/Wmismatched-new-delete-2.C -std=gnu++17 (test for warnings, line 136)
FAIL: g++.dg/warn/Wmismatched-new-delete-2.C -std=gnu++17 (test for warnings, line 140)
FAIL: g++.dg/warn/Wmismatched-new-delete-2.C -std=gnu++17 (test for warnings, line 155)
FAIL: g++.dg/warn/Wmismatched-new-delete-2.C -std=gnu++17 (test for warnings, line 180)
FAIL: g++.dg/warn/Wmismatched-new-delete-2.C -std=gnu++17 (test for warnings, line 210)
FAIL: g++.dg/warn/Wmismatched-new-delete-2.C -std=gnu++17 (test for warnings, line 233)
FAIL: g++.dg/warn/Wmismatched-new-delete-2.C -std=gnu++17 (test for warnings, line 241)
FAIL: g++.dg/warn/Wmismatched-new-delete-2.C -std=gnu++17 (test for warnings, line 41)
FAIL: g++.dg/warn/Wmismatched-new-delete-2.C -std=gnu++17 (test for warnings, line 43)
FAIL: g++.dg/warn/Wmismatched-new-delete-2.C -std=gnu++17 (test for excess errors)
FAIL: g++.dg/warn/Wmismatched-new-delete-2.C -std=gnu++17 note (test for warnings, line 178)
FAIL: g++.dg/warn/Wmismatched-new-delete-2.C -std=gnu++17 note (test for warnings, line 208)
FAIL: g++.dg/warn/Wmismatched-new-delete-2.C -std=gnu++17 note (test for warnings, line 231)
FAIL: g++.dg/warn/Wmismatched-new-delete-2.C -std=gnu++17 note (test for warnings, line 238)
FAIL: g++.dg/warn/Wmismatched-new-delete-2.C -std=gnu++2a (test for warnings, line 132)
FAIL: g++.dg/warn/Wmismatched-new-delete-2.C -std=gnu++2a (test for warnings, line 136)
FAIL: g++.dg/warn/Wmismatched-new-delete-2.C -std=gnu++2a (test for warnings, line 140)
FAIL: g++.dg/warn/Wmismatched-new-delete-2.C -std=gnu++2a (test for warnings, line 155)
FAIL: g++.dg/warn/Wmismatched-new-delete-2.C -std=gnu++2a (test for warnings, line 180)
FAIL: g++.dg/warn/Wmismatched-new-delete-2.C -std=gnu++2a (test for warnings, line 210)
FAIL: g++.dg/warn/Wmismatched-new-delete-2.C -std=gnu++2a (test for warnings, line 233)
FAIL: g++.dg/warn/Wmismatched-new-delete-2.C -std=gnu++2a (test for warnings, line 241)
FAIL: g++.dg/warn/Wmismatched-new-delete-2.C -std=gnu++2a (test for warnings, line 41)
FAIL: g++.dg/warn/Wmismatched-new-delete-2.C -std=gnu++2a (test for warnings, line 43)
FAIL: g++.dg/warn/Wmismatched-new-delete-2.C -std=gnu++2a (test for excess errors)
FAIL: g++.dg/warn/Wmismatched-new-delete-2.C -std=gnu++2a note (test for warnings, line 178)
FAIL: g++.dg/warn/Wmismatched-new-delete-2.C -std=gnu++2a note (test for warnings, line 208)
FAIL: g++.dg/warn/Wmismatched-new-delete-2.C -std=gnu++2a note (test for warnings, line 231)
FAIL: g++.dg/warn/Wmismatched-new-delete-2.C -std=gnu++2a note (test for warnings, line 238)
FAIL: g++.dg/warn/Wmismatched-new-delete-2.C -std=gnu++98 (test for warnings, line 132)
FAIL: g++.dg/warn/Wmismatched-new-delete-2.C -std=gnu++98 (test for warnings, line 136)
FAIL: g++.dg/warn/Wmismatched-new-delete-2.C -std=gnu++98 (test for warnings, line 140)
FAIL: g++.dg/warn/Wmismatched-new-delete-2.C -std=gnu++98 (test for warnings, line 155)
FAIL: g++.dg/warn/Wmismatched-new-delete-2.C -std=gnu++98 (test for warnings, line 180)
FAIL: g++.dg/warn/Wmismatched-new-delete-2.C -std=gnu++98 (test for warnings, line 210)
FAIL: g++.dg/warn/Wmismatched-new-delete-2.C -std=gnu++98 (test for warnings, line 233)
FAIL: g++.dg/warn/Wmismatched-new-delete-2.C -std=gnu++98 (test for warnings, line 241)
FAIL: g++.dg/warn/Wmismatched-new-delete-2.C -std=gnu++98 (test for warnings, line 41)
FAIL: g++.dg/warn/Wmismatched-new-delete-2.C -std=gnu++98 (test for warnings, line 43)
FAIL: g++.dg/warn/Wmismatched-new-delete-2.C -std=gnu++98 (test for excess errors)
FAIL: g++.dg/warn/Wmismatched-new-delete-2.C -std=gnu++98 note (test for warnings, line 178)
FAIL: g++.dg/warn/Wmismatched-new-delete-2.C -std=gnu++98 note (test for warnings, line 208)
FAIL: g++.dg/warn/Wmismatched-new-delete-2.C -std=gnu++98 note (test for warnings, line 231)
FAIL: g++.dg/warn/Wmismatched-new-delete-2.C -std=gnu++98 note (test for warnings, line 238)
FAIL: g++.dg/warn/Wnonnull10.C -std=gnu++14 (test for warnings, line 47)
FAIL: g++.dg/warn/Wnonnull10.C -std=gnu++14 (test for warnings, line 49)
FAIL: g++.dg/warn/Wnonnull10.C -std=gnu++14 (test for warnings, line 60)
FAIL: g++.dg/warn/Wnonnull10.C -std=gnu++14 (test for warnings, line 62)
FAIL: g++.dg/warn/Wnonnull10.C -std=gnu++14 (test for excess errors)
FAIL: g++.dg/warn/Wnonnull10.C -std=gnu++17 (test for warnings, line 47)
FAIL: g++.dg/warn/Wnonnull10.C -std=gnu++17 (test for warnings, line 49)
FAIL: g++.dg/warn/Wnonnull10.C -std=gnu++17 (test for warnings, line 60)
FAIL: g++.dg/warn/Wnonnull10.C -std=gnu++17 (test for warnings, line 62)
FAIL: g++.dg/warn/Wnonnull10.C -std=gnu++17 (test for excess errors)
FAIL: g++.dg/warn/Wnonnull10.C -std=gnu++2a (test for warnings, line 47)
FAIL: g++.dg/warn/Wnonnull10.C -std=gnu++2a (test for warnings, line 49)
FAIL: g++.dg/warn/Wnonnull10.C -std=gnu++2a (test for warnings, line 60)
FAIL: g++.dg/warn/Wnonnull10.C -std=gnu++2a (test for warnings, line 62)
FAIL: g++.dg/warn/Wnonnull10.C -std=gnu++2a (test for excess errors)
FAIL: g++.dg/warn/Wnonnull10.C -std=gnu++98 (test for warnings, line 47)
FAIL: g++.dg/warn/Wnonnull10.C -std=gnu++98 (test for warnings, line 49)
FAIL: g++.dg/warn/Wnonnull10.C -std=gnu++98 (test for warnings, line 60)
FAIL: g++.dg/warn/Wnonnull10.C -std=gnu++98 (test for warnings, line 62)
FAIL: g++.dg/warn/Wnonnull10.C -std=gnu++98 (test for excess errors)
FAIL: g++.dg/warn/uninit-pr48483.C -std=gnu++14 (test for warnings, line 20)
FAIL: g++.dg/warn/uninit-pr48483.C -std=gnu++14 (test for warnings, line 27)
FAIL: g++.dg/warn/uninit-pr48483.C -std=gnu++14 (test for warnings, line 34)
FAIL: g++.dg/warn/uninit-pr48483.C -std=gnu++14 (test for warnings, line 41)
FAIL: g++.dg/warn/uninit-pr48483.C -std=gnu++14 (test for warnings, line 48)
FAIL: g++.dg/warn/uninit-pr48483.C -std=gnu++14 (test for warnings, line 55)
FAIL: g++.dg/warn/uninit-pr48483.C -std=gnu++14 (test for excess errors)
FAIL: g++.dg/warn/uninit-pr48483.C -std=gnu++17 (test for warnings, line 20)
FAIL: g++.dg/warn/uninit-pr48483.C -std=gnu++17 (test for warnings, line 27)
FAIL: g++.dg/warn/uninit-pr48483.C -std=gnu++17 (test for warnings, line 34)
FAIL: g++.dg/warn/uninit-pr48483.C -std=gnu++17 (test for warnings, line 41)
FAIL: g++.dg/warn/uninit-pr48483.C -std=gnu++17 (test for warnings, line 48)
FAIL: g++.dg/warn/uninit-pr48483.C -std=gnu++17 (test for warnings, line 55)
FAIL: g++.dg/warn/uninit-pr48483.C -std=gnu++17 (test for excess errors)
FAIL: g++.dg/warn/uninit-pr48483.C -std=gnu++2a (test for warnings, line 20)
FAIL: g++.dg/warn/uninit-pr48483.C -std=gnu++2a (test for warnings, line 27)
FAIL: g++.dg/warn/uninit-pr48483.C -std=gnu++2a (test for warnings, line 34)
FAIL: g++.dg/warn/uninit-pr48483.C -std=gnu++2a (test for warnings, line 41)
FAIL: g++.dg/warn/uninit-pr48483.C -std=gnu++2a (test for warnings, line 48)
FAIL: g++.dg/warn/uninit-pr48483.C -std=gnu++2a (test for warnings, line 55)
FAIL: g++.dg/warn/uninit-pr48483.C -std=gnu++2a (test for excess errors)
FAIL: g++.dg/warn/uninit-pr48483.C -std=gnu++98 (test for warnings, line 20)
FAIL: g++.dg/warn/uninit-pr48483.C -std=gnu++98 (test for warnings, line 27)
FAIL: g++.dg/warn/uninit-pr48483.C -std=gnu++98 (test for warnings, line 34)
FAIL: g++.dg/warn/uninit-pr48483.C -std=gnu++98 (test for warnings, line 41)
FAIL: g++.dg/warn/uninit-pr48483.C -std=gnu++98 (test for warnings, line 48)
FAIL: g++.dg/warn/uninit-pr48483.C -std=gnu++98 (test for warnings, line 55)
FAIL: g++.dg/warn/uninit-pr48483.C -std=gnu++98 (test for excess errors)
FAIL: g++.dg/modules/sym-subst-3_a.C scan-assembler .globa?l[ \\\\t]*_?S\\\\n
FAIL: g++.dg/modules/xtreme-header-3_a.H -std=c++17 (internal compiler error)
FAIL: g++.dg/modules/xtreme-header-3_a.H -std=c++17 (test for excess errors)
FAIL: g++.dg/modules/xtreme-header-3_a.H -std=c++2a (internal compiler error)
FAIL: g++.dg/modules/xtreme-header-3_a.H -std=c++2a (test for excess errors)
FAIL: g++.dg/modules/xtreme-header-3_a.H -std=c++2b (internal compiler error)
FAIL: g++.dg/modules/xtreme-header-3_a.H -std=c++2b (test for excess errors)
FAIL: g++.dg/modules/xtreme-header-3_a.H module-cmi (gcm.cache/\$srcdir/g++.dg/modules/xtreme-header-3_a.H.gcm)
FAIL: g++.dg/modules/xtreme-header-3_a.H module-cmi (gcm.cache/\$srcdir/g++.dg/modules/xtreme-header-3_a.H.gcm)
FAIL: g++.dg/modules/xtreme-header-3_a.H module-cmi (gcm.cache/\$srcdir/g++.dg/modules/xtreme-header-3_a.H.gcm)
FAIL: g++.dg/modules/xtreme-header-3_b.C -std=c++17 (test for excess errors)
FAIL: g++.dg/modules/xtreme-header-3_b.C -std=c++2a (test for excess errors)
FAIL: g++.dg/modules/xtreme-header-3_b.C -std=c++2b (test for excess errors)
FAIL: g++.dg/modules/xtreme-header-3_c.C -std=c++17 (test for excess errors)
FAIL: g++.dg/modules/xtreme-header-3_c.C -std=c++2a (test for excess errors)
FAIL: g++.dg/modules/xtreme-header-3_c.C -std=c++2b (test for excess errors)
FAIL: g++.dg/modules/xtreme-header_a.H -std=c++17 (internal compiler error)
FAIL: g++.dg/modules/xtreme-header_a.H -std=c++17 (test for excess errors)
FAIL: g++.dg/modules/xtreme-header_a.H -std=c++2a (internal compiler error)
FAIL: g++.dg/modules/xtreme-header_a.H -std=c++2a (test for excess errors)
FAIL: g++.dg/modules/xtreme-header_a.H -std=c++2b (internal compiler error)
FAIL: g++.dg/modules/xtreme-header_a.H -std=c++2b (test for excess errors)
FAIL: g++.dg/modules/xtreme-header_a.H module-cmi (gcm.cache/\$srcdir/g++.dg/modules/xtreme-header_a.H.gcm)
FAIL: g++.dg/modules/xtreme-header_a.H module-cmi (gcm.cache/\$srcdir/g++.dg/modules/xtreme-header_a.H.gcm)
FAIL: g++.dg/modules/xtreme-header_a.H module-cmi (gcm.cache/\$srcdir/g++.dg/modules/xtreme-header_a.H.gcm)
FAIL: g++.dg/modules/xtreme-header_b.C -std=c++17 (test for excess errors)
FAIL: g++.dg/modules/xtreme-header_b.C -std=c++2a (test for excess errors)
FAIL: g++.dg/modules/xtreme-header_b.C -std=c++2b (test for excess errors)
XPASS: g++.dg/tls/thread_local1.C -std=c++14 scan-assembler-not .comm
XPASS: g++.dg/tls/thread_local1.C -std=c++17 scan-assembler-not .comm
XPASS: g++.dg/tls/thread_local1.C -std=c++2a scan-assembler-not .comm
FAIL: c-c++-common/torture/pr60026.c -O0 (test for excess errors)
FAIL: c-c++-common/torture/pr60026.c -O1 (test for excess errors)
FAIL: c-c++-common/torture/pr60026.c -O2 (test for excess errors)
FAIL: c-c++-common/torture/pr60026.c -O3 -fomit-frame-pointer -funroll-loops -fpeel-loops -ftracer -finline-functions (test for excess errors)
FAIL: c-c++-common/torture/pr60026.c -O3 -g (test for excess errors)
FAIL: c-c++-common/torture/pr60026.c -Os (test for excess errors)
XPASS: g++.dg/torture/pr101373.C -O0 execution test
XPASS: g++.dg/torture/pr101373.C -O1 execution test
XPASS: g++.dg/torture/pr101373.C -O2 execution test
XPASS: g++.dg/torture/pr101373.C -O3 -g execution test
XPASS: g++.dg/torture/pr101373.C -Os execution test
FAIL: g++.dg/torture/pr81360.C -O0 (test for excess errors)
FAIL: g++.dg/torture/pr81360.C -O1 (test for excess errors)
FAIL: g++.dg/torture/pr81360.C -O2 (test for excess errors)
FAIL: g++.dg/torture/pr81360.C -O3 -g (test for excess errors)
FAIL: g++.dg/torture/pr81360.C -Os (test for excess errors)
XPASS: g++.old-deja/g++.eh/new2.C -std=gnu++98 execution test
XPASS: g++.old-deja/g++.mike/p755a.C -std=c++98 execution test
=== g++ Summary ===
# of expected passes 201330
# of unexpected failures 257
# of unexpected successes 32
# of expected failures 1686
# of unresolved testcases 16
# of unsupported tests 9909
/tmp/GCC/gcc/testsuite/g++/../../xg++ version 12.0.0 20211002 (experimental) [src r12-4094-gd7705b0ada9] (GCC)
=== gcc tests ===
Running target unix
FAIL: gcc.dg/analyzer/capacity-1.c (test for excess errors)
FAIL: gcc.dg/analyzer/capacity-3.c (test for excess errors)
FAIL: gcc.dg/analyzer/getchar-1.c (test for excess errors)
XPASS: gcc.dg/autopar/pr46799.c (test for excess errors)
XPASS: gcc.dg/debug/dwarf2/inline5.c scan-assembler-not \\\\(DIE \\\\(0x([0-9a-f]*)\\\\) DW_TAG_lexical_block\\\\)[^#/!@;\\\\|]*[#/!@;\\\\|]+ +DW_AT.*DW_TAG_lexical_block\\\\)[^#/!@;\\\\|x]*x\\\\1[^#/!@;\\\\|]*[#/!@;\\\\|] +DW_AT_abstract_origin
XPASS: gcc.dg/Wstringop-overflow-68.c pr101475 (test for warnings, line 63)
XPASS: gcc.dg/Wstringop-overflow-68.c pr101475 (test for warnings, line 64)
XPASS: gcc.dg/Wstringop-overflow-68.c pr101475 (test for warnings, line 65)
FAIL: gcc.dg/Wstringop-overflow-69.c (test for excess errors)
FAIL: gcc.dg/asm-names.c scan-assembler-not ____frob14
FAIL: gcc.dg/nextafter-2.c execution test
FAIL: gcc.dg/strlenopt-58.c scan-tree-dump-times optimized "call_in_true_branch_not_eliminated" 0
FAIL: gcc.dg/uninit-pred-9_b.c pr101674 (test for bogus messages, line 23)
FAIL: c-c++-common/goacc/firstprivate-mappings-1.c scan-tree-dump omplower "(?n)#pragma omp target oacc_parallel map\\\\(from:array_so \\\\[len: 4\\\\]\\\\) firstprivate\\\\(array_li.[0-9]+\\\\) map\\\\(tofrom:\\\\(\\\\*array.[0-9]+\\\\) \\\\[len: D\\\\.[0-9]+\\\\]\\\\) map\\\\(firstprivate:array \\\\[pointer assign, bias: 0\\\\]\\\\) \\\\["
XPASS: gcc.dg/graphite/pr42729.c (test for excess errors)
XPASS: gcc.dg/graphite/pr42917.c (test for excess errors)
XPASS: gcc.dg/graphite/pr69728.c scan-tree-dump graphite "loop nest optimized"
FAIL: gcc.dg/tls/alias-1.c (test for excess errors)
XPASS: gcc.dg/torture/pr59166.c -O0 (test for excess errors)
XPASS: gcc.dg/torture/pr59166.c -O1 (test for excess errors)
XPASS: gcc.dg/torture/pr59166.c -O2 (test for excess errors)
XPASS: gcc.dg/torture/pr59166.c -O3 -fomit-frame-pointer -funroll-loops -fpeel-loops -ftracer -finline-functions (test for excess errors)
XPASS: gcc.dg/torture/pr59166.c -Os (test for excess errors)
XPASS: gcc.dg/tree-ssa/cunroll-15.c scan-tree-dump optimized "return 1;"
FAIL: gcc.dg/tree-ssa/gen-vect-11c.c scan-tree-dump-times vect "vectorized 0 loops" 1
XPASS: gcc.dg/vect/costmodel/ppc/costmodel-fast-math-vect-pr29925.c scan-tree-dump-times vect "vectorization not profitable" 1
FAIL: gcc.dg/vect/slp-21.c scan-tree-dump-times vect "vectorizing stmts using SLP" 2
XPASS: gcc.dg/vect/slp-24-big-array.c scan-tree-dump-times vect "vectorized 1 loops" 1
XPASS: gcc.dg/vect/slp-24-big-array.c scan-tree-dump-times vect "vectorizing stmts using SLP" 2
XPASS: gcc.dg/vect/slp-24.c scan-tree-dump-times vect "vectorized 1 loops" 1
XPASS: gcc.dg/vect/slp-24.c scan-tree-dump-times vect "vectorizing stmts using SLP" 2
FAIL: gcc.misc-tests/gcov-pr86536.c gcov: 2 failures in line counts, 0 in branch percentages, 1 in return percentages, 0 in intermediate format
FAIL: gcc.misc-tests/gcov-pr86536.c line 19: expected return percentages not found: 200
FAIL: gcc.misc-tests/gcov-pr86536.c line 21: is 1:should be 2
FAIL: gcc.misc-tests/gcov-pr86536.c line 22: is 1:should be 2
FAIL: gcc.target/powerpc/pragma-optimize.c (test for excess errors)
FAIL: gcc.target/powerpc/sse4_1-phminposuw.c (test for excess errors)
UNRESOLVED: gcc.target/powerpc/sse4_1-phminposuw.c compilation failed to produce executable
FAIL: gcc.target/powerpc/stack-limit.c (internal compiler error)
FAIL: gcc.target/powerpc/stack-limit.c (test for excess errors)
XPASS: gcc.target/powerpc/vsx-vectorize-4.c scan-tree-dump-times vect "Alignment of access forced using peeling" 0
XPASS: gcc.target/powerpc/vsx-vectorize-6.c scan-tree-dump-times vect "Alignment of access forced using peeling" 0
=== gcc Summary ===
# of expected passes 113781
# of unexpected failures 20
# of unexpected successes 21
# of expected failures 907
# of unresolved testcases 1
# of unsupported tests 3204
/tmp/GCC/gcc/xgcc version 12.0.0 20211002 (experimental) [src r12-4094-gd7705b0ada9] (GCC)
=== gfortran tests ===
Running target unix
UNRESOLVED: gfortran.dg/c-interop/cf-descriptor-5.f90 -O0 compilation failed to produce executable
UNRESOLVED: gfortran.dg/c-interop/cf-descriptor-5.f90 -O1 compilation failed to produce executable
UNRESOLVED: gfortran.dg/c-interop/cf-descriptor-5.f90 -O2 compilation failed to produce executable
UNRESOLVED: gfortran.dg/c-interop/cf-descriptor-5.f90 -O3 -fomit-frame-pointer -funroll-loops -fpeel-loops -ftracer -finline-functions compilation failed to produce executable
UNRESOLVED: gfortran.dg/c-interop/cf-descriptor-5.f90 -O3 -g compilation failed to produce executable
UNRESOLVED: gfortran.dg/c-interop/cf-descriptor-5.f90 -Os compilation failed to produce executable
UNRESOLVED: gfortran.dg/c-interop/cf-out-descriptor-5.f90 -O0 compilation failed to produce executable
UNRESOLVED: gfortran.dg/c-interop/cf-out-descriptor-5.f90 -O1 compilation failed to produce executable
UNRESOLVED: gfortran.dg/c-interop/cf-out-descriptor-5.f90 -O2 compilation failed to produce executable
UNRESOLVED: gfortran.dg/c-interop/cf-out-descriptor-5.f90 -O3 -fomit-frame-pointer -funroll-loops -fpeel-loops -ftracer -finline-functions compilation failed to produce executable
UNRESOLVED: gfortran.dg/c-interop/cf-out-descriptor-5.f90 -O3 -g compilation failed to produce executable
UNRESOLVED: gfortran.dg/c-interop/cf-out-descriptor-5.f90 -Os compilation failed to produce executable
UNRESOLVED: gfortran.dg/c-interop/fc-descriptor-5.f90 -O0 compilation failed to produce executable
UNRESOLVED: gfortran.dg/c-interop/fc-descriptor-5.f90 -O1 compilation failed to produce executable
UNRESOLVED: gfortran.dg/c-interop/fc-descriptor-5.f90 -O2 compilation failed to produce executable
UNRESOLVED: gfortran.dg/c-interop/fc-descriptor-5.f90 -O3 -fomit-frame-pointer -funroll-loops -fpeel-loops -ftracer -finline-functions compilation failed to produce executable
UNRESOLVED: gfortran.dg/c-interop/fc-descriptor-5.f90 -O3 -g compilation failed to produce executable
UNRESOLVED: gfortran.dg/c-interop/fc-descriptor-5.f90 -Os compilation failed to produce executable
UNRESOLVED: gfortran.dg/c-interop/fc-out-descriptor-5.f90 -O0 compilation failed to produce executable
UNRESOLVED: gfortran.dg/c-interop/fc-out-descriptor-5.f90 -O1 compilation failed to produce executable
UNRESOLVED: gfortran.dg/c-interop/fc-out-descriptor-5.f90 -O2 compilation failed to produce executable
UNRESOLVED: gfortran.dg/c-interop/fc-out-descriptor-5.f90 -O3 -fomit-frame-pointer -funroll-loops -fpeel-loops -ftracer -finline-functions compilation failed to produce executable
UNRESOLVED: gfortran.dg/c-interop/fc-out-descriptor-5.f90 -O3 -g compilation failed to produce executable
UNRESOLVED: gfortran.dg/c-interop/fc-out-descriptor-5.f90 -Os compilation failed to produce executable
UNRESOLVED: gfortran.dg/c-interop/ff-descriptor-5.f90 -O0 compilation failed to produce executable
UNRESOLVED: gfortran.dg/c-interop/ff-descriptor-5.f90 -O1 compilation failed to produce executable
UNRESOLVED: gfortran.dg/c-interop/ff-descriptor-5.f90 -O2 compilation failed to produce executable
UNRESOLVED: gfortran.dg/c-interop/ff-descriptor-5.f90 -O3 -fomit-frame-pointer -funroll-loops -fpeel-loops -ftracer -finline-functions compilation failed to produce executable
UNRESOLVED: gfortran.dg/c-interop/ff-descriptor-5.f90 -O3 -g compilation failed to produce executable
UNRESOLVED: gfortran.dg/c-interop/ff-descriptor-5.f90 -Os compilation failed to produce executable
FAIL: gfortran.dg/include_6.f90 -O (test for warnings, line )
FAIL: gfortran.dg/include_6.f90 -O (test for excess errors)
FAIL: gfortran.dg/graphite/vect-pr40979.f90 -O scan-tree-dump-times vect "vectorized 1 loops" 1
FAIL: gfortran.dg/vect/fast-math-mgrid-resid.f -O scan-tree-dump pcom "vectp_u.*__lsm.* = PHI <.*vectp_u.*__lsm"
=== gfortran Summary ===
# of expected passes 59256
# of unexpected failures 4
# of expected failures 467
# of unresolved testcases 30
# of unsupported tests 506
/tmp/GCC/gcc/testsuite/gfortran/../../gfortran version 12.0.0 20211002 (experimental) [src r12-4094-gd7705b0ada9] (GCC)
=== libatomic tests ===
Running target unix
=== libatomic Summary ===
# of expected passes 44
# of unsupported tests 5
=== libgomp tests ===
Running target unix
FAIL: libgomp.c/../libgomp.c-c++-common/alloc-9.c execution test
FAIL: libgomp.c++/../libgomp.c-c++-common/alloc-9.c execution test
FAIL: libgomp.fortran/alloc-1.F90 -O execution test
FAIL: libgomp.fortran/alloc-11.f90 -O execution test
FAIL: libgomp.fortran/alloc-2.F90 -O execution test
FAIL: libgomp.fortran/alloc-3.F -O execution test
FAIL: libgomp.fortran/async_io_2.f90 -O execution test
FAIL: libgomp.fortran/async_io_3.f90 -O0 execution test
FAIL: libgomp.fortran/async_io_3.f90 -O1 execution test
FAIL: libgomp.fortran/async_io_3.f90 -O2 execution test
FAIL: libgomp.fortran/async_io_3.f90 -O3 -fomit-frame-pointer -funroll-loops -fpeel-loops -ftracer -finline-functions execution test
FAIL: libgomp.fortran/async_io_3.f90 -O3 -g execution test
FAIL: libgomp.fortran/async_io_3.f90 -Os execution test
FAIL: libgomp.fortran/async_io_9.f90 -O0 execution test
FAIL: libgomp.fortran/async_io_9.f90 -O1 execution test
FAIL: libgomp.fortran/async_io_9.f90 -O2 execution test
FAIL: libgomp.fortran/async_io_9.f90 -O3 -fomit-frame-pointer -funroll-loops -fpeel-loops -ftracer -finline-functions execution test
FAIL: libgomp.fortran/async_io_9.f90 -O3 -g execution test
FAIL: libgomp.fortran/async_io_9.f90 -Os execution test
FAIL: libgomp.fortran/omp_workshare1.f -O execution test
FAIL: libgomp.fortran/omp_workshare2.f -O execution test
FAIL: libgomp.fortran/recursion1.f90 -O0 execution test
WARNING: program timed out.
FAIL: libgomp.fortran/recursion1.f90 -O1 execution test
FAIL: libgomp.fortran/recursion1.f90 -O3 -fomit-frame-pointer -funroll-loops -fpeel-loops -ftracer -finline-functions execution test
WARNING: program timed out.
FAIL: libgomp.fortran/recursion1.f90 -O3 -g execution test
FAIL: libgomp.fortran/strassen.f90 -O execution test
FAIL: libgomp.graphite/force-parallel-7.c execution test
=== libgomp Summary ===
# of expected passes 11546
# of unexpected failures 27
# of expected failures 104
# of unsupported tests 627
=== libstdc++ tests ===
Running target unix
FAIL: 23_containers/unordered_map/96088.cc execution test
FAIL: 23_containers/unordered_multimap/96088.cc execution test
FAIL: 23_containers/unordered_multiset/96088.cc execution test
FAIL: 23_containers/unordered_set/96088.cc execution test
FAIL: experimental/simd/standard_abi_usable.cc -maltivec -mpower9-vector -O2 -Wno-psabi (test for excess errors)
FAIL: experimental/simd/standard_abi_usable_2.cc -maltivec -mpower9-vector -O2 -Wno-psabi (test for excess errors)
=== libstdc++ Summary ===
# of expected passes 12933
# of unexpected failures 6
# of expected failures 103
# of unsupported tests 905
Compiler version: 12.0.0 20211002 (experimental) [src r12-4094-gd7705b0ada9] (GCC)
Platform: powerpc-ibm-aix7.2.3.0
configure flags: --disable-werror --enable-languages=c,c++,fortran --with-gmp=/nasfarm/edelsohn/install --with-isl=/nasfarm/edelsohn/install --with-libiconv-prefix=/nasfarm/edelsohn/install --disable-libstdcxx-pch --with-included-gettext --prefix=/nasfarm/edelsohn/install/GCC
More information about the Gcc-testresults
mailing list