Results for 12.0.0 20211002 (experimental) [master revision 9d116bcc555] (GCC) testsuite on aarch64-suse-linux-gnu
Andreas Schwab
schwab@suse.de
Sat Oct 2 05:58:11 GMT 2021
LAST_UPDATED: Sat Oct 2 02:01:15 UTC 2021 (revision 9d116bcc555)
Native configuration is aarch64-suse-linux-gnu
=== libatomic tests ===
Running target unix/-mabi=lp64
=== libatomic Summary ===
# of expected passes 54
=== libffi tests ===
Running target unix/-mabi=lp64
FAIL: libffi.call/nested_struct12.c -W -Wall -Wno-psabi -O0 execution test
FAIL: libffi.call/nested_struct12.c -W -Wall -Wno-psabi -O2 execution test
FAIL: libffi.call/nested_struct12.c -W -Wall -Wno-psabi -O3 execution test
FAIL: libffi.call/nested_struct12.c -W -Wall -Wno-psabi -Os execution test
FAIL: libffi.call/nested_struct12.c -W -Wall -Wno-psabi -O2 -fomit-frame-pointer execution test
=== libffi Summary ===
# of expected passes 2219
# of unexpected failures 5
=== libgo tests ===
Running target unix
FAIL: net
=== libgo Summary ===
# of expected passes 189
# of unexpected failures 1
/opt/gcc/gcc-20211002/Build/./gcc/gccgo version 12.0.0 20211002 (experimental) [master revision 9d116bcc555] (GCC)
=== libgomp tests ===
Running target unix/-mabi=lp64
=== libgomp Summary ===
# of expected passes 11602
# of expected failures 104
# of unsupported tests 613
=== libitm tests ===
Running target unix/-mabi=lp64
=== libitm Summary ===
# of expected passes 44
# of expected failures 3
# of unsupported tests 1
=== libphobos tests ===
Running target unix/-mabi=lp64
WARNING: libphobos.phobos/std/datetime/date.d (test for excess errors) program timed out.
FAIL: libphobos.phobos/std/datetime/date.d (test for excess errors)
UNRESOLVED: libphobos.phobos/std/datetime/date.d compilation failed to produce executable
FAIL: libphobos.phobos/std/datetime/systime.d execution test
FAIL: libphobos.phobos/std/internal/math/errorfunction.d execution test
FAIL: libphobos.phobos/std/internal/math/gammafunction.d execution test
FAIL: libphobos.phobos/std/math.d execution test
FAIL: libphobos.phobos/std/numeric.d execution test
WARNING: libphobos.phobos/std/range/package.d (test for excess errors) program timed out.
FAIL: libphobos.phobos/std/range/package.d (test for excess errors)
UNRESOLVED: libphobos.phobos/std/range/package.d compilation failed to produce executable
WARNING: libphobos.phobos/std/string.d (test for excess errors) program timed out.
FAIL: libphobos.phobos/std/string.d (test for excess errors)
UNRESOLVED: libphobos.phobos/std/string.d compilation failed to produce executable
WARNING: libphobos.phobos_shared/std/datetime/date.d (test for excess errors) program timed out.
FAIL: libphobos.phobos_shared/std/datetime/date.d (test for excess errors)
UNRESOLVED: libphobos.phobos_shared/std/datetime/date.d compilation failed to produce executable
FAIL: libphobos.phobos_shared/std/datetime/systime.d execution test
FAIL: libphobos.phobos_shared/std/internal/math/errorfunction.d execution test
FAIL: libphobos.phobos_shared/std/internal/math/gammafunction.d execution test
FAIL: libphobos.phobos_shared/std/math.d execution test
FAIL: libphobos.phobos_shared/std/numeric.d execution test
WARNING: libphobos.phobos_shared/std/range/package.d (test for excess errors) program timed out.
FAIL: libphobos.phobos_shared/std/range/package.d (test for excess errors)
UNRESOLVED: libphobos.phobos_shared/std/range/package.d compilation failed to produce executable
WARNING: libphobos.phobos_shared/std/string.d (test for excess errors) program timed out.
FAIL: libphobos.phobos_shared/std/string.d (test for excess errors)
UNRESOLVED: libphobos.phobos_shared/std/string.d compilation failed to produce executable
=== libphobos Summary ===
# of expected passes 762
# of unexpected failures 16
# of unresolved testcases 6
# of unsupported tests 2
=== libstdc++ tests ===
Running target unix/-mabi=lp64
FAIL: 22_locale/numpunct/members/char/3.cc execution test
FAIL: 22_locale/time_get/get_time/char/2.cc execution test
FAIL: 22_locale/time_get/get_time/char/wrapped_env.cc execution test
FAIL: 22_locale/time_get/get_time/char/wrapped_locale.cc execution test
FAIL: 22_locale/time_get/get_time/wchar_t/2.cc execution test
FAIL: 22_locale/time_get/get_time/wchar_t/wrapped_env.cc execution test
FAIL: 22_locale/time_get/get_time/wchar_t/wrapped_locale.cc execution test
FAIL: 30_threads/jthread/95989.cc execution test
=== libstdc++ Summary ===
# of expected passes 15548
# of unexpected failures 8
# of expected failures 97
# of unsupported tests 378
=== acats tests ===
=== acats Summary ===
# of expected passes 2328
# of unexpected failures 0
=== g++ tests ===
Running target unix/-mabi=lp64
FAIL: g++.dg/warn/Waddress-5.C -std=gnu++98 (test for excess errors)
FAIL: g++.dg/warn/Waddress-5.C -std=gnu++14 (test for excess errors)
FAIL: g++.dg/warn/Waddress-5.C -std=gnu++17 (test for excess errors)
FAIL: g++.dg/warn/Waddress-5.C -std=gnu++2a (test for excess errors)
FAIL: g++.dg/gomp/attrs-10.C -std=gnu++14 (test for warnings, line 57)
FAIL: g++.dg/gomp/attrs-10.C -std=gnu++14 (test for warnings, line 79)
FAIL: g++.dg/gomp/attrs-10.C -std=gnu++14 (test for warnings, line 125)
FAIL: g++.dg/gomp/attrs-10.C -std=gnu++14 (test for excess errors)
FAIL: g++.dg/gomp/attrs-10.C -std=gnu++17 (test for warnings, line 57)
FAIL: g++.dg/gomp/attrs-10.C -std=gnu++17 (test for warnings, line 79)
FAIL: g++.dg/gomp/attrs-10.C -std=gnu++17 (test for warnings, line 125)
FAIL: g++.dg/gomp/attrs-10.C -std=gnu++17 (test for excess errors)
FAIL: g++.dg/gomp/attrs-10.C -std=gnu++2a (test for warnings, line 57)
FAIL: g++.dg/gomp/attrs-10.C -std=gnu++2a (test for warnings, line 79)
FAIL: g++.dg/gomp/attrs-10.C -std=gnu++2a (test for warnings, line 125)
FAIL: g++.dg/gomp/attrs-10.C -std=gnu++2a (test for excess errors)
FAIL: g++.dg/gomp/declare-simd-8.C -std=c++98 (test for excess errors)
FAIL: g++.dg/gomp/declare-simd-8.C -std=c++14 (test for excess errors)
FAIL: g++.dg/gomp/declare-simd-8.C -std=c++17 (test for excess errors)
FAIL: g++.dg/gomp/declare-simd-8.C -std=c++2a (test for excess errors)
FAIL: c-c++-common/hwasan/alloca-gets-different-tag.c -O2 -flto -fuse-linker-plugin -fno-fat-lto-objects execution test
FAIL: c-c++-common/hwasan/alloca-outside-caught.c -O2 -flto -fuse-linker-plugin -fno-fat-lto-objects output pattern test
FAIL: g++.dg/modules/xtreme-header-3_a.H -std=c++17 (internal compiler error)
FAIL: g++.dg/modules/xtreme-header-3_a.H -std=c++17 (test for excess errors)
FAIL: g++.dg/modules/xtreme-header-3_a.H module-cmi (gcm.cache/\$srcdir/g++.dg/modules/xtreme-header-3_a.H.gcm)
FAIL: g++.dg/modules/xtreme-header-3_a.H -std=c++2a (internal compiler error)
FAIL: g++.dg/modules/xtreme-header-3_a.H -std=c++2a (test for excess errors)
FAIL: g++.dg/modules/xtreme-header-3_a.H module-cmi (gcm.cache/\$srcdir/g++.dg/modules/xtreme-header-3_a.H.gcm)
FAIL: g++.dg/modules/xtreme-header-3_a.H -std=c++2b (internal compiler error)
FAIL: g++.dg/modules/xtreme-header-3_a.H -std=c++2b (test for excess errors)
FAIL: g++.dg/modules/xtreme-header-3_a.H module-cmi (gcm.cache/\$srcdir/g++.dg/modules/xtreme-header-3_a.H.gcm)
FAIL: g++.dg/modules/xtreme-header-3_b.C -std=c++17 (test for excess errors)
FAIL: g++.dg/modules/xtreme-header-3_b.C -std=c++2a (test for excess errors)
FAIL: g++.dg/modules/xtreme-header-3_b.C -std=c++2b (test for excess errors)
FAIL: g++.dg/modules/xtreme-header-3_c.C -std=c++17 (test for excess errors)
FAIL: g++.dg/modules/xtreme-header-3_c.C -std=c++2a (test for excess errors)
FAIL: g++.dg/modules/xtreme-header-3_c.C -std=c++2b (test for excess errors)
FAIL: g++.dg/modules/xtreme-header_a.H -std=c++17 (internal compiler error)
FAIL: g++.dg/modules/xtreme-header_a.H -std=c++17 (test for excess errors)
FAIL: g++.dg/modules/xtreme-header_a.H module-cmi (gcm.cache/\$srcdir/g++.dg/modules/xtreme-header_a.H.gcm)
FAIL: g++.dg/modules/xtreme-header_a.H -std=c++2a (internal compiler error)
FAIL: g++.dg/modules/xtreme-header_a.H -std=c++2a (test for excess errors)
FAIL: g++.dg/modules/xtreme-header_a.H module-cmi (gcm.cache/\$srcdir/g++.dg/modules/xtreme-header_a.H.gcm)
FAIL: g++.dg/modules/xtreme-header_a.H -std=c++2b (internal compiler error)
FAIL: g++.dg/modules/xtreme-header_a.H -std=c++2b (test for excess errors)
FAIL: g++.dg/modules/xtreme-header_a.H module-cmi (gcm.cache/\$srcdir/g++.dg/modules/xtreme-header_a.H.gcm)
FAIL: g++.dg/modules/xtreme-header_b.C -std=c++17 (test for excess errors)
FAIL: g++.dg/modules/xtreme-header_b.C -std=c++2a (test for excess errors)
FAIL: g++.dg/modules/xtreme-header_b.C -std=c++2b (test for excess errors)
XPASS: g++.dg/vect/slp-pr98855.cc -std=c++98 scan-tree-dump-times slp1 "not vectorized: vectorization is not profitable" 2
XPASS: g++.dg/vect/slp-pr98855.cc -std=c++14 scan-tree-dump-times slp1 "not vectorized: vectorization is not profitable" 2
XPASS: g++.dg/vect/slp-pr98855.cc -std=c++17 scan-tree-dump-times slp1 "not vectorized: vectorization is not profitable" 2
XPASS: g++.dg/vect/slp-pr98855.cc -std=c++2a scan-tree-dump-times slp1 "not vectorized: vectorization is not profitable" 2
FAIL: g++.target/aarch64/no_unique_address_1.C check-function-bodies _Z8caller_pR1P
FAIL: g++.target/aarch64/no_unique_address_2.C (test for warnings, line 169)
FAIL: g++.target/aarch64/no_unique_address_2.C check-function-bodies _Z8caller_pR1P
=== g++ Summary ===
# of expected passes 330431
# of unexpected failures 52
# of unexpected successes 4
# of expected failures 2509
# of unsupported tests 9965
/opt/gcc/gcc-20211002/Build/gcc/xg++ version 12.0.0 20211002 (experimental) [master revision 9d116bcc555] (GCC)
=== gcc tests ===
Running target unix/-mabi=lp64
FAIL: gcc.dg/guality/pr41616-1.c -O2 -flto -fuse-linker-plugin -fno-fat-lto-objects -DPREVENT_OPTIMIZATION execution test
FAIL: gcc.dg/guality/pr54519-1.c -Os -DPREVENT_OPTIMIZATION line 23 x == 98
FAIL: gcc.dg/guality/pr54519-1.c -Os -DPREVENT_OPTIMIZATION line 23 y == 117
FAIL: gcc.dg/guality/pr54519-1.c -Os -DPREVENT_OPTIMIZATION line 23 z == 8
FAIL: gcc.dg/guality/pr54519-3.c -Os -DPREVENT_OPTIMIZATION line 23 x == 98
FAIL: gcc.dg/guality/pr54519-3.c -Os -DPREVENT_OPTIMIZATION line 23 y == 117
FAIL: gcc.dg/guality/pr54519-3.c -Os -DPREVENT_OPTIMIZATION line 23 z == 8
FAIL: c-c++-common/hwasan/alloca-gets-different-tag.c -O2 -flto -fuse-linker-plugin -fno-fat-lto-objects execution test
FAIL: c-c++-common/hwasan/alloca-outside-caught.c -O2 -flto -fuse-linker-plugin -fno-fat-lto-objects output pattern test
FAIL: gcc.dg/simulate-thread/atomic-other-short.c -O0 -g thread simulation test
FAIL: gcc.dg/tree-prof/20050826-2.c scan-tree-dump-not dom2 "Invalid sum"
FAIL: gcc.target/aarch64/cpymem-q-reg_1.c scan-assembler ldp\\\\tq[0-9]*
FAIL: gcc.target/aarch64/cpymem-q-reg_1.c scan-assembler stp\\\\tq[0-9]*
FAIL: gcc.target/aarch64/pr100056.c scan-assembler-not \\\\t[us]bfiz\\\\tw[0-9]+, w[0-9]+, 11
FAIL: gcc.target/aarch64/subs_compare_2.c scan-assembler-times subs\\\\tw[0-9]+, w[0-9]+, [#]?4 1
FAIL: gcc.target/aarch64/subs_compare_2.c scan-assembler-not cmp\\\\tw[0-9]+, w[0-9]+
=== gcc Summary ===
# of expected passes 269995
# of unexpected failures 16
# of expected failures 2228
# of unsupported tests 4312
/opt/gcc/gcc-20211002/Build/gcc/xgcc version 12.0.0 20211002 (experimental) [master revision 9d116bcc555] (GCC)
=== gdc tests ===
Running target unix/-mabi=lp64
=== gdc Summary ===
# of expected passes 10846
# of unsupported tests 28
/opt/gcc/gcc-20211002/Build/gcc/gdc version 12.0.0 20211002 (experimental) [master revision 9d116bcc555] (GCC)
=== gfortran tests ===
Running target unix/-mabi=lp64
UNRESOLVED: gfortran.dg/c-interop/cf-descriptor-5.f90 -O0 compilation failed to produce executable
UNRESOLVED: gfortran.dg/c-interop/cf-descriptor-5.f90 -O1 compilation failed to produce executable
UNRESOLVED: gfortran.dg/c-interop/cf-descriptor-5.f90 -O2 compilation failed to produce executable
UNRESOLVED: gfortran.dg/c-interop/cf-descriptor-5.f90 -O3 -fomit-frame-pointer -funroll-loops -fpeel-loops -ftracer -finline-functions compilation failed to produce executable
UNRESOLVED: gfortran.dg/c-interop/cf-descriptor-5.f90 -O3 -g compilation failed to produce executable
UNRESOLVED: gfortran.dg/c-interop/cf-descriptor-5.f90 -Os compilation failed to produce executable
UNRESOLVED: gfortran.dg/c-interop/cf-out-descriptor-5.f90 -O0 compilation failed to produce executable
UNRESOLVED: gfortran.dg/c-interop/cf-out-descriptor-5.f90 -O1 compilation failed to produce executable
UNRESOLVED: gfortran.dg/c-interop/cf-out-descriptor-5.f90 -O2 compilation failed to produce executable
UNRESOLVED: gfortran.dg/c-interop/cf-out-descriptor-5.f90 -O3 -fomit-frame-pointer -funroll-loops -fpeel-loops -ftracer -finline-functions compilation failed to produce executable
UNRESOLVED: gfortran.dg/c-interop/cf-out-descriptor-5.f90 -O3 -g compilation failed to produce executable
UNRESOLVED: gfortran.dg/c-interop/cf-out-descriptor-5.f90 -Os compilation failed to produce executable
UNRESOLVED: gfortran.dg/c-interop/fc-descriptor-5.f90 -O0 compilation failed to produce executable
UNRESOLVED: gfortran.dg/c-interop/fc-descriptor-5.f90 -O1 compilation failed to produce executable
UNRESOLVED: gfortran.dg/c-interop/fc-descriptor-5.f90 -O2 compilation failed to produce executable
UNRESOLVED: gfortran.dg/c-interop/fc-descriptor-5.f90 -O3 -fomit-frame-pointer -funroll-loops -fpeel-loops -ftracer -finline-functions compilation failed to produce executable
UNRESOLVED: gfortran.dg/c-interop/fc-descriptor-5.f90 -O3 -g compilation failed to produce executable
UNRESOLVED: gfortran.dg/c-interop/fc-descriptor-5.f90 -Os compilation failed to produce executable
UNRESOLVED: gfortran.dg/c-interop/fc-out-descriptor-5.f90 -O0 compilation failed to produce executable
UNRESOLVED: gfortran.dg/c-interop/fc-out-descriptor-5.f90 -O1 compilation failed to produce executable
UNRESOLVED: gfortran.dg/c-interop/fc-out-descriptor-5.f90 -O2 compilation failed to produce executable
UNRESOLVED: gfortran.dg/c-interop/fc-out-descriptor-5.f90 -O3 -fomit-frame-pointer -funroll-loops -fpeel-loops -ftracer -finline-functions compilation failed to produce executable
UNRESOLVED: gfortran.dg/c-interop/fc-out-descriptor-5.f90 -O3 -g compilation failed to produce executable
UNRESOLVED: gfortran.dg/c-interop/fc-out-descriptor-5.f90 -Os compilation failed to produce executable
UNRESOLVED: gfortran.dg/c-interop/ff-descriptor-5.f90 -O0 compilation failed to produce executable
UNRESOLVED: gfortran.dg/c-interop/ff-descriptor-5.f90 -O1 compilation failed to produce executable
UNRESOLVED: gfortran.dg/c-interop/ff-descriptor-5.f90 -O2 compilation failed to produce executable
UNRESOLVED: gfortran.dg/c-interop/ff-descriptor-5.f90 -O3 -fomit-frame-pointer -funroll-loops -fpeel-loops -ftracer -finline-functions compilation failed to produce executable
UNRESOLVED: gfortran.dg/c-interop/ff-descriptor-5.f90 -O3 -g compilation failed to produce executable
UNRESOLVED: gfortran.dg/c-interop/ff-descriptor-5.f90 -Os compilation failed to produce executable
=== gfortran Summary ===
# of expected passes 59987
# of expected failures 476
# of unresolved testcases 30
# of unsupported tests 148
/opt/gcc/gcc-20211002/Build/gcc/gfortran version 12.0.0 20211002 (experimental) [master revision 9d116bcc555] (GCC)
=== gnat tests ===
Running target unix/-mabi=lp64
=== gnat Summary ===
# of expected passes 3336
# of expected failures 23
# of unsupported tests 24
/opt/gcc/gcc-20211002/Build/gcc/gnatmake version 12.0.0 20211002 (experimental) [master revision 9d116bcc555]
=== go tests ===
Running target unix/-mabi=lp64
FAIL: ./index0-out.go execution, -O0 -g -fno-var-tracking-assignments
WARNING: ./issue9604b-out.go compilation, -O0 -g -fno-var-tracking-assignments program timed out.
FAIL: ./issue9604b-out.go compilation, -O0 -g -fno-var-tracking-assignments
WARNING: go.test/test/cmplxdivide.go program timed out.
FAIL: go.test/test/cmplxdivide.go
FAIL: go.test/test/fixedbugs/issue10441.go -O (test for excess errors)
FAIL: go.test/test/fixedbugs/issue27836.dir/Äfoo.go -O -I. (test for excess errors)
FAIL: go.test/test/fixedbugs/issue27836.dir/Ämain.go -O -I. (test for excess errors)
=== go Summary ===
# of expected passes 8877
# of unexpected failures 6
# of untested testcases 11
# of unsupported tests 32
/opt/gcc/gcc-20211002/Build/gcc/gccgo version 12.0.0 20211002 (experimental) [master revision 9d116bcc555] (GCC)
=== obj-c++ tests ===
Running target unix/-mabi=lp64
=== obj-c++ Summary ===
# of expected passes 1502
# of expected failures 10
# of unsupported tests 79
/opt/gcc/gcc-20211002/Build/gcc/xg++ version 12.0.0 20211002 (experimental) [master revision 9d116bcc555] (GCC)
=== objc tests ===
Running target unix/-mabi=lp64
=== objc Summary ===
# of expected passes 2844
# of unsupported tests 71
/opt/gcc/gcc-20211002/Build/gcc/xgcc version 12.0.0 20211002 (experimental) [master revision 9d116bcc555] (GCC)
=== gotools tests ===
FAIL: TestScript
FAIL: go test cmd/go
FAIL: TestSpuriousWakeupsNeverHangSemasleep
FAIL: go test runtime
=== gotools Summary ===
# of expected passes 400
# of unexpected failures 4
# of untested testcases 127
/opt/gcc/gcc-20211002/Build/./gcc/gccgo version 12.0.0 20211002 (experimental) [master revision 9d116bcc555] (GCC)
Compiler version: 12.0.0 20211002 (experimental) [master revision 9d116bcc555] (GCC)
Platform: aarch64-suse-linux-gnu
configure flags: --prefix=/usr --build=aarch64-suse-linux --enable-shared --with-system-zlib CFLAGS='-O2 -g' CXXFLAGS='-O2 -g' --with-multilib-list=lp64
More information about the Gcc-testresults
mailing list