Results for 12.0.0 20211119 (experimental) [master revision a84177aff7ca86f501d6aa5ef407fac5e71f56fb] (GCC) testsuite on sparcv9-sun-solaris2.11
Rainer Orth
ro@CeBiTec.Uni-Bielefeld.DE
Sat Nov 20 14:03:30 GMT 2021
LAST_UPDATED: Fri Nov 19 09:52:36 UTC 2021 (revision a84177aff7ca86f501d6aa5ef407fac5e71f56fb)
=== acats tests ===
FAIL: c67005c
=== acats Summary ===
# of expected passes 2327
# of unexpected failures 1
Native configuration is sparcv9-sun-solaris2.11
=== g++ tests ===
Running target unix
FAIL: g++.dg/gcov/pr16855-priority.C -std=gnu++14 gcov: 12 failures in line counts, 0 in branch percentages, 0 in return percentages, 0 in intermediate format
FAIL: g++.dg/gcov/pr16855-priority.C -std=gnu++14 line 14: is 2:should be 1
FAIL: g++.dg/gcov/pr16855-priority.C -std=gnu++14 line 21: is 2:should be 1
FAIL: g++.dg/gcov/pr16855-priority.C -std=gnu++14 line 22: is #####:should be 1
FAIL: g++.dg/gcov/pr16855-priority.C -std=gnu++14 line 35: is 2:should be 1
FAIL: g++.dg/gcov/pr16855-priority.C -std=gnu++14 line 41: is 2:should be 1
FAIL: g++.dg/gcov/pr16855-priority.C -std=gnu++14 line 46: is 2:should be 1
FAIL: g++.dg/gcov/pr16855-priority.C -std=gnu++14 line 51: is 2:should be 1
FAIL: g++.dg/gcov/pr16855-priority.C -std=gnu++14 line 56: is 2:should be 1
FAIL: g++.dg/gcov/pr16855-priority.C -std=gnu++14 line 61: is 2:should be 1
FAIL: g++.dg/gcov/pr16855-priority.C -std=gnu++14 line 66: is 2:should be 1
FAIL: g++.dg/gcov/pr16855-priority.C -std=gnu++14 line 71: is 2:should be 1
FAIL: g++.dg/gcov/pr16855-priority.C -std=gnu++14 line 76: is 2:should be 1
FAIL: g++.dg/gcov/pr16855-priority.C -std=gnu++17 gcov: 12 failures in line counts, 0 in branch percentages, 0 in return percentages, 0 in intermediate format
FAIL: g++.dg/gcov/pr16855-priority.C -std=gnu++17 line 14: is 3:should be 1
FAIL: g++.dg/gcov/pr16855-priority.C -std=gnu++17 line 21: is 3:should be 1
FAIL: g++.dg/gcov/pr16855-priority.C -std=gnu++17 line 22: is #####:should be 1
FAIL: g++.dg/gcov/pr16855-priority.C -std=gnu++17 line 35: is 3:should be 1
FAIL: g++.dg/gcov/pr16855-priority.C -std=gnu++17 line 41: is 3:should be 1
FAIL: g++.dg/gcov/pr16855-priority.C -std=gnu++17 line 46: is 3:should be 1
FAIL: g++.dg/gcov/pr16855-priority.C -std=gnu++17 line 51: is 3:should be 1
FAIL: g++.dg/gcov/pr16855-priority.C -std=gnu++17 line 56: is 3:should be 1
FAIL: g++.dg/gcov/pr16855-priority.C -std=gnu++17 line 61: is 3:should be 1
FAIL: g++.dg/gcov/pr16855-priority.C -std=gnu++17 line 66: is 3:should be 1
FAIL: g++.dg/gcov/pr16855-priority.C -std=gnu++17 line 71: is 3:should be 1
FAIL: g++.dg/gcov/pr16855-priority.C -std=gnu++17 line 76: is 3:should be 1
FAIL: g++.dg/gcov/pr16855-priority.C -std=gnu++2a gcov: 12 failures in line counts, 0 in branch percentages, 0 in return percentages, 0 in intermediate format
FAIL: g++.dg/gcov/pr16855-priority.C -std=gnu++2a line 14: is 4:should be 1
FAIL: g++.dg/gcov/pr16855-priority.C -std=gnu++2a line 21: is 4:should be 1
FAIL: g++.dg/gcov/pr16855-priority.C -std=gnu++2a line 22: is #####:should be 1
FAIL: g++.dg/gcov/pr16855-priority.C -std=gnu++2a line 35: is 4:should be 1
FAIL: g++.dg/gcov/pr16855-priority.C -std=gnu++2a line 41: is 4:should be 1
FAIL: g++.dg/gcov/pr16855-priority.C -std=gnu++2a line 46: is 4:should be 1
FAIL: g++.dg/gcov/pr16855-priority.C -std=gnu++2a line 51: is 4:should be 1
FAIL: g++.dg/gcov/pr16855-priority.C -std=gnu++2a line 56: is 4:should be 1
FAIL: g++.dg/gcov/pr16855-priority.C -std=gnu++2a line 61: is 4:should be 1
FAIL: g++.dg/gcov/pr16855-priority.C -std=gnu++2a line 66: is 4:should be 1
FAIL: g++.dg/gcov/pr16855-priority.C -std=gnu++2a line 71: is 4:should be 1
FAIL: g++.dg/gcov/pr16855-priority.C -std=gnu++2a line 76: is 4:should be 1
FAIL: g++.dg/gcov/pr16855-priority.C -std=gnu++98 gcov: 1 failures in line counts, 0 in branch percentages, 0 in return percentages, 0 in intermediate format
FAIL: g++.dg/gcov/pr16855-priority.C -std=gnu++98 line 22: is #####:should be 1
FAIL: g++.dg/gcov/pr16855.C -std=gnu++14 gcov: 6 failures in line counts, 0 in branch percentages, 0 in return percentages, 0 in intermediate format
FAIL: g++.dg/gcov/pr16855.C -std=gnu++14 line 15: is 2:should be 1
FAIL: g++.dg/gcov/pr16855.C -std=gnu++14 line 22: is 2:should be 1
FAIL: g++.dg/gcov/pr16855.C -std=gnu++14 line 24: is #####:should be 1
FAIL: g++.dg/gcov/pr16855.C -std=gnu++14 line 38: is 2:should be 1
FAIL: g++.dg/gcov/pr16855.C -std=gnu++14 line 44: is 2:should be 1
FAIL: g++.dg/gcov/pr16855.C -std=gnu++14 line 49: is 2:should be 1
FAIL: g++.dg/gcov/pr16855.C -std=gnu++17 gcov: 6 failures in line counts, 0 in branch percentages, 0 in return percentages, 0 in intermediate format
FAIL: g++.dg/gcov/pr16855.C -std=gnu++17 line 15: is 3:should be 1
FAIL: g++.dg/gcov/pr16855.C -std=gnu++17 line 22: is 3:should be 1
FAIL: g++.dg/gcov/pr16855.C -std=gnu++17 line 24: is #####:should be 1
FAIL: g++.dg/gcov/pr16855.C -std=gnu++17 line 38: is 3:should be 1
FAIL: g++.dg/gcov/pr16855.C -std=gnu++17 line 44: is 3:should be 1
FAIL: g++.dg/gcov/pr16855.C -std=gnu++17 line 49: is 3:should be 1
FAIL: g++.dg/gcov/pr16855.C -std=gnu++2a gcov: 6 failures in line counts, 0 in branch percentages, 0 in return percentages, 0 in intermediate format
FAIL: g++.dg/gcov/pr16855.C -std=gnu++2a line 15: is 4:should be 1
FAIL: g++.dg/gcov/pr16855.C -std=gnu++2a line 22: is 4:should be 1
FAIL: g++.dg/gcov/pr16855.C -std=gnu++2a line 24: is #####:should be 1
FAIL: g++.dg/gcov/pr16855.C -std=gnu++2a line 38: is 4:should be 1
FAIL: g++.dg/gcov/pr16855.C -std=gnu++2a line 44: is 4:should be 1
FAIL: g++.dg/gcov/pr16855.C -std=gnu++2a line 49: is 4:should be 1
FAIL: g++.dg/gcov/pr16855.C -std=gnu++98 gcov: 1 failures in line counts, 0 in branch percentages, 0 in return percentages, 0 in intermediate format
FAIL: g++.dg/gcov/pr16855.C -std=gnu++98 line 24: is #####:should be 1
FAIL: g++.dg/modules/stdio-1_a.H -std=c++17 scan-lang-dump module "Depset:0 decl entity:[0-9]* function_decl:'::printf'"
FAIL: g++.dg/modules/stdio-1_a.H -std=c++2a scan-lang-dump module "Depset:0 decl entity:[0-9]* function_decl:'::printf'"
FAIL: g++.dg/modules/stdio-1_a.H -std=c++2b scan-lang-dump module "Depset:0 decl entity:[0-9]* function_decl:'::printf'"
FAIL: g++.dg/modules/xtreme-header-3_a.H -std=c++17 (internal compiler error)
FAIL: g++.dg/modules/xtreme-header-3_a.H -std=c++17 (test for excess errors)
FAIL: g++.dg/modules/xtreme-header-3_a.H -std=c++2a (internal compiler error)
FAIL: g++.dg/modules/xtreme-header-3_a.H -std=c++2a (test for excess errors)
FAIL: g++.dg/modules/xtreme-header-3_a.H -std=c++2b (internal compiler error)
FAIL: g++.dg/modules/xtreme-header-3_a.H -std=c++2b (test for excess errors)
FAIL: g++.dg/modules/xtreme-header-3_a.H module-cmi (gcm.cache/\$srcdir/g++.dg/modules/xtreme-header-3_a.H.gcm)
FAIL: g++.dg/modules/xtreme-header-3_a.H module-cmi (gcm.cache/\$srcdir/g++.dg/modules/xtreme-header-3_a.H.gcm)
FAIL: g++.dg/modules/xtreme-header-3_a.H module-cmi (gcm.cache/\$srcdir/g++.dg/modules/xtreme-header-3_a.H.gcm)
FAIL: g++.dg/modules/xtreme-header-3_b.C -std=c++17 (test for excess errors)
FAIL: g++.dg/modules/xtreme-header-3_b.C -std=c++2a (test for excess errors)
FAIL: g++.dg/modules/xtreme-header-3_b.C -std=c++2b (test for excess errors)
FAIL: g++.dg/modules/xtreme-header-3_c.C -std=c++17 (test for excess errors)
FAIL: g++.dg/modules/xtreme-header-3_c.C -std=c++2a (test for excess errors)
FAIL: g++.dg/modules/xtreme-header-3_c.C -std=c++2b (test for excess errors)
FAIL: g++.dg/modules/xtreme-header-5_a.H -std=c++2a (internal compiler error)
FAIL: g++.dg/modules/xtreme-header-5_a.H -std=c++2a (test for excess errors)
FAIL: g++.dg/modules/xtreme-header-5_a.H -std=c++2b (internal compiler error)
FAIL: g++.dg/modules/xtreme-header-5_a.H -std=c++2b (test for excess errors)
FAIL: g++.dg/modules/xtreme-header-5_a.H module-cmi (gcm.cache/\$srcdir/g++.dg/modules/xtreme-header-5_a.H.gcm)
FAIL: g++.dg/modules/xtreme-header-5_a.H module-cmi (gcm.cache/\$srcdir/g++.dg/modules/xtreme-header-5_a.H.gcm)
FAIL: g++.dg/modules/xtreme-header-5_b.C -std=c++2a (test for excess errors)
FAIL: g++.dg/modules/xtreme-header-5_b.C -std=c++2b (test for excess errors)
FAIL: g++.dg/modules/xtreme-header-5_c.C -std=c++2a (test for excess errors)
FAIL: g++.dg/modules/xtreme-header-5_c.C -std=c++2b (test for excess errors)
FAIL: g++.dg/modules/xtreme-header_a.H -std=c++17 (internal compiler error)
FAIL: g++.dg/modules/xtreme-header_a.H -std=c++17 (test for excess errors)
FAIL: g++.dg/modules/xtreme-header_a.H -std=c++2a (internal compiler error)
FAIL: g++.dg/modules/xtreme-header_a.H -std=c++2a (test for excess errors)
FAIL: g++.dg/modules/xtreme-header_a.H -std=c++2b (internal compiler error)
FAIL: g++.dg/modules/xtreme-header_a.H -std=c++2b (test for excess errors)
FAIL: g++.dg/modules/xtreme-header_a.H module-cmi (gcm.cache/\$srcdir/g++.dg/modules/xtreme-header_a.H.gcm)
FAIL: g++.dg/modules/xtreme-header_a.H module-cmi (gcm.cache/\$srcdir/g++.dg/modules/xtreme-header_a.H.gcm)
FAIL: g++.dg/modules/xtreme-header_a.H module-cmi (gcm.cache/\$srcdir/g++.dg/modules/xtreme-header_a.H.gcm)
FAIL: g++.dg/modules/xtreme-header_b.C -std=c++17 (test for excess errors)
FAIL: g++.dg/modules/xtreme-header_b.C -std=c++2a (test for excess errors)
FAIL: g++.dg/modules/xtreme-header_b.C -std=c++2b (test for excess errors)
=== g++ Summary for unix ===
# of expected passes 214968
# of unexpected failures 104
# of expected failures 1415
# of unsupported tests 10140
Running target unix/-m32
FAIL: g++.dg/asan/default-options-1.C -O0 execution test
FAIL: g++.dg/asan/default-options-1.C -O1 execution test
FAIL: g++.dg/asan/default-options-1.C -O2 execution test
FAIL: g++.dg/asan/default-options-1.C -O2 -flto execution test
FAIL: g++.dg/asan/default-options-1.C -O2 -flto -flto-partition=none execution test
FAIL: g++.dg/asan/default-options-1.C -O3 -g execution test
FAIL: g++.dg/asan/default-options-1.C -Os execution test
FAIL: g++.dg/gcov/pr16855-priority.C -std=gnu++14 gcov: 12 failures in line counts, 0 in branch percentages, 0 in return percentages, 0 in intermediate format
FAIL: g++.dg/gcov/pr16855-priority.C -std=gnu++14 line 14: is 2:should be 1
FAIL: g++.dg/gcov/pr16855-priority.C -std=gnu++14 line 21: is 2:should be 1
FAIL: g++.dg/gcov/pr16855-priority.C -std=gnu++14 line 22: is #####:should be 1
FAIL: g++.dg/gcov/pr16855-priority.C -std=gnu++14 line 35: is 2:should be 1
FAIL: g++.dg/gcov/pr16855-priority.C -std=gnu++14 line 41: is 2:should be 1
FAIL: g++.dg/gcov/pr16855-priority.C -std=gnu++14 line 46: is 2:should be 1
FAIL: g++.dg/gcov/pr16855-priority.C -std=gnu++14 line 51: is 2:should be 1
FAIL: g++.dg/gcov/pr16855-priority.C -std=gnu++14 line 56: is 2:should be 1
FAIL: g++.dg/gcov/pr16855-priority.C -std=gnu++14 line 61: is 2:should be 1
FAIL: g++.dg/gcov/pr16855-priority.C -std=gnu++14 line 66: is 2:should be 1
FAIL: g++.dg/gcov/pr16855-priority.C -std=gnu++14 line 71: is 2:should be 1
FAIL: g++.dg/gcov/pr16855-priority.C -std=gnu++14 line 76: is 2:should be 1
FAIL: g++.dg/gcov/pr16855-priority.C -std=gnu++17 gcov: 12 failures in line counts, 0 in branch percentages, 0 in return percentages, 0 in intermediate format
FAIL: g++.dg/gcov/pr16855-priority.C -std=gnu++17 line 14: is 3:should be 1
FAIL: g++.dg/gcov/pr16855-priority.C -std=gnu++17 line 21: is 3:should be 1
FAIL: g++.dg/gcov/pr16855-priority.C -std=gnu++17 line 22: is #####:should be 1
FAIL: g++.dg/gcov/pr16855-priority.C -std=gnu++17 line 35: is 3:should be 1
FAIL: g++.dg/gcov/pr16855-priority.C -std=gnu++17 line 41: is 3:should be 1
FAIL: g++.dg/gcov/pr16855-priority.C -std=gnu++17 line 46: is 3:should be 1
FAIL: g++.dg/gcov/pr16855-priority.C -std=gnu++17 line 51: is 3:should be 1
FAIL: g++.dg/gcov/pr16855-priority.C -std=gnu++17 line 56: is 3:should be 1
FAIL: g++.dg/gcov/pr16855-priority.C -std=gnu++17 line 61: is 3:should be 1
FAIL: g++.dg/gcov/pr16855-priority.C -std=gnu++17 line 66: is 3:should be 1
FAIL: g++.dg/gcov/pr16855-priority.C -std=gnu++17 line 71: is 3:should be 1
FAIL: g++.dg/gcov/pr16855-priority.C -std=gnu++17 line 76: is 3:should be 1
FAIL: g++.dg/gcov/pr16855-priority.C -std=gnu++2a gcov: 12 failures in line counts, 0 in branch percentages, 0 in return percentages, 0 in intermediate format
FAIL: g++.dg/gcov/pr16855-priority.C -std=gnu++2a line 14: is 4:should be 1
FAIL: g++.dg/gcov/pr16855-priority.C -std=gnu++2a line 21: is 4:should be 1
FAIL: g++.dg/gcov/pr16855-priority.C -std=gnu++2a line 22: is #####:should be 1
FAIL: g++.dg/gcov/pr16855-priority.C -std=gnu++2a line 35: is 4:should be 1
FAIL: g++.dg/gcov/pr16855-priority.C -std=gnu++2a line 41: is 4:should be 1
FAIL: g++.dg/gcov/pr16855-priority.C -std=gnu++2a line 46: is 4:should be 1
FAIL: g++.dg/gcov/pr16855-priority.C -std=gnu++2a line 51: is 4:should be 1
FAIL: g++.dg/gcov/pr16855-priority.C -std=gnu++2a line 56: is 4:should be 1
FAIL: g++.dg/gcov/pr16855-priority.C -std=gnu++2a line 61: is 4:should be 1
FAIL: g++.dg/gcov/pr16855-priority.C -std=gnu++2a line 66: is 4:should be 1
FAIL: g++.dg/gcov/pr16855-priority.C -std=gnu++2a line 71: is 4:should be 1
FAIL: g++.dg/gcov/pr16855-priority.C -std=gnu++2a line 76: is 4:should be 1
FAIL: g++.dg/gcov/pr16855-priority.C -std=gnu++98 gcov: 1 failures in line counts, 0 in branch percentages, 0 in return percentages, 0 in intermediate format
FAIL: g++.dg/gcov/pr16855-priority.C -std=gnu++98 line 22: is #####:should be 1
FAIL: g++.dg/gcov/pr16855.C -std=gnu++14 gcov: 6 failures in line counts, 0 in branch percentages, 0 in return percentages, 0 in intermediate format
FAIL: g++.dg/gcov/pr16855.C -std=gnu++14 line 15: is 2:should be 1
FAIL: g++.dg/gcov/pr16855.C -std=gnu++14 line 22: is 2:should be 1
FAIL: g++.dg/gcov/pr16855.C -std=gnu++14 line 24: is #####:should be 1
FAIL: g++.dg/gcov/pr16855.C -std=gnu++14 line 38: is 2:should be 1
FAIL: g++.dg/gcov/pr16855.C -std=gnu++14 line 44: is 2:should be 1
FAIL: g++.dg/gcov/pr16855.C -std=gnu++14 line 49: is 2:should be 1
FAIL: g++.dg/gcov/pr16855.C -std=gnu++17 gcov: 6 failures in line counts, 0 in branch percentages, 0 in return percentages, 0 in intermediate format
FAIL: g++.dg/gcov/pr16855.C -std=gnu++17 line 15: is 3:should be 1
FAIL: g++.dg/gcov/pr16855.C -std=gnu++17 line 22: is 3:should be 1
FAIL: g++.dg/gcov/pr16855.C -std=gnu++17 line 24: is #####:should be 1
FAIL: g++.dg/gcov/pr16855.C -std=gnu++17 line 38: is 3:should be 1
FAIL: g++.dg/gcov/pr16855.C -std=gnu++17 line 44: is 3:should be 1
FAIL: g++.dg/gcov/pr16855.C -std=gnu++17 line 49: is 3:should be 1
FAIL: g++.dg/gcov/pr16855.C -std=gnu++2a gcov: 6 failures in line counts, 0 in branch percentages, 0 in return percentages, 0 in intermediate format
FAIL: g++.dg/gcov/pr16855.C -std=gnu++2a line 15: is 4:should be 1
FAIL: g++.dg/gcov/pr16855.C -std=gnu++2a line 22: is 4:should be 1
FAIL: g++.dg/gcov/pr16855.C -std=gnu++2a line 24: is #####:should be 1
FAIL: g++.dg/gcov/pr16855.C -std=gnu++2a line 38: is 4:should be 1
FAIL: g++.dg/gcov/pr16855.C -std=gnu++2a line 44: is 4:should be 1
FAIL: g++.dg/gcov/pr16855.C -std=gnu++2a line 49: is 4:should be 1
FAIL: g++.dg/gcov/pr16855.C -std=gnu++98 gcov: 1 failures in line counts, 0 in branch percentages, 0 in return percentages, 0 in intermediate format
FAIL: g++.dg/gcov/pr16855.C -std=gnu++98 line 24: is #####:should be 1
FAIL: g++.dg/modules/stdio-1_a.H -std=c++17 scan-lang-dump module "Depset:0 decl entity:[0-9]* function_decl:'::printf'"
FAIL: g++.dg/modules/stdio-1_a.H -std=c++2a scan-lang-dump module "Depset:0 decl entity:[0-9]* function_decl:'::printf'"
FAIL: g++.dg/modules/stdio-1_a.H -std=c++2b scan-lang-dump module "Depset:0 decl entity:[0-9]* function_decl:'::printf'"
FAIL: g++.dg/modules/xtreme-header-3_a.H -std=c++17 (internal compiler error)
FAIL: g++.dg/modules/xtreme-header-3_a.H -std=c++17 (test for excess errors)
FAIL: g++.dg/modules/xtreme-header-3_a.H -std=c++2a (internal compiler error)
FAIL: g++.dg/modules/xtreme-header-3_a.H -std=c++2a (test for excess errors)
FAIL: g++.dg/modules/xtreme-header-3_a.H -std=c++2b (internal compiler error)
FAIL: g++.dg/modules/xtreme-header-3_a.H -std=c++2b (test for excess errors)
FAIL: g++.dg/modules/xtreme-header-3_a.H module-cmi (gcm.cache/\$srcdir/g++.dg/modules/xtreme-header-3_a.H.gcm)
FAIL: g++.dg/modules/xtreme-header-3_a.H module-cmi (gcm.cache/\$srcdir/g++.dg/modules/xtreme-header-3_a.H.gcm)
FAIL: g++.dg/modules/xtreme-header-3_a.H module-cmi (gcm.cache/\$srcdir/g++.dg/modules/xtreme-header-3_a.H.gcm)
FAIL: g++.dg/modules/xtreme-header-3_b.C -std=c++17 (test for excess errors)
FAIL: g++.dg/modules/xtreme-header-3_b.C -std=c++2a (test for excess errors)
FAIL: g++.dg/modules/xtreme-header-3_b.C -std=c++2b (test for excess errors)
FAIL: g++.dg/modules/xtreme-header-3_c.C -std=c++17 (test for excess errors)
FAIL: g++.dg/modules/xtreme-header-3_c.C -std=c++2a (test for excess errors)
FAIL: g++.dg/modules/xtreme-header-3_c.C -std=c++2b (test for excess errors)
FAIL: g++.dg/modules/xtreme-header-5_a.H -std=c++2a (internal compiler error)
FAIL: g++.dg/modules/xtreme-header-5_a.H -std=c++2a (test for excess errors)
FAIL: g++.dg/modules/xtreme-header-5_a.H -std=c++2b (internal compiler error)
FAIL: g++.dg/modules/xtreme-header-5_a.H -std=c++2b (test for excess errors)
FAIL: g++.dg/modules/xtreme-header-5_a.H module-cmi (gcm.cache/\$srcdir/g++.dg/modules/xtreme-header-5_a.H.gcm)
FAIL: g++.dg/modules/xtreme-header-5_a.H module-cmi (gcm.cache/\$srcdir/g++.dg/modules/xtreme-header-5_a.H.gcm)
FAIL: g++.dg/modules/xtreme-header-5_b.C -std=c++2a (test for excess errors)
FAIL: g++.dg/modules/xtreme-header-5_b.C -std=c++2b (test for excess errors)
FAIL: g++.dg/modules/xtreme-header-5_c.C -std=c++2a (test for excess errors)
FAIL: g++.dg/modules/xtreme-header-5_c.C -std=c++2b (test for excess errors)
FAIL: g++.dg/modules/xtreme-header_a.H -std=c++17 (internal compiler error)
FAIL: g++.dg/modules/xtreme-header_a.H -std=c++17 (test for excess errors)
FAIL: g++.dg/modules/xtreme-header_a.H -std=c++2a (internal compiler error)
FAIL: g++.dg/modules/xtreme-header_a.H -std=c++2a (test for excess errors)
FAIL: g++.dg/modules/xtreme-header_a.H -std=c++2b (internal compiler error)
FAIL: g++.dg/modules/xtreme-header_a.H -std=c++2b (test for excess errors)
FAIL: g++.dg/modules/xtreme-header_a.H module-cmi (gcm.cache/\$srcdir/g++.dg/modules/xtreme-header_a.H.gcm)
FAIL: g++.dg/modules/xtreme-header_a.H module-cmi (gcm.cache/\$srcdir/g++.dg/modules/xtreme-header_a.H.gcm)
FAIL: g++.dg/modules/xtreme-header_a.H module-cmi (gcm.cache/\$srcdir/g++.dg/modules/xtreme-header_a.H.gcm)
FAIL: g++.dg/modules/xtreme-header_b.C -std=c++17 (test for excess errors)
FAIL: g++.dg/modules/xtreme-header_b.C -std=c++2a (test for excess errors)
FAIL: g++.dg/modules/xtreme-header_b.C -std=c++2b (test for excess errors)
=== g++ Summary for unix/-m32 ===
# of expected passes 214223
# of unexpected failures 111
# of expected failures 1407
# of unsupported tests 10452
=== g++ Summary ===
# of expected passes 429191
# of unexpected failures 215
# of expected failures 2822
# of unsupported tests 20592
/var/gcc/regression/master/11.4-gcc-64/build/gcc/xg++ version 12.0.0 20211119 (experimental) [master revision a84177aff7ca86f501d6aa5ef407fac5e71f56fb] (GCC)
=== gcc tests ===
Running target unix
XPASS: gcc.dg/debug/dwarf2/inline5.c scan-assembler-not \\\\(DIE \\\\(0x([0-9a-f]*)\\\\) DW_TAG_lexical_block\\\\)[^#/!@;\\\\|]*[#/!@;\\\\|]+ +DW_AT.*DW_TAG_lexical_block\\\\)[^#/!@;\\\\|x]*x\\\\1[^#/!@;\\\\|]*[#/!@;\\\\|] +DW_AT_abstract_origin
FAIL: gcc.dg/Warray-bounds-48.c pr102706 (test for warnings, line 133)
FAIL: gcc.dg/Warray-bounds-48.c pr102706 (test for warnings, line 33)
FAIL: gcc.dg/Wzero-length-array-bounds-2.c (test for excess errors)
FAIL: gcc.dg/pr102892-1.c (test for excess errors)
XPASS: gcc.dg/pr84877.c execution test
FAIL: gcc.dg/signbit-2.c scan-tree-dump optimized "\\\\s+>\\\\s+{ 0(, 0)+ }"
FAIL: gcc.dg/ipa/ipa-icf-38.c scan-ltrans-tree-dump-not optimized "Function bar"
FAIL: gcc-dg-lto-modref-3-01.exe scan-wpa-ipa-dump modref "parm 1 flags: no_direct_clobber no_direct_escape"
FAIL: gcc-dg-lto-modref-4-01.exe scan-wpa-ipa-dump modref "parm 1 flags: no_direct_clobber no_direct_escape"
FAIL: gcc.dg/lto/modref-3 c_lto_modref-3_0.o-c_lto_modref-3_1.o execute -O2 -flto-partition=max -fdump-ipa-modref -fno-ipa-sra -fno-ipa-cp -flto
FAIL: gcc.dg/lto/modref-4 c_lto_modref-4_0.o-c_lto_modref-4_1.o execute -O2 -flto-partition=max -fdump-ipa-modref -fno-ipa-sra -flto
FAIL: gcc.dg/tree-prof/merge_block.c scan-tree-dump-not optimized "Invalid sum"
FAIL: gcc.dg/tree-ssa/modref-dse-4.c scan-tree-dump dse2 "Deleted dead store: kill_me"
FAIL: gcc.dg/tree-ssa/modref-dse-5.c scan-tree-dump dse2 "Deleted dead store: wrap"
FAIL: gcc.dg/vect/bb-slp-21.c -flto -ffat-lto-objects scan-tree-dump-times slp2 "optimized: basic block" 1
FAIL: gcc.dg/vect/bb-slp-21.c scan-tree-dump-times slp2 "optimized: basic block" 1
FAIL: gcc.dg/vect/bb-slp-22.c -flto -ffat-lto-objects scan-tree-dump-times slp2 "optimized: basic block" 1
FAIL: gcc.dg/vect/bb-slp-22.c scan-tree-dump-times slp2 "optimized: basic block" 1
XPASS: gcc.dg/vect/bb-slp-32.c -flto -ffat-lto-objects scan-tree-dump slp2 "vectorization is not profitable"
XPASS: gcc.dg/vect/bb-slp-32.c scan-tree-dump slp2 "vectorization is not profitable"
XPASS: gcc.dg/vect/pr33804.c -flto -ffat-lto-objects scan-tree-dump-times vect "vectorized 1 loops" 1
XPASS: gcc.dg/vect/pr33804.c -flto -ffat-lto-objects scan-tree-dump-times vect "vectorizing stmts using SLP" 1
XPASS: gcc.dg/vect/pr33804.c scan-tree-dump-times vect "vectorized 1 loops" 1
XPASS: gcc.dg/vect/pr33804.c scan-tree-dump-times vect "vectorizing stmts using SLP" 1
FAIL: gcc.dg/vect/pr97428.c -flto -ffat-lto-objects scan-tree-dump vect "Detected interleaving load of size 8"
FAIL: gcc.dg/vect/pr97428.c -flto -ffat-lto-objects scan-tree-dump vect "Detected interleaving store of size 16"
FAIL: gcc.dg/vect/pr97428.c scan-tree-dump vect "Detected interleaving load of size 8"
FAIL: gcc.dg/vect/pr97428.c scan-tree-dump vect "Detected interleaving store of size 16"
FAIL: gcc.dg/vect/slp-47.c -flto -ffat-lto-objects scan-tree-dump-times vect "vectorizing stmts using SLP" 2
FAIL: gcc.dg/vect/slp-47.c scan-tree-dump-times vect "vectorizing stmts using SLP" 2
FAIL: gcc.dg/vect/slp-48.c -flto -ffat-lto-objects scan-tree-dump-times vect "vectorizing stmts using SLP" 2
FAIL: gcc.dg/vect/slp-48.c scan-tree-dump-times vect "vectorizing stmts using SLP" 2
XPASS: gcc.dg/vect/slp-multitypes-3.c -flto -ffat-lto-objects scan-tree-dump-times vect "vectorized 1 loops" 1
XPASS: gcc.dg/vect/slp-multitypes-3.c -flto -ffat-lto-objects scan-tree-dump-times vect "vectorizing stmts using SLP" 2
XPASS: gcc.dg/vect/slp-multitypes-3.c scan-tree-dump-times vect "vectorized 1 loops" 1
XPASS: gcc.dg/vect/slp-multitypes-3.c scan-tree-dump-times vect "vectorizing stmts using SLP" 2
XPASS: gcc.dg/vect/vect-alias-check-1.c -flto -ffat-lto-objects scan-tree-dump vect "using an address-based overlap test"
XPASS: gcc.dg/vect/vect-alias-check-1.c scan-tree-dump vect "using an address-based overlap test"
FAIL: gcc.dg/vect/vect-cost-model-1.c -flto -ffat-lto-objects scan-tree-dump vect "LOOP VECTORIZED"
FAIL: gcc.dg/vect/vect-cost-model-1.c scan-tree-dump vect "LOOP VECTORIZED"
FAIL: gcc.dg/vect/vect-cost-model-3.c -flto -ffat-lto-objects scan-tree-dump vect "LOOP VECTORIZED"
FAIL: gcc.dg/vect/vect-cost-model-3.c scan-tree-dump vect "LOOP VECTORIZED"
FAIL: gcc.dg/vect/vect-cost-model-5.c -flto -ffat-lto-objects scan-tree-dump vect "LOOP VECTORIZED"
FAIL: gcc.dg/vect/vect-cost-model-5.c scan-tree-dump vect "LOOP VECTORIZED"
=== gcc Summary for unix ===
# of expected passes 137625
# of unexpected failures 31
# of unexpected successes 14
# of expected failures 1047
# of unsupported tests 3655
Running target unix/-m32
XPASS: gcc.dg/debug/dwarf2/inline5.c scan-assembler-not \\\\(DIE \\\\(0x([0-9a-f]*)\\\\) DW_TAG_lexical_block\\\\)[^#/!@;\\\\|]*[#/!@;\\\\|]+ +DW_AT.*DW_TAG_lexical_block\\\\)[^#/!@;\\\\|x]*x\\\\1[^#/!@;\\\\|]*[#/!@;\\\\|] +DW_AT_abstract_origin
FAIL: gcc.dg/pr102892-1.c (test for excess errors)
FAIL: gcc.dg/signbit-2.c scan-tree-dump optimized "\\\\s+>\\\\s+{ 0(, 0)+ }"
FAIL: c-c++-common/goacc/firstprivate-mappings-1.c scan-tree-dump omplower "(?n)#pragma omp target oacc_parallel firstprivate\\\\(array_li.[0-9]+\\\\) map\\\\(from:array_so \\\\[len: 4\\\\]\\\\) \\\\["
FAIL: gcc.dg/ipa/iinline-attr.c scan-ipa-dump inline "hooray[^\\\\n]*inline copy in test"
FAIL: gcc.dg/ipa/ipa-icf-38.c scan-ltrans-tree-dump-not optimized "Function bar"
FAIL: gcc-dg-lto-modref-3-01.exe scan-wpa-ipa-dump modref "parm 1 flags: no_direct_clobber no_direct_escape"
FAIL: gcc-dg-lto-modref-4-01.exe scan-wpa-ipa-dump modref "parm 1 flags: no_direct_clobber no_direct_escape"
FAIL: gcc.dg/lto/modref-3 c_lto_modref-3_0.o-c_lto_modref-3_1.o execute -O2 -flto-partition=max -fdump-ipa-modref -fno-ipa-sra -fno-ipa-cp -flto
FAIL: gcc.dg/lto/modref-4 c_lto_modref-4_0.o-c_lto_modref-4_1.o execute -O2 -flto-partition=max -fdump-ipa-modref -fno-ipa-sra -flto
FAIL: gcc.dg/simulate-thread/atomic-other-int.c -O2 -g thread simulation test
FAIL: gcc.dg/simulate-thread/atomic-other-int.c -O3 -g thread simulation test
FAIL: gcc.dg/simulate-thread/speculative-store-4.c -O0 -g thread simulation test
FAIL: gcc.dg/simulate-thread/speculative-store-4.c -O2 -g thread simulation test
FAIL: gcc.dg/simulate-thread/speculative-store-4.c -O3 -g thread simulation test
FAIL: gcc.dg/simulate-thread/speculative-store.c -O0 -g thread simulation test
FAIL: gcc.dg/tree-prof/merge_block.c scan-tree-dump-not optimized "Invalid sum"
FAIL: gcc.dg/tree-ssa/modref-dse-4.c scan-tree-dump dse2 "Deleted dead store: kill_me"
FAIL: gcc.dg/tree-ssa/modref-dse-5.c scan-tree-dump dse2 "Deleted dead store: wrap"
FAIL: gcc.dg/vect/bb-slp-21.c -flto -ffat-lto-objects scan-tree-dump-times slp2 "optimized: basic block" 1
FAIL: gcc.dg/vect/bb-slp-21.c scan-tree-dump-times slp2 "optimized: basic block" 1
FAIL: gcc.dg/vect/bb-slp-22.c -flto -ffat-lto-objects scan-tree-dump-times slp2 "optimized: basic block" 1
FAIL: gcc.dg/vect/bb-slp-22.c scan-tree-dump-times slp2 "optimized: basic block" 1
XPASS: gcc.dg/vect/bb-slp-32.c -flto -ffat-lto-objects scan-tree-dump slp2 "vectorization is not profitable"
XPASS: gcc.dg/vect/bb-slp-32.c scan-tree-dump slp2 "vectorization is not profitable"
FAIL: gcc.dg/vect/pr97428.c -flto -ffat-lto-objects scan-tree-dump vect "Detected interleaving load of size 8"
FAIL: gcc.dg/vect/pr97428.c -flto -ffat-lto-objects scan-tree-dump vect "Detected interleaving store of size 16"
FAIL: gcc.dg/vect/pr97428.c scan-tree-dump vect "Detected interleaving load of size 8"
FAIL: gcc.dg/vect/pr97428.c scan-tree-dump vect "Detected interleaving store of size 16"
FAIL: gcc.dg/vect/slp-47.c -flto -ffat-lto-objects scan-tree-dump-times vect "vectorizing stmts using SLP" 2
FAIL: gcc.dg/vect/slp-47.c scan-tree-dump-times vect "vectorizing stmts using SLP" 2
FAIL: gcc.dg/vect/slp-48.c -flto -ffat-lto-objects scan-tree-dump-times vect "vectorizing stmts using SLP" 2
FAIL: gcc.dg/vect/slp-48.c scan-tree-dump-times vect "vectorizing stmts using SLP" 2
XPASS: gcc.dg/vect/vect-alias-check-1.c -flto -ffat-lto-objects scan-tree-dump vect "using an address-based overlap test"
XPASS: gcc.dg/vect/vect-alias-check-1.c scan-tree-dump vect "using an address-based overlap test"
FAIL: gcc.dg/vect/vect-cost-model-1.c -flto -ffat-lto-objects scan-tree-dump vect "LOOP VECTORIZED"
FAIL: gcc.dg/vect/vect-cost-model-1.c scan-tree-dump vect "LOOP VECTORIZED"
FAIL: gcc.dg/vect/vect-cost-model-3.c -flto -ffat-lto-objects scan-tree-dump vect "LOOP VECTORIZED"
FAIL: gcc.dg/vect/vect-cost-model-3.c scan-tree-dump vect "LOOP VECTORIZED"
FAIL: gcc.dg/vect/vect-cost-model-5.c -flto -ffat-lto-objects scan-tree-dump vect "LOOP VECTORIZED"
FAIL: gcc.dg/vect/vect-cost-model-5.c scan-tree-dump vect "LOOP VECTORIZED"
=== gcc Summary for unix/-m32 ===
# of expected passes 138020
# of unexpected failures 36
# of unexpected successes 5
# of expected failures 1065
# of unsupported tests 4345
=== gcc Summary ===
# of expected passes 275645
# of unexpected failures 67
# of unexpected successes 19
# of expected failures 2112
# of unsupported tests 8000
/var/gcc/regression/master/11.4-gcc-64/build/gcc/xgcc version 12.0.0 20211119 (experimental) [master revision a84177aff7ca86f501d6aa5ef407fac5e71f56fb] (GCC)
=== gdc tests ===
Running target unix
FAIL: gdc.dg/extern-c++/pr101664.d (test for excess errors)
=== gdc Summary for unix ===
# of expected passes 4017
# of unexpected failures 1
# of unsupported tests 1082
Running target unix/-m32
FAIL: gdc.dg/extern-c++/pr101664.d (test for excess errors)
=== gdc Summary for unix/-m32 ===
# of expected passes 4017
# of unexpected failures 1
# of unsupported tests 1082
=== gdc Summary ===
# of expected passes 8034
# of unexpected failures 2
# of unsupported tests 2164
/var/gcc/regression/master/11.4-gcc-64/build/gcc/gdc version 12.0.0 20211119 (experimental) [master revision a84177aff7ca86f501d6aa5ef407fac5e71f56fb] (GCC)
=== gfortran tests ===
Running target unix
FAIL: gfortran.dg/reshape_shape_2.f90 -O (test for errors, line 6)
FAIL: gfortran.dg/reshape_shape_2.f90 -O (internal compiler error)
FAIL: gfortran.dg/reshape_shape_2.f90 -O (test for excess errors)
FAIL: gfortran.dg/vector_subscript_1.f90 -O1 execution test
FAIL: gfortran.dg/vector_subscript_1.f90 -O2 execution test
FAIL: gfortran.dg/vector_subscript_1.f90 -O3 -fomit-frame-pointer -funroll-loops -fpeel-loops -ftracer -finline-functions execution test
FAIL: gfortran.dg/vector_subscript_1.f90 -O3 -g execution test
FAIL: gfortran.dg/vector_subscript_1.f90 -Os execution test
=== gfortran Summary for unix ===
# of expected passes 64470
# of unexpected failures 8
# of expected failures 241
# of unsupported tests 203
Running target unix/-m32
FAIL: gfortran.dg/reshape_shape_2.f90 -O (test for errors, line 6)
FAIL: gfortran.dg/reshape_shape_2.f90 -O (internal compiler error)
FAIL: gfortran.dg/reshape_shape_2.f90 -O (test for excess errors)
FAIL: gfortran.dg/vector_subscript_1.f90 -O1 execution test
FAIL: gfortran.dg/vector_subscript_1.f90 -O2 execution test
FAIL: gfortran.dg/vector_subscript_1.f90 -O3 -fomit-frame-pointer -funroll-loops -fpeel-loops -ftracer -finline-functions execution test
FAIL: gfortran.dg/vector_subscript_1.f90 -O3 -g execution test
FAIL: gfortran.dg/vector_subscript_1.f90 -Os execution test
=== gfortran Summary for unix/-m32 ===
# of expected passes 64179
# of unexpected failures 8
# of expected failures 243
# of unsupported tests 348
=== gfortran Summary ===
# of expected passes 128649
# of unexpected failures 16
# of expected failures 484
# of unsupported tests 551
/var/gcc/regression/master/11.4-gcc-64/build/gcc/gfortran version 12.0.0 20211119 (experimental) [master revision a84177aff7ca86f501d6aa5ef407fac5e71f56fb] (GCC)
=== gnat tests ===
Running target unix
=== gnat Summary for unix ===
# of expected passes 3316
# of expected failures 23
# of unsupported tests 34
Running target unix/-m32
=== gnat Summary for unix/-m32 ===
# of expected passes 3315
# of expected failures 23
# of unsupported tests 36
=== gnat Summary ===
# of expected passes 6631
# of expected failures 46
# of unsupported tests 70
/var/gcc/regression/master/11.4-gcc-64/build/gcc/gnatmake version 12.0.0 20211119 (experimental) [master revision a84177aff7ca86f501d6aa5ef407fac5e71f56fb]
=== go tests ===
Running target unix
FAIL: ./index0-out.go execution, -O0 -g -fno-var-tracking-assignments
WARNING: go.test/test/cmplxdivide.go program timed out.
FAIL: go.test/test/cmplxdivide.go
FAIL: go.test/test/fixedbugs/issue10441.go -O (test for excess errors)
FAIL: go.test/test/fixedbugs/issue13160.go execution, -O2 -g
FAIL: go.test/test/fixedbugs/issue27836.dir/Ãfoo.go -O -I. (test for excess errors)
FAIL: go.test/test/fixedbugs/issue27836.dir/Ãmain.go -O -I. (test for excess errors)
FAIL: issue4458.go -O (test for errors, line 19)
FAIL: issue4458.go -O (test for excess errors)
=== go Summary for unix ===
# of expected passes 8874
# of unexpected failures 8
# of untested testcases 11
# of unsupported tests 32
Running target unix/-m32
FAIL: ./index0-out.go execution, -O0 -g -fno-var-tracking-assignments
WARNING: go.test/test/cmplxdivide.go program timed out.
FAIL: go.test/test/cmplxdivide.go
FAIL: go.test/test/fixedbugs/issue10441.go -O (test for excess errors)
FAIL: go.test/test/fixedbugs/issue16016.go execution, -O2 -g
FAIL: go.test/test/fixedbugs/issue22881.go execution, -O2 -g
FAIL: go.test/test/fixedbugs/issue27836.dir/Ãfoo.go -O -I. (test for excess errors)
FAIL: go.test/test/fixedbugs/issue27836.dir/Ãmain.go -O -I. (test for excess errors)
FAIL: go.test/test/fixedbugs/issue32288.go execution, -O2 -g
FAIL: go.test/test/fixedbugs/issue34123.go execution, -O2 -g
FAIL: go.test/test/fixedbugs/issue4562.go execution, -O2 -g
FAIL: go.test/test/nil.go execution, -O2 -g
FAIL: issue4458.go -O (test for errors, line 19)
FAIL: issue4458.go -O (test for excess errors)
=== go Summary for unix/-m32 ===
# of expected passes 8987
# of unexpected failures 13
# of untested testcases 11
# of unsupported tests 34
=== go Summary ===
# of expected passes 17861
# of unexpected failures 21
# of untested testcases 22
# of unsupported tests 66
=== obj-c++ tests ===
Running target unix/-m32
=== obj-c++ Summary for unix/-m32 ===
# of expected passes 1510
# of expected failures 2
# of unsupported tests 79
Running target unix
=== obj-c++ Summary for unix ===
# of expected passes 1502
# of expected failures 10
# of unsupported tests 79
=== obj-c++ Summary ===
# of expected passes 3012
# of expected failures 12
# of unsupported tests 158
/var/gcc/regression/master/11.4-gcc-64/build/gcc/xg++ version 12.0.0 20211119 (experimental) [master revision a84177aff7ca86f501d6aa5ef407fac5e71f56fb] (GCC)
=== objc tests ===
Running target unix
=== objc Summary for unix ===
# of expected passes 2844
# of unsupported tests 71
Running target unix/-m32
=== objc Summary for unix/-m32 ===
# of expected passes 2844
# of unsupported tests 71
=== objc Summary ===
# of expected passes 5688
# of unsupported tests 142
/var/gcc/regression/master/11.4-gcc-64/build/gcc/xgcc version 12.0.0 20211119 (experimental) [master revision a84177aff7ca86f501d6aa5ef407fac5e71f56fb] (GCC)
=== gotools tests ===
FAIL: TestScript
FAIL: go test cmd/go
FAIL: TestArenaCollision
FAIL: TestGccgoCrashTracebackNodebug
FAIL: go test runtime
FAIL: go test misc/cgo/test
=== gotools Summary ===
# of expected passes 319
# of unexpected failures 6
# of untested testcases 112
/var/gcc/regression/master/11.4-gcc-64/build/./gcc/gccgo version 12.0.0 20211119 (experimental) [master revision a84177aff7ca86f501d6aa5ef407fac5e71f56fb] (GCC)
=== libatomic tests ===
Running target unix/-m32
=== libatomic Summary for unix/-m32 ===
# of expected passes 44
# of unsupported tests 5
Running target unix
=== libatomic Summary for unix ===
# of expected passes 54
=== libatomic Summary ===
# of expected passes 98
# of unsupported tests 5
=== libffi tests ===
Running target unix/-m32
FAIL: libffi.closures/single_entry_structs2.c -W -Wall -Wno-psabi -O0 execution test
=== libffi Summary for unix/-m32 ===
# of expected passes 1572
# of unexpected failures 1
Running target unix
=== libffi Summary for unix ===
# of expected passes 1574
=== libffi Summary ===
# of expected passes 3146
# of unexpected failures 1
=== libgo tests ===
Running target unix
FAIL: encoding/json
FAIL: math/big
FAIL: net
FAIL: runtime
FAIL: sync/atomic
=== libgo Summary for unix ===
# of expected passes 185
# of unexpected failures 5
Running target unix/-m32
FAIL: cmd/go/internal/load
FAIL: go/types
FAIL: math/big
FAIL: net
FAIL: net/http/pprof
FAIL: os/signal
FAIL: runtime
FAIL: runtime/pprof
FAIL: sync/atomic
=== libgo Summary for unix/-m32 ===
# of expected passes 181
# of unexpected failures 9
=== libgo Summary ===
# of expected passes 366
# of unexpected failures 14
/var/gcc/regression/master/11.4-gcc-64/build/./gcc/gccgo version 12.0.0 20211119 (experimental) [master revision a84177aff7ca86f501d6aa5ef407fac5e71f56fb] (GCC)
=== libgomp tests ===
Running target unix
WARNING: libgomp.c++/task-reduction-8.C execution test program timed out.
FAIL: libgomp.c++/task-reduction-8.C execution test
FAIL: libgomp.oacc-c++/../libgomp.oacc-c-c++-common/host_data-7.c -DACC_DEVICE_TYPE_host=1 -DACC_MEM_SHARED=1 -foffload=disable -O2 (test for excess errors)
FAIL: libgomp.oacc-c/../libgomp.oacc-c-c++-common/host_data-7.c -DACC_DEVICE_TYPE_host=1 -DACC_MEM_SHARED=1 -foffload=disable -O2 (test for excess errors)
=== libgomp Summary for unix ===
# of expected passes 11705
# of unexpected failures 3
# of expected failures 103
# of unsupported tests 617
Running target unix/-m32
WARNING: libgomp.c++/task-reduction-11.C execution test program timed out.
FAIL: libgomp.c++/task-reduction-11.C execution test
WARNING: libgomp.c++/task-reduction-13.C execution test program timed out.
FAIL: libgomp.c++/task-reduction-13.C execution test
FAIL: libgomp.oacc-c++/../libgomp.oacc-c-c++-common/host_data-7.c -DACC_DEVICE_TYPE_host=1 -DACC_MEM_SHARED=1 -foffload=disable -O2 (test for excess errors)
FAIL: libgomp.oacc-c/../libgomp.oacc-c-c++-common/host_data-7.c -DACC_DEVICE_TYPE_host=1 -DACC_MEM_SHARED=1 -foffload=disable -O2 (test for excess errors)
=== libgomp Summary for unix/-m32 ===
# of expected passes 11704
# of unexpected failures 4
# of expected failures 103
# of unsupported tests 617
=== libgomp Summary ===
# of expected passes 23409
# of unexpected failures 7
# of expected failures 206
# of unsupported tests 1234
=== libitm tests ===
Running target unix/-m32
=== libitm Summary for unix/-m32 ===
# of expected passes 44
# of expected failures 3
# of unsupported tests 1
Running target unix
=== libitm Summary for unix ===
# of expected passes 44
# of expected failures 3
# of unsupported tests 1
=== libitm Summary ===
# of expected passes 88
# of expected failures 6
# of unsupported tests 2
=== libstdc++ tests ===
Running target unix
FAIL: libstdc++-abi/abi_check
=== libstdc++ Summary for unix ===
# of expected passes 14912
# of unexpected failures 1
# of expected failures 96
# of unsupported tests 754
Running target unix/-m32
FAIL: libstdc++-abi/abi_check
=== libstdc++ Summary for unix/-m32 ===
# of expected passes 14916
# of unexpected failures 1
# of expected failures 96
# of unsupported tests 752
=== libstdc++ Summary ===
# of expected passes 29828
# of unexpected failures 2
# of expected failures 192
# of unsupported tests 1506
Compiler version: 12.0.0 20211119 (experimental) [master revision a84177aff7ca86f501d6aa5ef407fac5e71f56fb] (GCC)
Platform: sparcv9-sun-solaris2.11
configure flags: --prefix=/vol/gcc --target=sparcv9-sun-solaris2.11 --enable-objc-gc --with-target-bdw-gc-include=/vol/gcc/include --with-target-bdw-gc-lib=/vol/gcc/lib/sparcv9,sparcv8plus=/vol/gcc/lib --with-as=/usr/ccs/bin/as --without-gnu-as --with-gmp-include=/vol/gcc/include --with-gmp-lib=/vol/gcc/lib/sparcv9 --with-mpfr-include=/vol/gcc/include --with-mpfr-lib=/vol/gcc/lib/sparcv9 --with-mpc-include=/vol/gcc/include --with-mpc-lib=/vol/gcc/lib/sparcv9 --enable-languages=all,ada,obj-c++,go --with-isl-include=/vol/gcc/include --with-isl-lib=/vol/gcc/lib/sparcv9 --with-zstd-include=/vol/gcc/include --with-zstd-lib=/vol/gcc/lib/sparcv9 --build=sparcv9-sun-solaris2.11 --host=sparcv9-sun-solaris2.11
BOOT_CFLAGS=-g -O2
More information about the Gcc-testresults
mailing list