Results for 12.0.0 20211113 (experimental) [master revision r12-5219-gaf2852b9dc3b] (GCC) testsuite on x86_64-apple-darwin21
Iain Sandoe
iains.gcc@gmail.com
Mon Nov 15 20:42:22 GMT 2021
LAST_UPDATED: Sat Nov 13 00:25:32 UTC 2021 (revision r12-5219-gaf2852b9dc3b)
=== acats tests ===
=== acats Summary ===
# of expected passes 2328
# of unexpected failures 0
Native configuration is x86_64-apple-darwin21
=== g++ tests ===
Running target unix
FAIL: g++.dg/ipa/pr67056.C scan-ipa-dump cp "Speculative outer type:struct CompositeClass"
FAIL: g++.dg/pr98499.C -std=gnu++14 execution test
FAIL: g++.dg/pr98499.C -std=gnu++17 execution test
FAIL: g++.dg/pr98499.C -std=gnu++2a execution test
FAIL: g++.dg/pr98499.C -std=gnu++98 execution test
FAIL: g++.dg/gcov/gcov-1.C -std=gnu++14 gcov: 56 failures in line counts, 24 in branch percentages, 0 in return percentages, 0 in intermediate format
FAIL: g++.dg/gcov/gcov-1.C -std=gnu++14 line 100: is #####:should be 2
FAIL: g++.dg/gcov/gcov-1.C -std=gnu++14 line 102: is #####:should be 1
FAIL: g++.dg/gcov/gcov-1.C -std=gnu++14 line 103: is #####:should be 1
FAIL: g++.dg/gcov/gcov-1.C -std=gnu++14 line 105: is #####:should be 1
FAIL: g++.dg/gcov/gcov-1.C -std=gnu++14 line 113: is #####:should be 15
FAIL: g++.dg/gcov/gcov-1.C -std=gnu++14 line 115: is #####:should be 14
FAIL: g++.dg/gcov/gcov-1.C -std=gnu++14 line 116: is #####:should be 1
FAIL: g++.dg/gcov/gcov-1.C -std=gnu++14 line 118: is #####:should be 1
FAIL: g++.dg/gcov/gcov-1.C -std=gnu++14 line 141: is #####:should be 5
FAIL: g++.dg/gcov/gcov-1.C -std=gnu++14 line 142: expected branch percentages not found: 40
FAIL: g++.dg/gcov/gcov-1.C -std=gnu++14 line 143: is #####:should be 3
FAIL: g++.dg/gcov/gcov-1.C -std=gnu++14 line 145: is #####:should be 3
FAIL: g++.dg/gcov/gcov-1.C -std=gnu++14 line 150: is #####:should be 2
FAIL: g++.dg/gcov/gcov-1.C -std=gnu++14 line 152: is #####:should be 1
FAIL: g++.dg/gcov/gcov-1.C -std=gnu++14 line 154: is #####:should be 1
FAIL: g++.dg/gcov/gcov-1.C -std=gnu++14 line 156: is #####:should be 5
FAIL: g++.dg/gcov/gcov-1.C -std=gnu++14 line 158: is #####:should be 1
FAIL: g++.dg/gcov/gcov-1.C -std=gnu++14 line 160: is #####:should be 5
FAIL: g++.dg/gcov/gcov-1.C -std=gnu++14 line 161: expected branch percentages not found: 20
FAIL: g++.dg/gcov/gcov-1.C -std=gnu++14 line 162: is #####:should be 1
FAIL: g++.dg/gcov/gcov-1.C -std=gnu++14 line 164: is #####:should be 1
FAIL: g++.dg/gcov/gcov-1.C -std=gnu++14 line 165: is #####:should be 5
FAIL: g++.dg/gcov/gcov-1.C -std=gnu++14 line 173: is #####:should be 6
FAIL: g++.dg/gcov/gcov-1.C -std=gnu++14 line 175: is #####:should be 1
FAIL: g++.dg/gcov/gcov-1.C -std=gnu++14 line 177: is #####:should be 6
FAIL: g++.dg/gcov/gcov-1.C -std=gnu++14 line 181: is #####:should be 6
FAIL: g++.dg/gcov/gcov-1.C -std=gnu++14 line 183: is #####:should be 3
FAIL: g++.dg/gcov/gcov-1.C -std=gnu++14 line 185: is #####:should be 6
FAIL: g++.dg/gcov/gcov-1.C -std=gnu++14 line 187: is #####:should be 2
FAIL: g++.dg/gcov/gcov-1.C -std=gnu++14 line 189: is #####:should be 4
FAIL: g++.dg/gcov/gcov-1.C -std=gnu++14 line 192: is #####:should be 4
FAIL: g++.dg/gcov/gcov-1.C -std=gnu++14 line 200: is #####:should be 11
FAIL: g++.dg/gcov/gcov-1.C -std=gnu++14 line 202: is #####:should be 1
FAIL: g++.dg/gcov/gcov-1.C -std=gnu++14 line 204: is #####:should be 11
FAIL: g++.dg/gcov/gcov-1.C -std=gnu++14 line 205: expected branch percentages not found: 45
FAIL: g++.dg/gcov/gcov-1.C -std=gnu++14 line 206: is #####:should be 5
FAIL: g++.dg/gcov/gcov-1.C -std=gnu++14 line 207: expected branch percentages not found: 40
FAIL: g++.dg/gcov/gcov-1.C -std=gnu++14 line 208: is #####:should be 2
FAIL: g++.dg/gcov/gcov-1.C -std=gnu++14 line 210: is #####:should be 1
FAIL: g++.dg/gcov/gcov-1.C -std=gnu++14 line 212: is #####:should be 11
FAIL: g++.dg/gcov/gcov-1.C -std=gnu++14 line 214: is #####:should be 3
FAIL: g++.dg/gcov/gcov-1.C -std=gnu++14 line 215: is #####:should be 11
FAIL: g++.dg/gcov/gcov-1.C -std=gnu++14 line 254: is #####:should be 5
FAIL: g++.dg/gcov/gcov-1.C -std=gnu++14 line 257: is #####:should be 5
FAIL: g++.dg/gcov/gcov-1.C -std=gnu++14 line 261: is #####:should be 1
FAIL: g++.dg/gcov/gcov-1.C -std=gnu++14 line 269: is #####:should be 3
FAIL: g++.dg/gcov/gcov-1.C -std=gnu++14 line 271: is #####:should be 1
FAIL: g++.dg/gcov/gcov-1.C -std=gnu++14 line 272: is #####:should be 2
FAIL: g++.dg/gcov/gcov-1.C -std=gnu++14 line 275: is #####:should be 1
FAIL: g++.dg/gcov/gcov-1.C -std=gnu++14 line 276: is #####:should be 1
FAIL: g++.dg/gcov/gcov-1.C -std=gnu++14 line 279: is #####:should be 4
FAIL: g++.dg/gcov/gcov-1.C -std=gnu++14 line 33: is #####:should be 1
FAIL: g++.dg/gcov/gcov-1.C -std=gnu++14 line 39: is #####:should be 1
FAIL: g++.dg/gcov/gcov-1.C -std=gnu++14 line 41: is #####:should be 1
FAIL: g++.dg/gcov/gcov-1.C -std=gnu++14 line 55: is #####:should be 3
FAIL: g++.dg/gcov/gcov-1.C -std=gnu++14 line 58: is #####:should be 9
FAIL: g++.dg/gcov/gcov-1.C -std=gnu++14 line 59: is #####:should be 3
FAIL: g++.dg/gcov/gcov-1.C -std=gnu++14 line 66: is #####:should be 6
FAIL: g++.dg/gcov/gcov-1.C -std=gnu++14 line 73: is #####:should be 81
FAIL: g++.dg/gcov/gcov-1.C -std=gnu++14 line 74: is #####:should be 6
FAIL: g++.dg/gcov/gcov-1.C -std=gnu++14 line n: expected branch percentages not found: 0
FAIL: g++.dg/gcov/gcov-1.C -std=gnu++14 line n: expected branch percentages not found: 0
FAIL: g++.dg/gcov/gcov-1.C -std=gnu++14 line n: expected branch percentages not found: 0
FAIL: g++.dg/gcov/gcov-1.C -std=gnu++14 line n: expected branch percentages not found: 0
FAIL: g++.dg/gcov/gcov-1.C -std=gnu++14 line n: expected branch percentages not found: 17
FAIL: g++.dg/gcov/gcov-1.C -std=gnu++14 line n: expected branch percentages not found: 20
FAIL: g++.dg/gcov/gcov-1.C -std=gnu++14 line n: expected branch percentages not found: 20 0 40 20
FAIL: g++.dg/gcov/gcov-1.C -std=gnu++14 line n: expected branch percentages not found: 25
FAIL: g++.dg/gcov/gcov-1.C -std=gnu++14 line n: expected branch percentages not found: 27
FAIL: g++.dg/gcov/gcov-1.C -std=gnu++14 line n: expected branch percentages not found: 27 50 25
FAIL: g++.dg/gcov/gcov-1.C -std=gnu++14 line n: expected branch percentages not found: 30
FAIL: g++.dg/gcov/gcov-1.C -std=gnu++14 line n: expected branch percentages not found: 32
FAIL: g++.dg/gcov/gcov-1.C -std=gnu++14 line n: expected branch percentages not found: 33
FAIL: g++.dg/gcov/gcov-1.C -std=gnu++14 line n: expected branch percentages not found: 33
FAIL: g++.dg/gcov/gcov-1.C -std=gnu++14 line n: expected branch percentages not found: 50
FAIL: g++.dg/gcov/gcov-1.C -std=gnu++14 line n: expected branch percentages not found: 50
FAIL: g++.dg/gcov/gcov-1.C -std=gnu++14 line n: expected branch percentages not found: 50
FAIL: g++.dg/gcov/gcov-1.C -std=gnu++14 line n: expected branch percentages not found: 50
FAIL: g++.dg/gcov/gcov-1.C -std=gnu++14 line n: expected branch percentages not found: 7
FAIL: g++.dg/gcov/gcov-1.C -std=gnu++14 line n: expected branch percentages not found: 9 10 11
FAIL: g++.dg/gcov/gcov-1.C -std=gnu++17 gcov: 56 failures in line counts, 24 in branch percentages, 0 in return percentages, 0 in intermediate format
FAIL: g++.dg/gcov/gcov-1.C -std=gnu++17 line 100: is #####:should be 2
FAIL: g++.dg/gcov/gcov-1.C -std=gnu++17 line 102: is #####:should be 1
FAIL: g++.dg/gcov/gcov-1.C -std=gnu++17 line 103: is #####:should be 1
FAIL: g++.dg/gcov/gcov-1.C -std=gnu++17 line 105: is #####:should be 1
FAIL: g++.dg/gcov/gcov-1.C -std=gnu++17 line 113: is #####:should be 15
FAIL: g++.dg/gcov/gcov-1.C -std=gnu++17 line 115: is #####:should be 14
FAIL: g++.dg/gcov/gcov-1.C -std=gnu++17 line 116: is #####:should be 1
FAIL: g++.dg/gcov/gcov-1.C -std=gnu++17 line 118: is #####:should be 1
FAIL: g++.dg/gcov/gcov-1.C -std=gnu++17 line 141: is #####:should be 5
FAIL: g++.dg/gcov/gcov-1.C -std=gnu++17 line 142: expected branch percentages not found: 40
FAIL: g++.dg/gcov/gcov-1.C -std=gnu++17 line 143: is #####:should be 3
FAIL: g++.dg/gcov/gcov-1.C -std=gnu++17 line 145: is #####:should be 3
FAIL: g++.dg/gcov/gcov-1.C -std=gnu++17 line 150: is #####:should be 2
FAIL: g++.dg/gcov/gcov-1.C -std=gnu++17 line 152: is #####:should be 1
FAIL: g++.dg/gcov/gcov-1.C -std=gnu++17 line 154: is #####:should be 1
FAIL: g++.dg/gcov/gcov-1.C -std=gnu++17 line 156: is #####:should be 5
FAIL: g++.dg/gcov/gcov-1.C -std=gnu++17 line 158: is #####:should be 1
FAIL: g++.dg/gcov/gcov-1.C -std=gnu++17 line 160: is #####:should be 5
FAIL: g++.dg/gcov/gcov-1.C -std=gnu++17 line 161: expected branch percentages not found: 20
FAIL: g++.dg/gcov/gcov-1.C -std=gnu++17 line 162: is #####:should be 1
FAIL: g++.dg/gcov/gcov-1.C -std=gnu++17 line 164: is #####:should be 1
FAIL: g++.dg/gcov/gcov-1.C -std=gnu++17 line 165: is #####:should be 5
FAIL: g++.dg/gcov/gcov-1.C -std=gnu++17 line 173: is #####:should be 6
FAIL: g++.dg/gcov/gcov-1.C -std=gnu++17 line 175: is #####:should be 1
FAIL: g++.dg/gcov/gcov-1.C -std=gnu++17 line 177: is #####:should be 6
FAIL: g++.dg/gcov/gcov-1.C -std=gnu++17 line 181: is #####:should be 6
FAIL: g++.dg/gcov/gcov-1.C -std=gnu++17 line 183: is #####:should be 3
FAIL: g++.dg/gcov/gcov-1.C -std=gnu++17 line 185: is #####:should be 6
FAIL: g++.dg/gcov/gcov-1.C -std=gnu++17 line 187: is #####:should be 2
FAIL: g++.dg/gcov/gcov-1.C -std=gnu++17 line 189: is #####:should be 4
FAIL: g++.dg/gcov/gcov-1.C -std=gnu++17 line 192: is #####:should be 4
FAIL: g++.dg/gcov/gcov-1.C -std=gnu++17 line 200: is #####:should be 11
FAIL: g++.dg/gcov/gcov-1.C -std=gnu++17 line 202: is #####:should be 1
FAIL: g++.dg/gcov/gcov-1.C -std=gnu++17 line 204: is #####:should be 11
FAIL: g++.dg/gcov/gcov-1.C -std=gnu++17 line 205: expected branch percentages not found: 45
FAIL: g++.dg/gcov/gcov-1.C -std=gnu++17 line 206: is #####:should be 5
FAIL: g++.dg/gcov/gcov-1.C -std=gnu++17 line 207: expected branch percentages not found: 40
FAIL: g++.dg/gcov/gcov-1.C -std=gnu++17 line 208: is #####:should be 2
FAIL: g++.dg/gcov/gcov-1.C -std=gnu++17 line 210: is #####:should be 1
FAIL: g++.dg/gcov/gcov-1.C -std=gnu++17 line 212: is #####:should be 11
FAIL: g++.dg/gcov/gcov-1.C -std=gnu++17 line 214: is #####:should be 3
FAIL: g++.dg/gcov/gcov-1.C -std=gnu++17 line 215: is #####:should be 11
FAIL: g++.dg/gcov/gcov-1.C -std=gnu++17 line 254: is #####:should be 5
FAIL: g++.dg/gcov/gcov-1.C -std=gnu++17 line 257: is #####:should be 5
FAIL: g++.dg/gcov/gcov-1.C -std=gnu++17 line 261: is #####:should be 1
FAIL: g++.dg/gcov/gcov-1.C -std=gnu++17 line 269: is #####:should be 3
FAIL: g++.dg/gcov/gcov-1.C -std=gnu++17 line 271: is #####:should be 1
FAIL: g++.dg/gcov/gcov-1.C -std=gnu++17 line 272: is #####:should be 2
FAIL: g++.dg/gcov/gcov-1.C -std=gnu++17 line 275: is #####:should be 1
FAIL: g++.dg/gcov/gcov-1.C -std=gnu++17 line 276: is #####:should be 1
FAIL: g++.dg/gcov/gcov-1.C -std=gnu++17 line 279: is #####:should be 4
FAIL: g++.dg/gcov/gcov-1.C -std=gnu++17 line 33: is #####:should be 1
FAIL: g++.dg/gcov/gcov-1.C -std=gnu++17 line 39: is #####:should be 1
FAIL: g++.dg/gcov/gcov-1.C -std=gnu++17 line 41: is #####:should be 1
FAIL: g++.dg/gcov/gcov-1.C -std=gnu++17 line 55: is #####:should be 3
FAIL: g++.dg/gcov/gcov-1.C -std=gnu++17 line 58: is #####:should be 9
FAIL: g++.dg/gcov/gcov-1.C -std=gnu++17 line 59: is #####:should be 3
FAIL: g++.dg/gcov/gcov-1.C -std=gnu++17 line 66: is #####:should be 6
FAIL: g++.dg/gcov/gcov-1.C -std=gnu++17 line 73: is #####:should be 81
FAIL: g++.dg/gcov/gcov-1.C -std=gnu++17 line 74: is #####:should be 6
FAIL: g++.dg/gcov/gcov-1.C -std=gnu++17 line n: expected branch percentages not found: 0
FAIL: g++.dg/gcov/gcov-1.C -std=gnu++17 line n: expected branch percentages not found: 0
FAIL: g++.dg/gcov/gcov-1.C -std=gnu++17 line n: expected branch percentages not found: 0
FAIL: g++.dg/gcov/gcov-1.C -std=gnu++17 line n: expected branch percentages not found: 0
FAIL: g++.dg/gcov/gcov-1.C -std=gnu++17 line n: expected branch percentages not found: 17
FAIL: g++.dg/gcov/gcov-1.C -std=gnu++17 line n: expected branch percentages not found: 20
FAIL: g++.dg/gcov/gcov-1.C -std=gnu++17 line n: expected branch percentages not found: 20 0 40 20
FAIL: g++.dg/gcov/gcov-1.C -std=gnu++17 line n: expected branch percentages not found: 25
FAIL: g++.dg/gcov/gcov-1.C -std=gnu++17 line n: expected branch percentages not found: 27
FAIL: g++.dg/gcov/gcov-1.C -std=gnu++17 line n: expected branch percentages not found: 27 50 25
FAIL: g++.dg/gcov/gcov-1.C -std=gnu++17 line n: expected branch percentages not found: 30
FAIL: g++.dg/gcov/gcov-1.C -std=gnu++17 line n: expected branch percentages not found: 32
FAIL: g++.dg/gcov/gcov-1.C -std=gnu++17 line n: expected branch percentages not found: 33
FAIL: g++.dg/gcov/gcov-1.C -std=gnu++17 line n: expected branch percentages not found: 33
FAIL: g++.dg/gcov/gcov-1.C -std=gnu++17 line n: expected branch percentages not found: 50
FAIL: g++.dg/gcov/gcov-1.C -std=gnu++17 line n: expected branch percentages not found: 50
FAIL: g++.dg/gcov/gcov-1.C -std=gnu++17 line n: expected branch percentages not found: 50
FAIL: g++.dg/gcov/gcov-1.C -std=gnu++17 line n: expected branch percentages not found: 50
FAIL: g++.dg/gcov/gcov-1.C -std=gnu++17 line n: expected branch percentages not found: 7
FAIL: g++.dg/gcov/gcov-1.C -std=gnu++17 line n: expected branch percentages not found: 9 10 11
FAIL: g++.dg/gcov/gcov-1.C -std=gnu++2a gcov: 56 failures in line counts, 24 in branch percentages, 0 in return percentages, 0 in intermediate format
FAIL: g++.dg/gcov/gcov-1.C -std=gnu++2a line 100: is #####:should be 2
FAIL: g++.dg/gcov/gcov-1.C -std=gnu++2a line 102: is #####:should be 1
FAIL: g++.dg/gcov/gcov-1.C -std=gnu++2a line 103: is #####:should be 1
FAIL: g++.dg/gcov/gcov-1.C -std=gnu++2a line 105: is #####:should be 1
FAIL: g++.dg/gcov/gcov-1.C -std=gnu++2a line 113: is #####:should be 15
FAIL: g++.dg/gcov/gcov-1.C -std=gnu++2a line 115: is #####:should be 14
FAIL: g++.dg/gcov/gcov-1.C -std=gnu++2a line 116: is #####:should be 1
FAIL: g++.dg/gcov/gcov-1.C -std=gnu++2a line 118: is #####:should be 1
FAIL: g++.dg/gcov/gcov-1.C -std=gnu++2a line 141: is #####:should be 5
FAIL: g++.dg/gcov/gcov-1.C -std=gnu++2a line 142: expected branch percentages not found: 40
FAIL: g++.dg/gcov/gcov-1.C -std=gnu++2a line 143: is #####:should be 3
FAIL: g++.dg/gcov/gcov-1.C -std=gnu++2a line 145: is #####:should be 3
FAIL: g++.dg/gcov/gcov-1.C -std=gnu++2a line 150: is #####:should be 2
FAIL: g++.dg/gcov/gcov-1.C -std=gnu++2a line 152: is #####:should be 1
FAIL: g++.dg/gcov/gcov-1.C -std=gnu++2a line 154: is #####:should be 1
FAIL: g++.dg/gcov/gcov-1.C -std=gnu++2a line 156: is #####:should be 5
FAIL: g++.dg/gcov/gcov-1.C -std=gnu++2a line 158: is #####:should be 1
FAIL: g++.dg/gcov/gcov-1.C -std=gnu++2a line 160: is #####:should be 5
FAIL: g++.dg/gcov/gcov-1.C -std=gnu++2a line 161: expected branch percentages not found: 20
FAIL: g++.dg/gcov/gcov-1.C -std=gnu++2a line 162: is #####:should be 1
FAIL: g++.dg/gcov/gcov-1.C -std=gnu++2a line 164: is #####:should be 1
FAIL: g++.dg/gcov/gcov-1.C -std=gnu++2a line 165: is #####:should be 5
FAIL: g++.dg/gcov/gcov-1.C -std=gnu++2a line 173: is #####:should be 6
FAIL: g++.dg/gcov/gcov-1.C -std=gnu++2a line 175: is #####:should be 1
FAIL: g++.dg/gcov/gcov-1.C -std=gnu++2a line 177: is #####:should be 6
FAIL: g++.dg/gcov/gcov-1.C -std=gnu++2a line 181: is #####:should be 6
FAIL: g++.dg/gcov/gcov-1.C -std=gnu++2a line 183: is #####:should be 3
FAIL: g++.dg/gcov/gcov-1.C -std=gnu++2a line 185: is #####:should be 6
FAIL: g++.dg/gcov/gcov-1.C -std=gnu++2a line 187: is #####:should be 2
FAIL: g++.dg/gcov/gcov-1.C -std=gnu++2a line 189: is #####:should be 4
FAIL: g++.dg/gcov/gcov-1.C -std=gnu++2a line 192: is #####:should be 4
FAIL: g++.dg/gcov/gcov-1.C -std=gnu++2a line 200: is #####:should be 11
FAIL: g++.dg/gcov/gcov-1.C -std=gnu++2a line 202: is #####:should be 1
FAIL: g++.dg/gcov/gcov-1.C -std=gnu++2a line 204: is #####:should be 11
FAIL: g++.dg/gcov/gcov-1.C -std=gnu++2a line 205: expected branch percentages not found: 45
FAIL: g++.dg/gcov/gcov-1.C -std=gnu++2a line 206: is #####:should be 5
FAIL: g++.dg/gcov/gcov-1.C -std=gnu++2a line 207: expected branch percentages not found: 40
FAIL: g++.dg/gcov/gcov-1.C -std=gnu++2a line 208: is #####:should be 2
FAIL: g++.dg/gcov/gcov-1.C -std=gnu++2a line 210: is #####:should be 1
FAIL: g++.dg/gcov/gcov-1.C -std=gnu++2a line 212: is #####:should be 11
FAIL: g++.dg/gcov/gcov-1.C -std=gnu++2a line 214: is #####:should be 3
FAIL: g++.dg/gcov/gcov-1.C -std=gnu++2a line 215: is #####:should be 11
FAIL: g++.dg/gcov/gcov-1.C -std=gnu++2a line 254: is #####:should be 5
FAIL: g++.dg/gcov/gcov-1.C -std=gnu++2a line 257: is #####:should be 5
FAIL: g++.dg/gcov/gcov-1.C -std=gnu++2a line 261: is #####:should be 1
FAIL: g++.dg/gcov/gcov-1.C -std=gnu++2a line 269: is #####:should be 3
FAIL: g++.dg/gcov/gcov-1.C -std=gnu++2a line 271: is #####:should be 1
FAIL: g++.dg/gcov/gcov-1.C -std=gnu++2a line 272: is #####:should be 2
FAIL: g++.dg/gcov/gcov-1.C -std=gnu++2a line 275: is #####:should be 1
FAIL: g++.dg/gcov/gcov-1.C -std=gnu++2a line 276: is #####:should be 1
FAIL: g++.dg/gcov/gcov-1.C -std=gnu++2a line 279: is #####:should be 4
FAIL: g++.dg/gcov/gcov-1.C -std=gnu++2a line 33: is #####:should be 1
FAIL: g++.dg/gcov/gcov-1.C -std=gnu++2a line 39: is #####:should be 1
FAIL: g++.dg/gcov/gcov-1.C -std=gnu++2a line 41: is #####:should be 1
FAIL: g++.dg/gcov/gcov-1.C -std=gnu++2a line 55: is #####:should be 3
FAIL: g++.dg/gcov/gcov-1.C -std=gnu++2a line 58: is #####:should be 9
FAIL: g++.dg/gcov/gcov-1.C -std=gnu++2a line 59: is #####:should be 3
FAIL: g++.dg/gcov/gcov-1.C -std=gnu++2a line 66: is #####:should be 6
FAIL: g++.dg/gcov/gcov-1.C -std=gnu++2a line 73: is #####:should be 81
FAIL: g++.dg/gcov/gcov-1.C -std=gnu++2a line 74: is #####:should be 6
FAIL: g++.dg/gcov/gcov-1.C -std=gnu++2a line n: expected branch percentages not found: 0
FAIL: g++.dg/gcov/gcov-1.C -std=gnu++2a line n: expected branch percentages not found: 0
FAIL: g++.dg/gcov/gcov-1.C -std=gnu++2a line n: expected branch percentages not found: 0
FAIL: g++.dg/gcov/gcov-1.C -std=gnu++2a line n: expected branch percentages not found: 0
FAIL: g++.dg/gcov/gcov-1.C -std=gnu++2a line n: expected branch percentages not found: 17
FAIL: g++.dg/gcov/gcov-1.C -std=gnu++2a line n: expected branch percentages not found: 20
FAIL: g++.dg/gcov/gcov-1.C -std=gnu++2a line n: expected branch percentages not found: 20 0 40 20
FAIL: g++.dg/gcov/gcov-1.C -std=gnu++2a line n: expected branch percentages not found: 25
FAIL: g++.dg/gcov/gcov-1.C -std=gnu++2a line n: expected branch percentages not found: 27
FAIL: g++.dg/gcov/gcov-1.C -std=gnu++2a line n: expected branch percentages not found: 27 50 25
FAIL: g++.dg/gcov/gcov-1.C -std=gnu++2a line n: expected branch percentages not found: 30
FAIL: g++.dg/gcov/gcov-1.C -std=gnu++2a line n: expected branch percentages not found: 32
FAIL: g++.dg/gcov/gcov-1.C -std=gnu++2a line n: expected branch percentages not found: 33
FAIL: g++.dg/gcov/gcov-1.C -std=gnu++2a line n: expected branch percentages not found: 33
FAIL: g++.dg/gcov/gcov-1.C -std=gnu++2a line n: expected branch percentages not found: 50
FAIL: g++.dg/gcov/gcov-1.C -std=gnu++2a line n: expected branch percentages not found: 50
FAIL: g++.dg/gcov/gcov-1.C -std=gnu++2a line n: expected branch percentages not found: 50
FAIL: g++.dg/gcov/gcov-1.C -std=gnu++2a line n: expected branch percentages not found: 50
FAIL: g++.dg/gcov/gcov-1.C -std=gnu++2a line n: expected branch percentages not found: 7
FAIL: g++.dg/gcov/gcov-1.C -std=gnu++2a line n: expected branch percentages not found: 9 10 11
FAIL: g++.dg/gcov/gcov-1.C -std=gnu++98 gcov: 56 failures in line counts, 24 in branch percentages, 0 in return percentages, 0 in intermediate format
FAIL: g++.dg/gcov/gcov-1.C -std=gnu++98 line 100: is #####:should be 2
FAIL: g++.dg/gcov/gcov-1.C -std=gnu++98 line 102: is #####:should be 1
FAIL: g++.dg/gcov/gcov-1.C -std=gnu++98 line 103: is #####:should be 1
FAIL: g++.dg/gcov/gcov-1.C -std=gnu++98 line 105: is #####:should be 1
FAIL: g++.dg/gcov/gcov-1.C -std=gnu++98 line 113: is #####:should be 15
FAIL: g++.dg/gcov/gcov-1.C -std=gnu++98 line 115: is #####:should be 14
FAIL: g++.dg/gcov/gcov-1.C -std=gnu++98 line 116: is #####:should be 1
FAIL: g++.dg/gcov/gcov-1.C -std=gnu++98 line 118: is #####:should be 1
FAIL: g++.dg/gcov/gcov-1.C -std=gnu++98 line 141: is #####:should be 5
FAIL: g++.dg/gcov/gcov-1.C -std=gnu++98 line 142: expected branch percentages not found: 40
FAIL: g++.dg/gcov/gcov-1.C -std=gnu++98 line 143: is #####:should be 3
FAIL: g++.dg/gcov/gcov-1.C -std=gnu++98 line 145: is #####:should be 3
FAIL: g++.dg/gcov/gcov-1.C -std=gnu++98 line 150: is #####:should be 2
FAIL: g++.dg/gcov/gcov-1.C -std=gnu++98 line 152: is #####:should be 1
FAIL: g++.dg/gcov/gcov-1.C -std=gnu++98 line 154: is #####:should be 1
FAIL: g++.dg/gcov/gcov-1.C -std=gnu++98 line 156: is #####:should be 5
FAIL: g++.dg/gcov/gcov-1.C -std=gnu++98 line 158: is #####:should be 1
FAIL: g++.dg/gcov/gcov-1.C -std=gnu++98 line 160: is #####:should be 5
FAIL: g++.dg/gcov/gcov-1.C -std=gnu++98 line 161: expected branch percentages not found: 20
FAIL: g++.dg/gcov/gcov-1.C -std=gnu++98 line 162: is #####:should be 1
FAIL: g++.dg/gcov/gcov-1.C -std=gnu++98 line 164: is #####:should be 1
FAIL: g++.dg/gcov/gcov-1.C -std=gnu++98 line 165: is #####:should be 5
FAIL: g++.dg/gcov/gcov-1.C -std=gnu++98 line 173: is #####:should be 6
FAIL: g++.dg/gcov/gcov-1.C -std=gnu++98 line 175: is #####:should be 1
FAIL: g++.dg/gcov/gcov-1.C -std=gnu++98 line 177: is #####:should be 6
FAIL: g++.dg/gcov/gcov-1.C -std=gnu++98 line 181: is #####:should be 6
FAIL: g++.dg/gcov/gcov-1.C -std=gnu++98 line 183: is #####:should be 3
FAIL: g++.dg/gcov/gcov-1.C -std=gnu++98 line 185: is #####:should be 6
FAIL: g++.dg/gcov/gcov-1.C -std=gnu++98 line 187: is #####:should be 2
FAIL: g++.dg/gcov/gcov-1.C -std=gnu++98 line 189: is #####:should be 4
FAIL: g++.dg/gcov/gcov-1.C -std=gnu++98 line 192: is #####:should be 4
FAIL: g++.dg/gcov/gcov-1.C -std=gnu++98 line 200: is #####:should be 11
FAIL: g++.dg/gcov/gcov-1.C -std=gnu++98 line 202: is #####:should be 1
FAIL: g++.dg/gcov/gcov-1.C -std=gnu++98 line 204: is #####:should be 11
FAIL: g++.dg/gcov/gcov-1.C -std=gnu++98 line 205: expected branch percentages not found: 45
FAIL: g++.dg/gcov/gcov-1.C -std=gnu++98 line 206: is #####:should be 5
FAIL: g++.dg/gcov/gcov-1.C -std=gnu++98 line 207: expected branch percentages not found: 40
FAIL: g++.dg/gcov/gcov-1.C -std=gnu++98 line 208: is #####:should be 2
FAIL: g++.dg/gcov/gcov-1.C -std=gnu++98 line 210: is #####:should be 1
FAIL: g++.dg/gcov/gcov-1.C -std=gnu++98 line 212: is #####:should be 11
FAIL: g++.dg/gcov/gcov-1.C -std=gnu++98 line 214: is #####:should be 3
FAIL: g++.dg/gcov/gcov-1.C -std=gnu++98 line 215: is #####:should be 11
FAIL: g++.dg/gcov/gcov-1.C -std=gnu++98 line 254: is #####:should be 5
FAIL: g++.dg/gcov/gcov-1.C -std=gnu++98 line 257: is #####:should be 5
FAIL: g++.dg/gcov/gcov-1.C -std=gnu++98 line 261: is #####:should be 1
FAIL: g++.dg/gcov/gcov-1.C -std=gnu++98 line 269: is #####:should be 3
FAIL: g++.dg/gcov/gcov-1.C -std=gnu++98 line 271: is #####:should be 1
FAIL: g++.dg/gcov/gcov-1.C -std=gnu++98 line 272: is #####:should be 2
FAIL: g++.dg/gcov/gcov-1.C -std=gnu++98 line 275: is #####:should be 1
FAIL: g++.dg/gcov/gcov-1.C -std=gnu++98 line 276: is #####:should be 1
FAIL: g++.dg/gcov/gcov-1.C -std=gnu++98 line 279: is #####:should be 4
FAIL: g++.dg/gcov/gcov-1.C -std=gnu++98 line 33: is #####:should be 1
FAIL: g++.dg/gcov/gcov-1.C -std=gnu++98 line 39: is #####:should be 1
FAIL: g++.dg/gcov/gcov-1.C -std=gnu++98 line 41: is #####:should be 1
FAIL: g++.dg/gcov/gcov-1.C -std=gnu++98 line 55: is #####:should be 3
FAIL: g++.dg/gcov/gcov-1.C -std=gnu++98 line 58: is #####:should be 9
FAIL: g++.dg/gcov/gcov-1.C -std=gnu++98 line 59: is #####:should be 3
FAIL: g++.dg/gcov/gcov-1.C -std=gnu++98 line 66: is #####:should be 6
FAIL: g++.dg/gcov/gcov-1.C -std=gnu++98 line 73: is #####:should be 81
FAIL: g++.dg/gcov/gcov-1.C -std=gnu++98 line 74: is #####:should be 6
FAIL: g++.dg/gcov/gcov-1.C -std=gnu++98 line n: expected branch percentages not found: 0
FAIL: g++.dg/gcov/gcov-1.C -std=gnu++98 line n: expected branch percentages not found: 0
FAIL: g++.dg/gcov/gcov-1.C -std=gnu++98 line n: expected branch percentages not found: 0
FAIL: g++.dg/gcov/gcov-1.C -std=gnu++98 line n: expected branch percentages not found: 0
FAIL: g++.dg/gcov/gcov-1.C -std=gnu++98 line n: expected branch percentages not found: 17
FAIL: g++.dg/gcov/gcov-1.C -std=gnu++98 line n: expected branch percentages not found: 20
FAIL: g++.dg/gcov/gcov-1.C -std=gnu++98 line n: expected branch percentages not found: 20 0 40 20
FAIL: g++.dg/gcov/gcov-1.C -std=gnu++98 line n: expected branch percentages not found: 25
FAIL: g++.dg/gcov/gcov-1.C -std=gnu++98 line n: expected branch percentages not found: 27
FAIL: g++.dg/gcov/gcov-1.C -std=gnu++98 line n: expected branch percentages not found: 27 50 25
FAIL: g++.dg/gcov/gcov-1.C -std=gnu++98 line n: expected branch percentages not found: 30
FAIL: g++.dg/gcov/gcov-1.C -std=gnu++98 line n: expected branch percentages not found: 32
FAIL: g++.dg/gcov/gcov-1.C -std=gnu++98 line n: expected branch percentages not found: 33
FAIL: g++.dg/gcov/gcov-1.C -std=gnu++98 line n: expected branch percentages not found: 33
FAIL: g++.dg/gcov/gcov-1.C -std=gnu++98 line n: expected branch percentages not found: 50
FAIL: g++.dg/gcov/gcov-1.C -std=gnu++98 line n: expected branch percentages not found: 50
FAIL: g++.dg/gcov/gcov-1.C -std=gnu++98 line n: expected branch percentages not found: 50
FAIL: g++.dg/gcov/gcov-1.C -std=gnu++98 line n: expected branch percentages not found: 50
FAIL: g++.dg/gcov/gcov-1.C -std=gnu++98 line n: expected branch percentages not found: 7
FAIL: g++.dg/gcov/gcov-1.C -std=gnu++98 line n: expected branch percentages not found: 9 10 11
FAIL: g++.dg/gcov/gcov-12.C -std=gnu++14 gcov: 1 failures in line counts, 0 in branch percentages, 0 in return percentages, 0 in intermediate format
FAIL: g++.dg/gcov/gcov-12.C -std=gnu++14 line 8: is #####:should be 1
FAIL: g++.dg/gcov/gcov-12.C -std=gnu++17 gcov: 1 failures in line counts, 0 in branch percentages, 0 in return percentages, 0 in intermediate format
FAIL: g++.dg/gcov/gcov-12.C -std=gnu++17 line 8: is #####:should be 1
FAIL: g++.dg/gcov/gcov-12.C -std=gnu++2a gcov: 1 failures in line counts, 0 in branch percentages, 0 in return percentages, 0 in intermediate format
FAIL: g++.dg/gcov/gcov-12.C -std=gnu++2a line 8: is #####:should be 1
FAIL: g++.dg/gcov/gcov-12.C -std=gnu++98 gcov: 1 failures in line counts, 0 in branch percentages, 0 in return percentages, 0 in intermediate format
FAIL: g++.dg/gcov/gcov-12.C -std=gnu++98 line 8: is #####:should be 1
FAIL: g++.dg/gcov/gcov-13.C -std=gnu++14 gcov: 5 failures in line counts, 0 in branch percentages, 0 in return percentages, 0 in intermediate format
FAIL: g++.dg/gcov/gcov-13.C -std=gnu++14 line 18: is #####:should be 1
FAIL: g++.dg/gcov/gcov-13.C -std=gnu++14 line 19: is #####:should be 1
FAIL: g++.dg/gcov/gcov-13.C -std=gnu++14 line 28: is #####:should be 1
FAIL: g++.dg/gcov/gcov-13.C -std=gnu++14 line 33: is =====:should be 1
FAIL: g++.dg/gcov/gcov-13.C -std=gnu++14 line 36: is #####:should be 1
FAIL: g++.dg/gcov/gcov-13.C -std=gnu++17 gcov: 5 failures in line counts, 0 in branch percentages, 0 in return percentages, 0 in intermediate format
FAIL: g++.dg/gcov/gcov-13.C -std=gnu++17 line 18: is #####:should be 1
FAIL: g++.dg/gcov/gcov-13.C -std=gnu++17 line 19: is #####:should be 1
FAIL: g++.dg/gcov/gcov-13.C -std=gnu++17 line 28: is #####:should be 1
FAIL: g++.dg/gcov/gcov-13.C -std=gnu++17 line 33: is =====:should be 1
FAIL: g++.dg/gcov/gcov-13.C -std=gnu++17 line 36: is #####:should be 1
FAIL: g++.dg/gcov/gcov-13.C -std=gnu++2a gcov: 5 failures in line counts, 0 in branch percentages, 0 in return percentages, 0 in intermediate format
FAIL: g++.dg/gcov/gcov-13.C -std=gnu++2a line 18: is #####:should be 1
FAIL: g++.dg/gcov/gcov-13.C -std=gnu++2a line 19: is #####:should be 1
FAIL: g++.dg/gcov/gcov-13.C -std=gnu++2a line 28: is #####:should be 1
FAIL: g++.dg/gcov/gcov-13.C -std=gnu++2a line 33: is =====:should be 1
FAIL: g++.dg/gcov/gcov-13.C -std=gnu++2a line 36: is #####:should be 1
FAIL: g++.dg/gcov/gcov-13.C -std=gnu++98 gcov: 5 failures in line counts, 0 in branch percentages, 0 in return percentages, 0 in intermediate format
FAIL: g++.dg/gcov/gcov-13.C -std=gnu++98 line 18: is #####:should be 1
FAIL: g++.dg/gcov/gcov-13.C -std=gnu++98 line 19: is #####:should be 1
FAIL: g++.dg/gcov/gcov-13.C -std=gnu++98 line 28: is #####:should be 1
FAIL: g++.dg/gcov/gcov-13.C -std=gnu++98 line 33: is =====:should be 1
FAIL: g++.dg/gcov/gcov-13.C -std=gnu++98 line 36: is #####:should be 1
FAIL: g++.dg/gcov/gcov-14.C -std=gnu++14 gcov: 2 failures in line counts, 0 in branch percentages, 0 in return percentages, 0 in intermediate format
FAIL: g++.dg/gcov/gcov-14.C -std=gnu++14 line 12: is #####:should be 1
FAIL: g++.dg/gcov/gcov-14.C -std=gnu++14 line 8: is #####:should be 1
FAIL: g++.dg/gcov/gcov-14.C -std=gnu++17 gcov: 2 failures in line counts, 0 in branch percentages, 0 in return percentages, 0 in intermediate format
FAIL: g++.dg/gcov/gcov-14.C -std=gnu++17 line 12: is #####:should be 1
FAIL: g++.dg/gcov/gcov-14.C -std=gnu++17 line 8: is #####:should be 1
FAIL: g++.dg/gcov/gcov-14.C -std=gnu++2a gcov: 2 failures in line counts, 0 in branch percentages, 0 in return percentages, 0 in intermediate format
FAIL: g++.dg/gcov/gcov-14.C -std=gnu++2a line 12: is #####:should be 1
FAIL: g++.dg/gcov/gcov-14.C -std=gnu++2a line 8: is #####:should be 1
FAIL: g++.dg/gcov/gcov-14.C -std=gnu++98 gcov: 2 failures in line counts, 0 in branch percentages, 0 in return percentages, 0 in intermediate format
FAIL: g++.dg/gcov/gcov-14.C -std=gnu++98 line 12: is #####:should be 1
FAIL: g++.dg/gcov/gcov-14.C -std=gnu++98 line 8: is #####:should be 1
FAIL: g++.dg/gcov/gcov-15.C -std=gnu++14 gcov: 6 failures in line counts, 0 in branch percentages, 0 in return percentages, 0 in intermediate format
FAIL: g++.dg/gcov/gcov-15.C -std=gnu++14 line 14: is #####:should be 1
FAIL: g++.dg/gcov/gcov-15.C -std=gnu++14 line 18: is #####:should be 1
FAIL: g++.dg/gcov/gcov-15.C -std=gnu++14 line 20: is =====:should be 1
FAIL: g++.dg/gcov/gcov-15.C -std=gnu++14 line 22: is =====:should be 1
FAIL: g++.dg/gcov/gcov-15.C -std=gnu++14 line 5: is #####:should be 1
FAIL: g++.dg/gcov/gcov-15.C -std=gnu++14 line 7: is #####:should be 1
FAIL: g++.dg/gcov/gcov-15.C -std=gnu++17 gcov: 6 failures in line counts, 0 in branch percentages, 0 in return percentages, 0 in intermediate format
FAIL: g++.dg/gcov/gcov-15.C -std=gnu++17 line 14: is #####:should be 1
FAIL: g++.dg/gcov/gcov-15.C -std=gnu++17 line 18: is #####:should be 1
FAIL: g++.dg/gcov/gcov-15.C -std=gnu++17 line 20: is =====:should be 1
FAIL: g++.dg/gcov/gcov-15.C -std=gnu++17 line 22: is =====:should be 1
FAIL: g++.dg/gcov/gcov-15.C -std=gnu++17 line 5: is #####:should be 1
FAIL: g++.dg/gcov/gcov-15.C -std=gnu++17 line 7: is #####:should be 1
FAIL: g++.dg/gcov/gcov-15.C -std=gnu++2a gcov: 6 failures in line counts, 0 in branch percentages, 0 in return percentages, 0 in intermediate format
FAIL: g++.dg/gcov/gcov-15.C -std=gnu++2a line 14: is #####:should be 1
FAIL: g++.dg/gcov/gcov-15.C -std=gnu++2a line 18: is #####:should be 1
FAIL: g++.dg/gcov/gcov-15.C -std=gnu++2a line 20: is =====:should be 1
FAIL: g++.dg/gcov/gcov-15.C -std=gnu++2a line 22: is =====:should be 1
FAIL: g++.dg/gcov/gcov-15.C -std=gnu++2a line 5: is #####:should be 1
FAIL: g++.dg/gcov/gcov-15.C -std=gnu++2a line 7: is #####:should be 1
FAIL: g++.dg/gcov/gcov-15.C -std=gnu++98 gcov: 6 failures in line counts, 0 in branch percentages, 0 in return percentages, 0 in intermediate format
FAIL: g++.dg/gcov/gcov-15.C -std=gnu++98 line 14: is #####:should be 1
FAIL: g++.dg/gcov/gcov-15.C -std=gnu++98 line 18: is #####:should be 1
FAIL: g++.dg/gcov/gcov-15.C -std=gnu++98 line 20: is =====:should be 1
FAIL: g++.dg/gcov/gcov-15.C -std=gnu++98 line 22: is =====:should be 1
FAIL: g++.dg/gcov/gcov-15.C -std=gnu++98 line 5: is #####:should be 1
FAIL: g++.dg/gcov/gcov-15.C -std=gnu++98 line 7: is #####:should be 1
FAIL: g++.dg/gcov/gcov-2.C -std=gnu++14 gcov: 6 failures in line counts, 0 in branch percentages, 0 in return percentages, 0 in intermediate format
FAIL: g++.dg/gcov/gcov-2.C -std=gnu++14 line 10: is #####:should be 1
FAIL: g++.dg/gcov/gcov-2.C -std=gnu++14 line 15: is #####:should be 1
FAIL: g++.dg/gcov/gcov-2.C -std=gnu++14 line 23: is #####:should be 1
FAIL: g++.dg/gcov/gcov-2.C -std=gnu++14 line 24: is #####:should be 1
FAIL: g++.dg/gcov/gcov-2.C -std=gnu++14 line 25: is #####:should be 1
FAIL: g++.dg/gcov/gcov-2.C -std=gnu++14 line 29: is #####:should be 1
FAIL: g++.dg/gcov/gcov-2.C -std=gnu++17 gcov: 6 failures in line counts, 0 in branch percentages, 0 in return percentages, 0 in intermediate format
FAIL: g++.dg/gcov/gcov-2.C -std=gnu++17 line 10: is #####:should be 1
FAIL: g++.dg/gcov/gcov-2.C -std=gnu++17 line 15: is #####:should be 1
FAIL: g++.dg/gcov/gcov-2.C -std=gnu++17 line 23: is #####:should be 1
FAIL: g++.dg/gcov/gcov-2.C -std=gnu++17 line 24: is #####:should be 1
FAIL: g++.dg/gcov/gcov-2.C -std=gnu++17 line 25: is #####:should be 1
FAIL: g++.dg/gcov/gcov-2.C -std=gnu++17 line 29: is #####:should be 1
FAIL: g++.dg/gcov/gcov-2.C -std=gnu++2a gcov: 6 failures in line counts, 0 in branch percentages, 0 in return percentages, 0 in intermediate format
FAIL: g++.dg/gcov/gcov-2.C -std=gnu++2a line 10: is #####:should be 1
FAIL: g++.dg/gcov/gcov-2.C -std=gnu++2a line 15: is #####:should be 1
FAIL: g++.dg/gcov/gcov-2.C -std=gnu++2a line 23: is #####:should be 1
FAIL: g++.dg/gcov/gcov-2.C -std=gnu++2a line 24: is #####:should be 1
FAIL: g++.dg/gcov/gcov-2.C -std=gnu++2a line 25: is #####:should be 1
FAIL: g++.dg/gcov/gcov-2.C -std=gnu++2a line 29: is #####:should be 1
FAIL: g++.dg/gcov/gcov-2.C -std=gnu++98 gcov: 6 failures in line counts, 0 in branch percentages, 0 in return percentages, 0 in intermediate format
FAIL: g++.dg/gcov/gcov-2.C -std=gnu++98 line 10: is #####:should be 1
FAIL: g++.dg/gcov/gcov-2.C -std=gnu++98 line 15: is #####:should be 1
FAIL: g++.dg/gcov/gcov-2.C -std=gnu++98 line 23: is #####:should be 1
FAIL: g++.dg/gcov/gcov-2.C -std=gnu++98 line 24: is #####:should be 1
FAIL: g++.dg/gcov/gcov-2.C -std=gnu++98 line 25: is #####:should be 1
FAIL: g++.dg/gcov/gcov-2.C -std=gnu++98 line 29: is #####:should be 1
FAIL: g++.dg/gcov/gcov-3.C -std=gnu++14 gcov: 1 failures in line counts, 0 in branch percentages, 0 in return percentages, 0 in intermediate format
FAIL: g++.dg/gcov/gcov-3.C -std=gnu++14 line 14: is #####:should be 1
FAIL: g++.dg/gcov/gcov-3.C -std=gnu++17 gcov: 1 failures in line counts, 0 in branch percentages, 0 in return percentages, 0 in intermediate format
FAIL: g++.dg/gcov/gcov-3.C -std=gnu++17 line 14: is #####:should be 1
FAIL: g++.dg/gcov/gcov-3.C -std=gnu++2a gcov: 1 failures in line counts, 0 in branch percentages, 0 in return percentages, 0 in intermediate format
FAIL: g++.dg/gcov/gcov-3.C -std=gnu++2a line 14: is #####:should be 1
FAIL: g++.dg/gcov/gcov-3.C -std=gnu++98 gcov: 1 failures in line counts, 0 in branch percentages, 0 in return percentages, 0 in intermediate format
FAIL: g++.dg/gcov/gcov-3.C -std=gnu++98 line 14: is #####:should be 1
FAIL: g++.dg/gcov/gcov-5.C -std=gnu++14 gcov: 2 failures in line counts, 0 in branch percentages, 0 in return percentages, 0 in intermediate format
FAIL: g++.dg/gcov/gcov-5.C -std=gnu++14 line 26: is #####:should be 1
FAIL: g++.dg/gcov/gcov-5.C -std=gnu++14 line 35: is #####:should be 1
FAIL: g++.dg/gcov/gcov-5.C -std=gnu++17 gcov: 2 failures in line counts, 0 in branch percentages, 0 in return percentages, 0 in intermediate format
FAIL: g++.dg/gcov/gcov-5.C -std=gnu++17 line 26: is #####:should be 1
FAIL: g++.dg/gcov/gcov-5.C -std=gnu++17 line 35: is #####:should be 1
FAIL: g++.dg/gcov/gcov-5.C -std=gnu++2a gcov: 2 failures in line counts, 0 in branch percentages, 0 in return percentages, 0 in intermediate format
FAIL: g++.dg/gcov/gcov-5.C -std=gnu++2a line 26: is #####:should be 1
FAIL: g++.dg/gcov/gcov-5.C -std=gnu++2a line 35: is #####:should be 1
FAIL: g++.dg/gcov/gcov-5.C -std=gnu++98 gcov: 2 failures in line counts, 0 in branch percentages, 0 in return percentages, 0 in intermediate format
FAIL: g++.dg/gcov/gcov-5.C -std=gnu++98 line 26: is #####:should be 1
FAIL: g++.dg/gcov/gcov-5.C -std=gnu++98 line 35: is #####:should be 1
FAIL: g++.dg/gcov/gcov-dump-2.C -std=gnu++14 gcov: 4 failures in line counts, 0 in branch percentages, 0 in return percentages, 0 in intermediate format
FAIL: g++.dg/gcov/gcov-dump-2.C -std=gnu++14 line 14: is 2:should be 1
FAIL: g++.dg/gcov/gcov-dump-2.C -std=gnu++14 line 17: is 200:should be 100
FAIL: g++.dg/gcov/gcov-dump-2.C -std=gnu++14 line 26: is #####:should be 10001
FAIL: g++.dg/gcov/gcov-dump-2.C -std=gnu++14 line 29: is #####:should be 1
FAIL: g++.dg/gcov/gcov-dump-2.C -std=gnu++17 gcov: 4 failures in line counts, 0 in branch percentages, 0 in return percentages, 0 in intermediate format
FAIL: g++.dg/gcov/gcov-dump-2.C -std=gnu++17 line 14: is 3:should be 1
FAIL: g++.dg/gcov/gcov-dump-2.C -std=gnu++17 line 17: is 300:should be 100
FAIL: g++.dg/gcov/gcov-dump-2.C -std=gnu++17 line 26: is #####:should be 10001
FAIL: g++.dg/gcov/gcov-dump-2.C -std=gnu++17 line 29: is #####:should be 1
FAIL: g++.dg/gcov/gcov-dump-2.C -std=gnu++2a gcov: 4 failures in line counts, 0 in branch percentages, 0 in return percentages, 0 in intermediate format
FAIL: g++.dg/gcov/gcov-dump-2.C -std=gnu++2a line 14: is 4:should be 1
FAIL: g++.dg/gcov/gcov-dump-2.C -std=gnu++2a line 17: is 400:should be 100
FAIL: g++.dg/gcov/gcov-dump-2.C -std=gnu++2a line 26: is #####:should be 10001
FAIL: g++.dg/gcov/gcov-dump-2.C -std=gnu++2a line 29: is #####:should be 1
FAIL: g++.dg/gcov/gcov-dump-2.C -std=gnu++98 gcov: 2 failures in line counts, 0 in branch percentages, 0 in return percentages, 0 in intermediate format
FAIL: g++.dg/gcov/gcov-dump-2.C -std=gnu++98 line 26: is #####:should be 10001
FAIL: g++.dg/gcov/gcov-dump-2.C -std=gnu++98 line 29: is #####:should be 1
FAIL: g++.dg/gcov/gcov-threads-1.C -std=gnu++14 gcov: 5 failures in line counts, 0 in branch percentages, 0 in return percentages, 0 in intermediate format
FAIL: g++.dg/gcov/gcov-threads-1.C -std=gnu++14 line 14: is #####:should be 500005
FAIL: g++.dg/gcov/gcov-threads-1.C -std=gnu++14 line 16: is #####:should be 500000
FAIL: g++.dg/gcov/gcov-threads-1.C -std=gnu++14 line 36: is #####:should be 5*
FAIL: g++.dg/gcov/gcov-threads-1.C -std=gnu++14 line 43: is #####:should be 5*
FAIL: g++.dg/gcov/gcov-threads-1.C -std=gnu++14 line 46: is #####:should be 1
FAIL: g++.dg/gcov/gcov-threads-1.C -std=gnu++17 gcov: 5 failures in line counts, 0 in branch percentages, 0 in return percentages, 0 in intermediate format
FAIL: g++.dg/gcov/gcov-threads-1.C -std=gnu++17 line 14: is #####:should be 500005
FAIL: g++.dg/gcov/gcov-threads-1.C -std=gnu++17 line 16: is #####:should be 500000
FAIL: g++.dg/gcov/gcov-threads-1.C -std=gnu++17 line 36: is #####:should be 5*
FAIL: g++.dg/gcov/gcov-threads-1.C -std=gnu++17 line 43: is #####:should be 5*
FAIL: g++.dg/gcov/gcov-threads-1.C -std=gnu++17 line 46: is #####:should be 1
FAIL: g++.dg/gcov/gcov-threads-1.C -std=gnu++2a gcov: 5 failures in line counts, 0 in branch percentages, 0 in return percentages, 0 in intermediate format
FAIL: g++.dg/gcov/gcov-threads-1.C -std=gnu++2a line 14: is #####:should be 500005
FAIL: g++.dg/gcov/gcov-threads-1.C -std=gnu++2a line 16: is #####:should be 500000
FAIL: g++.dg/gcov/gcov-threads-1.C -std=gnu++2a line 36: is #####:should be 5*
FAIL: g++.dg/gcov/gcov-threads-1.C -std=gnu++2a line 43: is #####:should be 5*
FAIL: g++.dg/gcov/gcov-threads-1.C -std=gnu++2a line 46: is #####:should be 1
FAIL: g++.dg/gcov/gcov-threads-1.C -std=gnu++98 gcov: 5 failures in line counts, 0 in branch percentages, 0 in return percentages, 0 in intermediate format
FAIL: g++.dg/gcov/gcov-threads-1.C -std=gnu++98 line 14: is #####:should be 500005
FAIL: g++.dg/gcov/gcov-threads-1.C -std=gnu++98 line 16: is #####:should be 500000
FAIL: g++.dg/gcov/gcov-threads-1.C -std=gnu++98 line 36: is #####:should be 5*
FAIL: g++.dg/gcov/gcov-threads-1.C -std=gnu++98 line 43: is #####:should be 5*
FAIL: g++.dg/gcov/gcov-threads-1.C -std=gnu++98 line 46: is #####:should be 1
FAIL: g++.dg/gcov/loop.C -std=gnu++14 gcov: 4 failures in line counts, 0 in branch percentages, 0 in return percentages, 0 in intermediate format
FAIL: g++.dg/gcov/loop.C -std=gnu++14 line 21: is #####:should be 7.0k
FAIL: g++.dg/gcov/loop.C -std=gnu++14 line 24: is #####:should be 1
FAIL: g++.dg/gcov/loop.C -std=gnu++14 line 5: is #####:should be 14.0k
FAIL: g++.dg/gcov/loop.C -std=gnu++14 line 9: is #####:should be 21.0M
FAIL: g++.dg/gcov/loop.C -std=gnu++17 gcov: 4 failures in line counts, 0 in branch percentages, 0 in return percentages, 0 in intermediate format
FAIL: g++.dg/gcov/loop.C -std=gnu++17 line 21: is #####:should be 7.0k
FAIL: g++.dg/gcov/loop.C -std=gnu++17 line 24: is #####:should be 1
FAIL: g++.dg/gcov/loop.C -std=gnu++17 line 5: is #####:should be 14.0k
FAIL: g++.dg/gcov/loop.C -std=gnu++17 line 9: is #####:should be 21.0M
FAIL: g++.dg/gcov/loop.C -std=gnu++2a gcov: 4 failures in line counts, 0 in branch percentages, 0 in return percentages, 0 in intermediate format
FAIL: g++.dg/gcov/loop.C -std=gnu++2a line 21: is #####:should be 7.0k
FAIL: g++.dg/gcov/loop.C -std=gnu++2a line 24: is #####:should be 1
FAIL: g++.dg/gcov/loop.C -std=gnu++2a line 5: is #####:should be 14.0k
FAIL: g++.dg/gcov/loop.C -std=gnu++2a line 9: is #####:should be 21.0M
FAIL: g++.dg/gcov/loop.C -std=gnu++98 gcov: 4 failures in line counts, 0 in branch percentages, 0 in return percentages, 0 in intermediate format
FAIL: g++.dg/gcov/loop.C -std=gnu++98 line 21: is #####:should be 7.0k
FAIL: g++.dg/gcov/loop.C -std=gnu++98 line 24: is #####:should be 1
FAIL: g++.dg/gcov/loop.C -std=gnu++98 line 5: is #####:should be 14.0k
FAIL: g++.dg/gcov/loop.C -std=gnu++98 line 9: is #####:should be 21.0M
FAIL: g++.dg/gcov/pr16855.C -std=gnu++14 line 15: is #####:should be 1
FAIL: g++.dg/gcov/pr16855.C -std=gnu++14 line 22: is #####:should be 1
FAIL: g++.dg/gcov/pr16855.C -std=gnu++14 line 38: is #####:should be 1
FAIL: g++.dg/gcov/pr16855.C -std=gnu++14 line 44: is #####:should be 1
FAIL: g++.dg/gcov/pr16855.C -std=gnu++17 line 15: is #####:should be 1
FAIL: g++.dg/gcov/pr16855.C -std=gnu++17 line 22: is #####:should be 1
FAIL: g++.dg/gcov/pr16855.C -std=gnu++17 line 38: is #####:should be 1
FAIL: g++.dg/gcov/pr16855.C -std=gnu++17 line 44: is #####:should be 1
FAIL: g++.dg/gcov/pr16855.C -std=gnu++2a line 15: is #####:should be 1
FAIL: g++.dg/gcov/pr16855.C -std=gnu++2a line 22: is #####:should be 1
FAIL: g++.dg/gcov/pr16855.C -std=gnu++2a line 38: is #####:should be 1
FAIL: g++.dg/gcov/pr16855.C -std=gnu++2a line 44: is #####:should be 1
FAIL: g++.dg/gcov/pr16855.C -std=gnu++98 line 15: is #####:should be 1
FAIL: g++.dg/gcov/pr16855.C -std=gnu++98 line 22: is #####:should be 1
FAIL: g++.dg/gcov/pr16855.C -std=gnu++98 line 38: is #####:should be 1
FAIL: g++.dg/gcov/pr16855.C -std=gnu++98 line 44: is #####:should be 1
FAIL: g++.dg/gcov/pr86109.C gcov: 4 failures in line counts, 0 in branch percentages, 0 in return percentages, 0 in intermediate format
FAIL: g++.dg/gcov/pr86109.C line 13: is #####:should be 1
FAIL: g++.dg/gcov/pr86109.C line 7: is #####:should be 1
FAIL: g++.dg/gcov/pr86109.C line 8: is #####:should be 1
FAIL: g++.dg/gcov/pr86109.C line 9: is #####:should be 1
FAIL: g++.dg/gcov/ternary.C -std=gnu++14 gcov: 1 failures in line counts, 0 in branch percentages, 0 in return percentages, 0 in intermediate format
FAIL: g++.dg/gcov/ternary.C -std=gnu++14 line 8: is #####:should be 1*
FAIL: g++.dg/gcov/ternary.C -std=gnu++17 gcov: 1 failures in line counts, 0 in branch percentages, 0 in return percentages, 0 in intermediate format
FAIL: g++.dg/gcov/ternary.C -std=gnu++17 line 8: is #####:should be 1*
FAIL: g++.dg/gcov/ternary.C -std=gnu++2a gcov: 1 failures in line counts, 0 in branch percentages, 0 in return percentages, 0 in intermediate format
FAIL: g++.dg/gcov/ternary.C -std=gnu++2a line 8: is #####:should be 1*
FAIL: g++.dg/gcov/ternary.C -std=gnu++98 gcov: 1 failures in line counts, 0 in branch percentages, 0 in return percentages, 0 in intermediate format
FAIL: g++.dg/gcov/ternary.C -std=gnu++98 line 8: is #####:should be 1*
FAIL: g++.dg/lto/pr65276 cp_lto_pr65276_0.o-cp_lto_pr65276_1.o link, -flto -O0 -std=c++11
FAIL: g++.dg/modules/xtreme-header-3_a.H -std=c++17 (internal compiler error)
FAIL: g++.dg/modules/xtreme-header-3_a.H -std=c++17 (test for excess errors)
FAIL: g++.dg/modules/xtreme-header-3_a.H -std=c++2a (internal compiler error)
FAIL: g++.dg/modules/xtreme-header-3_a.H -std=c++2a (test for excess errors)
FAIL: g++.dg/modules/xtreme-header-3_a.H -std=c++2b (internal compiler error)
FAIL: g++.dg/modules/xtreme-header-3_a.H -std=c++2b (test for excess errors)
FAIL: g++.dg/modules/xtreme-header-3_a.H module-cmi (gcm.cache/\$srcdir/g++.dg/modules/xtreme-header-3_a.H.gcm)
FAIL: g++.dg/modules/xtreme-header-3_a.H module-cmi (gcm.cache/\$srcdir/g++.dg/modules/xtreme-header-3_a.H.gcm)
FAIL: g++.dg/modules/xtreme-header-3_a.H module-cmi (gcm.cache/\$srcdir/g++.dg/modules/xtreme-header-3_a.H.gcm)
FAIL: g++.dg/modules/xtreme-header-3_b.C -std=c++17 (test for excess errors)
FAIL: g++.dg/modules/xtreme-header-3_b.C -std=c++2a (test for excess errors)
FAIL: g++.dg/modules/xtreme-header-3_b.C -std=c++2b (test for excess errors)
FAIL: g++.dg/modules/xtreme-header-3_c.C -std=c++17 (test for excess errors)
FAIL: g++.dg/modules/xtreme-header-3_c.C -std=c++2a (test for excess errors)
FAIL: g++.dg/modules/xtreme-header-3_c.C -std=c++2b (test for excess errors)
FAIL: g++.dg/modules/xtreme-header-5_a.H -std=c++17 (internal compiler error)
FAIL: g++.dg/modules/xtreme-header-5_a.H -std=c++17 (test for excess errors)
FAIL: g++.dg/modules/xtreme-header-5_a.H -std=c++2a (internal compiler error)
FAIL: g++.dg/modules/xtreme-header-5_a.H -std=c++2a (test for excess errors)
FAIL: g++.dg/modules/xtreme-header-5_a.H -std=c++2b (internal compiler error)
FAIL: g++.dg/modules/xtreme-header-5_a.H -std=c++2b (test for excess errors)
FAIL: g++.dg/modules/xtreme-header-5_a.H module-cmi (gcm.cache/\$srcdir/g++.dg/modules/xtreme-header-5_a.H.gcm)
FAIL: g++.dg/modules/xtreme-header-5_a.H module-cmi (gcm.cache/\$srcdir/g++.dg/modules/xtreme-header-5_a.H.gcm)
FAIL: g++.dg/modules/xtreme-header-5_a.H module-cmi (gcm.cache/\$srcdir/g++.dg/modules/xtreme-header-5_a.H.gcm)
FAIL: g++.dg/modules/xtreme-header-5_b.C -std=c++17 (test for excess errors)
FAIL: g++.dg/modules/xtreme-header-5_b.C -std=c++2a (test for excess errors)
FAIL: g++.dg/modules/xtreme-header-5_b.C -std=c++2b (test for excess errors)
FAIL: g++.dg/modules/xtreme-header-5_c.C -std=c++17 (test for excess errors)
FAIL: g++.dg/modules/xtreme-header-5_c.C -std=c++2a (test for excess errors)
FAIL: g++.dg/modules/xtreme-header-5_c.C -std=c++2b (test for excess errors)
FAIL: g++.dg/modules/xtreme-header_a.H -std=c++17 (internal compiler error)
FAIL: g++.dg/modules/xtreme-header_a.H -std=c++17 (test for excess errors)
FAIL: g++.dg/modules/xtreme-header_a.H -std=c++2a (internal compiler error)
FAIL: g++.dg/modules/xtreme-header_a.H -std=c++2a (test for excess errors)
FAIL: g++.dg/modules/xtreme-header_a.H -std=c++2b (internal compiler error)
FAIL: g++.dg/modules/xtreme-header_a.H -std=c++2b (test for excess errors)
FAIL: g++.dg/modules/xtreme-header_a.H module-cmi (gcm.cache/\$srcdir/g++.dg/modules/xtreme-header_a.H.gcm)
FAIL: g++.dg/modules/xtreme-header_a.H module-cmi (gcm.cache/\$srcdir/g++.dg/modules/xtreme-header_a.H.gcm)
FAIL: g++.dg/modules/xtreme-header_a.H module-cmi (gcm.cache/\$srcdir/g++.dg/modules/xtreme-header_a.H.gcm)
FAIL: g++.dg/modules/xtreme-header_b.C -std=c++17 (test for excess errors)
FAIL: g++.dg/modules/xtreme-header_b.C -std=c++2a (test for excess errors)
FAIL: g++.dg/modules/xtreme-header_b.C -std=c++2b (test for excess errors)
FAIL: g++.dg/torture/pr31863.C -O2 -flto (test for excess errors)
FAIL: g++.old-deja/g++.robertl/eb59.C -std=c++2a (test for excess errors)
UNRESOLVED: g++.old-deja/g++.robertl/eb59.C -std=c++2a compilation failed to produce executable
=== g++ Summary ===
# of expected passes 214895
# of unexpected failures 585
# of expected failures 1432
# of unresolved testcases 1
# of unsupported tests 10174
/scratch/12-mon/gcc-master/gcc/xg++ version 12.0.0 20211113 (experimental) [master revision r12-5219-gaf2852b9dc3b] (GCC)
=== gcc tests ===
Running target unix
FAIL: gcc.c-torture/execute/ieee/cdivchkf.c execution, -O0
FAIL: gcc.c-torture/execute/ieee/cdivchkf.c execution, -O1
FAIL: gcc.c-torture/execute/ieee/cdivchkf.c execution, -O2
FAIL: gcc.c-torture/execute/ieee/cdivchkf.c execution, -O2 -flto
FAIL: gcc.c-torture/execute/ieee/cdivchkf.c execution, -O2 -flto -flto-partition=none
FAIL: gcc.c-torture/execute/ieee/cdivchkf.c execution, -O3 -fomit-frame-pointer -funroll-loops -fpeel-loops -ftracer -finline-functions
FAIL: gcc.c-torture/execute/ieee/cdivchkf.c execution, -O3 -g
FAIL: gcc.c-torture/execute/ieee/cdivchkf.c execution, -Og -g
FAIL: gcc.c-torture/execute/ieee/cdivchkf.c execution, -Os
FAIL: gcc.c-torture/execute/ieee/cdivchkld.c execution, -O0
FAIL: gcc.c-torture/execute/ieee/cdivchkld.c execution, -O1
FAIL: gcc.c-torture/execute/ieee/cdivchkld.c execution, -O2
FAIL: gcc.c-torture/execute/ieee/cdivchkld.c execution, -O2 -flto
FAIL: gcc.c-torture/execute/ieee/cdivchkld.c execution, -O2 -flto -flto-partition=none
FAIL: gcc.c-torture/execute/ieee/cdivchkld.c execution, -O3 -fomit-frame-pointer -funroll-loops -fpeel-loops -ftracer -finline-functions
FAIL: gcc.c-torture/execute/ieee/cdivchkld.c execution, -O3 -g
FAIL: gcc.c-torture/execute/ieee/cdivchkld.c execution, -Og -g
FAIL: gcc.c-torture/execute/ieee/cdivchkld.c execution, -Os
FAIL: gcc.dg/analyzer/asm-x86-lp64-1.c (test for excess errors)
FAIL: gcc.dg/analyzer/data-model-1.c (test for warnings, line 527)
FAIL: gcc.dg/analyzer/data-model-1.c (test for warnings, line 528)
FAIL: gcc.dg/analyzer/data-model-1.c (test for warnings, line 530)
FAIL: gcc.dg/analyzer/data-model-1.c (test for warnings, line 531)
FAIL: gcc.dg/analyzer/data-model-1.c (test for excess errors)
FAIL: gcc.dg/analyzer/write-to-string-literal-1.c (test for warnings, line 15)
FAIL: gcc.dg/analyzer/torture/asm-x86-linux-cpuid-paravirt-1.c -O1 (test for excess errors)
FAIL: gcc.dg/analyzer/torture/asm-x86-linux-cpuid-paravirt-1.c -O2 (test for excess errors)
FAIL: gcc.dg/analyzer/torture/asm-x86-linux-cpuid-paravirt-1.c -O2 -flto (test for excess errors)
FAIL: gcc.dg/analyzer/torture/asm-x86-linux-cpuid-paravirt-1.c -O2 -flto -flto-partition=none (test for excess errors)
FAIL: gcc.dg/analyzer/torture/asm-x86-linux-cpuid-paravirt-1.c -O3 -g (test for excess errors)
FAIL: gcc.dg/analyzer/torture/asm-x86-linux-cpuid-paravirt-1.c -Os (test for excess errors)
FAIL: gcc.dg/analyzer/torture/asm-x86-linux-cpuid-paravirt-2.c -O1 (test for excess errors)
FAIL: gcc.dg/analyzer/torture/asm-x86-linux-cpuid-paravirt-2.c -O2 (test for excess errors)
FAIL: gcc.dg/analyzer/torture/asm-x86-linux-cpuid-paravirt-2.c -O2 -flto (test for excess errors)
FAIL: gcc.dg/analyzer/torture/asm-x86-linux-cpuid-paravirt-2.c -O2 -flto -flto-partition=none (test for excess errors)
FAIL: gcc.dg/analyzer/torture/asm-x86-linux-cpuid-paravirt-2.c -O3 -g (test for excess errors)
FAIL: gcc.dg/analyzer/torture/asm-x86-linux-cpuid-paravirt-2.c -Os (test for excess errors)
FAIL: gcc.dg/analyzer/torture/asm-x86-linux-rdmsr-paravirt.c -O1 (test for excess errors)
FAIL: gcc.dg/analyzer/torture/asm-x86-linux-rdmsr-paravirt.c -O2 (test for excess errors)
FAIL: gcc.dg/analyzer/torture/asm-x86-linux-rdmsr-paravirt.c -O2 -flto (test for excess errors)
FAIL: gcc.dg/analyzer/torture/asm-x86-linux-rdmsr-paravirt.c -O2 -flto -flto-partition=none (test for excess errors)
FAIL: gcc.dg/analyzer/torture/asm-x86-linux-rdmsr-paravirt.c -O3 -g (test for excess errors)
FAIL: gcc.dg/analyzer/torture/asm-x86-linux-rdmsr-paravirt.c -Os (test for excess errors)
FAIL: gcc.dg/analyzer/torture/asm-x86-linux-wfx_get_ps_timeout-full.c -O1 (test for excess errors)
FAIL: gcc.dg/analyzer/torture/asm-x86-linux-wfx_get_ps_timeout-full.c -O2 (test for excess errors)
FAIL: gcc.dg/analyzer/torture/asm-x86-linux-wfx_get_ps_timeout-full.c -O2 -flto (test for excess errors)
FAIL: gcc.dg/analyzer/torture/asm-x86-linux-wfx_get_ps_timeout-full.c -O2 -flto -flto-partition=none (test for excess errors)
FAIL: gcc.dg/analyzer/torture/asm-x86-linux-wfx_get_ps_timeout-full.c -O3 -fomit-frame-pointer -funroll-loops -fpeel-loops -ftracer -finline-functions (test for excess errors)
FAIL: gcc.dg/analyzer/torture/asm-x86-linux-wfx_get_ps_timeout-full.c -O3 -g (test for excess errors)
FAIL: gcc.dg/analyzer/torture/asm-x86-linux-wfx_get_ps_timeout-full.c -Os (test for excess errors)
FAIL: gcc.dg/debug/dwarf2/inline4.c scan-assembler DW_TAG_inlined_subroutine[^\\\\(]*\\\\([^\\\\)]*\\\\)[^\\\\(]*\\\\(DIE \\\\(0x[0-9a-f]*\\\\) DW_TAG_formal_parameter[^\\\\(]*\\\\(DIE \\\\(0x[0-9a-f]*\\\\) DW_TAG_variable
FAIL: gcc.dg/darwin-minversion-link.c (test for excess errors)
FAIL: gcc.dg/pr100509.c (test for excess errors)
FAIL: gcc.dg/pragma-diag-10.c (test for excess errors)
FAIL: gcc.dg/stack-layout-dynamic-1.c (test for excess errors)
UNRESOLVED: gcc.dg/stack-layout-dynamic-1.c scan-assembler-not cfi_def_cfa_register
FAIL: gcc.dg/graphite/scop-19.c scan-tree-dump-times graphite "number of SCoPs: 0" 1
FAIL: gcc.dg/ipa/ipa-icf-38.c scan-ltrans-tree-dump-not optimized "Function bar"
FAIL: gcc-dg-lto-modref-3-01.exe scan-wpa-ipa-dump modref "parm 1 flags: no_direct_clobber no_direct_escape"
FAIL: gcc-dg-lto-modref-4-01.exe scan-wpa-ipa-dump modref "parm 1 flags: no_direct_clobber no_direct_escape"
FAIL: gcc.dg/lto/modref-3 c_lto_modref-3_0.o-c_lto_modref-3_1.o execute -O2 -flto-partition=max -fdump-ipa-modref -fno-ipa-sra -fno-ipa-cp -flto
FAIL: gcc.dg/lto/modref-4 c_lto_modref-4_0.o-c_lto_modref-4_1.o execute -O2 -flto-partition=max -fdump-ipa-modref -fno-ipa-sra -flto
FAIL: gcc.dg/torture/float16-basic.c -O0 execution test
FAIL: gcc.dg/torture/float16-basic.c -O1 execution test
FAIL: gcc.dg/torture/float16-basic.c -O2 execution test
FAIL: gcc.dg/torture/float16-basic.c -O2 -flto execution test
FAIL: gcc.dg/torture/float16-basic.c -O2 -flto -flto-partition=none execution test
FAIL: gcc.dg/torture/float16-basic.c -O3 -g execution test
FAIL: gcc.dg/torture/float16-basic.c -Os execution test
FAIL: gcc.dg/torture/float16-builtin.c -O0 execution test
FAIL: gcc.dg/torture/float16-builtin.c -O1 execution test
FAIL: gcc.dg/torture/float16-builtin.c -O2 execution test
FAIL: gcc.dg/torture/float16-builtin.c -O2 -flto execution test
FAIL: gcc.dg/torture/float16-builtin.c -O2 -flto -flto-partition=none execution test
FAIL: gcc.dg/torture/float16-builtin.c -O3 -g execution test
FAIL: gcc.dg/torture/float16-builtin.c -Os execution test
FAIL: gcc.dg/torture/float16-complex.c -O0 execution test
FAIL: gcc.dg/torture/float16-complex.c -O1 execution test
FAIL: gcc.dg/torture/float16-complex.c -O2 execution test
FAIL: gcc.dg/torture/float16-complex.c -O2 -flto execution test
FAIL: gcc.dg/torture/float16-complex.c -O2 -flto -flto-partition=none execution test
FAIL: gcc.dg/torture/float16-complex.c -O3 -g execution test
FAIL: gcc.dg/torture/float16-complex.c -Os execution test
FAIL: gcc.dg/torture/float16-floath.c -O0 execution test
FAIL: gcc.dg/torture/float16-floath.c -O1 execution test
FAIL: gcc.dg/torture/float16-floath.c -O2 execution test
FAIL: gcc.dg/torture/float16-floath.c -O2 -flto execution test
FAIL: gcc.dg/torture/float16-floath.c -O2 -flto -flto-partition=none execution test
FAIL: gcc.dg/torture/float16-floath.c -O3 -g execution test
FAIL: gcc.dg/torture/float16-floath.c -Os execution test
FAIL: gcc.dg/torture/float16-nan-floath.c -O0 execution test
FAIL: gcc.dg/torture/float16-nan-floath.c -O1 execution test
FAIL: gcc.dg/torture/float16-nan-floath.c -O2 execution test
FAIL: gcc.dg/torture/float16-nan-floath.c -O2 -flto execution test
FAIL: gcc.dg/torture/float16-nan-floath.c -O2 -flto -flto-partition=none execution test
FAIL: gcc.dg/torture/float16-nan-floath.c -O3 -g execution test
FAIL: gcc.dg/torture/float16-nan-floath.c -Os execution test
FAIL: gcc.dg/torture/float16-nan.c -O0 execution test
FAIL: gcc.dg/torture/float16-nan.c -O1 execution test
FAIL: gcc.dg/torture/float16-nan.c -O2 execution test
FAIL: gcc.dg/torture/float16-nan.c -O2 -flto execution test
FAIL: gcc.dg/torture/float16-nan.c -O2 -flto -flto-partition=none execution test
FAIL: gcc.dg/torture/float16-nan.c -O3 -g execution test
FAIL: gcc.dg/torture/float16-nan.c -Os execution test
FAIL: gcc.dg/torture/float16-tg-2.c -O0 execution test
FAIL: gcc.dg/torture/float16-tg-2.c -O1 execution test
FAIL: gcc.dg/torture/float16-tg-2.c -O2 execution test
FAIL: gcc.dg/torture/float16-tg-2.c -O2 -flto execution test
FAIL: gcc.dg/torture/float16-tg-2.c -O2 -flto -flto-partition=none execution test
FAIL: gcc.dg/torture/float16-tg-2.c -O3 -g execution test
FAIL: gcc.dg/torture/float16-tg-2.c -Os execution test
FAIL: gcc.dg/torture/float16-tg-3.c -O0 execution test
FAIL: gcc.dg/torture/float16-tg-3.c -O1 execution test
FAIL: gcc.dg/torture/float16-tg-3.c -O2 execution test
FAIL: gcc.dg/torture/float16-tg-3.c -O2 -flto execution test
FAIL: gcc.dg/torture/float16-tg-3.c -O2 -flto -flto-partition=none execution test
FAIL: gcc.dg/torture/float16-tg-3.c -O3 -g execution test
FAIL: gcc.dg/torture/float16-tg-3.c -Os execution test
FAIL: gcc.dg/torture/float16-tg.c -O0 execution test
FAIL: gcc.dg/torture/float16-tg.c -O1 execution test
FAIL: gcc.dg/torture/float16-tg.c -O2 execution test
FAIL: gcc.dg/torture/float16-tg.c -O2 -flto execution test
FAIL: gcc.dg/torture/float16-tg.c -O2 -flto -flto-partition=none execution test
FAIL: gcc.dg/torture/float16-tg.c -O3 -g execution test
FAIL: gcc.dg/torture/float16-tg.c -Os execution test
FAIL: gcc.dg/torture/floatn-convert.c -O0 execution test
FAIL: gcc.dg/torture/floatn-convert.c -O1 execution test
FAIL: gcc.dg/torture/floatn-convert.c -O2 execution test
FAIL: gcc.dg/torture/floatn-convert.c -O2 -flto execution test
FAIL: gcc.dg/torture/floatn-convert.c -O2 -flto -flto-partition=none execution test
FAIL: gcc.dg/torture/floatn-convert.c -O3 -fomit-frame-pointer -funroll-loops -fpeel-loops -ftracer -finline-functions execution test
FAIL: gcc.dg/torture/floatn-convert.c -O3 -g execution test
FAIL: gcc.dg/torture/floatn-convert.c -Os execution test
FAIL: gcc.dg/torture/fp-int-convert-float16-timode.c -O0 execution test
FAIL: gcc.dg/torture/fp-int-convert-float16-timode.c -O1 execution test
FAIL: gcc.dg/torture/fp-int-convert-float16-timode.c -O2 execution test
FAIL: gcc.dg/torture/fp-int-convert-float16-timode.c -O2 -flto execution test
FAIL: gcc.dg/torture/fp-int-convert-float16-timode.c -O2 -flto -flto-partition=none execution test
FAIL: gcc.dg/torture/fp-int-convert-float16-timode.c -O3 -g execution test
FAIL: gcc.dg/torture/fp-int-convert-float16-timode.c -Os execution test
FAIL: gcc.dg/torture/fp-int-convert-float16.c -O0 execution test
FAIL: gcc.dg/torture/fp-int-convert-float16.c -O1 execution test
FAIL: gcc.dg/torture/fp-int-convert-float16.c -O2 execution test
FAIL: gcc.dg/torture/fp-int-convert-float16.c -O2 -flto execution test
FAIL: gcc.dg/torture/fp-int-convert-float16.c -O2 -flto -flto-partition=none execution test
FAIL: gcc.dg/torture/fp-int-convert-float16.c -O3 -g execution test
FAIL: gcc.dg/torture/fp-int-convert-float16.c -Os execution test
FAIL: gcc.dg/torture/stackalign/builtin-apply-3.c -O1 -fpic (test for excess errors)
UNRESOLVED: gcc.dg/torture/stackalign/builtin-apply-3.c -O1 -fpic compilation failed to produce executable
XPASS: gcc.dg/tree-ssa/pr91091-2.c scan-tree-dump-times fre1 " = [^;]*x;" 1
XPASS: gcc.dg/tree-ssa/pr91091-2.c scan-tree-dump-times fre1 "x = " 1
XPASS: gcc.dg/tree-ssa/ssa-fre-77.c scan-tree-dump fre1 "return 1;"
FAIL: gcc.misc-tests/gcov-1.c gcov: 3 failures in line counts, 0 in branch percentages, 0 in return percentages, 0 in intermediate format
FAIL: gcc.misc-tests/gcov-1.c line 14: is #####:should be 11
FAIL: gcc.misc-tests/gcov-1.c line 15: is #####:should be 10
FAIL: gcc.misc-tests/gcov-1.c line 17: is #####:should be 1
FAIL: gcc.misc-tests/gcov-10.c gcov: 1 failures in line counts, 0 in branch percentages, 0 in return percentages, 0 in intermediate format
FAIL: gcc.misc-tests/gcov-10.c line 10: is #####:should be 11
FAIL: gcc.misc-tests/gcov-10b.c gcov: 1 failures in line counts, 0 in branch percentages, 0 in return percentages, 0 in intermediate format
FAIL: gcc.misc-tests/gcov-10b.c line 10: is #####:should be 11
FAIL: gcc.misc-tests/gcov-11.c gcov: 2 failures in line counts, 0 in branch percentages, 0 in return percentages, 0 in intermediate format
FAIL: gcc.misc-tests/gcov-11.c line 11: is #####:should be 10
FAIL: gcc.misc-tests/gcov-11.c line 18: is #####:should be 11
FAIL: gcc.misc-tests/gcov-12.c gcov: 2 failures in line counts, 0 in branch percentages, 0 in return percentages, 0 in intermediate format
FAIL: gcc.misc-tests/gcov-12.c line 14: is #####:should be 1
FAIL: gcc.misc-tests/gcov-12.c line 9: is #####:should be 1
FAIL: gcc.misc-tests/gcov-13.c gcov: 1 failures in line counts, 0 in branch percentages, 0 in return percentages, 0 in intermediate format
FAIL: gcc.misc-tests/gcov-13.c line 16: is #####:should be 1
FAIL: gcc.misc-tests/gcov-13.c line 3: is #####:should be 1
FAIL: gcc.misc-tests/gcov-14.c gcov: 2 failures in line counts, 0 in branch percentages, 0 in return percentages, 0 in intermediate format
FAIL: gcc.misc-tests/gcov-14.c line 20: is #####:should be 1
FAIL: gcc.misc-tests/gcov-14.c line 25: is #####:should be 1
FAIL: gcc.misc-tests/gcov-15.c gcov: 2 failures in line counts, 0 in branch percentages, 0 in return percentages, 0 in intermediate format
FAIL: gcc.misc-tests/gcov-15.c line 19: is #####:should be 1
FAIL: gcc.misc-tests/gcov-15.c line 25: is #####:should be 1
FAIL: gcc.misc-tests/gcov-16.c gcov: 2 failures in line counts, 0 in branch percentages, 0 in return percentages, 0 in intermediate format
FAIL: gcc.misc-tests/gcov-16.c line 11: is #####:should be 1
FAIL: gcc.misc-tests/gcov-16.c line 14: is #####:should be 1
FAIL: gcc.misc-tests/gcov-17.c gcov: 2 failures in line counts, 0 in branch percentages, 0 in return percentages, 0 in intermediate format
FAIL: gcc.misc-tests/gcov-17.c line 34: is #####:should be 1
FAIL: gcc.misc-tests/gcov-17.c line 36: is #####:should be 1
FAIL: gcc.misc-tests/gcov-18.c gcov: 6 failures in line counts, 0 in branch percentages, 0 in return percentages, 0 in intermediate format
FAIL: gcc.misc-tests/gcov-18.c line 10: is #####:should be 1
FAIL: gcc.misc-tests/gcov-18.c line 15: is #####:should be 1
FAIL: gcc.misc-tests/gcov-18.c line 20: is #####:should be 1
FAIL: gcc.misc-tests/gcov-18.c line 22: is #####:should be 2
FAIL: gcc.misc-tests/gcov-18.c line 25: is #####:should be 2
FAIL: gcc.misc-tests/gcov-18.c line 26: is #####:should be 1
FAIL: gcc.misc-tests/gcov-1a.c gcov: 3 failures in line counts, 0 in branch percentages, 0 in return percentages, 0 in intermediate format
FAIL: gcc.misc-tests/gcov-1a.c line 14: is #####:should be 11
FAIL: gcc.misc-tests/gcov-1a.c line 15: is #####:should be 10
FAIL: gcc.misc-tests/gcov-1a.c line 17: is #####:should be 1
FAIL: gcc.misc-tests/gcov-2.c gcov: 3 failures in line counts, 0 in branch percentages, 0 in return percentages, 0 in intermediate format
FAIL: gcc.misc-tests/gcov-2.c line 14: is #####:should be 11
FAIL: gcc.misc-tests/gcov-2.c line 15: is #####:should be 10
FAIL: gcc.misc-tests/gcov-2.c line 17: is #####:should be 1
FAIL: gcc.misc-tests/gcov-3.c gcov: 2 failures in line counts, 0 in branch percentages, 0 in return percentages, 0 in intermediate format
FAIL: gcc.misc-tests/gcov-3.c line 42: is #####:should be 1
FAIL: gcc.misc-tests/gcov-3.c line 45: is #####:should be 1
FAIL: gcc.misc-tests/gcov-4.c gcov: 56 failures in line counts, 0 in branch percentages, 0 in return percentages, 0 in intermediate format
FAIL: gcc.misc-tests/gcov-4.c line 106: is #####:should be 15
FAIL: gcc.misc-tests/gcov-4.c line 107: is #####:should be 14
FAIL: gcc.misc-tests/gcov-4.c line 108: is #####:should be 1
FAIL: gcc.misc-tests/gcov-4.c line 110: is #####:should be 1
FAIL: gcc.misc-tests/gcov-4.c line 132: is #####:should be 5
FAIL: gcc.misc-tests/gcov-4.c line 133: is #####:should be 3
FAIL: gcc.misc-tests/gcov-4.c line 134: is #####:should be 3
FAIL: gcc.misc-tests/gcov-4.c line 138: is #####:should be 2
FAIL: gcc.misc-tests/gcov-4.c line 139: is #####:should be 1
FAIL: gcc.misc-tests/gcov-4.c line 141: is #####:should be 1
FAIL: gcc.misc-tests/gcov-4.c line 142: is #####:should be 5
FAIL: gcc.misc-tests/gcov-4.c line 143: is #####:should be 1
FAIL: gcc.misc-tests/gcov-4.c line 144: is #####:should be 5
FAIL: gcc.misc-tests/gcov-4.c line 145: is #####:should be 1
FAIL: gcc.misc-tests/gcov-4.c line 146: is #####:should be 1
FAIL: gcc.misc-tests/gcov-4.c line 147: is #####:should be 5
FAIL: gcc.misc-tests/gcov-4.c line 154: is #####:should be 6
FAIL: gcc.misc-tests/gcov-4.c line 155: is #####:should be 1
FAIL: gcc.misc-tests/gcov-4.c line 156: is #####:should be 6
FAIL: gcc.misc-tests/gcov-4.c line 158: is #####:should be 6
FAIL: gcc.misc-tests/gcov-4.c line 159: is #####:should be 3
FAIL: gcc.misc-tests/gcov-4.c line 160: is #####:should be 6
FAIL: gcc.misc-tests/gcov-4.c line 161: is #####:should be 2
FAIL: gcc.misc-tests/gcov-4.c line 162: is #####:should be 4
FAIL: gcc.misc-tests/gcov-4.c line 164: is #####:should be 4
FAIL: gcc.misc-tests/gcov-4.c line 171: is #####:should be 11
FAIL: gcc.misc-tests/gcov-4.c line 172: is #####:should be 1
FAIL: gcc.misc-tests/gcov-4.c line 173: is #####:should be 11
FAIL: gcc.misc-tests/gcov-4.c line 174: is #####:should be 5
FAIL: gcc.misc-tests/gcov-4.c line 175: is #####:should be 2
FAIL: gcc.misc-tests/gcov-4.c line 176: is #####:should be 1
FAIL: gcc.misc-tests/gcov-4.c line 177: is #####:should be 11
FAIL: gcc.misc-tests/gcov-4.c line 178: is #####:should be 3
FAIL: gcc.misc-tests/gcov-4.c line 179: is #####:should be 11
FAIL: gcc.misc-tests/gcov-4.c line 218: is #####:should be 5
FAIL: gcc.misc-tests/gcov-4.c line 220: is #####:should be 5
FAIL: gcc.misc-tests/gcov-4.c line 223: is #####:should be 1
FAIL: gcc.misc-tests/gcov-4.c line 230: is #####:should be 3
FAIL: gcc.misc-tests/gcov-4.c line 231: is #####:should be 1
FAIL: gcc.misc-tests/gcov-4.c line 232: is #####:should be 2
FAIL: gcc.misc-tests/gcov-4.c line 235: is #####:should be 1
FAIL: gcc.misc-tests/gcov-4.c line 236: is #####:should be 1
FAIL: gcc.misc-tests/gcov-4.c line 239: is #####:should be 4
FAIL: gcc.misc-tests/gcov-4.c line 33: is #####:should be 1
FAIL: gcc.misc-tests/gcov-4.c line 39: is #####:should be 1
FAIL: gcc.misc-tests/gcov-4.c line 41: is #####:should be 1
FAIL: gcc.misc-tests/gcov-4.c line 55: is #####:should be 3
FAIL: gcc.misc-tests/gcov-4.c line 57: is #####:should be 9
FAIL: gcc.misc-tests/gcov-4.c line 58: is #####:should be 3
FAIL: gcc.misc-tests/gcov-4.c line 65: is #####:should be 6
FAIL: gcc.misc-tests/gcov-4.c line 69: is #####:should be 81
FAIL: gcc.misc-tests/gcov-4.c line 70: is #####:should be 6
FAIL: gcc.misc-tests/gcov-4.c line 95: is #####:should be 2
FAIL: gcc.misc-tests/gcov-4.c line 96: is #####:should be 1
FAIL: gcc.misc-tests/gcov-4.c line 97: is #####:should be 1
FAIL: gcc.misc-tests/gcov-4.c line 99: is #####:should be 1
FAIL: gcc.misc-tests/gcov-4b.c gcov: 0 failures in line counts, 24 in branch percentages, 0 in return percentages, 0 in intermediate format
FAIL: gcc.misc-tests/gcov-4b.c line 134: expected branch percentages not found: 0
FAIL: gcc.misc-tests/gcov-4b.c line n: expected branch percentages not found: 0
FAIL: gcc.misc-tests/gcov-4b.c line n: expected branch percentages not found: 0
FAIL: gcc.misc-tests/gcov-4b.c line n: expected branch percentages not found: 0
FAIL: gcc.misc-tests/gcov-4b.c line n: expected branch percentages not found: 17
FAIL: gcc.misc-tests/gcov-4b.c line n: expected branch percentages not found: 20
FAIL: gcc.misc-tests/gcov-4b.c line n: expected branch percentages not found: 20
FAIL: gcc.misc-tests/gcov-4b.c line n: expected branch percentages not found: 20 0 40 20
FAIL: gcc.misc-tests/gcov-4b.c line n: expected branch percentages not found: 25
FAIL: gcc.misc-tests/gcov-4b.c line n: expected branch percentages not found: 27
FAIL: gcc.misc-tests/gcov-4b.c line n: expected branch percentages not found: 27 50 25
FAIL: gcc.misc-tests/gcov-4b.c line n: expected branch percentages not found: 30
FAIL: gcc.misc-tests/gcov-4b.c line n: expected branch percentages not found: 32
FAIL: gcc.misc-tests/gcov-4b.c line n: expected branch percentages not found: 33
FAIL: gcc.misc-tests/gcov-4b.c line n: expected branch percentages not found: 33
FAIL: gcc.misc-tests/gcov-4b.c line n: expected branch percentages not found: 40
FAIL: gcc.misc-tests/gcov-4b.c line n: expected branch percentages not found: 40
FAIL: gcc.misc-tests/gcov-4b.c line n: expected branch percentages not found: 45
FAIL: gcc.misc-tests/gcov-4b.c line n: expected branch percentages not found: 50
FAIL: gcc.misc-tests/gcov-4b.c line n: expected branch percentages not found: 50
FAIL: gcc.misc-tests/gcov-4b.c line n: expected branch percentages not found: 50
FAIL: gcc.misc-tests/gcov-4b.c line n: expected branch percentages not found: 50
FAIL: gcc.misc-tests/gcov-4b.c line n: expected branch percentages not found: 7
FAIL: gcc.misc-tests/gcov-4b.c line n: expected branch percentages not found: 9 10 11
FAIL: gcc.misc-tests/gcov-6.c gcov: 5 failures in line counts, 1 in branch percentages, 3 in return percentages, 0 in intermediate format
FAIL: gcc.misc-tests/gcov-6.c line 17: is #####:should be 5
FAIL: gcc.misc-tests/gcov-6.c line 20: is #####:should be 1
FAIL: gcc.misc-tests/gcov-6.c line 21: expected return percentages not found: 0
FAIL: gcc.misc-tests/gcov-6.c line 22: is #####:should be 4
FAIL: gcc.misc-tests/gcov-6.c line 31: is #####:should be 1
FAIL: gcc.misc-tests/gcov-6.c line 32: expected return percentages not found: 100
FAIL: gcc.misc-tests/gcov-6.c line 35: is #####:should be 4
FAIL: gcc.misc-tests/gcov-6.c line 36: expected return percentages not found: 75
FAIL: gcc.misc-tests/gcov-6.c line n: expected branch percentages not found: 20
FAIL: gcc.misc-tests/gcov-7.c gcov: 11 failures in line counts, 3 in branch percentages, 4 in return percentages, 0 in intermediate format
FAIL: gcc.misc-tests/gcov-7.c line 20: is #####:should be 3
FAIL: gcc.misc-tests/gcov-7.c line 24: is #####:should be 1
FAIL: gcc.misc-tests/gcov-7.c line 28: is #####:should be 2
FAIL: gcc.misc-tests/gcov-7.c line 33: is #####:should be 3
FAIL: gcc.misc-tests/gcov-7.c line 37: is #####:should be 1
FAIL: gcc.misc-tests/gcov-7.c line 41: is #####:should be 2
FAIL: gcc.misc-tests/gcov-7.c line 42: expected return percentages not found: 50
FAIL: gcc.misc-tests/gcov-7.c line 43: is #####:should be 1
FAIL: gcc.misc-tests/gcov-7.c line 44: expected return percentages not found: 100
FAIL: gcc.misc-tests/gcov-7.c line 46: is #####:should be 1
FAIL: gcc.misc-tests/gcov-7.c line 78: is #####:should be 2
FAIL: gcc.misc-tests/gcov-7.c line 81: is #####:should be 3
FAIL: gcc.misc-tests/gcov-7.c line 82: expected return percentages not found: 33
FAIL: gcc.misc-tests/gcov-7.c line 83: is #####:should be 1
FAIL: gcc.misc-tests/gcov-7.c line 84: expected return percentages not found: 0
FAIL: gcc.misc-tests/gcov-7.c line n: expected branch percentages not found: 33
FAIL: gcc.misc-tests/gcov-7.c line n: expected branch percentages not found: 33
FAIL: gcc.misc-tests/gcov-7.c line n: expected branch percentages not found: 33
FAIL: gcc.misc-tests/gcov-8.c gcov: 0 failures in line counts, 4 in branch percentages, 0 in return percentages, 0 in intermediate format
FAIL: gcc.misc-tests/gcov-8.c line 20: expected branch percentages not found: 1
FAIL: gcc.misc-tests/gcov-8.c line 28: expected branch percentages not found: 0
FAIL: gcc.misc-tests/gcov-8.c line 30: expected branch percentages not found: 1
FAIL: gcc.misc-tests/gcov-8.c line 47: expected branch percentages not found: 0
FAIL: gcc.misc-tests/gcov-9.c gcov: 1 failures in line counts, 0 in branch percentages, 0 in return percentages, 0 in intermediate format
FAIL: gcc.misc-tests/gcov-9.c line 10: is #####:should be 11
FAIL: gcc.misc-tests/gcov-pr83813.c gcov: 4 failures in line counts, 0 in branch percentages, 0 in return percentages, 0 in intermediate format
FAIL: gcc.misc-tests/gcov-pr83813.c line 13: is #####:should be 1
FAIL: gcc.misc-tests/gcov-pr83813.c line 15: is #####:should be 1
FAIL: gcc.misc-tests/gcov-pr83813.c line 16: is #####:should be 1
FAIL: gcc.misc-tests/gcov-pr83813.c line 17: is #####:should be 1
FAIL: gcc.misc-tests/gcov-pr84758.c gcov: 4 failures in line counts, 0 in branch percentages, 0 in return percentages, 0 in intermediate format
FAIL: gcc.misc-tests/gcov-pr84758.c line 10: is #####:should be 1
FAIL: gcc.misc-tests/gcov-pr84758.c line 12: is #####:should be 1
FAIL: gcc.misc-tests/gcov-pr84758.c line 13: is #####:should be 1
FAIL: gcc.misc-tests/gcov-pr84758.c line 14: is #####:should be 1
FAIL: gcc.misc-tests/gcov-pr85217.c gcov: 2 failures in line counts, 0 in branch percentages, 0 in return percentages, 0 in intermediate format
FAIL: gcc.misc-tests/gcov-pr85217.c line 12: is #####:should be 1
FAIL: gcc.misc-tests/gcov-pr85217.c line 14: is #####:should be 1
FAIL: gcc.misc-tests/gcov-pr85332.c gcov: 3 failures in line counts, 0 in branch percentages, 0 in return percentages, 0 in intermediate format
FAIL: gcc.misc-tests/gcov-pr85332.c line 10: is #####:should be 3
FAIL: gcc.misc-tests/gcov-pr85332.c line 11: is #####:should be 3
FAIL: gcc.misc-tests/gcov-pr85332.c line 12: is #####:should be 1
FAIL: gcc.misc-tests/gcov-pr85338.c gcov: 3 failures in line counts, 0 in branch percentages, 0 in return percentages, 0 in intermediate format
FAIL: gcc.misc-tests/gcov-pr85338.c line 6: is #####:should be 1
FAIL: gcc.misc-tests/gcov-pr85338.c line 7: is #####:should be 1
FAIL: gcc.misc-tests/gcov-pr85338.c line 9: is #####:should be 1
FAIL: gcc.misc-tests/gcov-pr85350.c gcov: 2 failures in line counts, 0 in branch percentages, 0 in return percentages, 0 in intermediate format
FAIL: gcc.misc-tests/gcov-pr85350.c line 6: is #####:should be 1
FAIL: gcc.misc-tests/gcov-pr85350.c line 7: is #####:should be 1
FAIL: gcc.misc-tests/gcov-pr85372.c gcov: 3 failures in line counts, 0 in branch percentages, 0 in return percentages, 0 in intermediate format
FAIL: gcc.misc-tests/gcov-pr85372.c line 15: is #####:should be 2
FAIL: gcc.misc-tests/gcov-pr85372.c line 18: is #####:should be 1
FAIL: gcc.misc-tests/gcov-pr85372.c line 19: is #####:should be 1
FAIL: gcc.misc-tests/gcov-pr86536.c gcov: 4 failures in line counts, 0 in branch percentages, 1 in return percentages, 0 in intermediate format
FAIL: gcc.misc-tests/gcov-pr86536.c line 15: is #####:should be 1
FAIL: gcc.misc-tests/gcov-pr86536.c line 18: is #####:should be 1
FAIL: gcc.misc-tests/gcov-pr86536.c line 19: expected return percentages not found: 200
FAIL: gcc.misc-tests/gcov-pr86536.c line 21: is #####:should be 2
FAIL: gcc.misc-tests/gcov-pr86536.c line 22: is #####:should be 2
FAIL: outputs-25 exe savetmp named2-4: outputs.args.3
FAIL: outputs-25 exe savetmp named2-4: std out
FAIL: gcc.target/i386/auto-init-5.c scan-assembler-times \\\\.long\\t0 14
FAIL: gcc.target/i386/auto-init-6.c scan-assembler-times long\\t0 8
FAIL: gcc.target/i386/avx512bw-pr88465.c scan-assembler-times kxnor[dq][ \\t] 2
FAIL: gcc.target/i386/avx512dq-pr88465.c scan-assembler-times kxnorb[ \\t] 1
FAIL: gcc.target/i386/avx512f-pr88465.c scan-assembler-times kxnorw[ \\t] 1
XPASS: gcc.target/i386/bitwise_mask_op-3.c scan-assembler-times kmovb[\\t ] 4
XPASS: gcc.target/i386/bitwise_mask_op-3.c scan-assembler-times korb[\\t ] 1
XPASS: gcc.target/i386/bitwise_mask_op-3.c scan-assembler-times kxorb[\\t ] 1
FAIL: gcc.target/i386/cond_op_maxmin__Float16-1.c (test for excess errors)
UNRESOLVED: gcc.target/i386/cond_op_maxmin__Float16-1.c scan-assembler-times vmaxph 1
UNRESOLVED: gcc.target/i386/cond_op_maxmin__Float16-1.c scan-assembler-times vminph 1
UNRESOLVED: gcc.target/i386/cond_op_maxmin__Float16-1.c scan-tree-dump optimized ".COND_MAX"
UNRESOLVED: gcc.target/i386/cond_op_maxmin__Float16-1.c scan-tree-dump optimized ".COND_MIN"
FAIL: gcc.target/i386/memcpy-strategy-10.c scan-assembler jmp\\tmemcpy
FAIL: gcc.target/i386/memcpy-strategy-5.c scan-assembler jmp\\tmemcpy
FAIL: gcc.target/i386/memset-strategy-5.c scan-assembler jmp\\tmemset
FAIL: gcc.target/i386/memset-strategy-7.c scan-assembler jmp\\tmemset
FAIL: gcc.target/i386/pr100704-3.c scan-assembler push[lq]\\tfoooo+
FAIL: gcc.target/i386/pr100936.c (test for excess errors)
FAIL: gcc.target/i386/pr102464-copysign-1.c (test for excess errors)
UNRESOLVED: gcc.target/i386/pr102464-copysign-1.c scan-assembler-not \\\\{1to8\\\\}
UNRESOLVED: gcc.target/i386/pr102464-copysign-1.c scan-assembler-not extendhfxf
UNRESOLVED: gcc.target/i386/pr102464-copysign-1.c scan-assembler-not fld
UNRESOLVED: gcc.target/i386/pr102464-copysign-1.c scan-assembler-not vcvtph2p[sd]
UNRESOLVED: gcc.target/i386/pr102464-copysign-1.c scan-assembler-not vcvtps2pd
UNRESOLVED: gcc.target/i386/pr102464-copysign-1.c scan-assembler-not vcvtsh2s[sd]
UNRESOLVED: gcc.target/i386/pr102464-copysign-1.c scan-assembler-not vcvtss2sd
UNRESOLVED: gcc.target/i386/pr102464-copysign-1.c scan-assembler-times vpternlog 12
UNRESOLVED: gcc.target/i386/pr102464-copysign-1.c scan-tree-dump-times optimized ".COPYSIGN" 12
FAIL: gcc.target/i386/pr102464-fma.c (test for excess errors)
UNRESOLVED: gcc.target/i386/pr102464-fma.c scan-assembler-times vfmadd...pd 1
UNRESOLVED: gcc.target/i386/pr102464-fma.c scan-assembler-times vfmadd...ph 3
UNRESOLVED: gcc.target/i386/pr102464-fma.c scan-assembler-times vfmadd...ps 2
UNRESOLVED: gcc.target/i386/pr102464-fma.c scan-assembler-times vfmadd...sd 1
UNRESOLVED: gcc.target/i386/pr102464-fma.c scan-assembler-times vfmadd...sh 3
UNRESOLVED: gcc.target/i386/pr102464-fma.c scan-assembler-times vfmadd...ss 2
FAIL: gcc.target/i386/pr102464-maxmin.c (test for excess errors)
UNRESOLVED: gcc.target/i386/pr102464-maxmin.c scan-assembler-times vmaxpd 1
UNRESOLVED: gcc.target/i386/pr102464-maxmin.c scan-assembler-times vmaxph 3
UNRESOLVED: gcc.target/i386/pr102464-maxmin.c scan-assembler-times vmaxps 2
UNRESOLVED: gcc.target/i386/pr102464-maxmin.c scan-assembler-times vmaxsd 1
UNRESOLVED: gcc.target/i386/pr102464-maxmin.c scan-assembler-times vmaxsh 3
UNRESOLVED: gcc.target/i386/pr102464-maxmin.c scan-assembler-times vmaxss 2
UNRESOLVED: gcc.target/i386/pr102464-maxmin.c scan-assembler-times vminpd 1
UNRESOLVED: gcc.target/i386/pr102464-maxmin.c scan-assembler-times vminph 3
UNRESOLVED: gcc.target/i386/pr102464-maxmin.c scan-assembler-times vminps 2
UNRESOLVED: gcc.target/i386/pr102464-maxmin.c scan-assembler-times vminsd 1
UNRESOLVED: gcc.target/i386/pr102464-maxmin.c scan-assembler-times vminsh 3
UNRESOLVED: gcc.target/i386/pr102464-maxmin.c scan-assembler-times vminss 2
FAIL: gcc.target/i386/pr102464-sqrtph.c (test for excess errors)
UNRESOLVED: gcc.target/i386/pr102464-sqrtph.c scan-assembler-not extendhfxf
UNRESOLVED: gcc.target/i386/pr102464-sqrtph.c scan-assembler-not vcvtph2p[sd]
UNRESOLVED: gcc.target/i386/pr102464-sqrtph.c scan-assembler-not vcvtsh2s[sd]
UNRESOLVED: gcc.target/i386/pr102464-sqrtph.c scan-assembler-times vsqrtph[^\\n\\r]*xmm[0-9] 3
FAIL: gcc.target/i386/pr102464-sqrtsh.c (test for excess errors)
UNRESOLVED: gcc.target/i386/pr102464-sqrtsh.c scan-assembler-not extendhfxf
UNRESOLVED: gcc.target/i386/pr102464-sqrtsh.c scan-assembler-not vcvtsh2s[sd]
UNRESOLVED: gcc.target/i386/pr102464-sqrtsh.c scan-assembler-times vsqrtsh[^\\n\\r]*xmm[0-9] 3
FAIL: gcc.target/i386/pr102464-vrndscaleph.c (test for excess errors)
UNRESOLVED: gcc.target/i386/pr102464-vrndscaleph.c scan-assembler-not extendhfxf
UNRESOLVED: gcc.target/i386/pr102464-vrndscaleph.c scan-assembler-not vcvtph2p[sd]
UNRESOLVED: gcc.target/i386/pr102464-vrndscaleph.c scan-assembler-not vcvtsh2s[sd]
UNRESOLVED: gcc.target/i386/pr102464-vrndscaleph.c scan-assembler-times vrndscaleph[^\\n\\r]*xmm[0-9] 5
UNRESOLVED: gcc.target/i386/pr102464-vrndscaleph.c scan-assembler-times vrndscaleph[^\\n\\r]*ymm[0-9] 5
UNRESOLVED: gcc.target/i386/pr102464-vrndscaleph.c scan-assembler-times vrndscaleph[^\\n\\r]*zmm[0-9] 5
FAIL: gcc.target/i386/pr11877-2.c scan-assembler-not \\\\\$0,
FAIL: gcc.target/i386/pr11877.c scan-assembler-not \\\\\$0,
FAIL: gcc.target/i386/pr34256.c scan-assembler-times mov 5
FAIL: gcc.target/i386/pr71321.c scan-assembler-not lea.*0
FAIL: gcc.target/i386/pr78035.c scan-assembler-times cmp 2
FAIL: gcc.target/i386/pr90773-1.c scan-assembler-times movq[\\\\t ]+\\\\(%[^,]+\\\\), 1
FAIL: gcc.target/i386/pr92651.c scan-assembler-times sub 2
FAIL: gcc.target/i386/pr98060.c scan-assembler-not set
FAIL: gcc.target/i386/sse2-v1ti-logic-2.c scan-assembler-times por 2
=== gcc Summary ===
# of expected passes 163793
# of unexpected failures 375
# of unexpected successes 6
# of expected failures 1150
# of unresolved testcases 46
# of unsupported tests 3338
/scratch/12-mon/gcc-master/gcc/xgcc version 12.0.0 20211113 (experimental) [master revision r12-5219-gaf2852b9dc3b] (GCC)
=== gdc tests ===
Running target unix
=== gdc Summary ===
# of expected passes 10894
# of unsupported tests 2
/scratch/12-mon/gcc-master/gcc/gdc version 12.0.0 20211113 (experimental) [master revision r12-5219-gaf2852b9dc3b] (GCC)
=== gfortran tests ===
Running target unix
FAIL: gfortran.dg/class_to_type_3.f03 -O0 (test for excess errors)
UNRESOLVED: gfortran.dg/class_to_type_3.f03 -O0 compilation failed to produce executable
FAIL: gfortran.dg/generic_25.f90 -O2 (test for excess errors)
UNRESOLVED: gfortran.dg/generic_25.f90 -O2 compilation failed to produce executable
FAIL: gfortran.dg/multiple_allocation_2.f90 -O1 (test for excess errors)
UNRESOLVED: gfortran.dg/multiple_allocation_2.f90 -O1 compilation failed to produce executable
FAIL: gfortran.dg/reshape_shape_2.f90 -O (test for errors, line 6)
FAIL: gfortran.dg/reshape_shape_2.f90 -O (internal compiler error)
FAIL: gfortran.dg/reshape_shape_2.f90 -O (test for excess errors)
FAIL: gfortran.dg/vector_subscript_1.f90 -O1 execution test
FAIL: gfortran.dg/vector_subscript_1.f90 -O2 execution test
FAIL: gfortran.dg/vector_subscript_1.f90 -O3 -fomit-frame-pointer -funroll-loops -fpeel-loops -ftracer -finline-functions execution test
FAIL: gfortran.dg/vector_subscript_1.f90 -O3 -g execution test
FAIL: gfortran.dg/vector_subscript_1.f90 -Os execution test
=== gfortran Summary ===
# of expected passes 64620
# of unexpected failures 11
# of expected failures 241
# of unresolved testcases 3
# of unsupported tests 83
/scratch/12-mon/gcc-master/gcc/gfortran version 12.0.0 20211113 (experimental) [master revision r12-5219-gaf2852b9dc3b] (GCC)
=== gnat tests ===
Running target unix
FAIL: gnat.dg/bias1.adb scan-assembler DW_AT_GNU_bias
FAIL: gnat.dg/debug18.adb scan-assembler-not DW_AT_lower_bound
FAIL: gnat.dg/gcov/check.adb gcov: 2 failures in line counts, 0 in branch percentages, 0 in return percentages, 0 in intermediate format
FAIL: gnat.dg/gcov/check.adb line 14: is #####:should be 1
FAIL: gnat.dg/gcov/check.adb line 8: is #####:should be 1
=== gnat Summary ===
# of expected passes 3351
# of unexpected failures 5
# of expected failures 23
# of unsupported tests 13
/scratch/12-mon/gcc-master/gcc/gnatmake version 12.0.0 20211113 (experimental) [master revision r12-5219-gaf2852b9dc3b]
=== jit tests ===
Running target unix
=== jit Summary ===
# of expected passes 12069
# of unsupported tests 4
=== obj-c++ tests ===
Running target unix
=== obj-c++ Summary ===
# of expected passes 3197
# of expected failures 22
# of unsupported tests 71
/scratch/12-mon/gcc-master/gcc/xg++ version 12.0.0 20211113 (experimental) [master revision r12-5219-gaf2852b9dc3b] (GCC)
=== objc tests ===
Running target unix
FAIL: objc.dg/headers.m -fnext-runtime (test for excess errors)
FAIL: objc/execute/exceptions/finally-1.m execution, -O0 -fnext-runtime
FAIL: objc/execute/exceptions/finally-1.m execution, -O1 -fnext-runtime
FAIL: objc/execute/exceptions/finally-1.m execution, -O2 -fnext-runtime
FAIL: objc/execute/exceptions/finally-1.m execution, -O3 -g -fnext-runtime
FAIL: objc/execute/exceptions/finally-1.m execution, -Os -fnext-runtime
=== objc Summary ===
# of expected passes 5740
# of unexpected failures 6
# of expected failures 12
# of unsupported tests 89
/scratch/12-mon/gcc-master/gcc/xgcc version 12.0.0 20211113 (experimental) [master revision r12-5219-gaf2852b9dc3b] (GCC)
=== libatomic tests ===
Running target unix
=== libatomic Summary ===
# of expected passes 54
=== libgomp tests ===
Running target unix
FAIL: libgomp.c/../libgomp.c-c++-common/target-in-reduction-2.c (internal compiler error)
FAIL: libgomp.c/../libgomp.c-c++-common/target-in-reduction-2.c (test for excess errors)
UNRESOLVED: libgomp.c/../libgomp.c-c++-common/target-in-reduction-2.c compilation failed to produce executable
FAIL: libgomp.c++/../libgomp.c-c++-common/target-in-reduction-2.c (internal compiler error)
FAIL: libgomp.c++/../libgomp.c-c++-common/target-in-reduction-2.c (test for excess errors)
UNRESOLVED: libgomp.c++/../libgomp.c-c++-common/target-in-reduction-2.c compilation failed to produce executable
FAIL: libgomp.c++/target-in-reduction-2.C (internal compiler error)
FAIL: libgomp.c++/target-in-reduction-2.C (test for excess errors)
UNRESOLVED: libgomp.c++/target-in-reduction-2.C compilation failed to produce executable
FAIL: libgomp.fortran/examples-4/simd-3.f90 -Os execution test
FAIL: libgomp.oacc-c/../libgomp.oacc-c-c++-common/host_data-7.c -DACC_DEVICE_TYPE_host=1 -DACC_MEM_SHARED=1 -foffload=disable -O2 (test for excess errors)
FAIL: libgomp.oacc-c++/../libgomp.oacc-c-c++-common/host_data-7.c -DACC_DEVICE_TYPE_host=1 -DACC_MEM_SHARED=1 -foffload=disable -O2 (test for excess errors)
=== libgomp Summary ===
# of expected passes 11852
# of unexpected failures 9
# of expected failures 103
# of unresolved testcases 3
# of unsupported tests 544
=== libitm tests ===
Running target unix
=== libitm Summary ===
# of expected passes 42
# of expected failures 3
# of unsupported tests 2
=== libphobos tests ===
Running target unix
WARNING: libphobos.druntime/core/thread/fiber.d execution test program timed out.
FAIL: libphobos.druntime/core/thread/fiber.d execution test
FAIL: libphobos.druntime/core/thread/threadbase.d execution test
FAIL: libphobos.druntime/core/time.d execution test
FAIL: libphobos.druntime/rt/monitor_.d execution test
WARNING: libphobos.phobos/std/concurrency.d execution test program timed out.
FAIL: libphobos.phobos/std/concurrency.d execution test
=== libphobos Summary ===
# of expected passes 408
# of unexpected failures 5
# of unsupported tests 1
=== libstdc++ tests ===
Running target unix
=== libstdc++ Summary ===
# of expected passes 14029
# of expected failures 96
# of unsupported tests 778
Compiler version: 12.0.0 20211113 (experimental) [master revision r12-5219-gaf2852b9dc3b] (GCC)
Platform: x86_64-apple-darwin21
configure flags: --prefix=/opt/iains/x86_64-apple-darwin21//gcc-12-0-0 --build=x86_64-apple-darwin21 --with-sysroot=/Library/Developer/CommandLineTools/SDKs/MacOSX.sdk --enable-languages=all --with-cpu=corei7 --with-tune=haswell CC=x86_64-apple-darwin19-gcc CXX=x86_64-apple-darwin19-g++ --enable-host-shared --enable-libphobos
More information about the Gcc-testresults
mailing list