Results for 12.0.0 20211113 (experimental) [master revision r12-5219-gaf2852b9dc3b] (GCC) testsuite on x86_64-apple-darwin18
Iain Sandoe
iains.gcc@gmail.com
Mon Nov 15 20:42:11 GMT 2021
LAST_UPDATED: Sat Nov 13 00:25:32 UTC 2021 (revision r12-5219-gaf2852b9dc3b)
=== acats tests ===
=== acats Summary ===
# of expected passes 2328
# of unexpected failures 0
Native configuration is x86_64-apple-darwin18
=== g++ tests ===
Running target unix
FAIL: c-c++-common/asan/alloca_big_alignment.c -Os output pattern test
FAIL: c-c++-common/asan/alloca_detect_custom_size.c -Os output pattern test
FAIL: c-c++-common/asan/alloca_overflow_partial.c -Os output pattern test
FAIL: c-c++-common/asan/alloca_overflow_right.c -Os output pattern test
FAIL: c-c++-common/asan/alloca_underflow_left.c -Os output pattern test
FAIL: g++.dg/ipa/pr67056.C scan-ipa-dump cp "Speculative outer type:struct CompositeClass"
FAIL: g++.dg/pr98499.C -std=gnu++14 execution test
FAIL: g++.dg/pr98499.C -std=gnu++17 execution test
FAIL: g++.dg/pr98499.C -std=gnu++2a execution test
FAIL: g++.dg/pr98499.C -std=gnu++98 execution test
FAIL: g++.dg/lto/pr65276 cp_lto_pr65276_0.o-cp_lto_pr65276_1.o link, -flto -O0 -std=c++11
WARNING: g++.dg/modules/pr99023_b.X -std=c++2a dg-regexp 6 was found: "[^\\n]*: note: include '[^\\n]*/initializer_list' translated to import\\n" program timed out.
WARNING: g++.dg/modules/pr99023_b.X -std=c++2b dg-regexp 6 was found: "[^\\n]*: note: include '[^\\n]*/initializer_list' translated to import\\n" program timed out.
FAIL: g++.dg/modules/xtreme-header-3_a.H -std=c++17 (internal compiler error)
FAIL: g++.dg/modules/xtreme-header-3_a.H -std=c++17 (test for excess errors)
FAIL: g++.dg/modules/xtreme-header-3_a.H -std=c++2a (internal compiler error)
FAIL: g++.dg/modules/xtreme-header-3_a.H -std=c++2a (test for excess errors)
FAIL: g++.dg/modules/xtreme-header-3_a.H -std=c++2b (internal compiler error)
FAIL: g++.dg/modules/xtreme-header-3_a.H -std=c++2b (test for excess errors)
FAIL: g++.dg/modules/xtreme-header-3_a.H module-cmi (gcm.cache/\$srcdir/g++.dg/modules/xtreme-header-3_a.H.gcm)
FAIL: g++.dg/modules/xtreme-header-3_a.H module-cmi (gcm.cache/\$srcdir/g++.dg/modules/xtreme-header-3_a.H.gcm)
FAIL: g++.dg/modules/xtreme-header-3_a.H module-cmi (gcm.cache/\$srcdir/g++.dg/modules/xtreme-header-3_a.H.gcm)
FAIL: g++.dg/modules/xtreme-header-3_b.C -std=c++17 (test for excess errors)
FAIL: g++.dg/modules/xtreme-header-3_b.C -std=c++2a (test for excess errors)
FAIL: g++.dg/modules/xtreme-header-3_b.C -std=c++2b (test for excess errors)
FAIL: g++.dg/modules/xtreme-header-3_c.C -std=c++17 (test for excess errors)
FAIL: g++.dg/modules/xtreme-header-3_c.C -std=c++2a (test for excess errors)
FAIL: g++.dg/modules/xtreme-header-3_c.C -std=c++2b (test for excess errors)
FAIL: g++.dg/modules/xtreme-header-5_a.H -std=c++17 (internal compiler error)
FAIL: g++.dg/modules/xtreme-header-5_a.H -std=c++17 (test for excess errors)
FAIL: g++.dg/modules/xtreme-header-5_a.H -std=c++2a (internal compiler error)
FAIL: g++.dg/modules/xtreme-header-5_a.H -std=c++2a (test for excess errors)
FAIL: g++.dg/modules/xtreme-header-5_a.H -std=c++2b (internal compiler error)
FAIL: g++.dg/modules/xtreme-header-5_a.H -std=c++2b (test for excess errors)
FAIL: g++.dg/modules/xtreme-header-5_a.H module-cmi (gcm.cache/\$srcdir/g++.dg/modules/xtreme-header-5_a.H.gcm)
FAIL: g++.dg/modules/xtreme-header-5_a.H module-cmi (gcm.cache/\$srcdir/g++.dg/modules/xtreme-header-5_a.H.gcm)
FAIL: g++.dg/modules/xtreme-header-5_a.H module-cmi (gcm.cache/\$srcdir/g++.dg/modules/xtreme-header-5_a.H.gcm)
FAIL: g++.dg/modules/xtreme-header-5_b.C -std=c++17 (test for excess errors)
FAIL: g++.dg/modules/xtreme-header-5_b.C -std=c++2a (test for excess errors)
FAIL: g++.dg/modules/xtreme-header-5_b.C -std=c++2b (test for excess errors)
FAIL: g++.dg/modules/xtreme-header-5_c.C -std=c++17 (test for excess errors)
FAIL: g++.dg/modules/xtreme-header-5_c.C -std=c++2a (test for excess errors)
FAIL: g++.dg/modules/xtreme-header-5_c.C -std=c++2b (test for excess errors)
FAIL: g++.dg/modules/xtreme-header_a.H -std=c++17 (internal compiler error)
FAIL: g++.dg/modules/xtreme-header_a.H -std=c++17 (test for excess errors)
FAIL: g++.dg/modules/xtreme-header_a.H -std=c++2a (internal compiler error)
FAIL: g++.dg/modules/xtreme-header_a.H -std=c++2a (test for excess errors)
FAIL: g++.dg/modules/xtreme-header_a.H -std=c++2b (internal compiler error)
FAIL: g++.dg/modules/xtreme-header_a.H -std=c++2b (test for excess errors)
FAIL: g++.dg/modules/xtreme-header_a.H module-cmi (gcm.cache/\$srcdir/g++.dg/modules/xtreme-header_a.H.gcm)
FAIL: g++.dg/modules/xtreme-header_a.H module-cmi (gcm.cache/\$srcdir/g++.dg/modules/xtreme-header_a.H.gcm)
FAIL: g++.dg/modules/xtreme-header_a.H module-cmi (gcm.cache/\$srcdir/g++.dg/modules/xtreme-header_a.H.gcm)
FAIL: g++.dg/modules/xtreme-header_b.C -std=c++17 (test for excess errors)
FAIL: g++.dg/modules/xtreme-header_b.C -std=c++2a (test for excess errors)
FAIL: g++.dg/modules/xtreme-header_b.C -std=c++2b (test for excess errors)
FAIL: g++.dg/torture/pr31863.C -O2 -flto (test for excess errors)
FAIL: g++.old-deja/g++.law/profile1.C -std=gnu++14 execution test
FAIL: g++.old-deja/g++.law/profile1.C -std=gnu++17 execution test
FAIL: g++.old-deja/g++.law/profile1.C -std=gnu++2a execution test
FAIL: g++.old-deja/g++.law/profile1.C -std=gnu++98 execution test
=== g++ Summary ===
# of expected passes 215507
# of unexpected failures 58
# of expected failures 1432
# of unsupported tests 10150
/scratch/10-14-moj/gcc-master/gcc/xg++ version 12.0.0 20211113 (experimental) [master revision r12-5219-gaf2852b9dc3b] (GCC)
=== gcc tests ===
Running target unix
FAIL: gcc.c-torture/execute/ieee/cdivchkf.c execution, -O0
FAIL: gcc.c-torture/execute/ieee/cdivchkf.c execution, -O1
FAIL: gcc.c-torture/execute/ieee/cdivchkf.c execution, -O2
FAIL: gcc.c-torture/execute/ieee/cdivchkf.c execution, -O2 -flto
FAIL: gcc.c-torture/execute/ieee/cdivchkf.c execution, -O2 -flto -flto-partition=none
FAIL: gcc.c-torture/execute/ieee/cdivchkf.c execution, -O3 -fomit-frame-pointer -funroll-loops -fpeel-loops -ftracer -finline-functions
FAIL: gcc.c-torture/execute/ieee/cdivchkf.c execution, -O3 -g
FAIL: gcc.c-torture/execute/ieee/cdivchkf.c execution, -Og -g
FAIL: gcc.c-torture/execute/ieee/cdivchkf.c execution, -Os
FAIL: gcc.c-torture/execute/ieee/cdivchkld.c execution, -O0
FAIL: gcc.c-torture/execute/ieee/cdivchkld.c execution, -O1
FAIL: gcc.c-torture/execute/ieee/cdivchkld.c execution, -O2
FAIL: gcc.c-torture/execute/ieee/cdivchkld.c execution, -O2 -flto
FAIL: gcc.c-torture/execute/ieee/cdivchkld.c execution, -O2 -flto -flto-partition=none
FAIL: gcc.c-torture/execute/ieee/cdivchkld.c execution, -O3 -fomit-frame-pointer -funroll-loops -fpeel-loops -ftracer -finline-functions
FAIL: gcc.c-torture/execute/ieee/cdivchkld.c execution, -O3 -g
FAIL: gcc.c-torture/execute/ieee/cdivchkld.c execution, -Og -g
FAIL: gcc.c-torture/execute/ieee/cdivchkld.c execution, -Os
FAIL: gcc.dg/analyzer/asm-x86-lp64-1.c (test for excess errors)
FAIL: gcc.dg/analyzer/data-model-1.c (test for warnings, line 527)
FAIL: gcc.dg/analyzer/data-model-1.c (test for warnings, line 528)
FAIL: gcc.dg/analyzer/data-model-1.c (test for warnings, line 530)
FAIL: gcc.dg/analyzer/data-model-1.c (test for warnings, line 531)
FAIL: gcc.dg/analyzer/data-model-1.c (test for excess errors)
FAIL: gcc.dg/analyzer/write-to-string-literal-1.c (test for warnings, line 15)
FAIL: gcc.dg/analyzer/torture/asm-x86-linux-cpuid-paravirt-1.c -O1 (test for excess errors)
FAIL: gcc.dg/analyzer/torture/asm-x86-linux-cpuid-paravirt-1.c -O2 (test for excess errors)
FAIL: gcc.dg/analyzer/torture/asm-x86-linux-cpuid-paravirt-1.c -O2 -flto (test for excess errors)
FAIL: gcc.dg/analyzer/torture/asm-x86-linux-cpuid-paravirt-1.c -O2 -flto -flto-partition=none (test for excess errors)
FAIL: gcc.dg/analyzer/torture/asm-x86-linux-cpuid-paravirt-1.c -O3 -g (test for excess errors)
FAIL: gcc.dg/analyzer/torture/asm-x86-linux-cpuid-paravirt-1.c -Os (test for excess errors)
FAIL: gcc.dg/analyzer/torture/asm-x86-linux-cpuid-paravirt-2.c -O1 (test for excess errors)
FAIL: gcc.dg/analyzer/torture/asm-x86-linux-cpuid-paravirt-2.c -O2 (test for excess errors)
FAIL: gcc.dg/analyzer/torture/asm-x86-linux-cpuid-paravirt-2.c -O2 -flto (test for excess errors)
FAIL: gcc.dg/analyzer/torture/asm-x86-linux-cpuid-paravirt-2.c -O2 -flto -flto-partition=none (test for excess errors)
FAIL: gcc.dg/analyzer/torture/asm-x86-linux-cpuid-paravirt-2.c -O3 -g (test for excess errors)
FAIL: gcc.dg/analyzer/torture/asm-x86-linux-cpuid-paravirt-2.c -Os (test for excess errors)
FAIL: gcc.dg/analyzer/torture/asm-x86-linux-rdmsr-paravirt.c -O1 (test for excess errors)
FAIL: gcc.dg/analyzer/torture/asm-x86-linux-rdmsr-paravirt.c -O2 (test for excess errors)
FAIL: gcc.dg/analyzer/torture/asm-x86-linux-rdmsr-paravirt.c -O2 -flto (test for excess errors)
FAIL: gcc.dg/analyzer/torture/asm-x86-linux-rdmsr-paravirt.c -O2 -flto -flto-partition=none (test for excess errors)
FAIL: gcc.dg/analyzer/torture/asm-x86-linux-rdmsr-paravirt.c -O3 -g (test for excess errors)
FAIL: gcc.dg/analyzer/torture/asm-x86-linux-rdmsr-paravirt.c -Os (test for excess errors)
FAIL: gcc.dg/analyzer/torture/asm-x86-linux-wfx_get_ps_timeout-full.c -O1 (test for excess errors)
FAIL: gcc.dg/analyzer/torture/asm-x86-linux-wfx_get_ps_timeout-full.c -O2 (test for excess errors)
FAIL: gcc.dg/analyzer/torture/asm-x86-linux-wfx_get_ps_timeout-full.c -O2 -flto (test for excess errors)
FAIL: gcc.dg/analyzer/torture/asm-x86-linux-wfx_get_ps_timeout-full.c -O2 -flto -flto-partition=none (test for excess errors)
FAIL: gcc.dg/analyzer/torture/asm-x86-linux-wfx_get_ps_timeout-full.c -O3 -fomit-frame-pointer -funroll-loops -fpeel-loops -ftracer -finline-functions (test for excess errors)
FAIL: gcc.dg/analyzer/torture/asm-x86-linux-wfx_get_ps_timeout-full.c -O3 -g (test for excess errors)
FAIL: gcc.dg/analyzer/torture/asm-x86-linux-wfx_get_ps_timeout-full.c -Os (test for excess errors)
FAIL: c-c++-common/asan/alloca_big_alignment.c -Os output pattern test
FAIL: c-c++-common/asan/alloca_detect_custom_size.c -Os output pattern test
FAIL: c-c++-common/asan/alloca_overflow_partial.c -Os output pattern test
FAIL: c-c++-common/asan/alloca_overflow_right.c -Os output pattern test
FAIL: c-c++-common/asan/alloca_underflow_left.c -Os output pattern test
FAIL: gcc.dg/debug/dwarf2/inline4.c scan-assembler DW_TAG_inlined_subroutine[^\\\\(]*\\\\([^\\\\)]*\\\\)[^\\\\(]*\\\\(DIE \\\\(0x[0-9a-f]*\\\\) DW_TAG_formal_parameter[^\\\\(]*\\\\(DIE \\\\(0x[0-9a-f]*\\\\) DW_TAG_variable
FAIL: gcc.dg/aru-2.c execution test
FAIL: gcc.dg/nest.c execution test
FAIL: gcc.dg/nested-func-4.c execution test
FAIL: gcc.dg/pr100509.c (test for excess errors)
FAIL: gcc.dg/pr32450.c execution test
FAIL: gcc.dg/pr43643.c execution test
FAIL: gcc.dg/pragma-diag-10.c (test for excess errors)
FAIL: gcc.dg/stack-layout-dynamic-1.c (test for excess errors)
UNRESOLVED: gcc.dg/stack-layout-dynamic-1.c scan-assembler-not cfi_def_cfa_register
FAIL: gcc.dg/graphite/scop-19.c scan-tree-dump-times graphite "number of SCoPs: 0" 1
FAIL: gcc.dg/ipa/ipa-icf-38.c scan-ltrans-tree-dump-not optimized "Function bar"
FAIL: gcc-dg-lto-modref-3-01.exe scan-wpa-ipa-dump modref "parm 1 flags: no_direct_clobber no_direct_escape"
FAIL: gcc-dg-lto-modref-4-01.exe scan-wpa-ipa-dump modref "parm 1 flags: no_direct_clobber no_direct_escape"
FAIL: gcc.dg/lto/modref-3 c_lto_modref-3_0.o-c_lto_modref-3_1.o execute -O2 -flto-partition=max -fdump-ipa-modref -fno-ipa-sra -fno-ipa-cp -flto
FAIL: gcc.dg/lto/modref-4 c_lto_modref-4_0.o-c_lto_modref-4_1.o execute -O2 -flto-partition=max -fdump-ipa-modref -fno-ipa-sra -flto
FAIL: gcc.dg/torture/float16-basic.c -O0 execution test
FAIL: gcc.dg/torture/float16-basic.c -O1 execution test
FAIL: gcc.dg/torture/float16-basic.c -O2 execution test
FAIL: gcc.dg/torture/float16-basic.c -O2 -flto execution test
FAIL: gcc.dg/torture/float16-basic.c -O2 -flto -flto-partition=none execution test
FAIL: gcc.dg/torture/float16-basic.c -O3 -g execution test
FAIL: gcc.dg/torture/float16-basic.c -Os execution test
FAIL: gcc.dg/torture/float16-builtin.c -O0 execution test
FAIL: gcc.dg/torture/float16-builtin.c -O1 execution test
FAIL: gcc.dg/torture/float16-builtin.c -O2 execution test
FAIL: gcc.dg/torture/float16-builtin.c -O2 -flto execution test
FAIL: gcc.dg/torture/float16-builtin.c -O2 -flto -flto-partition=none execution test
FAIL: gcc.dg/torture/float16-builtin.c -O3 -g execution test
FAIL: gcc.dg/torture/float16-builtin.c -Os execution test
FAIL: gcc.dg/torture/float16-complex.c -O0 execution test
FAIL: gcc.dg/torture/float16-complex.c -O1 execution test
FAIL: gcc.dg/torture/float16-complex.c -O2 execution test
FAIL: gcc.dg/torture/float16-complex.c -O2 -flto execution test
FAIL: gcc.dg/torture/float16-complex.c -O2 -flto -flto-partition=none execution test
FAIL: gcc.dg/torture/float16-complex.c -O3 -g execution test
FAIL: gcc.dg/torture/float16-complex.c -Os execution test
FAIL: gcc.dg/torture/float16-floath.c -O0 execution test
FAIL: gcc.dg/torture/float16-floath.c -O1 execution test
FAIL: gcc.dg/torture/float16-floath.c -O2 execution test
FAIL: gcc.dg/torture/float16-floath.c -O2 -flto execution test
FAIL: gcc.dg/torture/float16-floath.c -O2 -flto -flto-partition=none execution test
FAIL: gcc.dg/torture/float16-floath.c -O3 -g execution test
FAIL: gcc.dg/torture/float16-floath.c -Os execution test
FAIL: gcc.dg/torture/float16-nan-floath.c -O0 execution test
FAIL: gcc.dg/torture/float16-nan-floath.c -O1 execution test
FAIL: gcc.dg/torture/float16-nan-floath.c -O2 execution test
FAIL: gcc.dg/torture/float16-nan-floath.c -O2 -flto execution test
FAIL: gcc.dg/torture/float16-nan-floath.c -O2 -flto -flto-partition=none execution test
FAIL: gcc.dg/torture/float16-nan-floath.c -O3 -g execution test
FAIL: gcc.dg/torture/float16-nan-floath.c -Os execution test
FAIL: gcc.dg/torture/float16-nan.c -O0 execution test
FAIL: gcc.dg/torture/float16-nan.c -O1 execution test
FAIL: gcc.dg/torture/float16-nan.c -O2 execution test
FAIL: gcc.dg/torture/float16-nan.c -O2 -flto execution test
FAIL: gcc.dg/torture/float16-nan.c -O2 -flto -flto-partition=none execution test
FAIL: gcc.dg/torture/float16-nan.c -O3 -g execution test
FAIL: gcc.dg/torture/float16-nan.c -Os execution test
FAIL: gcc.dg/torture/float16-tg-2.c -O0 execution test
FAIL: gcc.dg/torture/float16-tg-2.c -O1 execution test
FAIL: gcc.dg/torture/float16-tg-2.c -O2 execution test
FAIL: gcc.dg/torture/float16-tg-2.c -O2 -flto execution test
FAIL: gcc.dg/torture/float16-tg-2.c -O2 -flto -flto-partition=none execution test
FAIL: gcc.dg/torture/float16-tg-2.c -O3 -g execution test
FAIL: gcc.dg/torture/float16-tg-2.c -Os execution test
FAIL: gcc.dg/torture/float16-tg-3.c -O0 execution test
FAIL: gcc.dg/torture/float16-tg-3.c -O1 execution test
FAIL: gcc.dg/torture/float16-tg-3.c -O2 execution test
FAIL: gcc.dg/torture/float16-tg-3.c -O2 -flto execution test
FAIL: gcc.dg/torture/float16-tg-3.c -O2 -flto -flto-partition=none execution test
FAIL: gcc.dg/torture/float16-tg-3.c -O3 -g execution test
FAIL: gcc.dg/torture/float16-tg-3.c -Os execution test
FAIL: gcc.dg/torture/float16-tg.c -O0 execution test
FAIL: gcc.dg/torture/float16-tg.c -O1 execution test
FAIL: gcc.dg/torture/float16-tg.c -O2 execution test
FAIL: gcc.dg/torture/float16-tg.c -O2 -flto execution test
FAIL: gcc.dg/torture/float16-tg.c -O2 -flto -flto-partition=none execution test
FAIL: gcc.dg/torture/float16-tg.c -O3 -g execution test
FAIL: gcc.dg/torture/float16-tg.c -Os execution test
FAIL: gcc.dg/torture/floatn-convert.c -O0 execution test
FAIL: gcc.dg/torture/floatn-convert.c -O1 execution test
FAIL: gcc.dg/torture/floatn-convert.c -O2 execution test
FAIL: gcc.dg/torture/floatn-convert.c -O2 -flto execution test
FAIL: gcc.dg/torture/floatn-convert.c -O2 -flto -flto-partition=none execution test
FAIL: gcc.dg/torture/floatn-convert.c -O3 -fomit-frame-pointer -funroll-loops -fpeel-loops -ftracer -finline-functions execution test
FAIL: gcc.dg/torture/floatn-convert.c -O3 -g execution test
FAIL: gcc.dg/torture/floatn-convert.c -Os execution test
FAIL: gcc.dg/torture/fp-int-convert-float16-timode.c -O0 execution test
FAIL: gcc.dg/torture/fp-int-convert-float16-timode.c -O1 execution test
FAIL: gcc.dg/torture/fp-int-convert-float16-timode.c -O2 execution test
FAIL: gcc.dg/torture/fp-int-convert-float16-timode.c -O2 -flto execution test
FAIL: gcc.dg/torture/fp-int-convert-float16-timode.c -O2 -flto -flto-partition=none execution test
FAIL: gcc.dg/torture/fp-int-convert-float16-timode.c -O3 -g execution test
FAIL: gcc.dg/torture/fp-int-convert-float16-timode.c -Os execution test
FAIL: gcc.dg/torture/fp-int-convert-float16.c -O0 execution test
FAIL: gcc.dg/torture/fp-int-convert-float16.c -O1 execution test
FAIL: gcc.dg/torture/fp-int-convert-float16.c -O2 execution test
FAIL: gcc.dg/torture/fp-int-convert-float16.c -O2 -flto execution test
FAIL: gcc.dg/torture/fp-int-convert-float16.c -O2 -flto -flto-partition=none execution test
FAIL: gcc.dg/torture/fp-int-convert-float16.c -O3 -g execution test
FAIL: gcc.dg/torture/fp-int-convert-float16.c -Os execution test
XPASS: gcc.dg/tree-ssa/pr91091-2.c scan-tree-dump-times fre1 " = [^;]*x;" 1
XPASS: gcc.dg/tree-ssa/pr91091-2.c scan-tree-dump-times fre1 "x = " 1
XPASS: gcc.dg/tree-ssa/ssa-fre-77.c scan-tree-dump fre1 "return 1;"
FAIL: outputs-25 exe savetmp named2-4: outputs.args.3
FAIL: outputs-25 exe savetmp named2-4: std out
FAIL: gcc.target/i386/auto-init-5.c scan-assembler-times \\\\.long\\t0 14
FAIL: gcc.target/i386/auto-init-6.c scan-assembler-times long\\t0 8
FAIL: gcc.target/i386/avx512bw-pr88465.c scan-assembler-times kxnor[dq][ \\t] 2
FAIL: gcc.target/i386/avx512dq-pr88465.c scan-assembler-times kxnorb[ \\t] 1
FAIL: gcc.target/i386/avx512f-pr88465.c scan-assembler-times kxnorw[ \\t] 1
XPASS: gcc.target/i386/bitwise_mask_op-3.c scan-assembler-times kmovb[\\t ] 4
XPASS: gcc.target/i386/bitwise_mask_op-3.c scan-assembler-times korb[\\t ] 1
XPASS: gcc.target/i386/bitwise_mask_op-3.c scan-assembler-times kxorb[\\t ] 1
FAIL: gcc.target/i386/cond_op_maxmin__Float16-1.c (test for excess errors)
UNRESOLVED: gcc.target/i386/cond_op_maxmin__Float16-1.c scan-assembler-times vmaxph 1
UNRESOLVED: gcc.target/i386/cond_op_maxmin__Float16-1.c scan-assembler-times vminph 1
UNRESOLVED: gcc.target/i386/cond_op_maxmin__Float16-1.c scan-tree-dump optimized ".COND_MAX"
UNRESOLVED: gcc.target/i386/cond_op_maxmin__Float16-1.c scan-tree-dump optimized ".COND_MIN"
FAIL: gcc.target/i386/memcpy-strategy-10.c scan-assembler jmp\\tmemcpy
FAIL: gcc.target/i386/memcpy-strategy-5.c scan-assembler jmp\\tmemcpy
FAIL: gcc.target/i386/memset-strategy-5.c scan-assembler jmp\\tmemset
FAIL: gcc.target/i386/memset-strategy-7.c scan-assembler jmp\\tmemset
FAIL: gcc.target/i386/pr100704-3.c scan-assembler push[lq]\\tfoooo+
FAIL: gcc.target/i386/pr100936.c (test for excess errors)
FAIL: gcc.target/i386/pr101346.c (test for excess errors)
FAIL: gcc.target/i386/pr102464-copysign-1.c (test for excess errors)
UNRESOLVED: gcc.target/i386/pr102464-copysign-1.c scan-assembler-not \\\\{1to8\\\\}
UNRESOLVED: gcc.target/i386/pr102464-copysign-1.c scan-assembler-not extendhfxf
UNRESOLVED: gcc.target/i386/pr102464-copysign-1.c scan-assembler-not fld
UNRESOLVED: gcc.target/i386/pr102464-copysign-1.c scan-assembler-not vcvtph2p[sd]
UNRESOLVED: gcc.target/i386/pr102464-copysign-1.c scan-assembler-not vcvtps2pd
UNRESOLVED: gcc.target/i386/pr102464-copysign-1.c scan-assembler-not vcvtsh2s[sd]
UNRESOLVED: gcc.target/i386/pr102464-copysign-1.c scan-assembler-not vcvtss2sd
UNRESOLVED: gcc.target/i386/pr102464-copysign-1.c scan-assembler-times vpternlog 12
UNRESOLVED: gcc.target/i386/pr102464-copysign-1.c scan-tree-dump-times optimized ".COPYSIGN" 12
FAIL: gcc.target/i386/pr102464-fma.c (test for excess errors)
UNRESOLVED: gcc.target/i386/pr102464-fma.c scan-assembler-times vfmadd...pd 1
UNRESOLVED: gcc.target/i386/pr102464-fma.c scan-assembler-times vfmadd...ph 3
UNRESOLVED: gcc.target/i386/pr102464-fma.c scan-assembler-times vfmadd...ps 2
UNRESOLVED: gcc.target/i386/pr102464-fma.c scan-assembler-times vfmadd...sd 1
UNRESOLVED: gcc.target/i386/pr102464-fma.c scan-assembler-times vfmadd...sh 3
UNRESOLVED: gcc.target/i386/pr102464-fma.c scan-assembler-times vfmadd...ss 2
FAIL: gcc.target/i386/pr102464-maxmin.c (test for excess errors)
UNRESOLVED: gcc.target/i386/pr102464-maxmin.c scan-assembler-times vmaxpd 1
UNRESOLVED: gcc.target/i386/pr102464-maxmin.c scan-assembler-times vmaxph 3
UNRESOLVED: gcc.target/i386/pr102464-maxmin.c scan-assembler-times vmaxps 2
UNRESOLVED: gcc.target/i386/pr102464-maxmin.c scan-assembler-times vmaxsd 1
UNRESOLVED: gcc.target/i386/pr102464-maxmin.c scan-assembler-times vmaxsh 3
UNRESOLVED: gcc.target/i386/pr102464-maxmin.c scan-assembler-times vmaxss 2
UNRESOLVED: gcc.target/i386/pr102464-maxmin.c scan-assembler-times vminpd 1
UNRESOLVED: gcc.target/i386/pr102464-maxmin.c scan-assembler-times vminph 3
UNRESOLVED: gcc.target/i386/pr102464-maxmin.c scan-assembler-times vminps 2
UNRESOLVED: gcc.target/i386/pr102464-maxmin.c scan-assembler-times vminsd 1
UNRESOLVED: gcc.target/i386/pr102464-maxmin.c scan-assembler-times vminsh 3
UNRESOLVED: gcc.target/i386/pr102464-maxmin.c scan-assembler-times vminss 2
FAIL: gcc.target/i386/pr102464-sqrtph.c (test for excess errors)
UNRESOLVED: gcc.target/i386/pr102464-sqrtph.c scan-assembler-not extendhfxf
UNRESOLVED: gcc.target/i386/pr102464-sqrtph.c scan-assembler-not vcvtph2p[sd]
UNRESOLVED: gcc.target/i386/pr102464-sqrtph.c scan-assembler-not vcvtsh2s[sd]
UNRESOLVED: gcc.target/i386/pr102464-sqrtph.c scan-assembler-times vsqrtph[^\\n\\r]*xmm[0-9] 3
FAIL: gcc.target/i386/pr102464-sqrtsh.c (test for excess errors)
UNRESOLVED: gcc.target/i386/pr102464-sqrtsh.c scan-assembler-not extendhfxf
UNRESOLVED: gcc.target/i386/pr102464-sqrtsh.c scan-assembler-not vcvtsh2s[sd]
UNRESOLVED: gcc.target/i386/pr102464-sqrtsh.c scan-assembler-times vsqrtsh[^\\n\\r]*xmm[0-9] 3
FAIL: gcc.target/i386/pr102464-vrndscaleph.c (test for excess errors)
UNRESOLVED: gcc.target/i386/pr102464-vrndscaleph.c scan-assembler-not extendhfxf
UNRESOLVED: gcc.target/i386/pr102464-vrndscaleph.c scan-assembler-not vcvtph2p[sd]
UNRESOLVED: gcc.target/i386/pr102464-vrndscaleph.c scan-assembler-not vcvtsh2s[sd]
UNRESOLVED: gcc.target/i386/pr102464-vrndscaleph.c scan-assembler-times vrndscaleph[^\\n\\r]*xmm[0-9] 5
UNRESOLVED: gcc.target/i386/pr102464-vrndscaleph.c scan-assembler-times vrndscaleph[^\\n\\r]*ymm[0-9] 5
UNRESOLVED: gcc.target/i386/pr102464-vrndscaleph.c scan-assembler-times vrndscaleph[^\\n\\r]*zmm[0-9] 5
FAIL: gcc.target/i386/pr11877-2.c scan-assembler-not \\\\\$0,
FAIL: gcc.target/i386/pr11877.c scan-assembler-not \\\\\$0,
FAIL: gcc.target/i386/pr34256.c scan-assembler-times mov 5
FAIL: gcc.target/i386/pr71321.c scan-assembler-not lea.*0
FAIL: gcc.target/i386/pr78035.c scan-assembler-times cmp 2
FAIL: gcc.target/i386/pr90773-1.c scan-assembler-times movq[\\\\t ]+\\\\(%[^,]+\\\\), 1
FAIL: gcc.target/i386/pr92651.c scan-assembler-times sub 2
FAIL: gcc.target/i386/pr98060.c scan-assembler-not set
FAIL: gcc.target/i386/sse2-v1ti-logic-2.c scan-assembler-times por 2
=== gcc Summary ===
# of expected passes 164347
# of unexpected failures 185
# of unexpected successes 6
# of expected failures 1150
# of unresolved testcases 45
# of unsupported tests 3363
/scratch/10-14-moj/gcc-master/gcc/xgcc version 12.0.0 20211113 (experimental) [master revision r12-5219-gaf2852b9dc3b] (GCC)
=== gdc tests ===
Running target unix
WARNING: gdc.test/runnable/test17338.d (test for excess errors) program timed out.
UNRESOLVED: gdc.test/runnable/test17338.d compilation failed to produce executable
WARNING: gdc.test/runnable/test17338.d -shared-libphobos (test for excess errors) program timed out.
UNRESOLVED: gdc.test/runnable/test17338.d -shared-libphobos compilation failed to produce executable
=== gdc Summary ===
# of expected passes 10850
# of unresolved testcases 2
# of unsupported tests 24
/scratch/10-14-moj/gcc-master/gcc/gdc version 12.0.0 20211113 (experimental) [master revision r12-5219-gaf2852b9dc3b] (GCC)
=== gfortran tests ===
Running target unix
FAIL: gfortran.dg/reshape_shape_2.f90 -O (test for errors, line 6)
FAIL: gfortran.dg/reshape_shape_2.f90 -O (internal compiler error)
FAIL: gfortran.dg/reshape_shape_2.f90 -O (test for excess errors)
FAIL: gfortran.dg/vector_subscript_1.f90 -O1 execution test
FAIL: gfortran.dg/vector_subscript_1.f90 -O2 execution test
FAIL: gfortran.dg/vector_subscript_1.f90 -O3 -fomit-frame-pointer -funroll-loops -fpeel-loops -ftracer -finline-functions execution test
FAIL: gfortran.dg/vector_subscript_1.f90 -O3 -g execution test
FAIL: gfortran.dg/vector_subscript_1.f90 -Os execution test
=== gfortran Summary ===
# of expected passes 64632
# of unexpected failures 8
# of expected failures 241
# of unsupported tests 82
/scratch/10-14-moj/gcc-master/gcc/gfortran version 12.0.0 20211113 (experimental) [master revision r12-5219-gaf2852b9dc3b] (GCC)
=== gnat tests ===
Running target unix
FAIL: gnat.dg/bias1.adb scan-assembler DW_AT_GNU_bias
FAIL: gnat.dg/debug18.adb scan-assembler-not DW_AT_lower_bound
=== gnat Summary ===
# of expected passes 3354
# of unexpected failures 2
# of expected failures 23
# of unsupported tests 13
/scratch/10-14-moj/gcc-master/gcc/gnatmake version 12.0.0 20211113 (experimental) [master revision r12-5219-gaf2852b9dc3b]
=== jit tests ===
Running target unix
=== jit Summary ===
# of expected passes 12069
# of unsupported tests 4
=== obj-c++ tests ===
Running target unix
=== obj-c++ Summary ===
# of expected passes 3197
# of expected failures 22
# of unsupported tests 71
/scratch/10-14-moj/gcc-master/gcc/xg++ version 12.0.0 20211113 (experimental) [master revision r12-5219-gaf2852b9dc3b] (GCC)
=== objc tests ===
Running target unix
=== objc Summary ===
# of expected passes 5745
# of expected failures 13
# of unsupported tests 89
/scratch/10-14-moj/gcc-master/gcc/xgcc version 12.0.0 20211113 (experimental) [master revision r12-5219-gaf2852b9dc3b] (GCC)
=== libatomic tests ===
Running target unix
=== libatomic Summary ===
# of expected passes 54
=== libgomp tests ===
Running target unix
FAIL: libgomp.c/../libgomp.c-c++-common/target-in-reduction-2.c (internal compiler error)
FAIL: libgomp.c/../libgomp.c-c++-common/target-in-reduction-2.c (test for excess errors)
UNRESOLVED: libgomp.c/../libgomp.c-c++-common/target-in-reduction-2.c compilation failed to produce executable
FAIL: libgomp.c++/../libgomp.c-c++-common/target-in-reduction-2.c (internal compiler error)
FAIL: libgomp.c++/../libgomp.c-c++-common/target-in-reduction-2.c (test for excess errors)
UNRESOLVED: libgomp.c++/../libgomp.c-c++-common/target-in-reduction-2.c compilation failed to produce executable
FAIL: libgomp.c++/target-in-reduction-2.C (internal compiler error)
FAIL: libgomp.c++/target-in-reduction-2.C (test for excess errors)
UNRESOLVED: libgomp.c++/target-in-reduction-2.C compilation failed to produce executable
WARNING: program timed out.
FAIL: libgomp.c++/task-reduction-10.C execution test
WARNING: program timed out.
FAIL: libgomp.c++/task-reduction-8.C execution test
FAIL: libgomp.fortran/examples-4/simd-3.f90 -O1 execution test
FAIL: libgomp.oacc-c/../libgomp.oacc-c-c++-common/host_data-7.c -DACC_DEVICE_TYPE_host=1 -DACC_MEM_SHARED=1 -foffload=disable -O2 (test for excess errors)
FAIL: libgomp.oacc-c++/../libgomp.oacc-c-c++-common/host_data-7.c -DACC_DEVICE_TYPE_host=1 -DACC_MEM_SHARED=1 -foffload=disable -O2 (test for excess errors)
=== libgomp Summary ===
# of expected passes 11850
# of unexpected failures 11
# of expected failures 103
# of unresolved testcases 3
# of unsupported tests 544
=== libitm tests ===
Running target unix
=== libitm Summary ===
# of expected passes 42
# of expected failures 3
# of unsupported tests 2
=== libphobos tests ===
Running target unix
FAIL: libphobos.druntime/core/thread/threadbase.d execution test
FAIL: libphobos.druntime/core/time.d execution test
FAIL: libphobos.druntime/rt/monitor_.d execution test
=== libphobos Summary ===
# of expected passes 410
# of unexpected failures 3
# of unsupported tests 1
=== libstdc++ tests ===
Running target unix
WARNING: 29_atomics/atomic_integral/wait_notify.cc execution test program timed out.
FAIL: 29_atomics/atomic_integral/wait_notify.cc execution test
WARNING: 29_atomics/atomic_ref/wait_notify.cc execution test program timed out.
FAIL: 29_atomics/atomic_ref/wait_notify.cc execution test
WARNING: 30_threads/barrier/completion.cc execution test program timed out.
FAIL: 30_threads/barrier/completion.cc execution test
=== libstdc++ Summary ===
# of expected passes 14026
# of unexpected failures 3
# of expected failures 96
# of unsupported tests 778
Compiler version: 12.0.0 20211113 (experimental) [master revision r12-5219-gaf2852b9dc3b] (GCC)
Platform: x86_64-apple-darwin18
configure flags: --prefix=/opt/iains/x86_64-apple-darwin18/gcc-12-0-0 --build=x86_64-apple-darwin18 --with-sysroot=/Library/Developer/CommandLineTools/SDKs/MacOSX.sdk --with-cpu=corei7 --with-tune=haswell --enable-languages=all CC=x86_64-apple-darwin18-gcc CXX=x86_64-apple-darwin18-g++ --enable-host-shared --enable-libphobos
More information about the Gcc-testresults
mailing list