Results for 12.0.0 20211112 (experimental) [master revision 140346fa246dc2476c5c2bf2ecadebd18a3af5d0] (GCC) testsuite on sparc-sun-solaris2.11
Rainer Orth
ro@CeBiTec.Uni-Bielefeld.DE
Sat Nov 13 10:13:11 GMT 2021
LAST_UPDATED: Fri Nov 12 09:54:18 UTC 2021 (revision 140346fa246dc2476c5c2bf2ecadebd18a3af5d0)
=== acats tests ===
=== acats Summary ===
# of expected passes 2328
# of unexpected failures 0
Native configuration is sparc-sun-solaris2.11
=== g++ tests ===
Running target unix
FAIL: c-c++-common/asan/pointer-subtract-3.c -O0 execution test
FAIL: c-c++-common/asan/pointer-subtract-3.c -O1 execution test
FAIL: c-c++-common/asan/pointer-subtract-3.c -O2 execution test
FAIL: c-c++-common/asan/pointer-subtract-3.c -O2 -flto -fno-use-linker-plugin -flto-partition=none execution test
FAIL: c-c++-common/asan/pointer-subtract-3.c -O2 -flto -fuse-linker-plugin -fno-fat-lto-objects execution test
FAIL: c-c++-common/asan/pointer-subtract-3.c -O3 -g execution test
FAIL: c-c++-common/asan/pointer-subtract-3.c -Os execution test
FAIL: g++.dg/asan/deep-thread-stack-1.C -O0 output pattern test
FAIL: g++.dg/asan/deep-thread-stack-1.C -O1 output pattern test
FAIL: g++.dg/asan/deep-thread-stack-1.C -O2 output pattern test
FAIL: g++.dg/asan/deep-thread-stack-1.C -O2 -flto -fno-use-linker-plugin -flto-partition=none output pattern test
FAIL: g++.dg/asan/deep-thread-stack-1.C -O2 -flto -fuse-linker-plugin -fno-fat-lto-objects output pattern test
FAIL: g++.dg/asan/deep-thread-stack-1.C -O3 -g output pattern test
FAIL: g++.dg/asan/deep-thread-stack-1.C -Os output pattern test
FAIL: g++.dg/asan/default-options-1.C -O0 execution test
FAIL: g++.dg/asan/default-options-1.C -O1 execution test
FAIL: g++.dg/asan/default-options-1.C -O2 execution test
FAIL: g++.dg/asan/default-options-1.C -O2 -flto -fno-use-linker-plugin -flto-partition=none execution test
FAIL: g++.dg/asan/default-options-1.C -O2 -flto -fuse-linker-plugin -fno-fat-lto-objects execution test
FAIL: g++.dg/asan/default-options-1.C -O3 -g execution test
FAIL: g++.dg/asan/default-options-1.C -Os execution test
FAIL: g++.dg/asan/pr78651.C -O0 execution test
FAIL: g++.dg/asan/pr78651.C -O1 execution test
FAIL: g++.dg/asan/pr78651.C -O2 execution test
FAIL: g++.dg/asan/pr78651.C -O2 -flto -fno-use-linker-plugin -flto-partition=none execution test
FAIL: g++.dg/asan/pr78651.C -O2 -flto -fuse-linker-plugin -fno-fat-lto-objects execution test
FAIL: g++.dg/asan/pr78651.C -O3 -g execution test
FAIL: g++.dg/asan/pr78651.C -Os execution test
FAIL: g++.dg/asan/pr81021.C -O0 execution test
FAIL: g++.dg/asan/pr81021.C -O1 execution test
FAIL: g++.dg/asan/pr81021.C -O2 execution test
FAIL: g++.dg/asan/pr81021.C -O2 -flto -fno-use-linker-plugin -flto-partition=none execution test
FAIL: g++.dg/asan/pr81021.C -O2 -flto -fuse-linker-plugin -fno-fat-lto-objects execution test
FAIL: g++.dg/asan/pr81021.C -O3 -g execution test
FAIL: g++.dg/asan/pr81021.C -Os execution test
FAIL: g++.dg/tree-ssa/pta-delete-1.C -std=gnu++14 execution test
FAIL: g++.dg/tree-ssa/pta-delete-1.C -std=gnu++17 execution test
FAIL: g++.dg/tree-ssa/pta-delete-1.C -std=gnu++2a execution test
FAIL: g++.dg/tree-ssa/pta-delete-1.C -std=gnu++98 execution test
FAIL: g++.dg/gcov/pr16855-priority.C -std=gnu++14 gcov: 12 failures in line counts, 0 in branch percentages, 0 in return percentages, 0 in intermediate format
FAIL: g++.dg/gcov/pr16855-priority.C -std=gnu++14 line 14: is 2:should be 1
FAIL: g++.dg/gcov/pr16855-priority.C -std=gnu++14 line 21: is 2:should be 1
FAIL: g++.dg/gcov/pr16855-priority.C -std=gnu++14 line 22: is #####:should be 1
FAIL: g++.dg/gcov/pr16855-priority.C -std=gnu++14 line 35: is 2:should be 1
FAIL: g++.dg/gcov/pr16855-priority.C -std=gnu++14 line 41: is 2:should be 1
FAIL: g++.dg/gcov/pr16855-priority.C -std=gnu++14 line 46: is 2:should be 1
FAIL: g++.dg/gcov/pr16855-priority.C -std=gnu++14 line 51: is 2:should be 1
FAIL: g++.dg/gcov/pr16855-priority.C -std=gnu++14 line 56: is 2:should be 1
FAIL: g++.dg/gcov/pr16855-priority.C -std=gnu++14 line 61: is 2:should be 1
FAIL: g++.dg/gcov/pr16855-priority.C -std=gnu++14 line 66: is 2:should be 1
FAIL: g++.dg/gcov/pr16855-priority.C -std=gnu++14 line 71: is 2:should be 1
FAIL: g++.dg/gcov/pr16855-priority.C -std=gnu++14 line 76: is 2:should be 1
FAIL: g++.dg/gcov/pr16855-priority.C -std=gnu++17 gcov: 12 failures in line counts, 0 in branch percentages, 0 in return percentages, 0 in intermediate format
FAIL: g++.dg/gcov/pr16855-priority.C -std=gnu++17 line 14: is 3:should be 1
FAIL: g++.dg/gcov/pr16855-priority.C -std=gnu++17 line 21: is 3:should be 1
FAIL: g++.dg/gcov/pr16855-priority.C -std=gnu++17 line 22: is #####:should be 1
FAIL: g++.dg/gcov/pr16855-priority.C -std=gnu++17 line 35: is 3:should be 1
FAIL: g++.dg/gcov/pr16855-priority.C -std=gnu++17 line 41: is 3:should be 1
FAIL: g++.dg/gcov/pr16855-priority.C -std=gnu++17 line 46: is 3:should be 1
FAIL: g++.dg/gcov/pr16855-priority.C -std=gnu++17 line 51: is 3:should be 1
FAIL: g++.dg/gcov/pr16855-priority.C -std=gnu++17 line 56: is 3:should be 1
FAIL: g++.dg/gcov/pr16855-priority.C -std=gnu++17 line 61: is 3:should be 1
FAIL: g++.dg/gcov/pr16855-priority.C -std=gnu++17 line 66: is 3:should be 1
FAIL: g++.dg/gcov/pr16855-priority.C -std=gnu++17 line 71: is 3:should be 1
FAIL: g++.dg/gcov/pr16855-priority.C -std=gnu++17 line 76: is 3:should be 1
FAIL: g++.dg/gcov/pr16855-priority.C -std=gnu++2a gcov: 12 failures in line counts, 0 in branch percentages, 0 in return percentages, 0 in intermediate format
FAIL: g++.dg/gcov/pr16855-priority.C -std=gnu++2a line 14: is 4:should be 1
FAIL: g++.dg/gcov/pr16855-priority.C -std=gnu++2a line 21: is 4:should be 1
FAIL: g++.dg/gcov/pr16855-priority.C -std=gnu++2a line 22: is #####:should be 1
FAIL: g++.dg/gcov/pr16855-priority.C -std=gnu++2a line 35: is 4:should be 1
FAIL: g++.dg/gcov/pr16855-priority.C -std=gnu++2a line 41: is 4:should be 1
FAIL: g++.dg/gcov/pr16855-priority.C -std=gnu++2a line 46: is 4:should be 1
FAIL: g++.dg/gcov/pr16855-priority.C -std=gnu++2a line 51: is 4:should be 1
FAIL: g++.dg/gcov/pr16855-priority.C -std=gnu++2a line 56: is 4:should be 1
FAIL: g++.dg/gcov/pr16855-priority.C -std=gnu++2a line 61: is 4:should be 1
FAIL: g++.dg/gcov/pr16855-priority.C -std=gnu++2a line 66: is 4:should be 1
FAIL: g++.dg/gcov/pr16855-priority.C -std=gnu++2a line 71: is 4:should be 1
FAIL: g++.dg/gcov/pr16855-priority.C -std=gnu++2a line 76: is 4:should be 1
FAIL: g++.dg/gcov/pr16855-priority.C -std=gnu++98 gcov: 1 failures in line counts, 0 in branch percentages, 0 in return percentages, 0 in intermediate format
FAIL: g++.dg/gcov/pr16855-priority.C -std=gnu++98 line 22: is #####:should be 1
FAIL: g++.dg/gcov/pr16855.C -std=gnu++14 gcov: 6 failures in line counts, 0 in branch percentages, 0 in return percentages, 0 in intermediate format
FAIL: g++.dg/gcov/pr16855.C -std=gnu++14 line 15: is 2:should be 1
FAIL: g++.dg/gcov/pr16855.C -std=gnu++14 line 22: is 2:should be 1
FAIL: g++.dg/gcov/pr16855.C -std=gnu++14 line 24: is #####:should be 1
FAIL: g++.dg/gcov/pr16855.C -std=gnu++14 line 38: is 2:should be 1
FAIL: g++.dg/gcov/pr16855.C -std=gnu++14 line 44: is 2:should be 1
FAIL: g++.dg/gcov/pr16855.C -std=gnu++14 line 49: is 2:should be 1
FAIL: g++.dg/gcov/pr16855.C -std=gnu++17 gcov: 6 failures in line counts, 0 in branch percentages, 0 in return percentages, 0 in intermediate format
FAIL: g++.dg/gcov/pr16855.C -std=gnu++17 line 15: is 3:should be 1
FAIL: g++.dg/gcov/pr16855.C -std=gnu++17 line 22: is 3:should be 1
FAIL: g++.dg/gcov/pr16855.C -std=gnu++17 line 24: is #####:should be 1
FAIL: g++.dg/gcov/pr16855.C -std=gnu++17 line 38: is 3:should be 1
FAIL: g++.dg/gcov/pr16855.C -std=gnu++17 line 44: is 3:should be 1
FAIL: g++.dg/gcov/pr16855.C -std=gnu++17 line 49: is 3:should be 1
FAIL: g++.dg/gcov/pr16855.C -std=gnu++2a gcov: 6 failures in line counts, 0 in branch percentages, 0 in return percentages, 0 in intermediate format
FAIL: g++.dg/gcov/pr16855.C -std=gnu++2a line 15: is 4:should be 1
FAIL: g++.dg/gcov/pr16855.C -std=gnu++2a line 22: is 4:should be 1
FAIL: g++.dg/gcov/pr16855.C -std=gnu++2a line 24: is #####:should be 1
FAIL: g++.dg/gcov/pr16855.C -std=gnu++2a line 38: is 4:should be 1
FAIL: g++.dg/gcov/pr16855.C -std=gnu++2a line 44: is 4:should be 1
FAIL: g++.dg/gcov/pr16855.C -std=gnu++2a line 49: is 4:should be 1
FAIL: g++.dg/gcov/pr16855.C -std=gnu++98 gcov: 1 failures in line counts, 0 in branch percentages, 0 in return percentages, 0 in intermediate format
FAIL: g++.dg/gcov/pr16855.C -std=gnu++98 line 24: is #####:should be 1
FAIL: g++.dg/modules/stdio-1_a.H -std=c++17 scan-lang-dump module "Depset:0 decl entity:[0-9]* function_decl:'::printf'"
FAIL: g++.dg/modules/stdio-1_a.H -std=c++2a scan-lang-dump module "Depset:0 decl entity:[0-9]* function_decl:'::printf'"
FAIL: g++.dg/modules/stdio-1_a.H -std=c++2b scan-lang-dump module "Depset:0 decl entity:[0-9]* function_decl:'::printf'"
FAIL: g++.dg/modules/xtreme-header-3_a.H -std=c++17 (internal compiler error)
FAIL: g++.dg/modules/xtreme-header-3_a.H -std=c++17 (test for excess errors)
FAIL: g++.dg/modules/xtreme-header-3_a.H -std=c++2a (internal compiler error)
FAIL: g++.dg/modules/xtreme-header-3_a.H -std=c++2a (test for excess errors)
FAIL: g++.dg/modules/xtreme-header-3_a.H -std=c++2b (internal compiler error)
FAIL: g++.dg/modules/xtreme-header-3_a.H -std=c++2b (test for excess errors)
FAIL: g++.dg/modules/xtreme-header-3_a.H module-cmi (gcm.cache/\$srcdir/g++.dg/modules/xtreme-header-3_a.H.gcm)
FAIL: g++.dg/modules/xtreme-header-3_a.H module-cmi (gcm.cache/\$srcdir/g++.dg/modules/xtreme-header-3_a.H.gcm)
FAIL: g++.dg/modules/xtreme-header-3_a.H module-cmi (gcm.cache/\$srcdir/g++.dg/modules/xtreme-header-3_a.H.gcm)
FAIL: g++.dg/modules/xtreme-header-3_b.C -std=c++17 (test for excess errors)
FAIL: g++.dg/modules/xtreme-header-3_b.C -std=c++2a (test for excess errors)
FAIL: g++.dg/modules/xtreme-header-3_b.C -std=c++2b (test for excess errors)
FAIL: g++.dg/modules/xtreme-header-3_c.C -std=c++17 (test for excess errors)
FAIL: g++.dg/modules/xtreme-header-3_c.C -std=c++2a (test for excess errors)
FAIL: g++.dg/modules/xtreme-header-3_c.C -std=c++2b (test for excess errors)
FAIL: g++.dg/modules/xtreme-header-5_a.H -std=c++2a (internal compiler error)
FAIL: g++.dg/modules/xtreme-header-5_a.H -std=c++2a (test for excess errors)
FAIL: g++.dg/modules/xtreme-header-5_a.H -std=c++2b (internal compiler error)
FAIL: g++.dg/modules/xtreme-header-5_a.H -std=c++2b (test for excess errors)
FAIL: g++.dg/modules/xtreme-header-5_a.H module-cmi (gcm.cache/\$srcdir/g++.dg/modules/xtreme-header-5_a.H.gcm)
FAIL: g++.dg/modules/xtreme-header-5_a.H module-cmi (gcm.cache/\$srcdir/g++.dg/modules/xtreme-header-5_a.H.gcm)
FAIL: g++.dg/modules/xtreme-header-5_b.C -std=c++2a (test for excess errors)
FAIL: g++.dg/modules/xtreme-header-5_b.C -std=c++2b (test for excess errors)
FAIL: g++.dg/modules/xtreme-header-5_c.C -std=c++2a (test for excess errors)
FAIL: g++.dg/modules/xtreme-header-5_c.C -std=c++2b (test for excess errors)
FAIL: g++.dg/modules/xtreme-header_a.H -std=c++17 (internal compiler error)
FAIL: g++.dg/modules/xtreme-header_a.H -std=c++17 (test for excess errors)
FAIL: g++.dg/modules/xtreme-header_a.H -std=c++2a (internal compiler error)
FAIL: g++.dg/modules/xtreme-header_a.H -std=c++2a (test for excess errors)
FAIL: g++.dg/modules/xtreme-header_a.H -std=c++2b (internal compiler error)
FAIL: g++.dg/modules/xtreme-header_a.H -std=c++2b (test for excess errors)
FAIL: g++.dg/modules/xtreme-header_a.H module-cmi (gcm.cache/\$srcdir/g++.dg/modules/xtreme-header_a.H.gcm)
FAIL: g++.dg/modules/xtreme-header_a.H module-cmi (gcm.cache/\$srcdir/g++.dg/modules/xtreme-header_a.H.gcm)
FAIL: g++.dg/modules/xtreme-header_a.H module-cmi (gcm.cache/\$srcdir/g++.dg/modules/xtreme-header_a.H.gcm)
FAIL: g++.dg/modules/xtreme-header_b.C -std=c++17 (test for excess errors)
FAIL: g++.dg/modules/xtreme-header_b.C -std=c++2a (test for excess errors)
FAIL: g++.dg/modules/xtreme-header_b.C -std=c++2b (test for excess errors)
=== g++ Summary for unix ===
# of expected passes 212571
# of unexpected failures 143
# of expected failures 1403
# of unsupported tests 10415
Running target unix/-m64
FAIL: g++.dg/tree-ssa/pta-delete-1.C -std=gnu++14 execution test
FAIL: g++.dg/tree-ssa/pta-delete-1.C -std=gnu++17 execution test
FAIL: g++.dg/tree-ssa/pta-delete-1.C -std=gnu++2a execution test
FAIL: g++.dg/tree-ssa/pta-delete-1.C -std=gnu++98 execution test
FAIL: g++.dg/gcov/pr16855-priority.C -std=gnu++14 gcov: 12 failures in line counts, 0 in branch percentages, 0 in return percentages, 0 in intermediate format
FAIL: g++.dg/gcov/pr16855-priority.C -std=gnu++14 line 14: is 2:should be 1
FAIL: g++.dg/gcov/pr16855-priority.C -std=gnu++14 line 21: is 2:should be 1
FAIL: g++.dg/gcov/pr16855-priority.C -std=gnu++14 line 22: is #####:should be 1
FAIL: g++.dg/gcov/pr16855-priority.C -std=gnu++14 line 35: is 2:should be 1
FAIL: g++.dg/gcov/pr16855-priority.C -std=gnu++14 line 41: is 2:should be 1
FAIL: g++.dg/gcov/pr16855-priority.C -std=gnu++14 line 46: is 2:should be 1
FAIL: g++.dg/gcov/pr16855-priority.C -std=gnu++14 line 51: is 2:should be 1
FAIL: g++.dg/gcov/pr16855-priority.C -std=gnu++14 line 56: is 2:should be 1
FAIL: g++.dg/gcov/pr16855-priority.C -std=gnu++14 line 61: is 2:should be 1
FAIL: g++.dg/gcov/pr16855-priority.C -std=gnu++14 line 66: is 2:should be 1
FAIL: g++.dg/gcov/pr16855-priority.C -std=gnu++14 line 71: is 2:should be 1
FAIL: g++.dg/gcov/pr16855-priority.C -std=gnu++14 line 76: is 2:should be 1
FAIL: g++.dg/gcov/pr16855-priority.C -std=gnu++17 gcov: 12 failures in line counts, 0 in branch percentages, 0 in return percentages, 0 in intermediate format
FAIL: g++.dg/gcov/pr16855-priority.C -std=gnu++17 line 14: is 3:should be 1
FAIL: g++.dg/gcov/pr16855-priority.C -std=gnu++17 line 21: is 3:should be 1
FAIL: g++.dg/gcov/pr16855-priority.C -std=gnu++17 line 22: is #####:should be 1
FAIL: g++.dg/gcov/pr16855-priority.C -std=gnu++17 line 35: is 3:should be 1
FAIL: g++.dg/gcov/pr16855-priority.C -std=gnu++17 line 41: is 3:should be 1
FAIL: g++.dg/gcov/pr16855-priority.C -std=gnu++17 line 46: is 3:should be 1
FAIL: g++.dg/gcov/pr16855-priority.C -std=gnu++17 line 51: is 3:should be 1
FAIL: g++.dg/gcov/pr16855-priority.C -std=gnu++17 line 56: is 3:should be 1
FAIL: g++.dg/gcov/pr16855-priority.C -std=gnu++17 line 61: is 3:should be 1
FAIL: g++.dg/gcov/pr16855-priority.C -std=gnu++17 line 66: is 3:should be 1
FAIL: g++.dg/gcov/pr16855-priority.C -std=gnu++17 line 71: is 3:should be 1
FAIL: g++.dg/gcov/pr16855-priority.C -std=gnu++17 line 76: is 3:should be 1
FAIL: g++.dg/gcov/pr16855-priority.C -std=gnu++2a gcov: 12 failures in line counts, 0 in branch percentages, 0 in return percentages, 0 in intermediate format
FAIL: g++.dg/gcov/pr16855-priority.C -std=gnu++2a line 14: is 4:should be 1
FAIL: g++.dg/gcov/pr16855-priority.C -std=gnu++2a line 21: is 4:should be 1
FAIL: g++.dg/gcov/pr16855-priority.C -std=gnu++2a line 22: is #####:should be 1
FAIL: g++.dg/gcov/pr16855-priority.C -std=gnu++2a line 35: is 4:should be 1
FAIL: g++.dg/gcov/pr16855-priority.C -std=gnu++2a line 41: is 4:should be 1
FAIL: g++.dg/gcov/pr16855-priority.C -std=gnu++2a line 46: is 4:should be 1
FAIL: g++.dg/gcov/pr16855-priority.C -std=gnu++2a line 51: is 4:should be 1
FAIL: g++.dg/gcov/pr16855-priority.C -std=gnu++2a line 56: is 4:should be 1
FAIL: g++.dg/gcov/pr16855-priority.C -std=gnu++2a line 61: is 4:should be 1
FAIL: g++.dg/gcov/pr16855-priority.C -std=gnu++2a line 66: is 4:should be 1
FAIL: g++.dg/gcov/pr16855-priority.C -std=gnu++2a line 71: is 4:should be 1
FAIL: g++.dg/gcov/pr16855-priority.C -std=gnu++2a line 76: is 4:should be 1
FAIL: g++.dg/gcov/pr16855-priority.C -std=gnu++98 gcov: 1 failures in line counts, 0 in branch percentages, 0 in return percentages, 0 in intermediate format
FAIL: g++.dg/gcov/pr16855-priority.C -std=gnu++98 line 22: is #####:should be 1
FAIL: g++.dg/gcov/pr16855.C -std=gnu++14 gcov: 6 failures in line counts, 0 in branch percentages, 0 in return percentages, 0 in intermediate format
FAIL: g++.dg/gcov/pr16855.C -std=gnu++14 line 15: is 2:should be 1
FAIL: g++.dg/gcov/pr16855.C -std=gnu++14 line 22: is 2:should be 1
FAIL: g++.dg/gcov/pr16855.C -std=gnu++14 line 24: is #####:should be 1
FAIL: g++.dg/gcov/pr16855.C -std=gnu++14 line 38: is 2:should be 1
FAIL: g++.dg/gcov/pr16855.C -std=gnu++14 line 44: is 2:should be 1
FAIL: g++.dg/gcov/pr16855.C -std=gnu++14 line 49: is 2:should be 1
FAIL: g++.dg/gcov/pr16855.C -std=gnu++17 gcov: 6 failures in line counts, 0 in branch percentages, 0 in return percentages, 0 in intermediate format
FAIL: g++.dg/gcov/pr16855.C -std=gnu++17 line 15: is 3:should be 1
FAIL: g++.dg/gcov/pr16855.C -std=gnu++17 line 22: is 3:should be 1
FAIL: g++.dg/gcov/pr16855.C -std=gnu++17 line 24: is #####:should be 1
FAIL: g++.dg/gcov/pr16855.C -std=gnu++17 line 38: is 3:should be 1
FAIL: g++.dg/gcov/pr16855.C -std=gnu++17 line 44: is 3:should be 1
FAIL: g++.dg/gcov/pr16855.C -std=gnu++17 line 49: is 3:should be 1
FAIL: g++.dg/gcov/pr16855.C -std=gnu++2a gcov: 6 failures in line counts, 0 in branch percentages, 0 in return percentages, 0 in intermediate format
FAIL: g++.dg/gcov/pr16855.C -std=gnu++2a line 15: is 4:should be 1
FAIL: g++.dg/gcov/pr16855.C -std=gnu++2a line 22: is 4:should be 1
FAIL: g++.dg/gcov/pr16855.C -std=gnu++2a line 24: is #####:should be 1
FAIL: g++.dg/gcov/pr16855.C -std=gnu++2a line 38: is 4:should be 1
FAIL: g++.dg/gcov/pr16855.C -std=gnu++2a line 44: is 4:should be 1
FAIL: g++.dg/gcov/pr16855.C -std=gnu++2a line 49: is 4:should be 1
FAIL: g++.dg/gcov/pr16855.C -std=gnu++98 gcov: 1 failures in line counts, 0 in branch percentages, 0 in return percentages, 0 in intermediate format
FAIL: g++.dg/gcov/pr16855.C -std=gnu++98 line 24: is #####:should be 1
FAIL: g++.dg/modules/stdio-1_a.H -std=c++17 scan-lang-dump module "Depset:0 decl entity:[0-9]* function_decl:'::printf'"
FAIL: g++.dg/modules/stdio-1_a.H -std=c++2a scan-lang-dump module "Depset:0 decl entity:[0-9]* function_decl:'::printf'"
FAIL: g++.dg/modules/stdio-1_a.H -std=c++2b scan-lang-dump module "Depset:0 decl entity:[0-9]* function_decl:'::printf'"
FAIL: g++.dg/modules/xtreme-header-3_a.H -std=c++17 (internal compiler error)
FAIL: g++.dg/modules/xtreme-header-3_a.H -std=c++17 (test for excess errors)
FAIL: g++.dg/modules/xtreme-header-3_a.H -std=c++2a (internal compiler error)
FAIL: g++.dg/modules/xtreme-header-3_a.H -std=c++2a (test for excess errors)
FAIL: g++.dg/modules/xtreme-header-3_a.H -std=c++2b (internal compiler error)
FAIL: g++.dg/modules/xtreme-header-3_a.H -std=c++2b (test for excess errors)
FAIL: g++.dg/modules/xtreme-header-3_a.H module-cmi (gcm.cache/\$srcdir/g++.dg/modules/xtreme-header-3_a.H.gcm)
FAIL: g++.dg/modules/xtreme-header-3_a.H module-cmi (gcm.cache/\$srcdir/g++.dg/modules/xtreme-header-3_a.H.gcm)
FAIL: g++.dg/modules/xtreme-header-3_a.H module-cmi (gcm.cache/\$srcdir/g++.dg/modules/xtreme-header-3_a.H.gcm)
FAIL: g++.dg/modules/xtreme-header-3_b.C -std=c++17 (test for excess errors)
FAIL: g++.dg/modules/xtreme-header-3_b.C -std=c++2a (test for excess errors)
FAIL: g++.dg/modules/xtreme-header-3_b.C -std=c++2b (test for excess errors)
FAIL: g++.dg/modules/xtreme-header-3_c.C -std=c++17 (test for excess errors)
FAIL: g++.dg/modules/xtreme-header-3_c.C -std=c++2a (test for excess errors)
FAIL: g++.dg/modules/xtreme-header-3_c.C -std=c++2b (test for excess errors)
FAIL: g++.dg/modules/xtreme-header-5_a.H -std=c++2a (internal compiler error)
FAIL: g++.dg/modules/xtreme-header-5_a.H -std=c++2a (test for excess errors)
FAIL: g++.dg/modules/xtreme-header-5_a.H -std=c++2b (internal compiler error)
FAIL: g++.dg/modules/xtreme-header-5_a.H -std=c++2b (test for excess errors)
FAIL: g++.dg/modules/xtreme-header-5_a.H module-cmi (gcm.cache/\$srcdir/g++.dg/modules/xtreme-header-5_a.H.gcm)
FAIL: g++.dg/modules/xtreme-header-5_a.H module-cmi (gcm.cache/\$srcdir/g++.dg/modules/xtreme-header-5_a.H.gcm)
FAIL: g++.dg/modules/xtreme-header-5_b.C -std=c++2a (test for excess errors)
FAIL: g++.dg/modules/xtreme-header-5_b.C -std=c++2b (test for excess errors)
FAIL: g++.dg/modules/xtreme-header-5_c.C -std=c++2a (test for excess errors)
FAIL: g++.dg/modules/xtreme-header-5_c.C -std=c++2b (test for excess errors)
FAIL: g++.dg/modules/xtreme-header_a.H -std=c++17 (internal compiler error)
FAIL: g++.dg/modules/xtreme-header_a.H -std=c++17 (test for excess errors)
FAIL: g++.dg/modules/xtreme-header_a.H -std=c++2a (internal compiler error)
FAIL: g++.dg/modules/xtreme-header_a.H -std=c++2a (test for excess errors)
FAIL: g++.dg/modules/xtreme-header_a.H -std=c++2b (internal compiler error)
FAIL: g++.dg/modules/xtreme-header_a.H -std=c++2b (test for excess errors)
FAIL: g++.dg/modules/xtreme-header_a.H module-cmi (gcm.cache/\$srcdir/g++.dg/modules/xtreme-header_a.H.gcm)
FAIL: g++.dg/modules/xtreme-header_a.H module-cmi (gcm.cache/\$srcdir/g++.dg/modules/xtreme-header_a.H.gcm)
FAIL: g++.dg/modules/xtreme-header_a.H module-cmi (gcm.cache/\$srcdir/g++.dg/modules/xtreme-header_a.H.gcm)
FAIL: g++.dg/modules/xtreme-header_b.C -std=c++17 (test for excess errors)
FAIL: g++.dg/modules/xtreme-header_b.C -std=c++2a (test for excess errors)
FAIL: g++.dg/modules/xtreme-header_b.C -std=c++2b (test for excess errors)
=== g++ Summary for unix/-m64 ===
# of expected passes 213379
# of unexpected failures 108
# of expected failures 1411
# of unsupported tests 10082
=== g++ Summary ===
# of expected passes 425950
# of unexpected failures 251
# of expected failures 2814
# of unsupported tests 20497
/var/gcc/regression/master/11.4-gcc-gas-gld/build/gcc/xg++ version 12.0.0 20211112 (experimental) [master revision 140346fa246dc2476c5c2bf2ecadebd18a3af5d0] (GCC)
=== gcc tests ===
Running target unix
FAIL: gcc.dg/analyzer/capacity-1.c (test for excess errors)
FAIL: gcc.dg/analyzer/capacity-3.c (test for excess errors)
FAIL: c-c++-common/asan/pointer-subtract-3.c -O0 execution test
FAIL: c-c++-common/asan/pointer-subtract-3.c -O1 execution test
FAIL: c-c++-common/asan/pointer-subtract-3.c -O2 execution test
FAIL: c-c++-common/asan/pointer-subtract-3.c -O2 -flto -fno-use-linker-plugin -flto-partition=none execution test
FAIL: c-c++-common/asan/pointer-subtract-3.c -O2 -flto -fuse-linker-plugin -fno-fat-lto-objects execution test
FAIL: c-c++-common/asan/pointer-subtract-3.c -O3 -g execution test
FAIL: c-c++-common/asan/pointer-subtract-3.c -Os execution test
FAIL: gcc.dg/debug/20020220-1.c -gctf (test for excess errors)
FAIL: gcc.dg/debug/20020220-1.c -gctf execution test
FAIL: gcc.dg/debug/20050907-1.c -gctf (test for excess errors)
FAIL: gcc.dg/debug/pr36690-3.c -gctf (test for excess errors)
FAIL: gcc.dg/debug/pr36690-3.c -gctf execution test
FAIL: gcc.dg/debug/pr37616.c -gctf (test for excess errors)
FAIL: gcc.dg/debug/pr37616.c -gctf execution test
FAIL: gcc.dg/debug/pr41893-1.c -gctf (test for excess errors)
FAIL: gcc.dg/debug/pr49032.c -gctf (test for excess errors)
FAIL: gcc.dg/debug/pr65771.c -gctf (test for excess errors)
FAIL: gcc.dg/pr102892-1.c (test for excess errors)
XPASS: gcc.dg/pr84877.c execution test
FAIL: gcc.dg/signbit-2.c scan-tree-dump optimized "\\\\s+>\\\\s+{ 0, 0, 0(, 0)+ }"
FAIL: gcc.dg/ipa/iinline-attr.c scan-ipa-dump inline "hooray[^\\\\n]*inline copy in test"
FAIL: gcc.dg/lto/pr88077 c_lto_pr88077_0.o-c_lto_pr88077_1.o link, -O0 -flto -flto-partition=1to1 -fno-use-linker-plugin
FAIL: gcc.dg/lto/pr88077 c_lto_pr88077_0.o-c_lto_pr88077_1.o link, -O2 -flto -flto-partition=1to1 -fno-use-linker-plugin
FAIL: gcc.dg/simulate-thread/atomic-other-int.c -O2 -g thread simulation test
FAIL: gcc.dg/simulate-thread/atomic-other-int.c -O3 -g thread simulation test
FAIL: gcc.dg/simulate-thread/speculative-store-4.c -O0 -g thread simulation test
FAIL: gcc.dg/simulate-thread/speculative-store-4.c -O2 -g thread simulation test
FAIL: gcc.dg/simulate-thread/speculative-store-4.c -O3 -g thread simulation test
FAIL: gcc.dg/simulate-thread/speculative-store.c -O0 -g thread simulation test
FAIL: gcc.dg/torture/pr45967-2.c -O2 execution test
FAIL: gcc.dg/torture/pr45967-2.c -O2 -flto -fno-use-linker-plugin -flto-partition=none execution test
FAIL: gcc.dg/torture/pr45967-2.c -Os execution test
FAIL: gcc.dg/torture/pr45967-3.c -O2 execution test
FAIL: gcc.dg/torture/pr45967-3.c -O2 -flto -fno-use-linker-plugin -flto-partition=none execution test
FAIL: gcc.dg/torture/pr45967-3.c -Os execution test
FAIL: gcc.dg/torture/pr45967.c -O2 execution test
FAIL: gcc.dg/torture/pr45967.c -O2 -flto -fno-use-linker-plugin -flto-partition=none execution test
FAIL: gcc.dg/torture/pr45967.c -O3 -fomit-frame-pointer -funroll-loops -fpeel-loops -ftracer -finline-functions execution test
FAIL: gcc.dg/torture/pr45967.c -O3 -g execution test
FAIL: gcc.dg/torture/pr45967.c -Os execution test
FAIL: gcc.dg/vect/bb-slp-21.c -flto -ffat-lto-objects scan-tree-dump-times slp2 "optimized: basic block" 1
FAIL: gcc.dg/vect/bb-slp-21.c scan-tree-dump-times slp2 "optimized: basic block" 1
FAIL: gcc.dg/vect/bb-slp-22.c -flto -ffat-lto-objects scan-tree-dump-times slp2 "optimized: basic block" 1
FAIL: gcc.dg/vect/bb-slp-22.c scan-tree-dump-times slp2 "optimized: basic block" 1
XPASS: gcc.dg/vect/bb-slp-32.c -flto -ffat-lto-objects scan-tree-dump slp2 "vectorization is not profitable"
XPASS: gcc.dg/vect/bb-slp-32.c scan-tree-dump slp2 "vectorization is not profitable"
FAIL: gcc.dg/vect/pr97428.c -flto -ffat-lto-objects scan-tree-dump vect "Detected interleaving load of size 8"
FAIL: gcc.dg/vect/pr97428.c -flto -ffat-lto-objects scan-tree-dump vect "Detected interleaving store of size 16"
FAIL: gcc.dg/vect/pr97428.c scan-tree-dump vect "Detected interleaving load of size 8"
FAIL: gcc.dg/vect/pr97428.c scan-tree-dump vect "Detected interleaving store of size 16"
FAIL: gcc.dg/vect/slp-47.c -flto -ffat-lto-objects scan-tree-dump-times vect "vectorizing stmts using SLP" 2
FAIL: gcc.dg/vect/slp-47.c scan-tree-dump-times vect "vectorizing stmts using SLP" 2
FAIL: gcc.dg/vect/slp-48.c -flto -ffat-lto-objects scan-tree-dump-times vect "vectorizing stmts using SLP" 2
FAIL: gcc.dg/vect/slp-48.c scan-tree-dump-times vect "vectorizing stmts using SLP" 2
XPASS: gcc.dg/vect/vect-alias-check-1.c -flto -ffat-lto-objects scan-tree-dump vect "using an address-based overlap test"
XPASS: gcc.dg/vect/vect-alias-check-1.c scan-tree-dump vect "using an address-based overlap test"
FAIL: gcc.dg/vect/vect-cost-model-1.c -flto -ffat-lto-objects scan-tree-dump vect "LOOP VECTORIZED"
FAIL: gcc.dg/vect/vect-cost-model-1.c scan-tree-dump vect "LOOP VECTORIZED"
FAIL: gcc.dg/vect/vect-cost-model-3.c -flto -ffat-lto-objects scan-tree-dump vect "LOOP VECTORIZED"
FAIL: gcc.dg/vect/vect-cost-model-3.c scan-tree-dump vect "LOOP VECTORIZED"
FAIL: gcc.dg/vect/vect-cost-model-5.c -flto -ffat-lto-objects scan-tree-dump vect "LOOP VECTORIZED"
FAIL: gcc.dg/vect/vect-cost-model-5.c scan-tree-dump vect "LOOP VECTORIZED"
=== gcc Summary for unix ===
# of expected passes 137197
# of unexpected failures 59
# of unexpected successes 5
# of expected failures 1033
# of unsupported tests 4388
Running target unix/-m64
FAIL: gcc.dg/analyzer/capacity-1.c (test for excess errors)
FAIL: gcc.dg/analyzer/capacity-3.c (test for excess errors)
FAIL: gcc.dg/debug/20020220-1.c -gctf (test for excess errors)
FAIL: gcc.dg/debug/20020220-1.c -gctf execution test
FAIL: gcc.dg/debug/20050907-1.c -gctf (test for excess errors)
FAIL: gcc.dg/debug/pr36690-3.c -gctf (test for excess errors)
FAIL: gcc.dg/debug/pr36690-3.c -gctf execution test
FAIL: gcc.dg/debug/pr37616.c -gctf (test for excess errors)
FAIL: gcc.dg/debug/pr37616.c -gctf execution test
FAIL: gcc.dg/debug/pr41893-1.c -gctf (test for excess errors)
FAIL: gcc.dg/debug/pr49032.c -gctf (test for excess errors)
FAIL: gcc.dg/debug/pr65771.c -gctf (test for excess errors)
FAIL: gcc.dg/Warray-bounds-48.c pr102706 (test for warnings, line 133)
FAIL: gcc.dg/Warray-bounds-48.c pr102706 (test for warnings, line 33)
FAIL: gcc.dg/Wzero-length-array-bounds-2.c (test for excess errors)
FAIL: gcc.dg/pr102892-1.c (test for excess errors)
XPASS: gcc.dg/pr84877.c execution test
FAIL: gcc.dg/signbit-2.c scan-tree-dump optimized "\\\\s+>\\\\s+{ 0, 0, 0(, 0)+ }"
FAIL: gcc.dg/torture/pr45967-2.c -O2 execution test
FAIL: gcc.dg/torture/pr45967-2.c -O2 -flto -fno-use-linker-plugin -flto-partition=none execution test
FAIL: gcc.dg/torture/pr45967-2.c -Os execution test
FAIL: gcc.dg/torture/pr45967-3.c -O2 execution test
FAIL: gcc.dg/torture/pr45967-3.c -O2 -flto -fno-use-linker-plugin -flto-partition=none execution test
FAIL: gcc.dg/torture/pr45967-3.c -Os execution test
FAIL: gcc.dg/torture/pr45967.c -O2 execution test
FAIL: gcc.dg/torture/pr45967.c -O2 -flto -fno-use-linker-plugin -flto-partition=none execution test
FAIL: gcc.dg/torture/pr45967.c -O3 -fomit-frame-pointer -funroll-loops -fpeel-loops -ftracer -finline-functions execution test
FAIL: gcc.dg/torture/pr45967.c -O3 -g execution test
FAIL: gcc.dg/torture/pr45967.c -Os execution test
FAIL: gcc.dg/vect/bb-slp-21.c -flto -ffat-lto-objects scan-tree-dump-times slp2 "optimized: basic block" 1
FAIL: gcc.dg/vect/bb-slp-21.c scan-tree-dump-times slp2 "optimized: basic block" 1
FAIL: gcc.dg/vect/bb-slp-22.c -flto -ffat-lto-objects scan-tree-dump-times slp2 "optimized: basic block" 1
FAIL: gcc.dg/vect/bb-slp-22.c scan-tree-dump-times slp2 "optimized: basic block" 1
XPASS: gcc.dg/vect/bb-slp-32.c -flto -ffat-lto-objects scan-tree-dump slp2 "vectorization is not profitable"
XPASS: gcc.dg/vect/bb-slp-32.c scan-tree-dump slp2 "vectorization is not profitable"
XPASS: gcc.dg/vect/pr33804.c -flto -ffat-lto-objects scan-tree-dump-times vect "vectorized 1 loops" 1
XPASS: gcc.dg/vect/pr33804.c -flto -ffat-lto-objects scan-tree-dump-times vect "vectorizing stmts using SLP" 1
XPASS: gcc.dg/vect/pr33804.c scan-tree-dump-times vect "vectorized 1 loops" 1
XPASS: gcc.dg/vect/pr33804.c scan-tree-dump-times vect "vectorizing stmts using SLP" 1
FAIL: gcc.dg/vect/pr97428.c -flto -ffat-lto-objects scan-tree-dump vect "Detected interleaving load of size 8"
FAIL: gcc.dg/vect/pr97428.c -flto -ffat-lto-objects scan-tree-dump vect "Detected interleaving store of size 16"
FAIL: gcc.dg/vect/pr97428.c scan-tree-dump vect "Detected interleaving load of size 8"
FAIL: gcc.dg/vect/pr97428.c scan-tree-dump vect "Detected interleaving store of size 16"
FAIL: gcc.dg/vect/slp-47.c -flto -ffat-lto-objects scan-tree-dump-times vect "vectorizing stmts using SLP" 2
FAIL: gcc.dg/vect/slp-47.c scan-tree-dump-times vect "vectorizing stmts using SLP" 2
FAIL: gcc.dg/vect/slp-48.c -flto -ffat-lto-objects scan-tree-dump-times vect "vectorizing stmts using SLP" 2
FAIL: gcc.dg/vect/slp-48.c scan-tree-dump-times vect "vectorizing stmts using SLP" 2
XPASS: gcc.dg/vect/slp-multitypes-3.c -flto -ffat-lto-objects scan-tree-dump-times vect "vectorized 1 loops" 1
XPASS: gcc.dg/vect/slp-multitypes-3.c -flto -ffat-lto-objects scan-tree-dump-times vect "vectorizing stmts using SLP" 2
XPASS: gcc.dg/vect/slp-multitypes-3.c scan-tree-dump-times vect "vectorized 1 loops" 1
XPASS: gcc.dg/vect/slp-multitypes-3.c scan-tree-dump-times vect "vectorizing stmts using SLP" 2
XPASS: gcc.dg/vect/vect-alias-check-1.c -flto -ffat-lto-objects scan-tree-dump vect "using an address-based overlap test"
XPASS: gcc.dg/vect/vect-alias-check-1.c scan-tree-dump vect "using an address-based overlap test"
FAIL: gcc.dg/vect/vect-cost-model-1.c -flto -ffat-lto-objects scan-tree-dump vect "LOOP VECTORIZED"
FAIL: gcc.dg/vect/vect-cost-model-1.c scan-tree-dump vect "LOOP VECTORIZED"
FAIL: gcc.dg/vect/vect-cost-model-3.c -flto -ffat-lto-objects scan-tree-dump vect "LOOP VECTORIZED"
FAIL: gcc.dg/vect/vect-cost-model-3.c scan-tree-dump vect "LOOP VECTORIZED"
FAIL: gcc.dg/vect/vect-cost-model-5.c -flto -ffat-lto-objects scan-tree-dump vect "LOOP VECTORIZED"
FAIL: gcc.dg/vect/vect-cost-model-5.c scan-tree-dump vect "LOOP VECTORIZED"
=== gcc Summary for unix/-m64 ===
# of expected passes 136843
# of unexpected failures 46
# of unexpected successes 13
# of expected failures 1016
# of unsupported tests 3677
=== gcc Summary ===
# of expected passes 274040
# of unexpected failures 105
# of unexpected successes 18
# of expected failures 2049
# of unsupported tests 8065
/var/gcc/regression/master/11.4-gcc-gas-gld/build/gcc/xgcc version 12.0.0 20211112 (experimental) [master revision 140346fa246dc2476c5c2bf2ecadebd18a3af5d0] (GCC)
=== gdc tests ===
Running target unix
FAIL: gdc.dg/extern-c++/pr101664.d (test for excess errors)
=== gdc Summary for unix ===
# of expected passes 4018
# of unexpected failures 1
# of unsupported tests 1082
Running target unix/-m64
FAIL: gdc.dg/extern-c++/pr101664.d (test for excess errors)
=== gdc Summary for unix/-m64 ===
# of expected passes 4017
# of unexpected failures 1
# of unsupported tests 1082
=== gdc Summary ===
# of expected passes 8035
# of unexpected failures 2
# of unsupported tests 2164
/var/gcc/regression/master/11.4-gcc-gas-gld/build/gcc/gdc version 12.0.0 20211112 (experimental) [master revision 140346fa246dc2476c5c2bf2ecadebd18a3af5d0] (GCC)
=== gfortran tests ===
Running target unix
FAIL: gfortran.dg/vector_subscript_1.f90 -O1 execution test
FAIL: gfortran.dg/vector_subscript_1.f90 -O2 execution test
FAIL: gfortran.dg/vector_subscript_1.f90 -O3 -fomit-frame-pointer -funroll-loops -fpeel-loops -ftracer -finline-functions execution test
FAIL: gfortran.dg/vector_subscript_1.f90 -O3 -g execution test
FAIL: gfortran.dg/vector_subscript_1.f90 -Os execution test
=== gfortran Summary for unix ===
# of expected passes 64114
# of unexpected failures 5
# of expected failures 243
# of unsupported tests 348
Running target unix/-m64
FAIL: gfortran.dg/vector_subscript_1.f90 -O1 execution test
FAIL: gfortran.dg/vector_subscript_1.f90 -O2 execution test
FAIL: gfortran.dg/vector_subscript_1.f90 -O3 -fomit-frame-pointer -funroll-loops -fpeel-loops -ftracer -finline-functions execution test
FAIL: gfortran.dg/vector_subscript_1.f90 -O3 -g execution test
FAIL: gfortran.dg/vector_subscript_1.f90 -Os execution test
=== gfortran Summary for unix/-m64 ===
# of expected passes 64405
# of unexpected failures 5
# of expected failures 241
# of unsupported tests 203
=== gfortran Summary ===
# of expected passes 128519
# of unexpected failures 10
# of expected failures 484
# of unsupported tests 551
/var/gcc/regression/master/11.4-gcc-gas-gld/build/gcc/gfortran version 12.0.0 20211112 (experimental) [master revision 140346fa246dc2476c5c2bf2ecadebd18a3af5d0] (GCC)
=== gnat tests ===
Running target unix
=== gnat Summary for unix ===
# of expected passes 3319
# of expected failures 23
# of unsupported tests 34
Running target unix/-m64
=== gnat Summary for unix/-m64 ===
# of expected passes 3320
# of expected failures 23
# of unsupported tests 32
=== gnat Summary ===
# of expected passes 6639
# of expected failures 46
# of unsupported tests 66
/var/gcc/regression/master/11.4-gcc-gas-gld/build/gcc/gnatmake version 12.0.0 20211112 (experimental) [master revision 140346fa246dc2476c5c2bf2ecadebd18a3af5d0]
=== go tests ===
Running target unix
FAIL: ./index0-out.go execution, -O0 -g -fno-var-tracking-assignments
WARNING: go.test/test/cmplxdivide.go program timed out.
FAIL: go.test/test/cmplxdivide.go
FAIL: go.test/test/fixedbugs/issue10441.go -O (test for excess errors)
FAIL: go.test/test/fixedbugs/issue16016.go execution, -O2 -g
FAIL: go.test/test/fixedbugs/issue22881.go execution, -O2 -g
FAIL: go.test/test/fixedbugs/issue27836.dir/Ãfoo.go -O -I. (test for excess errors)
FAIL: go.test/test/fixedbugs/issue27836.dir/Ãmain.go -O -I. (test for excess errors)
FAIL: go.test/test/fixedbugs/issue32288.go execution, -O2 -g
FAIL: go.test/test/fixedbugs/issue34123.go execution, -O2 -g
FAIL: go.test/test/fixedbugs/issue4562.go execution, -O2 -g
FAIL: go.test/test/nil.go execution, -O2 -g
=== go Summary for unix ===
# of expected passes 8989
# of unexpected failures 11
# of untested testcases 11
# of unsupported tests 34
Running target unix/-m64
FAIL: ./index0-out.go execution, -O0 -g -fno-var-tracking-assignments
WARNING: go.test/test/cmplxdivide.go program timed out.
FAIL: go.test/test/cmplxdivide.go
FAIL: go.test/test/fixedbugs/issue10441.go -O (test for excess errors)
FAIL: go.test/test/fixedbugs/issue27836.dir/Ãfoo.go -O -I. (test for excess errors)
FAIL: go.test/test/fixedbugs/issue27836.dir/Ãmain.go -O -I. (test for excess errors)
=== go Summary for unix/-m64 ===
# of expected passes 8877
# of unexpected failures 5
# of untested testcases 11
# of unsupported tests 32
=== go Summary ===
# of expected passes 17866
# of unexpected failures 16
# of untested testcases 22
# of unsupported tests 66
/var/gcc/regression/master/11.4-gcc-gas-gld/build/gcc/gccgo version 12.0.0 20211112 (experimental) [master revision 140346fa246dc2476c5c2bf2ecadebd18a3af5d0] (GCC)
=== obj-c++ tests ===
Running target unix
=== obj-c++ Summary for unix ===
# of expected passes 1510
# of expected failures 2
# of unsupported tests 79
Running target unix/-m64
=== obj-c++ Summary for unix/-m64 ===
# of expected passes 1502
# of expected failures 10
# of unsupported tests 79
=== obj-c++ Summary ===
# of expected passes 3012
# of expected failures 12
# of unsupported tests 158
/var/gcc/regression/master/11.4-gcc-gas-gld/build/gcc/xg++ version 12.0.0 20211112 (experimental) [master revision 140346fa246dc2476c5c2bf2ecadebd18a3af5d0] (GCC)
=== objc tests ===
Running target unix
=== objc Summary for unix ===
# of expected passes 2844
# of unsupported tests 71
Running target unix/-m64
=== objc Summary for unix/-m64 ===
# of expected passes 2844
# of unsupported tests 71
=== objc Summary ===
# of expected passes 5688
# of unsupported tests 142
/var/gcc/regression/master/11.4-gcc-gas-gld/build/gcc/xgcc version 12.0.0 20211112 (experimental) [master revision 140346fa246dc2476c5c2bf2ecadebd18a3af5d0] (GCC)
=== gotools tests ===
FAIL: go test cmd/go
FAIL: TestBreakpoint
FAIL: TestCgoSignalDeadlock
FAIL: TestGccgoCrashTracebackNodebug
FAIL: TestNeedmDeadlock
FAIL: TestPanicInlined
FAIL: TestSegv
FAIL: go test runtime
FAIL: go test misc/cgo/test
FAIL: TestCompileWithoutShared
FAIL: TestEarlySignalHandler
FAIL: TestOsSignal
FAIL: TestSigaltstack
FAIL: TestSignalForwarding
FAIL: TestSignalForwardingExternal
FAIL: go test misc/cgo/testcarchive
FAIL: TestVet
FAIL: go test cmd/vet
=== gotools Summary ===
# of expected passes 214
# of unexpected failures 18
# of untested testcases 59
/var/gcc/regression/master/11.4-gcc-gas-gld/build/./gcc/gccgo version 12.0.0 20211112 (experimental) [master revision 140346fa246dc2476c5c2bf2ecadebd18a3af5d0] (GCC)
=== libatomic tests ===
Running target unix
=== libatomic Summary for unix ===
# of expected passes 44
# of unsupported tests 5
Running target unix/-m64
=== libatomic Summary for unix/-m64 ===
# of expected passes 54
=== libatomic Summary ===
# of expected passes 98
# of unsupported tests 5
=== libffi tests ===
Running target unix
FAIL: libffi.closures/single_entry_structs2.c -W -Wall -Wno-psabi -O0 execution test
=== libffi Summary for unix ===
# of expected passes 1572
# of unexpected failures 1
Running target unix/-m64
=== libffi Summary for unix/-m64 ===
# of expected passes 1574
=== libffi Summary ===
# of expected passes 3146
# of unexpected failures 1
=== libgo tests ===
Running target unix
FAIL: cmd/go/internal/load
FAIL: go/types
FAIL: math/big
FAIL: net
FAIL: net/http/pprof
FAIL: os/signal
FAIL: runtime
FAIL: runtime/pprof
FAIL: sync/atomic
=== libgo Summary for unix ===
# of expected passes 181
# of unexpected failures 9
Running target unix/-m64
FAIL: encoding/json
FAIL: image/jpeg
FAIL: math/big
FAIL: net
FAIL: runtime
FAIL: sync/atomic
=== libgo Summary for unix/-m64 ===
# of expected passes 184
# of unexpected failures 6
=== libgo Summary ===
# of expected passes 365
# of unexpected failures 15
/var/gcc/regression/master/11.4-gcc-gas-gld/build/./gcc/gccgo version 12.0.0 20211112 (experimental) [master revision 140346fa246dc2476c5c2bf2ecadebd18a3af5d0] (GCC)
=== libgomp tests ===
Running target unix
FAIL: libgomp.c++/../libgomp.c-c++-common/target-in-reduction-2.c (internal compiler error)
FAIL: libgomp.c++/../libgomp.c-c++-common/target-in-reduction-2.c (test for excess errors)
UNRESOLVED: libgomp.c++/../libgomp.c-c++-common/target-in-reduction-2.c compilation failed to produce executable
FAIL: libgomp.c++/target-in-reduction-2.C (internal compiler error)
FAIL: libgomp.c++/target-in-reduction-2.C (test for excess errors)
UNRESOLVED: libgomp.c++/target-in-reduction-2.C compilation failed to produce executable
FAIL: libgomp.c/../libgomp.c-c++-common/target-in-reduction-2.c (internal compiler error)
FAIL: libgomp.c/../libgomp.c-c++-common/target-in-reduction-2.c (test for excess errors)
UNRESOLVED: libgomp.c/../libgomp.c-c++-common/target-in-reduction-2.c compilation failed to produce executable
FAIL: libgomp.oacc-c++/../libgomp.oacc-c-c++-common/host_data-7.c -DACC_DEVICE_TYPE_host=1 -DACC_MEM_SHARED=1 -foffload=disable -O2 (test for excess errors)
FAIL: libgomp.oacc-c/../libgomp.oacc-c-c++-common/host_data-7.c -DACC_DEVICE_TYPE_host=1 -DACC_MEM_SHARED=1 -foffload=disable -O2 (test for excess errors)
=== libgomp Summary for unix ===
# of expected passes 11679
# of unexpected failures 8
# of expected failures 103
# of unresolved testcases 3
# of unsupported tests 617
Running target unix/-m64
FAIL: libgomp.c++/../libgomp.c-c++-common/target-in-reduction-2.c (internal compiler error)
FAIL: libgomp.c++/../libgomp.c-c++-common/target-in-reduction-2.c (test for excess errors)
UNRESOLVED: libgomp.c++/../libgomp.c-c++-common/target-in-reduction-2.c compilation failed to produce executable
FAIL: libgomp.c++/target-in-reduction-2.C (internal compiler error)
FAIL: libgomp.c++/target-in-reduction-2.C (test for excess errors)
UNRESOLVED: libgomp.c++/target-in-reduction-2.C compilation failed to produce executable
FAIL: libgomp.c/../libgomp.c-c++-common/target-in-reduction-2.c (internal compiler error)
FAIL: libgomp.c/../libgomp.c-c++-common/target-in-reduction-2.c (test for excess errors)
UNRESOLVED: libgomp.c/../libgomp.c-c++-common/target-in-reduction-2.c compilation failed to produce executable
FAIL: libgomp.oacc-c++/../libgomp.oacc-c-c++-common/host_data-7.c -DACC_DEVICE_TYPE_host=1 -DACC_MEM_SHARED=1 -foffload=disable -O2 (test for excess errors)
FAIL: libgomp.oacc-c/../libgomp.oacc-c-c++-common/host_data-7.c -DACC_DEVICE_TYPE_host=1 -DACC_MEM_SHARED=1 -foffload=disable -O2 (test for excess errors)
=== libgomp Summary for unix/-m64 ===
# of expected passes 11679
# of unexpected failures 8
# of expected failures 103
# of unresolved testcases 3
# of unsupported tests 617
=== libgomp Summary ===
# of expected passes 23358
# of unexpected failures 16
# of expected failures 206
# of unresolved testcases 6
# of unsupported tests 1234
=== libitm tests ===
Running target unix
=== libitm Summary for unix ===
# of expected passes 44
# of expected failures 3
# of unsupported tests 1
Running target unix/-m64
=== libitm Summary for unix/-m64 ===
# of expected passes 44
# of expected failures 3
# of unsupported tests 1
=== libitm Summary ===
# of expected passes 88
# of expected failures 6
# of unsupported tests 2
=== libphobos tests ===
Running target unix
FAIL: libphobos.aa/test_aa.d (test for excess errors)
FAIL: libphobos.aa/test_aa.d execution test
FAIL: libphobos.allocations/overflow_from_existing.d (test for excess errors)
FAIL: libphobos.allocations/overflow_from_existing.d output pattern test
FAIL: libphobos.allocations/overflow_from_zero.d (test for excess errors)
FAIL: libphobos.allocations/overflow_from_zero.d output pattern test
FAIL: libphobos.allocations/tls_gc_integration.d (test for excess errors)
FAIL: libphobos.allocations/tls_gc_integration.d execution test
FAIL: libphobos.cycles/mod1.d --DRT-oncycle=abort (test for excess errors)
FAIL: libphobos.cycles/mod1.d --DRT-oncycle=deprecate (test for excess errors)
FAIL: libphobos.cycles/mod1.d --DRT-oncycle=deprecate execution test
FAIL: libphobos.cycles/mod1.d --DRT-oncycle=ignore (test for excess errors)
FAIL: libphobos.cycles/mod1.d --DRT-oncycle=ignore execution test
FAIL: libphobos.cycles/mod1.d --DRT-oncycle=print (test for excess errors)
FAIL: libphobos.cycles/mod1.d --DRT-oncycle=print execution test
FAIL: libphobos.cycles/mod2.d --DRT-oncycle=abort (test for excess errors)
FAIL: libphobos.cycles/mod2.d --DRT-oncycle=deprecate (test for excess errors)
FAIL: libphobos.cycles/mod2.d --DRT-oncycle=deprecate execution test
FAIL: libphobos.cycles/mod2.d --DRT-oncycle=ignore (test for excess errors)
FAIL: libphobos.cycles/mod2.d --DRT-oncycle=ignore execution test
FAIL: libphobos.cycles/mod2.d --DRT-oncycle=print (test for excess errors)
FAIL: libphobos.cycles/mod2.d --DRT-oncycle=print execution test
FAIL: libphobos.cycles/mod3.d --DRT-oncycle=abort (test for excess errors)
FAIL: libphobos.cycles/mod3.d --DRT-oncycle=deprecate (test for excess errors)
FAIL: libphobos.cycles/mod3.d --DRT-oncycle=deprecate execution test
FAIL: libphobos.cycles/mod3.d --DRT-oncycle=ignore (test for excess errors)
FAIL: libphobos.cycles/mod3.d --DRT-oncycle=ignore execution test
FAIL: libphobos.cycles/mod3.d --DRT-oncycle=print (test for excess errors)
FAIL: libphobos.cycles/mod3.d --DRT-oncycle=print execution test
FAIL: libphobos.druntime/core/atomic.d (test for excess errors)
FAIL: libphobos.druntime/core/atomic.d execution test
FAIL: libphobos.druntime/core/bitop.d (test for excess errors)
FAIL: libphobos.druntime/core/bitop.d execution test
FAIL: libphobos.druntime/core/checkedint.d (test for excess errors)
FAIL: libphobos.druntime/core/checkedint.d execution test
FAIL: libphobos.druntime/core/demangle.d (test for excess errors)
FAIL: libphobos.druntime/core/demangle.d execution test
FAIL: libphobos.druntime/core/exception.d (test for excess errors)
FAIL: libphobos.druntime/core/exception.d execution test
FAIL: libphobos.druntime/core/internal/arrayop.d (test for excess errors)
FAIL: libphobos.druntime/core/internal/arrayop.d execution test
FAIL: libphobos.druntime/core/internal/attributes.d (test for excess errors)
FAIL: libphobos.druntime/core/internal/attributes.d execution test
FAIL: libphobos.druntime/core/internal/convert.d (test for excess errors)
FAIL: libphobos.druntime/core/internal/convert.d execution test
FAIL: libphobos.druntime/core/internal/hash.d (test for excess errors)
FAIL: libphobos.druntime/core/internal/hash.d execution test
FAIL: libphobos.druntime/core/internal/string.d (test for excess errors)
FAIL: libphobos.druntime/core/internal/string.d execution test
FAIL: libphobos.druntime/core/internal/traits.d (test for excess errors)
FAIL: libphobos.druntime/core/internal/traits.d execution test
FAIL: libphobos.druntime/core/math.d (test for excess errors)
FAIL: libphobos.druntime/core/math.d execution test
FAIL: libphobos.druntime/core/memory.d (test for excess errors)
FAIL: libphobos.druntime/core/memory.d execution test
FAIL: libphobos.druntime/core/runtime.d (test for excess errors)
FAIL: libphobos.druntime/core/runtime.d execution test
FAIL: libphobos.druntime/core/simd.d (test for excess errors)
FAIL: libphobos.druntime/core/simd.d execution test
FAIL: libphobos.druntime/core/stdc/stdarg.d (test for excess errors)
FAIL: libphobos.druntime/core/stdc/stdarg.d execution test
FAIL: libphobos.druntime/core/stdc/stdlib.d (test for excess errors)
FAIL: libphobos.druntime/core/stdc/stdlib.d execution test
FAIL: libphobos.druntime/core/sync/barrier.d (test for excess errors)
FAIL: libphobos.druntime/core/sync/barrier.d execution test
FAIL: libphobos.druntime/core/sync/condition.d (test for excess errors)
FAIL: libphobos.druntime/core/sync/condition.d execution test
FAIL: libphobos.druntime/core/sync/mutex.d (test for excess errors)
FAIL: libphobos.druntime/core/sync/mutex.d execution test
FAIL: libphobos.druntime/core/sync/rwmutex.d (test for excess errors)
FAIL: libphobos.druntime/core/sync/rwmutex.d execution test
FAIL: libphobos.druntime/core/sync/semaphore.d (test for excess errors)
FAIL: libphobos.druntime/core/sync/semaphore.d execution test
FAIL: libphobos.druntime/core/sys/darwin/sys/attr.d (test for excess errors)
FAIL: libphobos.druntime/core/sys/darwin/sys/attr.d execution test
FAIL: libphobos.druntime/core/sys/linux/stdio.d (test for excess errors)
FAIL: libphobos.druntime/core/sys/linux/stdio.d execution test
FAIL: libphobos.druntime/core/sys/linux/tipc.d (test for excess errors)
FAIL: libphobos.druntime/core/sys/linux/tipc.d execution test
FAIL: libphobos.druntime/core/sys/posix/stdio.d (test for excess errors)
FAIL: libphobos.druntime/core/sys/posix/stdio.d execution test
FAIL: libphobos.druntime/core/sys/posix/sys/select.d (test for excess errors)
FAIL: libphobos.druntime/core/sys/posix/sys/select.d execution test
FAIL: libphobos.druntime/core/sys/windows/basetsd.d (test for excess errors)
FAIL: libphobos.druntime/core/sys/windows/basetsd.d execution test
FAIL: libphobos.druntime/core/sys/windows/dde.d (test for excess errors)
FAIL: libphobos.druntime/core/sys/windows/dde.d execution test
FAIL: libphobos.druntime/core/sys/windows/w32api.d (test for excess errors)
FAIL: libphobos.druntime/core/sys/windows/w32api.d execution test
FAIL: libphobos.druntime/core/thread/fiber.d (test for excess errors)
FAIL: libphobos.druntime/core/thread/fiber.d execution test
FAIL: libphobos.druntime/core/thread/osthread.d (test for excess errors)
FAIL: libphobos.druntime/core/thread/osthread.d execution test
FAIL: libphobos.druntime/core/thread/threadbase.d (test for excess errors)
FAIL: libphobos.druntime/core/thread/threadbase.d execution test
FAIL: libphobos.druntime/core/time.d (test for excess errors)
FAIL: libphobos.druntime/core/time.d execution test
FAIL: libphobos.druntime/core/volatile.d (test for excess errors)
FAIL: libphobos.druntime/core/volatile.d execution test
FAIL: libphobos.druntime/gc/bits.d (test for excess errors)
FAIL: libphobos.druntime/gc/bits.d execution test
FAIL: libphobos.druntime/gc/config.d (test for excess errors)
FAIL: libphobos.druntime/gc/config.d execution test
FAIL: libphobos.druntime/gc/impl/conservative/gc.d (test for excess errors)
FAIL: libphobos.druntime/gc/impl/conservative/gc.d execution test
FAIL: libphobos.druntime/gc/pooltable.d (test for excess errors)
FAIL: libphobos.druntime/gc/pooltable.d execution test
FAIL: libphobos.druntime/gcc/backtrace.d (test for excess errors)
FAIL: libphobos.druntime/gcc/backtrace.d execution test
FAIL: libphobos.druntime/object.d (test for excess errors)
FAIL: libphobos.druntime/object.d execution test
FAIL: libphobos.druntime/rt/aApply.d (test for excess errors)
FAIL: libphobos.druntime/rt/aApply.d execution test
FAIL: libphobos.druntime/rt/aApplyR.d (test for excess errors)
FAIL: libphobos.druntime/rt/aApplyR.d execution test
FAIL: libphobos.druntime/rt/aaA.d (test for excess errors)
FAIL: libphobos.druntime/rt/aaA.d execution test
FAIL: libphobos.druntime/rt/adi.d (test for excess errors)
FAIL: libphobos.druntime/rt/adi.d execution test
FAIL: libphobos.druntime/rt/arrayassign.d (test for excess errors)
FAIL: libphobos.druntime/rt/arrayassign.d execution test
FAIL: libphobos.druntime/rt/arraycast.d (test for excess errors)
FAIL: libphobos.druntime/rt/arraycast.d execution test
FAIL: libphobos.druntime/rt/lifetime.d (test for excess errors)
FAIL: libphobos.druntime/rt/lifetime.d execution test
FAIL: libphobos.druntime/rt/minfo.d (test for excess errors)
FAIL: libphobos.druntime/rt/minfo.d execution test
FAIL: libphobos.druntime/rt/monitor_.d (test for excess errors)
FAIL: libphobos.druntime/rt/monitor_.d execution test
FAIL: libphobos.druntime/rt/qsort.d (test for excess errors)
FAIL: libphobos.druntime/rt/qsort.d execution test
FAIL: libphobos.druntime/rt/switch_.d (test for excess errors)
FAIL: libphobos.druntime/rt/switch_.d execution test
FAIL: libphobos.druntime/rt/util/container/array.d (test for excess errors)
FAIL: libphobos.druntime/rt/util/container/array.d execution test
FAIL: libphobos.druntime/rt/util/container/common.d (test for excess errors)
FAIL: libphobos.druntime/rt/util/container/common.d execution test
FAIL: libphobos.druntime/rt/util/container/hashtab.d (test for excess errors)
FAIL: libphobos.druntime/rt/util/container/hashtab.d execution test
FAIL: libphobos.druntime/rt/util/container/treap.d (test for excess errors)
FAIL: libphobos.druntime/rt/util/container/treap.d execution test
FAIL: libphobos.druntime/rt/util/typeinfo.d (test for excess errors)
FAIL: libphobos.druntime/rt/util/typeinfo.d execution test
FAIL: libphobos.druntime/rt/util/utf.d (test for excess errors)
FAIL: libphobos.druntime/rt/util/utf.d execution test
FAIL: libphobos.exceptions/chain.d (test for excess errors)
FAIL: libphobos.exceptions/chain.d execution test
FAIL: libphobos.exceptions/invalid_memory_operation.d (test for excess errors)
FAIL: libphobos.exceptions/invalid_memory_operation.d output pattern test
FAIL: libphobos.exceptions/line_trace.d (test for excess errors)
FAIL: libphobos.exceptions/line_trace.d execution test
FAIL: libphobos.exceptions/static_dtor.d (test for excess errors)
FAIL: libphobos.exceptions/static_dtor.d output pattern test
FAIL: libphobos.exceptions/stderr_msg.d (test for excess errors)
FAIL: libphobos.exceptions/stderr_msg.d output pattern test
FAIL: libphobos.exceptions/unittest_assert.d (test for excess errors)
FAIL: libphobos.exceptions/unittest_assert.d output pattern test
FAIL: libphobos.hash/test_hash.d (test for excess errors)
FAIL: libphobos.hash/test_hash.d execution test
FAIL: libphobos.init_fini/runtime_args.d (test for excess errors)
FAIL: libphobos.init_fini/runtime_args.d execution test
FAIL: libphobos.init_fini/thread_join.d (test for excess errors)
FAIL: libphobos.init_fini/thread_join.d execution test
FAIL: libphobos.shared/finalize.d -shared-libphobos -ldl execution test
FAIL: libphobos.shared/linkD.c lib.so -ldl -pthread (test for excess errors)
FAIL: libphobos.shared/load.d -shared-libphobos -ldl execution test
FAIL: libphobos.shared/load_13414.d -shared-libphobos -ldl execution test
FAIL: libphobos.thread/fiber_guard_page.d (test for excess errors)
FAIL: libphobos.thread/tlsgc_sections.d (test for excess errors)
FAIL: libphobos.thread/tlsgc_sections.d execution test
FAIL: libphobos.typeinfo/comparison.d (test for excess errors)
FAIL: libphobos.typeinfo/comparison.d execution test
FAIL: libphobos.typeinfo/struct-align.d (test for excess errors)
FAIL: libphobos.typeinfo/struct-align.d execution test
=== libphobos Summary for unix ===
# of expected passes 149
# of unexpected failures 174
Running target unix/-m64
FAIL: libphobos.aa/test_aa.d (test for excess errors)
FAIL: libphobos.aa/test_aa.d execution test
FAIL: libphobos.allocations/overflow_from_existing.d (test for excess errors)
FAIL: libphobos.allocations/overflow_from_existing.d output pattern test
FAIL: libphobos.allocations/overflow_from_zero.d (test for excess errors)
FAIL: libphobos.allocations/overflow_from_zero.d output pattern test
FAIL: libphobos.allocations/tls_gc_integration.d (test for excess errors)
FAIL: libphobos.allocations/tls_gc_integration.d execution test
FAIL: libphobos.cycles/mod1.d --DRT-oncycle=abort (test for excess errors)
FAIL: libphobos.cycles/mod1.d --DRT-oncycle=deprecate (test for excess errors)
FAIL: libphobos.cycles/mod1.d --DRT-oncycle=deprecate execution test
FAIL: libphobos.cycles/mod1.d --DRT-oncycle=ignore (test for excess errors)
FAIL: libphobos.cycles/mod1.d --DRT-oncycle=ignore execution test
FAIL: libphobos.cycles/mod1.d --DRT-oncycle=print (test for excess errors)
FAIL: libphobos.cycles/mod1.d --DRT-oncycle=print execution test
FAIL: libphobos.cycles/mod2.d --DRT-oncycle=abort (test for excess errors)
FAIL: libphobos.cycles/mod2.d --DRT-oncycle=deprecate (test for excess errors)
FAIL: libphobos.cycles/mod2.d --DRT-oncycle=deprecate execution test
FAIL: libphobos.cycles/mod2.d --DRT-oncycle=ignore (test for excess errors)
FAIL: libphobos.cycles/mod2.d --DRT-oncycle=ignore execution test
FAIL: libphobos.cycles/mod2.d --DRT-oncycle=print (test for excess errors)
FAIL: libphobos.cycles/mod2.d --DRT-oncycle=print execution test
FAIL: libphobos.cycles/mod3.d --DRT-oncycle=abort (test for excess errors)
FAIL: libphobos.cycles/mod3.d --DRT-oncycle=deprecate (test for excess errors)
FAIL: libphobos.cycles/mod3.d --DRT-oncycle=deprecate execution test
FAIL: libphobos.cycles/mod3.d --DRT-oncycle=ignore (test for excess errors)
FAIL: libphobos.cycles/mod3.d --DRT-oncycle=ignore execution test
FAIL: libphobos.cycles/mod3.d --DRT-oncycle=print (test for excess errors)
FAIL: libphobos.cycles/mod3.d --DRT-oncycle=print execution test
FAIL: libphobos.druntime/core/atomic.d (test for excess errors)
FAIL: libphobos.druntime/core/atomic.d execution test
FAIL: libphobos.druntime/core/bitop.d (test for excess errors)
FAIL: libphobos.druntime/core/bitop.d execution test
FAIL: libphobos.druntime/core/checkedint.d (test for excess errors)
FAIL: libphobos.druntime/core/checkedint.d execution test
FAIL: libphobos.druntime/core/demangle.d (test for excess errors)
FAIL: libphobos.druntime/core/demangle.d execution test
FAIL: libphobos.druntime/core/exception.d (test for excess errors)
FAIL: libphobos.druntime/core/exception.d execution test
FAIL: libphobos.druntime/core/internal/arrayop.d (test for excess errors)
FAIL: libphobos.druntime/core/internal/arrayop.d execution test
FAIL: libphobos.druntime/core/internal/attributes.d (test for excess errors)
FAIL: libphobos.druntime/core/internal/attributes.d execution test
FAIL: libphobos.druntime/core/internal/convert.d (test for excess errors)
FAIL: libphobos.druntime/core/internal/convert.d execution test
FAIL: libphobos.druntime/core/internal/hash.d (test for excess errors)
FAIL: libphobos.druntime/core/internal/hash.d execution test
FAIL: libphobos.druntime/core/internal/string.d (test for excess errors)
FAIL: libphobos.druntime/core/internal/string.d execution test
FAIL: libphobos.druntime/core/internal/traits.d (test for excess errors)
FAIL: libphobos.druntime/core/internal/traits.d execution test
FAIL: libphobos.druntime/core/math.d (test for excess errors)
FAIL: libphobos.druntime/core/math.d execution test
FAIL: libphobos.druntime/core/memory.d (test for excess errors)
FAIL: libphobos.druntime/core/memory.d execution test
FAIL: libphobos.druntime/core/runtime.d (test for excess errors)
FAIL: libphobos.druntime/core/runtime.d execution test
FAIL: libphobos.druntime/core/simd.d (test for excess errors)
FAIL: libphobos.druntime/core/simd.d execution test
FAIL: libphobos.druntime/core/stdc/stdarg.d (test for excess errors)
FAIL: libphobos.druntime/core/stdc/stdarg.d execution test
FAIL: libphobos.druntime/core/stdc/stdlib.d (test for excess errors)
FAIL: libphobos.druntime/core/stdc/stdlib.d execution test
FAIL: libphobos.druntime/core/sync/barrier.d (test for excess errors)
FAIL: libphobos.druntime/core/sync/barrier.d execution test
FAIL: libphobos.druntime/core/sync/condition.d (test for excess errors)
FAIL: libphobos.druntime/core/sync/condition.d execution test
FAIL: libphobos.druntime/core/sync/mutex.d (test for excess errors)
FAIL: libphobos.druntime/core/sync/mutex.d execution test
FAIL: libphobos.druntime/core/sync/rwmutex.d (test for excess errors)
FAIL: libphobos.druntime/core/sync/rwmutex.d execution test
FAIL: libphobos.druntime/core/sync/semaphore.d (test for excess errors)
FAIL: libphobos.druntime/core/sync/semaphore.d execution test
FAIL: libphobos.druntime/core/sys/darwin/sys/attr.d (test for excess errors)
FAIL: libphobos.druntime/core/sys/darwin/sys/attr.d execution test
FAIL: libphobos.druntime/core/sys/linux/stdio.d (test for excess errors)
FAIL: libphobos.druntime/core/sys/linux/stdio.d execution test
FAIL: libphobos.druntime/core/sys/linux/tipc.d (test for excess errors)
FAIL: libphobos.druntime/core/sys/linux/tipc.d execution test
FAIL: libphobos.druntime/core/sys/posix/stdio.d (test for excess errors)
FAIL: libphobos.druntime/core/sys/posix/stdio.d execution test
FAIL: libphobos.druntime/core/sys/posix/sys/select.d (test for excess errors)
FAIL: libphobos.druntime/core/sys/posix/sys/select.d execution test
FAIL: libphobos.druntime/core/sys/windows/basetsd.d (test for excess errors)
FAIL: libphobos.druntime/core/sys/windows/basetsd.d execution test
FAIL: libphobos.druntime/core/sys/windows/dde.d (test for excess errors)
FAIL: libphobos.druntime/core/sys/windows/dde.d execution test
FAIL: libphobos.druntime/core/sys/windows/w32api.d (test for excess errors)
FAIL: libphobos.druntime/core/sys/windows/w32api.d execution test
FAIL: libphobos.druntime/core/thread/fiber.d (test for excess errors)
FAIL: libphobos.druntime/core/thread/fiber.d execution test
FAIL: libphobos.druntime/core/thread/osthread.d (test for excess errors)
FAIL: libphobos.druntime/core/thread/osthread.d execution test
FAIL: libphobos.druntime/core/thread/threadbase.d (test for excess errors)
FAIL: libphobos.druntime/core/thread/threadbase.d execution test
FAIL: libphobos.druntime/core/time.d (test for excess errors)
FAIL: libphobos.druntime/core/time.d execution test
FAIL: libphobos.druntime/core/volatile.d (test for excess errors)
FAIL: libphobos.druntime/core/volatile.d execution test
FAIL: libphobos.druntime/gc/bits.d (test for excess errors)
FAIL: libphobos.druntime/gc/bits.d execution test
FAIL: libphobos.druntime/gc/config.d (test for excess errors)
FAIL: libphobos.druntime/gc/config.d execution test
FAIL: libphobos.druntime/gc/impl/conservative/gc.d (test for excess errors)
FAIL: libphobos.druntime/gc/impl/conservative/gc.d execution test
FAIL: libphobos.druntime/gc/pooltable.d (test for excess errors)
FAIL: libphobos.druntime/gc/pooltable.d execution test
FAIL: libphobos.druntime/gcc/backtrace.d (test for excess errors)
FAIL: libphobos.druntime/gcc/backtrace.d execution test
FAIL: libphobos.druntime/object.d (test for excess errors)
FAIL: libphobos.druntime/object.d execution test
FAIL: libphobos.druntime/rt/aApply.d (test for excess errors)
FAIL: libphobos.druntime/rt/aApply.d execution test
FAIL: libphobos.druntime/rt/aApplyR.d (test for excess errors)
FAIL: libphobos.druntime/rt/aApplyR.d execution test
FAIL: libphobos.druntime/rt/aaA.d (test for excess errors)
FAIL: libphobos.druntime/rt/aaA.d execution test
FAIL: libphobos.druntime/rt/adi.d (test for excess errors)
FAIL: libphobos.druntime/rt/adi.d execution test
FAIL: libphobos.druntime/rt/arrayassign.d (test for excess errors)
FAIL: libphobos.druntime/rt/arrayassign.d execution test
FAIL: libphobos.druntime/rt/arraycast.d (test for excess errors)
FAIL: libphobos.druntime/rt/arraycast.d execution test
FAIL: libphobos.druntime/rt/lifetime.d (test for excess errors)
FAIL: libphobos.druntime/rt/lifetime.d execution test
FAIL: libphobos.druntime/rt/minfo.d (test for excess errors)
FAIL: libphobos.druntime/rt/minfo.d execution test
FAIL: libphobos.druntime/rt/monitor_.d (test for excess errors)
FAIL: libphobos.druntime/rt/monitor_.d execution test
FAIL: libphobos.druntime/rt/qsort.d (test for excess errors)
FAIL: libphobos.druntime/rt/qsort.d execution test
FAIL: libphobos.druntime/rt/switch_.d (test for excess errors)
FAIL: libphobos.druntime/rt/switch_.d execution test
FAIL: libphobos.druntime/rt/util/container/array.d (test for excess errors)
FAIL: libphobos.druntime/rt/util/container/array.d execution test
FAIL: libphobos.druntime/rt/util/container/common.d (test for excess errors)
FAIL: libphobos.druntime/rt/util/container/common.d execution test
FAIL: libphobos.druntime/rt/util/container/hashtab.d (test for excess errors)
FAIL: libphobos.druntime/rt/util/container/hashtab.d execution test
FAIL: libphobos.druntime/rt/util/container/treap.d (test for excess errors)
FAIL: libphobos.druntime/rt/util/container/treap.d execution test
FAIL: libphobos.druntime/rt/util/typeinfo.d (test for excess errors)
FAIL: libphobos.druntime/rt/util/typeinfo.d execution test
FAIL: libphobos.druntime/rt/util/utf.d (test for excess errors)
FAIL: libphobos.druntime/rt/util/utf.d execution test
FAIL: libphobos.exceptions/chain.d (test for excess errors)
FAIL: libphobos.exceptions/chain.d execution test
FAIL: libphobos.exceptions/invalid_memory_operation.d (test for excess errors)
FAIL: libphobos.exceptions/invalid_memory_operation.d output pattern test
FAIL: libphobos.exceptions/line_trace.d (test for excess errors)
FAIL: libphobos.exceptions/line_trace.d execution test
FAIL: libphobos.exceptions/static_dtor.d (test for excess errors)
FAIL: libphobos.exceptions/static_dtor.d output pattern test
FAIL: libphobos.exceptions/stderr_msg.d (test for excess errors)
FAIL: libphobos.exceptions/stderr_msg.d output pattern test
FAIL: libphobos.exceptions/unittest_assert.d (test for excess errors)
FAIL: libphobos.exceptions/unittest_assert.d output pattern test
FAIL: libphobos.hash/test_hash.d (test for excess errors)
FAIL: libphobos.hash/test_hash.d execution test
FAIL: libphobos.init_fini/runtime_args.d (test for excess errors)
FAIL: libphobos.init_fini/runtime_args.d execution test
FAIL: libphobos.init_fini/thread_join.d (test for excess errors)
FAIL: libphobos.init_fini/thread_join.d execution test
FAIL: libphobos.shared/finalize.d -shared-libphobos -ldl execution test
FAIL: libphobos.shared/linkD.c lib.so -ldl -pthread (test for excess errors)
FAIL: libphobos.shared/load.d -shared-libphobos -ldl execution test
FAIL: libphobos.shared/load_13414.d -shared-libphobos -ldl execution test
FAIL: libphobos.thread/fiber_guard_page.d (test for excess errors)
FAIL: libphobos.thread/tlsgc_sections.d (test for excess errors)
FAIL: libphobos.thread/tlsgc_sections.d execution test
FAIL: libphobos.typeinfo/comparison.d (test for excess errors)
FAIL: libphobos.typeinfo/comparison.d execution test
FAIL: libphobos.typeinfo/struct-align.d (test for excess errors)
FAIL: libphobos.typeinfo/struct-align.d execution test
=== libphobos Summary for unix/-m64 ===
# of expected passes 149
# of unexpected failures 174
=== libphobos Summary ===
# of expected passes 298
# of unexpected failures 348
=== libstdc++ tests ===
Running target unix
FAIL: 18_support/nested_exception/rethrow_if_nested.cc (test for excess errors)
UNRESOLVED: 18_support/nested_exception/rethrow_if_nested.cc compilation failed to produce executable
FAIL: 20_util/variant/exception_safety.cc (test for excess errors)
UNRESOLVED: 20_util/variant/exception_safety.cc compilation failed to produce executable
FAIL: 20_util/variant/run.cc (test for excess errors)
UNRESOLVED: 20_util/variant/run.cc compilation failed to produce executable
FAIL: std/ranges/adaptors/join.cc (test for excess errors)
UNRESOLVED: std/ranges/adaptors/join.cc compilation failed to produce executable
=== libstdc++ Summary for unix ===
# of expected passes 14897
# of unexpected failures 4
# of expected failures 96
# of unresolved testcases 4
# of unsupported tests 752
Running target unix/-m64
FAIL: 18_support/nested_exception/rethrow_if_nested.cc (test for excess errors)
UNRESOLVED: 18_support/nested_exception/rethrow_if_nested.cc compilation failed to produce executable
FAIL: 20_util/variant/exception_safety.cc (test for excess errors)
UNRESOLVED: 20_util/variant/exception_safety.cc compilation failed to produce executable
FAIL: 20_util/variant/run.cc (test for excess errors)
UNRESOLVED: 20_util/variant/run.cc compilation failed to produce executable
FAIL: std/ranges/adaptors/join.cc (test for excess errors)
UNRESOLVED: std/ranges/adaptors/join.cc compilation failed to produce executable
=== libstdc++ Summary for unix/-m64 ===
# of expected passes 14893
# of unexpected failures 4
# of expected failures 96
# of unresolved testcases 4
# of unsupported tests 754
=== libstdc++ Summary ===
# of expected passes 29790
# of unexpected failures 8
# of expected failures 192
# of unresolved testcases 8
# of unsupported tests 1506
Compiler version: 12.0.0 20211112 (experimental) [master revision 140346fa246dc2476c5c2bf2ecadebd18a3af5d0] (GCC)
Platform: sparc-sun-solaris2.11
configure flags: --prefix=/vol/gcc --target=sparc-sun-solaris2.11 --enable-objc-gc --with-target-bdw-gc-include=/vol/gcc/include --with-target-bdw-gc-lib=/vol/gcc/lib,sparcv9=/vol/gcc/lib/sparcv9 --with-as=/vol/gcc/bin/gas-2.37 --with-gnu-as --with-ld=/vol/gcc/bin/gld-2.37 --with-gnu-ld --with-gmp-include=/vol/gcc/include --with-gmp-lib=/vol/gcc/lib --with-mpfr-include=/vol/gcc/include --with-mpfr-lib=/vol/gcc/lib --with-mpc-include=/vol/gcc/include --with-mpc-lib=/vol/gcc/lib --enable-languages=all,ada,obj-c++,go --with-isl-include=/vol/gcc/include --with-isl-lib=/vol/gcc/lib --with-zstd-include=/vol/gcc/include --with-zstd-lib=/vol/gcc/lib --build=sparc-sun-solaris2.11 --host=sparc-sun-solaris2.11
BOOT_CFLAGS=-g -O2
More information about the Gcc-testresults
mailing list