Results for 12.0.0 20210508 (experimental) [master revision 292da5c58da:d8763feb89a:62d87a321b29f9febdacc6220367021d98db3057] (Debian 20210508-1) testsuite on aarch64-unknown-linux-gnu
Matthias Klose
doko@debian.org
Mon May 10 17:56:55 GMT 2021
LAST_UPDATED: Sat May 8 06:31:59 UTC 2021 (revision 292da5c58da:d8763feb89a:62d87a321b29f9febdacc6220367021d98db3057)
Native configuration is aarch64-unknown-linux-gnu
=== libatomic tests ===
Running target unix
=== libatomic Summary ===
# of expected passes 54
=== libffi tests ===
Running target unix
=== libffi Summary ===
# of expected passes 2214
=== libgo tests ===
Running target unix
FAIL: os
=== libgo Summary ===
# of expected passes 183
# of unexpected failures 1
/build/gcc-snapshot-lv4itq/gcc-snapshot-20210508/build/./gcc/gccgo version 12.0.0 20210508 (experimental) [master revision 292da5c58da:d8763feb89a:62d87a321b29f9febdacc6220367021d98db3057] (Debian 20210508-1)
=== libgomp tests ===
Running target unix
FAIL: libgomp.oacc-c/../libgomp.oacc-c-c++-common/declare-vla-kernels-decompose-ice-1.c -DACC_DEVICE_TYPE_host=1 -DACC_MEM_SHARED=1 -foffload=disable -O2 (test for excess errors)
FAIL: libgomp.oacc-c++/../libgomp.oacc-c-c++-common/declare-vla-kernels-decompose-ice-1.c -DACC_DEVICE_TYPE_host=1 -DACC_MEM_SHARED=1 -foffload=disable -O2 (test for excess errors)
=== libgomp Summary ===
# of expected passes 8585
# of unexpected failures 2
# of expected failures 86
# of unsupported tests 610
=== libitm tests ===
Running target unix
=== libitm Summary ===
# of expected passes 42
# of expected failures 3
# of unsupported tests 1
=== libphobos tests ===
Running target unix
FAIL: libphobos.phobos/std/datetime/systime.d execution test
FAIL: libphobos.phobos/std/internal/math/errorfunction.d execution test
FAIL: libphobos.phobos/std/internal/math/gammafunction.d execution test
FAIL: libphobos.phobos/std/math.d execution test
FAIL: libphobos.phobos/std/numeric.d execution test
FAIL: libphobos.phobos_shared/std/datetime/systime.d execution test
FAIL: libphobos.phobos_shared/std/internal/math/errorfunction.d execution test
FAIL: libphobos.phobos_shared/std/internal/math/gammafunction.d execution test
FAIL: libphobos.phobos_shared/std/math.d execution test
FAIL: libphobos.phobos_shared/std/numeric.d execution test
=== libphobos Summary ===
# of expected passes 774
# of unexpected failures 10
# of unsupported tests 2
=== libstdc++ tests ===
Running target unix
FAIL: 22_locale/numpunct/members/char/3.cc execution test
FAIL: 22_locale/time_get/get_time/char/2.cc execution test
FAIL: 22_locale/time_get/get_time/char/wrapped_env.cc execution test
FAIL: 22_locale/time_get/get_time/char/wrapped_locale.cc execution test
FAIL: 22_locale/time_get/get_time/wchar_t/2.cc execution test
FAIL: 22_locale/time_get/get_time/wchar_t/wrapped_env.cc execution test
FAIL: 22_locale/time_get/get_time/wchar_t/wrapped_locale.cc execution test
=== libstdc++ Summary ===
# of expected passes 15358
# of unexpected failures 7
# of expected failures 104
# of unsupported tests 379
=== acats tests ===
=== acats Summary ===
# of expected passes 2328
# of unexpected failures 0
=== g++ tests ===
Running target unix
FAIL: g++.dg/cpp0x/constexpr-52830.C -std=c++14 (test for excess errors)
FAIL: g++.dg/cpp0x/constexpr-52830.C -std=c++17 (test for excess errors)
FAIL: g++.dg/cpp0x/constexpr-52830.C -std=c++2a (test for excess errors)
FAIL: g++.dg/cpp0x/vt-88982.C -std=c++14 (test for excess errors)
FAIL: g++.dg/cpp0x/vt-88982.C -std=c++17 (test for excess errors)
FAIL: g++.dg/cpp0x/vt-88982.C -std=c++2a (test for excess errors)
FAIL: g++.dg/cpp1y/auto-fn61.C -std=c++14 (test for excess errors)
FAIL: g++.dg/cpp1y/auto-fn61.C -std=c++17 (test for excess errors)
FAIL: g++.dg/cpp1y/auto-fn61.C -std=c++2a (test for excess errors)
FAIL: g++.dg/cpp1z/constexpr-lambda26.C -std=c++17 (test for excess errors)
FAIL: g++.dg/cpp1z/constexpr-lambda26.C -std=c++2a (test for excess errors)
FAIL: c-c++-common/goacc/kernels-decompose-ice-1.c -std=c++98 (test for excess errors)
FAIL: c-c++-common/goacc/kernels-decompose-ice-1.c -std=c++14 (test for excess errors)
FAIL: c-c++-common/goacc/kernels-decompose-ice-1.c -std=c++17 (test for excess errors)
FAIL: c-c++-common/goacc/kernels-decompose-ice-1.c -std=c++2a (test for excess errors)
FAIL: c-c++-common/goacc/kernels-decompose-ice-2.c -std=c++98 (test for excess errors)
FAIL: c-c++-common/goacc/kernels-decompose-ice-2.c -std=c++14 (test for excess errors)
FAIL: c-c++-common/goacc/kernels-decompose-ice-2.c -std=c++17 (test for excess errors)
FAIL: c-c++-common/goacc/kernels-decompose-ice-2.c -std=c++2a (test for excess errors)
FAIL: g++.dg/modules/xtreme-header-4_b.C -std=c++2b (internal compiler error)
FAIL: g++.dg/modules/xtreme-header-4_b.C -std=c++2b (test for excess errors)
=== g++ Summary ===
# of expected passes 318212
# of unexpected failures 21
# of expected failures 2314
# of unsupported tests 9916
/build/gcc-snapshot-lv4itq/gcc-snapshot-20210508/build/gcc/xg++ version 12.0.0 20210508 (experimental) [master revision 292da5c58da:d8763feb89a:62d87a321b29f9febdacc6220367021d98db3057] (Debian 20210508-1)
=== gcc tests ===
Running target unix
FAIL: c-c++-common/goacc/kernels-decompose-ice-1.c (test for excess errors)
FAIL: c-c++-common/goacc/kernels-decompose-ice-2.c (test for excess errors)
=== gcc Summary ===
# of expected passes 263556
# of unexpected failures 2
# of expected failures 2219
# of unsupported tests 4538
/build/gcc-snapshot-lv4itq/gcc-snapshot-20210508/build/gcc/xgcc version 12.0.0 20210508 (experimental) [master revision 292da5c58da:d8763feb89a:62d87a321b29f9febdacc6220367021d98db3057] (Debian 20210508-1)
=== gdc tests ===
Running target unix
FAIL: gdc.test/compilable/const.d output-exists const.s
UNRESOLVED: gdc.test/runnable/constfold.d compilation failed to produce executable
UNRESOLVED: gdc.test/runnable/constfold.d -shared-libphobos compilation failed to produce executable
=== gdc Summary ===
# of expected passes 10628
# of unexpected failures 1
# of unresolved testcases 2
# of unsupported tests 26
/build/gcc-snapshot-lv4itq/gcc-snapshot-20210508/build/gcc/gdc version 12.0.0 20210508 (experimental) [master revision 292da5c58da:d8763feb89a:62d87a321b29f9febdacc6220367021d98db3057] (Debian 20210508-1)
=== gfortran tests ===
Running target unix
=== gfortran Summary ===
# of expected passes 56039
# of expected failures 239
# of unsupported tests 148
/build/gcc-snapshot-lv4itq/gcc-snapshot-20210508/build/gcc/gfortran version 12.0.0 20210508 (experimental) [master revision 292da5c58da:d8763feb89a:62d87a321b29f9febdacc6220367021d98db3057] (Debian 20210508-1)
=== gnat tests ===
Running target unix
=== gnat Summary ===
# of expected passes 3326
# of expected failures 23
# of unsupported tests 23
/build/gcc-snapshot-lv4itq/gcc-snapshot-20210508/build/gcc/gnatmake version 12.0.0 20210508 (experimental) [master revision 292da5c58da:d8763feb89a:62d87a321b29f9febdacc6220367021d98db3057]
=== go tests ===
Running target unix
FAIL: ./index0-out.go execution, -O0 -g -fno-var-tracking-assignments
WARNING: go.test/test/cmplxdivide.go program timed out.
FAIL: go.test/test/cmplxdivide.go
FAIL: go.test/test/fixedbugs/issue10441.go -O (test for excess errors)
FAIL: go.test/test/fixedbugs/issue27836.dir/Ãfoo.go -O -I. (test for excess errors)
FAIL: go.test/test/fixedbugs/issue27836.dir/Ãmain.go -O -I. (test for excess errors)
=== go Summary ===
# of expected passes 8875
# of unexpected failures 5
# of untested testcases 10
# of unsupported tests 32
/build/gcc-snapshot-lv4itq/gcc-snapshot-20210508/build/gcc/gccgo version 12.0.0 20210508 (experimental) [master revision 292da5c58da:d8763feb89a:62d87a321b29f9febdacc6220367021d98db3057] (Debian 20210508-1)
=== jit tests ===
Running target unix
FAIL: test-combination.c.exe: non-zero exit code: 5213 exp5 0 4
FAIL: test-functions.c.exe: non-zero exit code: 5945 exp5 0 4
FAIL: test-threads.c.exe: non-zero exit code: 5890 exp5 0 4
=== jit Summary ===
# of expected passes 6555
# of unexpected failures 3
# of unsupported tests 2
=== obj-c++ tests ===
Running target unix
=== obj-c++ Summary ===
# of expected passes 1482
# of expected failures 10
# of unsupported tests 77
/build/gcc-snapshot-lv4itq/gcc-snapshot-20210508/build/gcc/xg++ version 12.0.0 20210508 (experimental) [master revision 292da5c58da:d8763feb89a:62d87a321b29f9febdacc6220367021d98db3057] (Debian 20210508-1)
=== objc tests ===
Running target unix
=== objc Summary ===
# of expected passes 2824
# of unsupported tests 69
/build/gcc-snapshot-lv4itq/gcc-snapshot-20210508/build/gcc/xgcc version 12.0.0 20210508 (experimental) [master revision 292da5c58da:d8763feb89a:62d87a321b29f9febdacc6220367021d98db3057] (Debian 20210508-1)
=== gotools tests ===
=== gotools Summary ===
# of expected passes 397
# of untested testcases 122
/build/gcc-snapshot-lv4itq/gcc-snapshot-20210508/build/./gcc/gccgo version 12.0.0 20210508 (experimental) [master revision 292da5c58da:d8763feb89a:62d87a321b29f9febdacc6220367021d98db3057] (Debian 20210508-1)
Compiler version: 12.0.0 20210508 (experimental) [master revision 292da5c58da:d8763feb89a:62d87a321b29f9febdacc6220367021d98db3057] (Debian 20210508-1)
Platform: aarch64-unknown-linux-gnu
configure flags: -v --with-pkgversion='Debian 20210508-1' --with-bugurl=file:///usr/share/doc/gcc-snapshot/README.Bugs --enable-languages=c,ada,c++,go,d,fortran,objc,obj-c++ --prefix=/usr/lib/gcc-snapshot --with-gcc-major-version-only --program-prefix= --enable-shared --enable-linker-build-id --disable-nls --enable-bootstrap --enable-clocale=gnu --enable-libstdcxx-debug --enable-libstdcxx-time=yes --with-default-libstdcxx-abi=new --enable-gnu-unique-object --disable-libquadmath --disable-libquadmath-support --enable-plugin --with-system-zlib --enable-libphobos-checking=release --with-target-system-zlib=auto --enable-objc-gc=auto --enable-multiarch --enable-fix-cortex-a53-843419 --disable-werror --enable-checking=yes,extra,rtl --build=aarch64-linux-gnu --host=aarch64-linux-gnu --target=aarch64-linux-gnu --with-build-config=bootstrap-lto-lean --enable-link-serialization=2
BOOT_CFLAGS=
Build Dependencies:
Desired=Unknown/Install/Remove/Purge/Hold
| Status=Not/Inst/Conf-files/Unpacked/halF-conf/Half-inst/trig-aWait/Trig-pend
|/ Err?=(none)/Reinst-required (Status,Err: uppercase=bad)
||/ Name Version Architecture Description
+++-==========================-==============-============-===============================================================================
ii binutils 2.35.2-2 arm64 GNU assembler, linker and binary utilities
ii binutils-aarch64-linux-gnu 2.35.2-2 arm64 GNU binary utilities, for aarch64-linux-gnu target
ii binutils-common:arm64 2.35.2-2 arm64 Common files for the GNU assembler, linker and binary utilities
ii g++-10 10.2.1-6 arm64 GNU C++ compiler
ii libc6:arm64 2.31-12 arm64 GNU C Library: Shared libraries
ii libgmp-dev:arm64 2:6.2.1+dfsg-1 arm64 Multiprecision arithmetic library developers tools
ii libisl-dev:arm64 0.23-1 arm64 manipulating sets and relations of integer points bounded by linear constraints
ii libmpc-dev:arm64 1.2.0-1 arm64 multiple precision complex floating-point library development package
ii libmpfr-dev:arm64 4.1.0-3 arm64 multiple precision floating-point computation developers tools
sys-auxv-header:
Check for the sys/auxv.h header file.
gdc-dynamic-link-phobos:
Dynamically link the phobos library.
ia64-disable-selective-scheduling:
libstdc++-pythondir:
gm2-link:
format-diag:
gcc-verbose-lto-link:
Prefix LLINKER with /usr/bin/time -v
gcc-ice-dump:
For ICEs, dump the preprocessed source file to stderr
when in a distro build environment.
gcc-ice-apport:
Report an ICE to apport (if apport is available
and the environment variable GCC_NOAPPORT is not set)
skip-bootstrap-multilib:
Skip non-default multilib and libstdc++-v3 debug builds in bootstrap builds
libffi-ro-eh_frame_sect:
PR libffi/47248, force a read only eh frame section.
libffi-mips:
Backport Mips go closure support, taken from libffi issue #197.
gcc-multiarch:
- Remaining multiarch patches, not yet submitted upstream.
- Add MULTIARCH_DIRNAME definitions for multilib configurations,
which are used for the non-multilib builds.
config-ml:
- Disable some biarch libraries for biarch builds.
- Fix multilib builds on kernels which don't support all multilibs.
gcc-multilib-multiarch:
Don't auto-detect multilib osdirnames.
libgomp-kfreebsd-testsuite:
Disable lock-2.c test on kfreebsd-*
go-testsuite:
Skip Go testcase on AArch64 which hangs on the buildds.
Counting all warnings,
there are 0 warnings in stage3 of this bootstrap.
Number of warnings per file:
Number of warning types:
More information about the Gcc-testresults
mailing list