Results for 12.0.0 20210507 (experimental) (GCC) testsuite on x86_64-pc-linux-gnu
Shrisha Rao
shrao@alumni.cmu.edu
Mon May 10 04:24:25 GMT 2021
These results are as compiled on an EC2 instance from the Git source.
Native configuration is x86_64-pc-linux-gnu
=== gcc tests ===
Running target unix
FAIL: gcc.c-torture/execute/fprintf-2.c -O3 -g (test for excess errors)
FAIL: gcc.c-torture/execute/printf-2.c -O3 -g (test for excess errors)
FAIL: gcc.c-torture/execute/user-printf.c -O3 -g (test for excess errors)
FAIL: gcc.target/i386/avx512vpopcntdqvl-pr97770-1.c (test for excess errors)
UNRESOLVED: gcc.target/i386/avx512vpopcntdqvl-pr97770-1.c compilation failed to produce executable
FAIL: gcc.target/i386/pr97642-2.c (test for excess errors)
UNRESOLVED: gcc.target/i386/pr97642-2.c compilation failed to produce executable
=== gcc Summary ===
# of expected passes 159791
# of unexpected failures 5
# of expected failures 865
# of unresolved testcases 2
# of unsupported tests 2484
/home/ec2-user/tmp/gcctemp/gcc/xgcc version 12.0.0 20210507 (experimental) (GCC)
=== gfortran tests ===
Running target unix
=== gfortran Summary ===
# of expected passes 56633
# of expected failures 229
# of unsupported tests 97
/home/ec2-user/tmp/gcctemp/gcc/testsuite/gfortran/../../gfortran version 12.0.0 20210507 (experimental) (GCC)
=== g++ tests ===
Running target unix
=== g++ Summary ===
# of expected passes 208189
# of expected failures 1103
# of unsupported tests 9081
/home/ec2-user/tmp/gcctemp/gcc/testsuite/g++/../../xg++ version 12.0.0 20210507 (experimental) (GCC)
=== objc tests ===
Running target unix
=== objc Summary ===
# of expected passes 2820
# of expected failures 6
# of unsupported tests 68
/home/ec2-user/tmp/gcctemp/gcc/xgcc version 12.0.0 20210507 (experimental) (GCC)
=== libatomic tests ===
Running target unix
=== libatomic Summary ===
# of expected passes 54
=== libgomp tests ===
Running target unix
=== libgomp Summary ===
# of expected passes 8715
# of expected failures 84
# of unsupported tests 532
=== libitm tests ===
Running target unix
=== libitm Summary ===
# of expected passes 42
# of expected failures 3
# of unsupported tests 1
=== libstdc++ tests ===
Running target unix
ERROR: tcl error sourcing /home/ec2-user/tmp/gcc/libstdc++-v3/testsuite/libstdc++-dg/conformance.exp.
ERROR: usage: send [args] string
=== libstdc++ Summary ===
# of expected passes 14795
# of expected failures 104
# of unsupported tests 351
Compiler version: 12.0.0 20210507 (experimental) (GCC)
Platform: x86_64-pc-linux-gnu
configure flags: --disable-multilib --prefix=/shrao/testgcc
More information about the Gcc-testresults
mailing list