Results for 12.0.0 20210507 (experimental) [master revision 292da5c58da8fe60395c4b7569a0e828c800ded5] (GCC) testsuite on aarch64-unknown-linux-gnu
LINARO TCWG
tcwg@tcwg.validation.linaro.org
Sat May 8 08:15:23 GMT 2021
LAST_UPDATED: Sat May 8 00:32:17 UTC 2021 (revision 292da5c58da8fe60395c4b7569a0e828c800ded5)
Native configuration is aarch64-unknown-linux-gnu
=== libatomic tests ===
Running target tcwg-local
=== libatomic Summary ===
# of expected passes 54
=== libgomp tests ===
Running target tcwg-local
=== libgomp Summary ===
# of expected passes 8542
# of expected failures 84
# of unsupported tests 610
=== libitm tests ===
Running target tcwg-local
=== libitm Summary ===
# of expected passes 42
# of expected failures 3
# of unsupported tests 1
=== libstdc++ tests ===
Running target tcwg-local
=== libstdc++ Summary ===
# of expected passes 14733
# of expected failures 104
# of unsupported tests 695
=== gcc tests ===
Running target tcwg-local
=== gcc Summary ===
# of expected passes 263140
# of expected failures 2211
# of unsupported tests 4541
/home/tcwg-buildslave/workspace/tcwg-buildfarm__0/_build/builds/aarch64-unknown-linux-gnu/aarch64-unknown-linux-gnu/gcc-gcc.git~master_rev_292da5c58da8fe60395c4b7569a0e828c800ded5-stage2/gcc/xgcc version 12.0.0 20210507 (experimental) [master revision 292da5c58da8fe60395c4b7569a0e828c800ded5] (GCC)
=== gfortran tests ===
Running target tcwg-local
=== gfortran Summary ===
# of expected passes 55892
# of expected failures 229
# of unsupported tests 143
/home/tcwg-buildslave/workspace/tcwg-buildfarm__0/_build/builds/aarch64-unknown-linux-gnu/aarch64-unknown-linux-gnu/gcc-gcc.git~master_rev_292da5c58da8fe60395c4b7569a0e828c800ded5-stage2/gcc/gfortran version 12.0.0 20210507 (experimental) [master revision 292da5c58da8fe60395c4b7569a0e828c800ded5] (GCC)
=== g++ tests ===
Running target tcwg-local
FAIL: g++.dg/ubsan/pr64632.C -std=gnu++17 execution test
=== g++ Summary ===
# of expected passes 318195
# of unexpected failures 1
# of expected failures 2314
# of unsupported tests 9916
/home/tcwg-buildslave/workspace/tcwg-buildfarm__0/_build/builds/aarch64-unknown-linux-gnu/aarch64-unknown-linux-gnu/gcc-gcc.git~master_rev_292da5c58da8fe60395c4b7569a0e828c800ded5-stage2/gcc/xg++ version 12.0.0 20210507 (experimental) [master revision 292da5c58da8fe60395c4b7569a0e828c800ded5] (GCC)
=== obj-c++ tests ===
Running target tcwg-local
=== obj-c++ Summary ===
# of expected passes 1482
# of expected failures 10
# of unsupported tests 77
/home/tcwg-buildslave/workspace/tcwg-buildfarm__0/_build/builds/aarch64-unknown-linux-gnu/aarch64-unknown-linux-gnu/gcc-gcc.git~master_rev_292da5c58da8fe60395c4b7569a0e828c800ded5-stage2/gcc/xg++ version 12.0.0 20210507 (experimental) [master revision 292da5c58da8fe60395c4b7569a0e828c800ded5] (GCC)
=== objc tests ===
Running target tcwg-local
=== objc Summary ===
# of expected passes 2824
# of unsupported tests 69
/home/tcwg-buildslave/workspace/tcwg-buildfarm__0/_build/builds/aarch64-unknown-linux-gnu/aarch64-unknown-linux-gnu/gcc-gcc.git~master_rev_292da5c58da8fe60395c4b7569a0e828c800ded5-stage2/gcc/xgcc version 12.0.0 20210507 (experimental) [master revision 292da5c58da8fe60395c4b7569a0e828c800ded5] (GCC)
Compiler version: 12.0.0 20210507 (experimental) [master revision 292da5c58da8fe60395c4b7569a0e828c800ded5] (GCC)
Platform: aarch64-unknown-linux-gnu
configure flags: SHELL=/bin/bash --with-mpc=/home/tcwg-buildslave/workspace/tcwg-buildfarm__0/_build/builds/destdir/aarch64-unknown-linux-gnu --with-mpfr=/home/tcwg-buildslave/workspace/tcwg-buildfarm__0/_build/builds/destdir/aarch64-unknown-linux-gnu --with-gmp=/home/tcwg-buildslave/workspace/tcwg-buildfarm__0/_build/builds/destdir/aarch64-unknown-linux-gnu --with-gnu-as --with-gnu-ld --disable-libmudflap --enable-lto --enable-shared --without-included-gettext --enable-nls --with-system-zlib --disable-sjlj-exceptions --enable-gnu-unique-object --enable-linker-build-id --disable-libstdcxx-pch --enable-c99 --enable-clocale=gnu --enable-libstdcxx-debug --enable-long-long --with-cloog=no --with-ppl=no --with-isl=no --disable-multilib --enable-fix-cortex-a53-835769 --enable-fix-cortex-a53-843419 --with-arch=armv8-a --enable-threads=posix --enable-multiarch --enable-libstdcxx-time=yes --enable-gnu-indirect-function --enable-checking=yes --enable-bootstrap --enable-languages=c,c++,fortran,
lto,objc,obj-c++ --prefix=/home/tcwg-buildslave/workspace/tcwg-buildfarm__0/_build/builds/destdir/aarch64-unknown-linux-gnu
More information about the Gcc-testresults
mailing list