Results for 12.0.0 20210503 (experimental) (GCC) testsuite on hppa64-hp-hpux11.11
John David Anglin
dave.anglin@bell.net
Fri May 7 12:57:26 GMT 2021
Native configuration is hppa64-hp-hpux11.11
=== g++ tests ===
Running target unix
FAIL: g++.dg/cpp2a/nontype-float1.C -std=c++2a (test for excess errors)
WARNING: program timed out.
FAIL: g++.dg/lto/alias-1 cp_lto_alias-1_0.o-cp_lto_alias-1_1.o execute -O3 -flto
FAIL: g++.dg/lto/alias-2 cp_lto_alias-2_0.o-cp_lto_alias-2_1.o execute -O3 -flto
FAIL: g++.dg/lto/alias-3 cp_lto_alias-3_0.o-cp_lto_alias-3_1.o execute -O3 -flto -fno-early-inlining
FAIL: g++.dg/lto/alias-5 cp_lto_alias-5_0.o-cp_lto_alias-5_2.o execute -O3 -flto
FAIL: g++-dg-lto-inline-crossmodule-1-01.exe scan-wpa-ipa-dump-times inline "Inlined key[^\\\\n]*\\\\(cross module\\\\)" 1
FAIL: g++-dg-lto-inline-crossmodule-1-01.exe scan-wpa-ipa-dump-times inline "\\\\(cross module\\\\)" 1
FAIL: g++.dg/lto/pr70929 cp_lto_pr70929_0.o-cp_lto_pr70929_1.o execute -O3 -flto
FAIL: g++.dg/modules/bad-mapper-1.C -std=c++17 (test for errors, line )
FAIL: g++.dg/modules/bad-mapper-1.C -std=c++17 (test for excess errors)
FAIL: g++.dg/modules/bad-mapper-1.C -std=c++2a (test for errors, line )
FAIL: g++.dg/modules/bad-mapper-1.C -std=c++2a (test for excess errors)
FAIL: g++.dg/modules/bad-mapper-1.C -std=c++2b (test for errors, line )
FAIL: g++.dg/modules/bad-mapper-1.C -std=c++2b (test for excess errors)
FAIL: g++.dg/modules/bad-mapper-3.C -std=c++17 (test for errors, line )
FAIL: g++.dg/modules/bad-mapper-3.C -std=c++17 (test for excess errors)
FAIL: g++.dg/modules/bad-mapper-3.C -std=c++2a (test for errors, line )
FAIL: g++.dg/modules/bad-mapper-3.C -std=c++2a (test for excess errors)
FAIL: g++.dg/modules/bad-mapper-3.C -std=c++2b (test for errors, line )
FAIL: g++.dg/modules/bad-mapper-3.C -std=c++2b (test for excess errors)
FAIL: g++.dg/modules/pr98531-1_a.H module-cmi (gcm.cache/\$srcdir/g++.dg/modules/pr98531-1_a.H.gcm)
FAIL: g++.dg/modules/pr98531-1_a.H module-cmi (gcm.cache/\$srcdir/g++.dg/modules/pr98531-1_a.H.gcm)
FAIL: g++.dg/modules/pr98531-1_a.H module-cmi (gcm.cache/\$srcdir/g++.dg/modules/pr98531-1_a.H.gcm)
WARNING: program timed out.
WARNING: program timed out.
WARNING: program timed out.
FAIL: g++.dg/modules/pr99425-2_b.X -std=c++2a (test for excess errors)
FAIL: g++.dg/modules/pr99425-2_b.X -std=c++2b (test for excess errors)
=== g++ Summary ===
# of expected passes 192835
# of unexpected failures 25
# of expected failures 1087
# of unsupported tests 9839
/test/gnu/gcc/objdir/gcc/testsuite/g++/../../xg++ version 12.0.0 20210503 (experimental) (GCC)
=== gcc tests ===
Running target unix
FAIL: gcc.c-torture/execute/ieee/cdivchkf.c compilation, -O0
UNRESOLVED: gcc.c-torture/execute/ieee/cdivchkf.c execution, -O0
FAIL: gcc.c-torture/execute/ieee/cdivchkf.c compilation, -O1
UNRESOLVED: gcc.c-torture/execute/ieee/cdivchkf.c execution, -O1
FAIL: gcc.c-torture/execute/ieee/cdivchkf.c compilation, -O2
UNRESOLVED: gcc.c-torture/execute/ieee/cdivchkf.c execution, -O2
FAIL: gcc.c-torture/execute/ieee/cdivchkf.c compilation, -O3 -fomit-frame-pointer -funroll-loops -fpeel-loops -ftracer -finline-functions
UNRESOLVED: gcc.c-torture/execute/ieee/cdivchkf.c execution, -O3 -fomit-frame-pointer -funroll-loops -fpeel-loops -ftracer -finline-functions
FAIL: gcc.c-torture/execute/ieee/cdivchkf.c compilation, -O3 -g
UNRESOLVED: gcc.c-torture/execute/ieee/cdivchkf.c execution, -O3 -g
FAIL: gcc.c-torture/execute/ieee/cdivchkf.c compilation, -Os
UNRESOLVED: gcc.c-torture/execute/ieee/cdivchkf.c execution, -Os
FAIL: gcc.c-torture/execute/ieee/cdivchkf.c compilation, -Og -g
UNRESOLVED: gcc.c-torture/execute/ieee/cdivchkf.c execution, -Og -g
FAIL: gcc.c-torture/execute/ieee/cdivchkf.c compilation, -O2 -flto -flto-partition=none
UNRESOLVED: gcc.c-torture/execute/ieee/cdivchkf.c execution, -O2 -flto -flto-partition=none
FAIL: gcc.c-torture/execute/ieee/cdivchkf.c compilation, -O2 -flto
UNRESOLVED: gcc.c-torture/execute/ieee/cdivchkf.c execution, -O2 -flto
FAIL: gcc.c-torture/execute/ieee/cdivchkld.c compilation, -O0
UNRESOLVED: gcc.c-torture/execute/ieee/cdivchkld.c execution, -O0
FAIL: gcc.c-torture/execute/ieee/cdivchkld.c compilation, -O1
UNRESOLVED: gcc.c-torture/execute/ieee/cdivchkld.c execution, -O1
FAIL: gcc.c-torture/execute/ieee/cdivchkld.c compilation, -O2
UNRESOLVED: gcc.c-torture/execute/ieee/cdivchkld.c execution, -O2
FAIL: gcc.c-torture/execute/ieee/cdivchkld.c compilation, -O3 -fomit-frame-pointer -funroll-loops -fpeel-loops -ftracer -finline-functions
UNRESOLVED: gcc.c-torture/execute/ieee/cdivchkld.c execution, -O3 -fomit-frame-pointer -funroll-loops -fpeel-loops -ftracer -finline-functions
FAIL: gcc.c-torture/execute/ieee/cdivchkld.c compilation, -O3 -g
UNRESOLVED: gcc.c-torture/execute/ieee/cdivchkld.c execution, -O3 -g
FAIL: gcc.c-torture/execute/ieee/cdivchkld.c compilation, -Os
UNRESOLVED: gcc.c-torture/execute/ieee/cdivchkld.c execution, -Os
FAIL: gcc.c-torture/execute/ieee/cdivchkld.c compilation, -Og -g
UNRESOLVED: gcc.c-torture/execute/ieee/cdivchkld.c execution, -Og -g
FAIL: gcc.c-torture/execute/ieee/cdivchkld.c compilation, -O2 -flto -flto-partition=none
UNRESOLVED: gcc.c-torture/execute/ieee/cdivchkld.c execution, -O2 -flto -flto-partition=none
FAIL: gcc.c-torture/execute/ieee/cdivchkld.c compilation, -O2 -flto
UNRESOLVED: gcc.c-torture/execute/ieee/cdivchkld.c execution, -O2 -flto
FAIL: gcc.dg/analyzer/strndup-1.c (test for excess errors)
FAIL: gcc.dg/atomic/c11-atomic-exec-5.c -O0 execution test
FAIL: gcc.dg/atomic/c11-atomic-exec-5.c -O1 execution test
FAIL: gcc.dg/atomic/c11-atomic-exec-5.c -O2 execution test
FAIL: gcc.dg/atomic/c11-atomic-exec-5.c -O3 -fomit-frame-pointer -funroll-loops -fpeel-loops -ftracer -finline-functions execution test
FAIL: gcc.dg/atomic/c11-atomic-exec-5.c -O3 -g execution test
FAIL: gcc.dg/atomic/c11-atomic-exec-5.c -Os execution test
FAIL: gcc.dg/atomic/c11-atomic-exec-5.c -O2 -flto -flto-partition=none execution test
FAIL: gcc.dg/atomic/c11-atomic-exec-5.c -O2 -flto execution test
FAIL: gcc.dg/cpp/_Pragma3.c (test for excess errors)
FAIL: gcc.dg/array-quals-1.c scan-assembler-symbol-section symbol ^_?p\$ (found p) has section ^\\\\.(const|rodata|srodata|sdata)|\\\\[RW\\\\] (found .data.rel.ro.local)
FAIL: gcc.dg/array-quals-1.c scan-assembler-symbol-section symbol ^_?q\$ (found q) has section ^\\\\.(const|rodata|srodata|sdata)|\\\\[RW\\\\] (found .data.rel.ro.local)
FAIL: gcc.dg/array-quals-1.c scan-assembler-symbol-section symbol ^_?r\$ (found r) has section ^\\\\.(const|rodata|srodata|sdata)|\\\\[RW\\\\] (found .data.rel.ro.local)
FAIL: gcc.dg/array-quals-1.c scan-assembler-symbol-section symbol ^_?s\$ (found s) has section ^\\\\.(const|rodata|srodata|sdata)|\\\\[RW\\\\] (found .data.rel.ro.local)
FAIL: gcc.dg/array-quals-1.c scan-assembler-symbol-section symbol ^_?t\$ (found t) has section ^\\\\.(const|rodata|srodata|sdata)|\\\\[RW\\\\] (found .data.rel.ro.local)
FAIL: gcc.dg/array-quals-1.c scan-assembler-symbol-section symbol ^_?p1\$ (found p1) has section ^\\\\.(const|rodata|srodata|sdata)|\\\\[RW\\\\] (found .data.rel.ro.local)
FAIL: gcc.dg/array-quals-1.c scan-assembler-symbol-section symbol ^_?q1\$ (found q1) has section ^\\\\.(const|rodata|srodata|sdata)|\\\\[RW\\\\] (found .data.rel.ro.local)
FAIL: gcc.dg/array-quals-1.c scan-assembler-symbol-section symbol ^_?r1\$ (found r1) has section ^\\\\.(const|rodata|srodata|sdata)|\\\\[RW\\\\] (found .data.rel.ro.local)
FAIL: gcc.dg/array-quals-1.c scan-assembler-symbol-section symbol ^_?s1\$ (found s1) has section ^\\\\.(const|rodata|srodata|sdata)|\\\\[RW\\\\] (found .data.rel.ro.local)
FAIL: gcc.dg/array-quals-1.c scan-assembler-symbol-section symbol ^_?t1\$ (found t1) has section ^\\\\.(const|rodata|srodata|sdata)|\\\\[RW\\\\] (found .data.rel.ro.local)
XPASS: gcc.dg/sibcall-3.c execution test
XPASS: gcc.dg/sibcall-4.c execution test
FAIL: gcc.dg/graphite/scop-19.c scan-tree-dump-times graphite "number of SCoPs: 0" 1
WARNING: program timed out.
FAIL: gcc.dg/ipa/ipa-icf-38.c scan-ltrans-tree-dump-not optimized "Function bar"
FAIL: gcc.dg/lto/20081201-2 c_lto_20081201-2_0.o-c_lto_20081201-2_1.o execute -O3 -flto -flto-partition=1to1
FAIL: gcc.dg/lto/modref-2 c_lto_modref-2_0.o-c_lto_modref-2_0.o link, -O2 -flto-partition=max -flto -fno-ipa-sra
FAIL: gcc.dg/lto/modref-3 c_lto_modref-3_0.o-c_lto_modref-3_1.o execute -O2 -flto-partition=max -fdump-ipa-modref -fno-ipa-sra -fno-ipa-cp -flto
FAIL: gcc-dg-lto-modref-3-01.exe scan-wpa-ipa-dump modref "parm 1 flags: nodirectescape"
FAIL: gcc.dg/lto/modref-4 c_lto_modref-4_0.o-c_lto_modref-4_1.o execute -O2 -flto-partition=max -fdump-ipa-modref -fno-ipa-sra -flto
FAIL: gcc-dg-lto-modref-4-01.exe scan-wpa-ipa-dump modref "parm 1 flags: nodirectescape"
FAIL: gcc.dg/lto/pr48622 c_lto_pr48622_0.o-c_lto_pr48622_0.o link, -O -flto -finline-small-functions -fno-early-inlining
FAIL: gcc.dg/plugin/diagnostic-test-expressions-1.c -fplugin=./diagnostic_plugin_test_tree_expression_range.so 1 blank line(s) in output
FAIL: gcc.dg/plugin/diagnostic-test-expressions-1.c -fplugin=./diagnostic_plugin_test_tree_expression_range.so expected multiline pattern lines 550-551 not found: " __builtin_types_compatible_p \\(long, int\\) \\+ f \\(i\\)\\);.*\\n ~~~~~~~~~~~~~~~~~~~~~~~~~~~~~~~~~~~~~~~~~\\^~~~~~~\\n"
FAIL: gcc.dg/plugin/diagnostic-test-expressions-1.c -fplugin=./diagnostic_plugin_test_tree_expression_range.so (test for excess errors)
FAIL: gcc.dg/plugin/must-tail-call-1.c -fplugin=./must_tail_call_plugin.so (test for excess errors)
XPASS: gcc.dg/torture/pr47917.c -O1 execution test
XPASS: gcc.dg/torture/pr47917.c -O2 execution test
XPASS: gcc.dg/torture/pr47917.c -O3 -g execution test
XPASS: gcc.dg/torture/pr47917.c -Os execution test
XPASS: gcc.dg/torture/pr47917.c -O2 -flto -flto-partition=none execution test
XPASS: gcc.dg/torture/pr47917.c -O2 -flto execution test
FAIL: gcc.dg/tree-ssa/builtin-sprintf.c execution test
FAIL: gcc.dg/tree-ssa/slsr-13.c scan-tree-dump-times optimized " \\\\* 4" 2
FAIL: gcc.dg/tree-ssa/slsr-13.c scan-tree-dump-times optimized " \\\\* 5" 0
FAIL: gcc.dg/tree-ssa/sra-17.c scan-tree-dump-times esra "Removing load: a = \\\\*.?L.?C.?.?.?0;" 1
FAIL: gcc.dg/tree-ssa/sra-17.c scan-tree-dump-times esra "SR[.\$][0-9_]+ = \\\\*.?L.?C.?.?.?0\\\\[" 4
FAIL: gcc.dg/tree-ssa/sra-18.c scan-tree-dump-times esra "Removing load: a = \\\\*.?L.?C.?.?.?0;" 1
FAIL: gcc.dg/tree-ssa/sra-18.c scan-tree-dump-times esra "SR[.\$][0-9_]+ = \\\\*.?L.?C.?.?.?0\\\\.b\\\\[0\\\\]\\\\.f\\\\[0\\\\]\\\\.x" 1
FAIL: gcc.dg/tree-ssa/sra-18.c scan-tree-dump-times esra "SR[.\$][0-9_]+ = \\\\*.?L.?C.?.?.?0\\\\.b\\\\[0\\\\]\\\\.f\\\\[1\\\\]\\\\.x" 1
FAIL: gcc.dg/tree-ssa/sra-18.c scan-tree-dump-times esra "SR[.\$][0-9_]+ = \\\\*.?L.?C.?.?.?0\\\\.b\\\\[1\\\\]\\\\.f\\\\[0\\\\]\\\\.x" 1
FAIL: gcc.dg/tree-ssa/sra-18.c scan-tree-dump-times esra "SR[.\$][0-9_]+ = \\\\*.?L.?C.?.?.?0\\\\.b\\\\[1\\\\]\\\\.f\\\\[1\\\\]\\\\.x" 1
FAIL: gcc.target/hppa/shadd-2.c scan-assembler-times sh.add 4
=== gcc Summary ===
# of expected passes 118477
# of unexpected failures 62
# of unexpected successes 8
# of expected failures 754
# of unresolved testcases 18
# of unsupported tests 2928
/test/gnu/gcc/objdir/gcc/xgcc version 12.0.0 20210503 (experimental) (GCC)
=== gdc tests ===
Running target unix
FAIL: gdc.dg/gdc43.d (test for excess errors)
FAIL: gdc.test/compilable/art4769.d output-exists art4769.s
FAIL: gdc.test/compilable/betterCarray.d output-exists betterCarray.s
FAIL: gdc.test/compilable/betterCswitch.d output-exists betterCswitch.s
FAIL: gdc.test/compilable/compile1.d output-exists compile1.s
FAIL: gdc.test/compilable/cppmangle.d output-exists cppmangle.s
FAIL: gdc.test/compilable/ddocunittest.d output-exists ddocunittest.s
FAIL: gdc.test/compilable/ddocunittest.d (file exists ddocunittest.html)
FAIL: gdc.test/compilable/ddocunittest.d -funittest output-exists ddocunittest.s
FAIL: gdc.test/compilable/ddocunittest.d (file exists ddocunittest.html)
FAIL: gdc.test/compilable/depsOutput9948.d output-exists depsOutput9948.s
FAIL: gdc.test/compilable/line.d output-exists line.s
FAIL: gdc.test/compilable/riia_ctor.d output-exists riia_ctor.s
FAIL: gdc.test/compilable/test12009.d output-exists test12009.s
FAIL: gdc.test/compilable/test13512.d output-exists test13512.s
FAIL: gdc.test/compilable/test15019.d output-exists test15019.s
FAIL: gdc.test/compilable/test15056.d output-exists test15056.s
FAIL: gdc.test/compilable/test15780.d output-exists test15780.s
FAIL: gdc.test/compilable/test17057.d output-exists test17057.s
FAIL: gdc.test/compilable/test17143.d output-exists test17143.s
FAIL: gdc.test/compilable/test25.d output-exists test25.s
FAIL: gdc.test/compilable/test313a.d output-exists test313a.s
FAIL: gdc.test/compilable/test313b.d output-exists test313b.s
FAIL: gdc.test/compilable/testheader1.d output-exists testheader1.s
FAIL: gdc.test/compilable/testheader1.d -Wdeprecated output-exists testheader1.s
FAIL: gdc.test/compilable/testheader1.d -Wno-deprecated output-exists testheader1.s
FAIL: gdc.test/compilable/testheader1.d -Wdeprecated -Wno-deprecated output-exists testheader1.s
FAIL: gdc.test/compilable/testheader1.d -Wno-error output-exists testheader1.s
FAIL: gdc.test/compilable/testheader1.d -Wdeprecated -Wno-error output-exists testheader1.s
FAIL: gdc.test/compilable/testheader1.d -Wno-deprecated -Wno-error output-exists testheader1.s
FAIL: gdc.test/compilable/testheader1.d -Wdeprecated -Wno-deprecated -Wno-error output-exists testheader1.s
FAIL: gdc.test/compilable/testheader1i.d output-exists testheader1i.s
FAIL: gdc.test/compilable/testheader1i.d -Wdeprecated output-exists testheader1i.s
FAIL: gdc.test/compilable/testheader1i.d -Wno-deprecated output-exists testheader1i.s
FAIL: gdc.test/compilable/testheader1i.d -Wdeprecated -Wno-deprecated output-exists testheader1i.s
FAIL: gdc.test/compilable/testheader1i.d -Wno-error output-exists testheader1i.s
FAIL: gdc.test/compilable/testheader1i.d -Wdeprecated -Wno-error output-exists testheader1i.s
FAIL: gdc.test/compilable/testheader1i.d -Wno-deprecated -Wno-error output-exists testheader1i.s
FAIL: gdc.test/compilable/testheader1i.d -Wdeprecated -Wno-deprecated -Wno-error output-exists testheader1i.s
=== gdc Summary ===
# of expected passes 3839
# of unexpected failures 39
# of unsupported tests 1080
/test/gnu/gcc/objdir/gcc/testsuite/gdc/../../gdc version 12.0.0 20210503 (experimental) (GCC)
=== gfortran tests ===
Running target unix
FAIL: gfortran.dg/bind_c_coms.f90 -O0 (test for excess errors)
FAIL: gfortran.dg/bind_c_coms.f90 -O1 (test for excess errors)
FAIL: gfortran.dg/bind_c_coms.f90 -O2 (test for excess errors)
FAIL: gfortran.dg/bind_c_coms.f90 -O3 -fomit-frame-pointer -funroll-loops -fpeel-loops -ftracer -finline-functions (test for excess errors)
FAIL: gfortran.dg/bind_c_coms.f90 -O3 -g (test for excess errors)
FAIL: gfortran.dg/bind_c_coms.f90 -Os (test for excess errors)
FAIL: gfortran.dg/bind_c_vars.f90 -O0 (test for excess errors)
FAIL: gfortran.dg/bind_c_vars.f90 -O1 (test for excess errors)
FAIL: gfortran.dg/bind_c_vars.f90 -O2 (test for excess errors)
FAIL: gfortran.dg/bind_c_vars.f90 -O3 -fomit-frame-pointer -funroll-loops -fpeel-loops -ftracer -finline-functions (test for excess errors)
FAIL: gfortran.dg/bind_c_vars.f90 -O3 -g (test for excess errors)
FAIL: gfortran.dg/bind_c_vars.f90 -Os (test for excess errors)
FAIL: gfortran.dg/dec_math.f90 -O0 (test for excess errors)
FAIL: gfortran.dg/dec_math.f90 -O0 execution test
FAIL: gfortran.dg/dec_math.f90 -O1 (test for excess errors)
FAIL: gfortran.dg/dec_math.f90 -O1 execution test
FAIL: gfortran.dg/dec_math.f90 -O2 (test for excess errors)
FAIL: gfortran.dg/dec_math.f90 -O2 execution test
FAIL: gfortran.dg/dec_math.f90 -O3 -fomit-frame-pointer -funroll-loops -fpeel-loops -ftracer -finline-functions (test for excess errors)
FAIL: gfortran.dg/dec_math.f90 -O3 -fomit-frame-pointer -funroll-loops -fpeel-loops -ftracer -finline-functions execution test
FAIL: gfortran.dg/dec_math.f90 -O3 -g (test for excess errors)
FAIL: gfortran.dg/dec_math.f90 -O3 -g execution test
FAIL: gfortran.dg/dec_math.f90 -Os (test for excess errors)
FAIL: gfortran.dg/dec_math.f90 -Os execution test
FAIL: gfortran.dg/fmt_f_default_field_width_3.f90 -O (test for excess errors)
FAIL: gfortran.dg/fmt_g_default_field_width_3.f90 -O (test for excess errors)
FAIL: gfortran.dg/pr95690.f90 -O (test for errors, line 6)
FAIL: gfortran.dg/pr95690.f90 -O (test for excess errors)
=== gfortran Summary ===
# of expected passes 54722
# of unexpected failures 28
# of expected failures 275
# of unsupported tests 523
/test/gnu/gcc/objdir/gcc/testsuite/gfortran/../../gfortran version 12.0.0 20210503 (experimental) (GCC)
=== obj-c++ tests ===
Running target unix
=== obj-c++ Summary ===
# of expected passes 1482
# of expected failures 10
# of unsupported tests 77
/test/gnu/gcc/objdir/gcc/testsuite/obj-c++/../../xg++ version 12.0.0 20210503 (experimental) (GCC)
=== objc tests ===
Running target unix
=== objc Summary ===
# of expected passes 2824
# of unsupported tests 69
/test/gnu/gcc/objdir/gcc/xgcc version 12.0.0 20210503 (experimental) (GCC)
=== libatomic tests ===
Running target unix
=== libatomic Summary ===
# of expected passes 44
# of unsupported tests 5
=== libstdc++ tests ===
Running target unix
FAIL: 20_util/to_chars/long_double.cc (test for excess errors)
FAIL: 26_numerics/complex/proj.cc execution test
WARNING: program timed out.
FAIL: 30_threads/barrier/arrive_and_wait.cc execution test
WARNING: program timed out.
FAIL: 30_threads/barrier/completion.cc execution test
FAIL: experimental/memory_resource/resource_adaptor.cc execution test
=== libstdc++ Summary ===
# of expected passes 13192
# of unexpected failures 5
# of expected failures 104
# of unsupported tests 1011
Compiler version: 12.0.0 20210503 (experimental) (GCC)
Platform: hppa64-hp-hpux11.11
configure flags: --without-zstd --with-gnu-as --with-as=/opt/gnu64/bin/as --with-ld=/usr/ccs/bin/ld --with-boot-ldflags='-Wl,+nodefaultrpath -Wl,+b -Wl,/opt/gnu64/gcc/gcc-8/lib' --enable-shared --with-local-prefix=/opt/gnu64 --prefix=/opt/gnu64/gcc/gcc-12 --enable-threads=posix --with-gmp=/opt/gnu64/gcc/gmp --enable-checking=yes --disable-libgomp --enable-languages=c,c++,d,objc,obj-c++,fortran
More information about the Gcc-testresults
mailing list